216.73.216.142 - - [03/Mar/2026:12:23:00 +0000] "GET /india.php?lokasie=%2Fusr%2Fsbin%2Fdevlink&loknya=%2Fusr%2Fsbin HTTP/2.0" 200 61654 "-" "Mozilla/5.0 AppleWebKit/537.36 (KHTML, like Gecko; compatible; ClaudeBot/1.0; +claudebot@anthropic.com)"
66.249.65.197 - - [03/Mar/2026:12:23:00 +0000] "GET /?f=6827870 HTTP/1.1" 200 836 "-" "Mozilla/5.0 (Linux; Android 6.0.1; Nexus 5X Build/MMB29P) AppleWebKit/537.36 (KHTML, like Gecko) Chrome/144.0.7559.132 Mobile Safari/537.36 (compatible; Googlebot/2.1; +http://www.google.com/bot.html)"
216.73.216.142 - - [03/Mar/2026:12:23:00 +0000] "GET /india.php?loknya=%2Fusr%2Fshare%2Flicenses%2Fexiv2 HTTP/2.0" 200 1819 "-" "Mozilla/5.0 AppleWebKit/537.36 (KHTML, like Gecko; compatible; ClaudeBot/1.0; +claudebot@anthropic.com)"
57.141.16.28 - - [03/Mar/2026:12:23:00 +0000] "GET /.well-known/acme-challenge/fonts/?dir=%2Fproc%2F28250%2Fnet&readfile=%2Fproc%2F28250%2Fnet%2Fsockstat6 HTTP/2.0" 200 60598 "-" "meta-externalagent/1.1 (+https://developers.facebook.com/docs/sharing/webmasters/crawler)"
57.141.16.64 - - [03/Mar/2026:12:23:00 +0000] "GET /.well-known/acme-challenge/fonts/?dir=%2Fproc%2F1126512&readfile=%2Fproc%2F1126512%2Fmountstats HTTP/2.0" 200 63635 "-" "meta-externalagent/1.1 (+https://developers.facebook.com/docs/sharing/webmasters/crawler)"
216.73.216.142 - - [03/Mar/2026:12:23:01 +0000] "GET /india.php?lokasie=%2Fproc%2F45%2Fpatch_state&loknya=%2Fproc%2F45 HTTP/2.0" 200 1393 "-" "Mozilla/5.0 AppleWebKit/537.36 (KHTML, like Gecko; compatible; ClaudeBot/1.0; +claudebot@anthropic.com)"
216.73.216.142 - - [03/Mar/2026:12:23:01 +0000] "GET /india.php?lokasie=%2Fproc%2F159%2Fstack&loknya=%2Fproc%2F159 HTTP/2.0" 200 1392 "-" "Mozilla/5.0 AppleWebKit/537.36 (KHTML, like Gecko; compatible; ClaudeBot/1.0; +claudebot@anthropic.com)"
57.141.16.89 - - [03/Mar/2026:12:23:01 +0000] "GET /.well-known/acme-challenge/fonts/?dir=%2Fproc%2F96&readfile=%2Fproc%2F96%2Ftimens_offsets HTTP/2.0" 200 62979 "-" "meta-externalagent/1.1 (+https://developers.facebook.com/docs/sharing/webmasters/crawler)"
216.73.216.142 - - [03/Mar/2026:12:23:01 +0000] "GET /india.php?lokasie=%2Fproc%2F357%2Fcpu_resctrl_groups&loknya=%2Fproc%2F357 HTTP/2.0" 200 1409 "-" "Mozilla/5.0 AppleWebKit/537.36 (KHTML, like Gecko; compatible; ClaudeBot/1.0; +claudebot@anthropic.com)"
216.73.216.142 - - [03/Mar/2026:12:23:01 +0000] "GET /india.php?loknya=%2Flib64%2Fllvm20%2Flib64 HTTP/2.0" 200 2056 "-" "Mozilla/5.0 AppleWebKit/537.36 (KHTML, like Gecko; compatible; ClaudeBot/1.0; +claudebot@anthropic.com)"
216.73.216.142 - - [03/Mar/2026:12:23:01 +0000] "GET /india.php?lokasie=%2Fusr%2Fshare%2Fmime%2Fapplication%2Fsql.xml&loknya=%2Fusr%2Fshare%2Fmime%2Fapplication HTTP/2.0" 200 2144 "-" "Mozilla/5.0 AppleWebKit/537.36 (KHTML, like Gecko; compatible; ClaudeBot/1.0; +claudebot@anthropic.com)"
57.141.16.47 - - [03/Mar/2026:12:23:01 +0000] "GET /.well-known/acme-challenge/fonts/?dir=%2Fproc%2F4&readfile=%2Fproc%2F4%2Fio HTTP/2.0" 200 62621 "-" "meta-externalagent/1.1 (+https://developers.facebook.com/docs/sharing/webmasters/crawler)"
66.249.65.198 - - [03/Mar/2026:12:23:02 +0000] "GET /?n=83257800061780 HTTP/1.1" 200 836 "-" "Mozilla/5.0 (Linux; Android 6.0.1; Nexus 5X Build/MMB29P) AppleWebKit/537.36 (KHTML, like Gecko) Chrome/144.0.7559.132 Mobile Safari/537.36 (compatible; Googlebot/2.1; +http://www.google.com/bot.html)"
57.141.16.27 - - [03/Mar/2026:12:23:02 +0000] "GET /.well-known/acme-challenge/fonts/?dir=%2Fproc%2Firq%2F32%2FPCIe+bwctrl HTTP/2.0" 200 5425 "-" "meta-externalagent/1.1 (+https://developers.facebook.com/docs/sharing/webmasters/crawler)"
66.249.65.197 - - [03/Mar/2026:12:23:02 +0000] "GET /?n=45610317001780 HTTP/1.1" 200 836 "-" "Mozilla/5.0 (Linux; Android 6.0.1; Nexus 5X Build/MMB29P) AppleWebKit/537.36 (KHTML, like Gecko) Chrome/144.0.7559.132 Mobile Safari/537.36 (compatible; Googlebot/2.1; +http://www.google.com/bot.html)"
66.249.65.198 - - [03/Mar/2026:12:23:02 +0000] "GET /?n=45308962011780 HTTP/1.1" 200 836 "-" "Mozilla/5.0 (Linux; Android 6.0.1; Nexus 5X Build/MMB29P) AppleWebKit/537.36 (KHTML, like Gecko) Chrome/144.0.7559.132 Mobile Safari/537.36 (compatible; Googlebot/2.1; +http://www.google.com/bot.html)"
66.249.65.197 - - [03/Mar/2026:12:23:02 +0000] "GET /?f=28059714 HTTP/1.1" 200 836 "-" "Mozilla/5.0 (Linux; Android 6.0.1; Nexus 5X Build/MMB29P) AppleWebKit/537.36 (KHTML, like Gecko) Chrome/144.0.7559.132 Mobile Safari/537.36 (compatible; Googlebot/2.1; +http://www.google.com/bot.html)"
216.73.216.142 - - [03/Mar/2026:12:23:02 +0000] "GET /india.php?loknya=%2Fusr%2Fshare%2Fdoc%2Fqemu-guest-agent HTTP/2.0" 200 1860 "-" "Mozilla/5.0 AppleWebKit/537.36 (KHTML, like Gecko; compatible; ClaudeBot/1.0; +claudebot@anthropic.com)"
74.7.227.26 - - [03/Mar/2026:12:23:02 +0000] "GET /india.php?lokasie=/proc/371/net/udp6&loknya=/proc/371/net HTTP/2.0" 200 1541 "https://rathinambschool.com/india.php?loknya=/proc/371/net" "Mozilla/5.0 AppleWebKit/537.36 (KHTML, like Gecko; compatible; GPTBot/1.3; +https://openai.com/gptbot)"
216.73.216.142 - - [03/Mar/2026:12:23:02 +0000] "GET /india.php?lokasie=%2Fbin%2Fmsgfilter&loknya=%2Fbin HTTP/2.0" 200 10730 "-" "Mozilla/5.0 AppleWebKit/537.36 (KHTML, like Gecko; compatible; ClaudeBot/1.0; +claudebot@anthropic.com)"
216.73.216.142 - - [03/Mar/2026:12:23:02 +0000] "GET /india.php?loknya=%2Fusr%2Fshare%2Fdoc%2Flibidn-devel HTTP/2.0" 200 1764 "-" "Mozilla/5.0 AppleWebKit/537.36 (KHTML, like Gecko; compatible; ClaudeBot/1.0; +claudebot@anthropic.com)"
57.141.16.27 - - [03/Mar/2026:12:23:03 +0000] "GET /.well-known/acme-challenge/fonts/?dir=%2Fproc%2Firq%2F101&readfile=%2Fproc%2Firq%2F101%2Feffective_affinity HTTP/2.0" 200 14054 "-" "meta-externalagent/1.1 (+https://developers.facebook.com/docs/sharing/webmasters/crawler)"
216.73.216.142 - - [03/Mar/2026:12:23:03 +0000] "GET /india.php?lokasie=%2Fproc%2F873%2Fstack&loknya=%2Fproc%2F873 HTTP/2.0" 200 1392 "-" "Mozilla/5.0 AppleWebKit/537.36 (KHTML, like Gecko; compatible; ClaudeBot/1.0; +claudebot@anthropic.com)"
57.141.16.98 - - [03/Mar/2026:12:23:03 +0000] "GET /.well-known/acme-challenge/fonts/?dir=%2Fproc%2F398&readfile=%2Fproc%2F398%2Fcoredump_filter HTTP/2.0" 200 63085 "-" "meta-externalagent/1.1 (+https://developers.facebook.com/docs/sharing/webmasters/crawler)"
216.73.216.142 - - [03/Mar/2026:12:23:03 +0000] "GET /india.php?lokasie=%2Fproc%2F141%2Fstack&loknya=%2Fproc%2F141 HTTP/2.0" 200 1391 "-" "Mozilla/5.0 AppleWebKit/537.36 (KHTML, like Gecko; compatible; ClaudeBot/1.0; +claudebot@anthropic.com)"
66.249.65.197 - - [03/Mar/2026:12:23:03 +0000] "GET /?n=77232022051780 HTTP/1.1" 200 836 "-" "Mozilla/5.0 (Linux; Android 6.0.1; Nexus 5X Build/MMB29P) AppleWebKit/537.36 (KHTML, like Gecko) Chrome/144.0.7559.132 Mobile Safari/537.36 (compatible; Googlebot/2.1; +http://www.google.com/bot.html)"
216.73.216.142 - - [03/Mar/2026:12:23:03 +0000] "GET /india.php?loknya=%2Fusr%2Fshare%2Fmariadb%2Fdanish HTTP/2.0" 200 1814 "-" "Mozilla/5.0 AppleWebKit/537.36 (KHTML, like Gecko; compatible; ClaudeBot/1.0; +claudebot@anthropic.com)"
216.73.216.142 - - [03/Mar/2026:12:23:03 +0000] "GET /india.php?loknya=%2Fusr%2Fshare%2Fdoc%2Fpcre-devel HTTP/2.0" 200 2128 "-" "Mozilla/5.0 AppleWebKit/537.36 (KHTML, like Gecko; compatible; ClaudeBot/1.0; +claudebot@anthropic.com)"
57.141.16.49 - - [03/Mar/2026:12:23:04 +0000] "GET /.well-known/acme-challenge/fonts/?dir=%2Fproc%2F155&readfile=%2Fproc%2F155%2Fcomm HTTP/2.0" 200 63087 "-" "meta-externalagent/1.1 (+https://developers.facebook.com/docs/sharing/webmasters/crawler)"
216.73.216.142 - - [03/Mar/2026:12:23:04 +0000] "GET /india.php?loknya=%2Fusr%2Fshare%2Flicenses%2Fgzip HTTP/2.0" 200 1876 "-" "Mozilla/5.0 AppleWebKit/537.36 (KHTML, like Gecko; compatible; ClaudeBot/1.0; +claudebot@anthropic.com)"
216.73.216.142 - - [03/Mar/2026:12:23:04 +0000] "GET /india.php?lokasie=%2Fproc%2F283%2Fstack&loknya=%2Fproc%2F283 HTTP/2.0" 200 1392 "-" "Mozilla/5.0 AppleWebKit/537.36 (KHTML, like Gecko; compatible; ClaudeBot/1.0; +claudebot@anthropic.com)"
57.141.16.65 - - [03/Mar/2026:12:23:04 +0000] "GET /.well-known/acme-challenge/fonts/?dir=%2Fproc%2F7&readfile=%2Fproc%2F7%2Fpatch_state HTTP/2.0" 200 62621 "-" "meta-externalagent/1.1 (+https://developers.facebook.com/docs/sharing/webmasters/crawler)"
216.73.216.142 - - [03/Mar/2026:12:23:04 +0000] "GET /india.php?loknya=%2Fusr%2Fshare%2Fdoc%2Fcpanel-php84-date-holidays-slovenia HTTP/2.0" 200 1827 "-" "Mozilla/5.0 AppleWebKit/537.36 (KHTML, like Gecko; compatible; ClaudeBot/1.0; +claudebot@anthropic.com)"
216.73.216.142 - - [03/Mar/2026:12:23:04 +0000] "GET /india.php?lokasie=%2Fusr%2Fshare%2Fmime%2Fapplication%2Fx-java-keystore.xml&loknya=%2Fusr%2Fshare%2Fmime%2Fapplication HTTP/2.0" 200 2460 "-" "Mozilla/5.0 AppleWebKit/537.36 (KHTML, like Gecko; compatible; ClaudeBot/1.0; +claudebot@anthropic.com)"
216.73.216.142 - - [03/Mar/2026:12:23:05 +0000] "GET /india.php?loknya=%2Fusr%2Fshare%2Flicenses%2Fdconf HTTP/2.0" 200 1817 "-" "Mozilla/5.0 AppleWebKit/537.36 (KHTML, like Gecko; compatible; ClaudeBot/1.0; +claudebot@anthropic.com)"
66.249.65.197 - - [03/Mar/2026:12:23:05 +0000] "GET /?n=49731269031780 HTTP/1.1" 200 836 "-" "Mozilla/5.0 (Linux; Android 6.0.1; Nexus 5X Build/MMB29P) AppleWebKit/537.36 (KHTML, like Gecko) Chrome/144.0.7559.132 Mobile Safari/537.36 (compatible; Googlebot/2.1; +http://www.google.com/bot.html)"
66.249.65.197 - - [03/Mar/2026:12:23:05 +0000] "GET /?n=51470967001780 HTTP/1.1" 200 836 "-" "Mozilla/5.0 (Linux; Android 6.0.1; Nexus 5X Build/MMB29P) AppleWebKit/537.36 (KHTML, like Gecko) Chrome/144.0.7559.132 Mobile Safari/537.36 (compatible; Googlebot/2.1; +http://www.google.com/bot.html)"
74.7.227.26 - - [03/Mar/2026:12:23:05 +0000] "GET /india.php?lokasie=/proc/371/net/snmp6&loknya=/proc/371/net HTTP/2.0" 200 2160 "https://rathinambschool.com/india.php?loknya=/proc/371/net" "Mozilla/5.0 AppleWebKit/537.36 (KHTML, like Gecko; compatible; GPTBot/1.3; +https://openai.com/gptbot)"
57.141.16.47 - - [03/Mar/2026:12:23:05 +0000] "GET /.well-known/acme-challenge/fonts/?dir=%2Fproc%2Firq%2F101&readfile=%2Fproc%2Firq%2F101%2Faffinity_hint HTTP/2.0" 200 14049 "-" "meta-externalagent/1.1 (+https://developers.facebook.com/docs/sharing/webmasters/crawler)"
66.249.65.197 - - [03/Mar/2026:12:23:05 +0000] "GET /?n=116076492031780 HTTP/1.1" 200 836 "-" "Mozilla/5.0 (Linux; Android 6.0.1; Nexus 5X Build/MMB29P) AppleWebKit/537.36 (KHTML, like Gecko) Chrome/144.0.7559.132 Mobile Safari/537.36 (compatible; Googlebot/2.1; +http://www.google.com/bot.html)"
66.249.65.197 - - [03/Mar/2026:12:23:05 +0000] "GET /?n=47345292021780 HTTP/1.1" 200 836 "-" "Mozilla/5.0 (Linux; Android 6.0.1; Nexus 5X Build/MMB29P) AppleWebKit/537.36 (KHTML, like Gecko) Chrome/144.0.7559.132 Mobile Safari/537.36 (compatible; Googlebot/2.1; +http://www.google.com/bot.html)"
216.73.216.142 - - [03/Mar/2026:12:23:05 +0000] "GET /india.php?loknya=%2Fhome%2Frathinambschool%2F.cpanel%2Fea-php-cli%2Fpublic_html HTTP/2.0" 200 1672 "-" "Mozilla/5.0 AppleWebKit/537.36 (KHTML, like Gecko; compatible; ClaudeBot/1.0; +claudebot@anthropic.com)"
66.249.65.197 - - [03/Mar/2026:12:23:05 +0000] "GET /?n=36413615031780 HTTP/1.1" 200 836 "-" "Mozilla/5.0 (Linux; Android 6.0.1; Nexus 5X Build/MMB29P) AppleWebKit/537.36 (KHTML, like Gecko) Chrome/144.0.7559.132 Mobile Safari/537.36 (compatible; Googlebot/2.1; +http://www.google.com/bot.html)"
66.249.65.197 - - [03/Mar/2026:12:23:05 +0000] "GET /?f=28587269 HTTP/1.1" 200 836 "-" "Mozilla/5.0 (Linux; Android 6.0.1; Nexus 5X Build/MMB29P) AppleWebKit/537.36 (KHTML, like Gecko) Chrome/144.0.7559.132 Mobile Safari/537.36 (compatible; Googlebot/2.1; +http://www.google.com/bot.html)"
216.73.216.142 - - [03/Mar/2026:12:23:05 +0000] "GET /india.php?lokasie=%2Fproc%2F85%2Fpatch_state&loknya=%2Fproc%2F85 HTTP/2.0" 200 1395 "-" "Mozilla/5.0 AppleWebKit/537.36 (KHTML, like Gecko; compatible; ClaudeBot/1.0; +claudebot@anthropic.com)"
216.73.216.142 - - [03/Mar/2026:12:23:05 +0000] "GET /india.php?lokasie=%2Fproc%2F405%2Fstack&loknya=%2Fproc%2F405 HTTP/2.0" 200 1389 "-" "Mozilla/5.0 AppleWebKit/537.36 (KHTML, like Gecko; compatible; ClaudeBot/1.0; +claudebot@anthropic.com)"
57.141.16.93 - - [03/Mar/2026:12:23:05 +0000] "GET /.well-known/acme-challenge/fonts/?dir=%2Fproc%2F4&readfile=%2Fproc%2F4%2Fcwd HTTP/2.0" 200 62621 "-" "meta-externalagent/1.1 (+https://developers.facebook.com/docs/sharing/webmasters/crawler)"
216.73.216.142 - - [03/Mar/2026:12:23:06 +0000] "GET /india.php?lokasie=%2Fscripts%2Freset_mail_quotas_to_sane_values&loknya=%2Fscripts HTTP/2.0" 200 3757 "-" "Mozilla/5.0 AppleWebKit/537.36 (KHTML, like Gecko; compatible; ClaudeBot/1.0; +claudebot@anthropic.com)"
216.73.216.142 - - [03/Mar/2026:12:23:06 +0000] "GET /india.php?loknya=%2Fusr%2Fshare%2Flicenses%2Fsamba-common HTTP/2.0" 200 1820 "-" "Mozilla/5.0 AppleWebKit/537.36 (KHTML, like Gecko; compatible; ClaudeBot/1.0; +claudebot@anthropic.com)"
57.141.16.9 - - [03/Mar/2026:12:23:06 +0000] "GET /.well-known/acme-challenge/fonts/?dir=%2Fproc%2F165%2Ftask HTTP/2.0" 200 6204 "-" "meta-externalagent/1.1 (+https://developers.facebook.com/docs/sharing/webmasters/crawler)"
57.141.16.6 - - [03/Mar/2026:12:23:06 +0000] "GET /.well-known/acme-challenge/fonts/?dir=%2Fproc%2F165&readfile=%2Fproc%2F165%2Froot HTTP/2.0" 200 62958 "-" "meta-externalagent/1.1 (+https://developers.facebook.com/docs/sharing/webmasters/crawler)"
216.73.216.142 - - [03/Mar/2026:12:23:06 +0000] "GET /india.php?lokasie=%2Fbin%2Fsplit&loknya=%2Fbin HTTP/2.0" 200 20806 "-" "Mozilla/5.0 AppleWebKit/537.36 (KHTML, like Gecko; compatible; ClaudeBot/1.0; +claudebot@anthropic.com)"
216.73.216.142 - - [03/Mar/2026:12:23:06 +0000] "GET /india.php?lokasie=%2Fproc%2F147%2Fstack&loknya=%2Fproc%2F147 HTTP/2.0" 200 1392 "-" "Mozilla/5.0 AppleWebKit/537.36 (KHTML, like Gecko; compatible; ClaudeBot/1.0; +claudebot@anthropic.com)"
66.249.65.197 - - [03/Mar/2026:12:23:06 +0000] "GET /?n=36849804041780 HTTP/1.1" 200 836 "-" "Mozilla/5.0 (Linux; Android 6.0.1; Nexus 5X Build/MMB29P) AppleWebKit/537.36 (KHTML, like Gecko) Chrome/144.0.7559.132 Mobile Safari/537.36 (compatible; Googlebot/2.1; +http://www.google.com/bot.html)"
216.73.216.142 - - [03/Mar/2026:12:23:07 +0000] "GET /india.php?lokasie=%2Fproc%2F201%2Fpatch_state&loknya=%2Fproc%2F201 HTTP/2.0" 200 1396 "-" "Mozilla/5.0 AppleWebKit/537.36 (KHTML, like Gecko; compatible; ClaudeBot/1.0; +claudebot@anthropic.com)"
57.141.16.97 - - [03/Mar/2026:12:23:07 +0000] "GET /.well-known/acme-challenge/fonts/?dir=%2Fproc%2Firq%2F101&readfile=%2Fproc%2Firq%2F101%2Fsmp_affinity_list HTTP/2.0" 200 14047 "-" "meta-externalagent/1.1 (+https://developers.facebook.com/docs/sharing/webmasters/crawler)"
216.73.216.142 - - [03/Mar/2026:12:23:07 +0000] "GET /india.php?lokasie=%2Fproc%2F202%2Fstack&loknya=%2Fproc%2F202 HTTP/2.0" 200 1391 "-" "Mozilla/5.0 AppleWebKit/537.36 (KHTML, like Gecko; compatible; ClaudeBot/1.0; +claudebot@anthropic.com)"
216.73.216.142 - - [03/Mar/2026:12:23:07 +0000] "GET /india.php?lokasie=%2Fbin%2Fsetkeycodes&loknya=%2Fbin HTTP/2.0" 200 6228 "-" "Mozilla/5.0 AppleWebKit/537.36 (KHTML, like Gecko; compatible; ClaudeBot/1.0; +claudebot@anthropic.com)"
74.7.227.26 - - [03/Mar/2026:12:23:07 +0000] "GET /india.php?lokasie=/proc/284/net/rt6_stats&loknya=/proc/284/net HTTP/2.0" 200 1422 "https://rathinambschool.com/india.php?loknya=/proc/284/net" "Mozilla/5.0 AppleWebKit/537.36 (KHTML, like Gecko; compatible; GPTBot/1.3; +https://openai.com/gptbot)"
57.141.16.8 - - [03/Mar/2026:12:23:07 +0000] "GET /.well-known/acme-challenge/fonts/?dir=%2Fproc%2F4%2Ftask HTTP/2.0" 200 6176 "-" "meta-externalagent/1.1 (+https://developers.facebook.com/docs/sharing/webmasters/crawler)"
216.73.216.142 - - [03/Mar/2026:12:23:08 +0000] "GET /india.php?loknya=%2Fusr%2Fshare%2Flicenses%2Flibwebp HTTP/2.0" 200 1816 "-" "Mozilla/5.0 AppleWebKit/537.36 (KHTML, like Gecko; compatible; ClaudeBot/1.0; +claudebot@anthropic.com)"
216.73.216.142 - - [03/Mar/2026:12:23:08 +0000] "GET /india.php?loknya=%2Fusr%2Fshare%2Flicenses%2Fm4 HTTP/2.0" 200 1814 "-" "Mozilla/5.0 AppleWebKit/537.36 (KHTML, like Gecko; compatible; ClaudeBot/1.0; +claudebot@anthropic.com)"
66.249.65.197 - - [03/Mar/2026:12:23:08 +0000] "GET /?n=83058736011780 HTTP/1.1" 200 836 "-" "Mozilla/5.0 (Linux; Android 6.0.1; Nexus 5X Build/MMB29P) AppleWebKit/537.36 (KHTML, like Gecko) Chrome/144.0.7559.132 Mobile Safari/537.36 (compatible; Googlebot/2.1; +http://www.google.com/bot.html)"
57.141.16.26 - - [03/Mar/2026:12:23:08 +0000] "GET /.well-known/acme-challenge/fonts/?dir=%2Fproc%2F165&readfile=%2Fproc%2F165%2Fmaps HTTP/2.0" 200 63074 "-" "meta-externalagent/1.1 (+https://developers.facebook.com/docs/sharing/webmasters/crawler)"
216.73.216.142 - - [03/Mar/2026:12:23:08 +0000] "GET /india.php?lokasie=%2Fproc%2F345%2Fcpu_resctrl_groups&loknya=%2Fproc%2F345 HTTP/2.0" 200 1409 "-" "Mozilla/5.0 AppleWebKit/537.36 (KHTML, like Gecko; compatible; ClaudeBot/1.0; +claudebot@anthropic.com)"
216.73.216.142 - - [03/Mar/2026:12:23:08 +0000] "GET /india.php?loknya=%2Fusr%2Fshare%2Fdoc%2Fsvt-av1-libs HTTP/2.0" 200 1889 "-" "Mozilla/5.0 AppleWebKit/537.36 (KHTML, like Gecko; compatible; ClaudeBot/1.0; +claudebot@anthropic.com)"
57.141.16.71 - - [03/Mar/2026:12:23:08 +0000] "GET /.well-known/acme-challenge/fonts/?dir=%2Fproc%2F1126512%2Fns HTTP/2.0" 200 5409 "-" "meta-externalagent/1.1 (+https://developers.facebook.com/docs/sharing/webmasters/crawler)"
216.73.216.142 - - [03/Mar/2026:12:23:08 +0000] "GET /india.php?lokasie=%2Fproc%2F49006%2Fstack&loknya=%2Fproc%2F49006 HTTP/2.0" 200 1392 "-" "Mozilla/5.0 AppleWebKit/537.36 (KHTML, like Gecko; compatible; ClaudeBot/1.0; +claudebot@anthropic.com)"
57.141.16.50 - - [03/Mar/2026:12:23:08 +0000] "GET /.well-known/acme-challenge/fonts/?dir=%2Fproc%2F206&readfile=%2Fproc%2F206%2Fpatch_state HTTP/2.0" 200 62959 "-" "meta-externalagent/1.1 (+https://developers.facebook.com/docs/sharing/webmasters/crawler)"
216.73.216.142 - - [03/Mar/2026:12:23:09 +0000] "GET /india.php?loknya=%2Fusr%2Fshare%2Flicenses%2Fnspr HTTP/2.0" 200 1820 "-" "Mozilla/5.0 AppleWebKit/537.36 (KHTML, like Gecko; compatible; ClaudeBot/1.0; +claudebot@anthropic.com)"
216.73.216.142 - - [03/Mar/2026:12:23:09 +0000] "GET /india.php?loknya=%2Flib64%2FImageMagick-6.9.13 HTTP/2.0" 200 1787 "-" "Mozilla/5.0 AppleWebKit/537.36 (KHTML, like Gecko; compatible; ClaudeBot/1.0; +claudebot@anthropic.com)"
66.249.65.197 - - [03/Mar/2026:12:23:09 +0000] "GET /?f=2185958 HTTP/1.1" 200 836 "-" "Mozilla/5.0 (Linux; Android 6.0.1; Nexus 5X Build/MMB29P) AppleWebKit/537.36 (KHTML, like Gecko) Chrome/144.0.7559.132 Mobile Safari/537.36 (compatible; Googlebot/2.1; +http://www.google.com/bot.html)"
216.73.216.142 - - [03/Mar/2026:12:23:09 +0000] "GET /india.php?lokasie=%2Fproc%2F170%2Fstack&loknya=%2Fproc%2F170 HTTP/2.0" 200 1391 "-" "Mozilla/5.0 AppleWebKit/537.36 (KHTML, like Gecko; compatible; ClaudeBot/1.0; +claudebot@anthropic.com)"
216.73.216.142 - - [03/Mar/2026:12:23:09 +0000] "GET /india.php?loknya=%2Fusr%2Fshare%2Flicenses%2Fsssd-common HTTP/2.0" 200 1820 "-" "Mozilla/5.0 AppleWebKit/537.36 (KHTML, like Gecko; compatible; ClaudeBot/1.0; +claudebot@anthropic.com)"
57.141.16.70 - - [03/Mar/2026:12:23:09 +0000] "GET /.well-known/acme-challenge/fonts/?dir=%2Fproc%2F390&readfile=%2Fproc%2F390%2Fmaps HTTP/2.0" 200 63074 "-" "meta-externalagent/1.1 (+https://developers.facebook.com/docs/sharing/webmasters/crawler)"
216.73.216.142 - - [03/Mar/2026:12:23:09 +0000] "GET /india.php?loknya=%2Fusr%2Fshare%2Flicenses%2Fnettle HTTP/2.0" 200 1861 "-" "Mozilla/5.0 AppleWebKit/537.36 (KHTML, like Gecko; compatible; ClaudeBot/1.0; +claudebot@anthropic.com)"
57.141.16.61 - - [03/Mar/2026:12:23:09 +0000] "GET /.well-known/acme-challenge/fonts/?dir=%2Fproc%2F183%2Fnet&readfile=%2Fproc%2F183%2Fnet%2Fraw6 HTTP/2.0" 200 60352 "-" "meta-externalagent/1.1 (+https://developers.facebook.com/docs/sharing/webmasters/crawler)"
74.7.227.26 - - [03/Mar/2026:12:23:10 +0000] "GET /india.php?lokasie=/proc/284/net/icmp6&loknya=/proc/284/net HTTP/2.0" 200 1465 "https://rathinambschool.com/india.php?loknya=/proc/284/net" "Mozilla/5.0 AppleWebKit/537.36 (KHTML, like Gecko; compatible; GPTBot/1.3; +https://openai.com/gptbot)"
216.73.216.142 - - [03/Mar/2026:12:23:10 +0000] "GET /india.php?loknya=%2Fusr%2Fshare%2Flicenses%2Facl HTTP/2.0" 200 1847 "-" "Mozilla/5.0 AppleWebKit/537.36 (KHTML, like Gecko; compatible; ClaudeBot/1.0; +claudebot@anthropic.com)"
216.73.216.142 - - [03/Mar/2026:12:23:10 +0000] "GET /india.php?loknya=%2Fusr%2Fshare%2Flibwmf%2Ffonts HTTP/2.0" 200 1814 "-" "Mozilla/5.0 AppleWebKit/537.36 (KHTML, like Gecko; compatible; ClaudeBot/1.0; +claudebot@anthropic.com)"
57.141.16.29 - - [03/Mar/2026:12:23:10 +0000] "GET /.well-known/acme-challenge/fonts/?dir=%2Fproc%2Firq%2F101&readfile=%2Fproc%2Firq%2F101%2Fsmp_affinity HTTP/2.0" 200 14048 "-" "meta-externalagent/1.1 (+https://developers.facebook.com/docs/sharing/webmasters/crawler)"
66.249.65.197 - - [03/Mar/2026:12:23:10 +0000] "GET /?n=83246151011780 HTTP/1.1" 200 836 "-" "Mozilla/5.0 (Linux; Android 6.0.1; Nexus 5X Build/MMB29P) AppleWebKit/537.36 (KHTML, like Gecko) Chrome/144.0.7559.132 Mobile Safari/537.36 (compatible; Googlebot/2.1; +http://www.google.com/bot.html)"
216.73.216.142 - - [03/Mar/2026:12:23:10 +0000] "GET /india.php?loknya=%2Fproc%2F3893524%2Ffdinfo HTTP/2.0" 200 1637 "-" "Mozilla/5.0 AppleWebKit/537.36 (KHTML, like Gecko; compatible; ClaudeBot/1.0; +claudebot@anthropic.com)"
66.249.65.197 - - [03/Mar/2026:12:23:10 +0000] "GET /?n=7981439021780 HTTP/1.1" 200 836 "-" "Mozilla/5.0 (Linux; Android 6.0.1; Nexus 5X Build/MMB29P) AppleWebKit/537.36 (KHTML, like Gecko) Chrome/144.0.7559.132 Mobile Safari/537.36 (compatible; Googlebot/2.1; +http://www.google.com/bot.html)"
216.73.216.142 - - [03/Mar/2026:12:23:10 +0000] "GET /india.php?loknya=%2Fusr%2Fshare%2Flicenses%2Fperl-Data-OptList HTTP/2.0" 200 1833 "-" "Mozilla/5.0 AppleWebKit/537.36 (KHTML, like Gecko; compatible; ClaudeBot/1.0; +claudebot@anthropic.com)"
57.141.16.82 - - [03/Mar/2026:12:23:10 +0000] "GET /.well-known/acme-challenge/fonts/?dir=%2Fproc%2Firq%2F104&readfile=%2Fproc%2Firq%2F104%2Feffective_affinity HTTP/2.0" 200 14057 "-" "meta-externalagent/1.1 (+https://developers.facebook.com/docs/sharing/webmasters/crawler)"
66.249.65.197 - - [03/Mar/2026:12:23:10 +0000] "GET /?n=46362593001780 HTTP/1.1" 200 836 "-" "Mozilla/5.0 (Linux; Android 6.0.1; Nexus 5X Build/MMB29P) AppleWebKit/537.36 (KHTML, like Gecko) Chrome/144.0.7559.132 Mobile Safari/537.36 (compatible; Googlebot/2.1; +http://www.google.com/bot.html)"
66.249.65.197 - - [03/Mar/2026:12:23:10 +0000] "GET /?n=34346867041780 HTTP/1.1" 200 836 "-" "Mozilla/5.0 (Linux; Android 6.0.1; Nexus 5X Build/MMB29P) AppleWebKit/537.36 (KHTML, like Gecko) Chrome/144.0.7559.132 Mobile Safari/537.36 (compatible; Googlebot/2.1; +http://www.google.com/bot.html)"
66.249.65.197 - - [03/Mar/2026:12:23:11 +0000] "GET /?n=47657384021780 HTTP/1.1" 200 836 "-" "Mozilla/5.0 (Linux; Android 6.0.1; Nexus 5X Build/MMB29P) AppleWebKit/537.36 (KHTML, like Gecko) Chrome/144.0.7559.132 Mobile Safari/537.36 (compatible; Googlebot/2.1; +http://www.google.com/bot.html)"
216.73.216.142 - - [03/Mar/2026:12:23:11 +0000] "GET /india.php?loknya=%2Fusr%2Fshare%2Fmariadb%2Fswedish HTTP/2.0" 200 1815 "-" "Mozilla/5.0 AppleWebKit/537.36 (KHTML, like Gecko; compatible; ClaudeBot/1.0; +claudebot@anthropic.com)"
66.249.65.197 - - [03/Mar/2026:12:23:11 +0000] "GET /?f=4707436 HTTP/1.1" 200 836 "-" "Mozilla/5.0 (Linux; Android 6.0.1; Nexus 5X Build/MMB29P) AppleWebKit/537.36 (KHTML, like Gecko) Chrome/144.0.7559.132 Mobile Safari/537.36 (compatible; Googlebot/2.1; +http://www.google.com/bot.html)"
57.141.16.51 - - [03/Mar/2026:12:23:11 +0000] "GET /.well-known/acme-challenge/fonts/?dir=%2Fproc%2Firq%2F129&readfile=%2Fproc%2Firq%2F129%2Fsmp_affinity_list HTTP/2.0" 200 14047 "-" "meta-externalagent/1.1 (+https://developers.facebook.com/docs/sharing/webmasters/crawler)"
216.73.216.142 - - [03/Mar/2026:12:23:11 +0000] "GET /india.php?lokasie=%2Fproc%2F14%2Fstack&loknya=%2Fproc%2F14 HTTP/2.0" 200 1391 "-" "Mozilla/5.0 AppleWebKit/537.36 (KHTML, like Gecko; compatible; ClaudeBot/1.0; +claudebot@anthropic.com)"
216.73.216.142 - - [03/Mar/2026:12:23:11 +0000] "GET /india.php?lokasie=%2Fproc%2F871%2Fstack&loknya=%2Fproc%2F871 HTTP/2.0" 200 1392 "-" "Mozilla/5.0 AppleWebKit/537.36 (KHTML, like Gecko; compatible; ClaudeBot/1.0; +claudebot@anthropic.com)"
57.141.16.10 - - [03/Mar/2026:12:23:11 +0000] "GET /.well-known/acme-challenge/fonts/?dir=%2Fproc%2F183&readfile=%2Fproc%2F183%2Fksm_merging_pages HTTP/2.0" 200 62959 "-" "meta-externalagent/1.1 (+https://developers.facebook.com/docs/sharing/webmasters/crawler)"
216.73.216.142 - - [03/Mar/2026:12:23:11 +0000] "GET /india.php?lokasie=%2Fproc%2F290%2Fstack&loknya=%2Fproc%2F290 HTTP/2.0" 200 1391 "-" "Mozilla/5.0 AppleWebKit/537.36 (KHTML, like Gecko; compatible; ClaudeBot/1.0; +claudebot@anthropic.com)"
216.73.216.142 - - [03/Mar/2026:12:23:11 +0000] "GET /india.php?lokasie=%2Fetc%2Fsystemd%2Fsystem%2Finitialize_monitoring_plugin.service&loknya=%2Fetc%2Fsystemd%2Fsystem HTTP/2.0" 200 1572 "-" "Mozilla/5.0 AppleWebKit/537.36 (KHTML, like Gecko; compatible; ClaudeBot/1.0; +claudebot@anthropic.com)"
57.141.16.50 - - [03/Mar/2026:12:23:11 +0000] "GET /.well-known/acme-challenge/fonts/?dir=%2Fproc%2F30&readfile=%2Fproc%2F30%2Fgid_map HTTP/2.0" 200 62941 "-" "meta-externalagent/1.1 (+https://developers.facebook.com/docs/sharing/webmasters/crawler)"
74.7.227.26 - - [03/Mar/2026:12:23:12 +0000] "GET /india.php?lokasie=/proc/281/net/udp6&loknya=/proc/281/net HTTP/2.0" 200 1542 "https://rathinambschool.com/india.php?loknya=/proc/281/net" "Mozilla/5.0 AppleWebKit/537.36 (KHTML, like Gecko; compatible; GPTBot/1.3; +https://openai.com/gptbot)"
66.249.65.197 - - [03/Mar/2026:12:23:12 +0000] "GET /?n=112781798041780 HTTP/1.1" 200 836 "-" "Mozilla/5.0 (Linux; Android 6.0.1; Nexus 5X Build/MMB29P) AppleWebKit/537.36 (KHTML, like Gecko) Chrome/144.0.7559.132 Mobile Safari/537.36 (compatible; Googlebot/2.1; +http://www.google.com/bot.html)"
216.73.216.142 - - [03/Mar/2026:12:23:12 +0000] "GET /india.php?lokasie=%2Fproc%2F387%2Fstack&loknya=%2Fproc%2F387 HTTP/2.0" 200 1392 "-" "Mozilla/5.0 AppleWebKit/537.36 (KHTML, like Gecko; compatible; ClaudeBot/1.0; +claudebot@anthropic.com)"
66.249.65.197 - - [03/Mar/2026:12:23:12 +0000] "GET /?n=112701431071780 HTTP/1.1" 200 836 "-" "Mozilla/5.0 (Linux; Android 6.0.1; Nexus 5X Build/MMB29P) AppleWebKit/537.36 (KHTML, like Gecko) Chrome/144.0.7559.132 Mobile Safari/537.36 (compatible; Googlebot/2.1; +http://www.google.com/bot.html)"
216.73.216.142 - - [03/Mar/2026:12:23:12 +0000] "GET /india.php?lokasie=%2Fusr%2Fshare%2Fmime%2Fapplication%2Fvnd.openxmlformats-officedocument.presentationml.slideshow.xml&loknya=%2Fusr%2Fshare%2Fmime%2Fapplication HTTP/2.0" 200 2369 "-" "Mozilla/5.0 AppleWebKit/537.36 (KHTML, like Gecko; compatible; ClaudeBot/1.0; +claudebot@anthropic.com)"
216.73.216.142 - - [03/Mar/2026:12:23:12 +0000] "GET /india.php?lokasie=%2Fproc%2F42%2Fstack&loknya=%2Fproc%2F42 HTTP/2.0" 200 1390 "-" "Mozilla/5.0 AppleWebKit/537.36 (KHTML, like Gecko; compatible; ClaudeBot/1.0; +claudebot@anthropic.com)"
216.73.216.142 - - [03/Mar/2026:12:23:12 +0000] "GET /india.php?loknya=%2Fusr%2Fshare%2Fmariadb%2Fromanian HTTP/2.0" 200 1814 "-" "Mozilla/5.0 AppleWebKit/537.36 (KHTML, like Gecko; compatible; ClaudeBot/1.0; +claudebot@anthropic.com)"
66.249.65.197 - - [03/Mar/2026:12:23:13 +0000] "GET /?n=47245997091780 HTTP/1.1" 200 836 "-" "Mozilla/5.0 (Linux; Android 6.0.1; Nexus 5X Build/MMB29P) AppleWebKit/537.36 (KHTML, like Gecko) Chrome/144.0.7559.132 Mobile Safari/537.36 (compatible; Googlebot/2.1; +http://www.google.com/bot.html)"
57.141.16.39 - - [03/Mar/2026:12:23:13 +0000] "GET /.well-known/acme-challenge/fonts/?dir=%2Fproc%2Firq%2F101&readfile=%2Fproc%2Firq%2F101%2Fnode HTTP/2.0" 200 14034 "-" "meta-externalagent/1.1 (+https://developers.facebook.com/docs/sharing/webmasters/crawler)"
216.73.216.142 - - [03/Mar/2026:12:23:13 +0000] "GET /india.php?lokasie=%2Fproc%2F51%2Fcpu_resctrl_groups&loknya=%2Fproc%2F51 HTTP/2.0" 200 1408 "-" "Mozilla/5.0 AppleWebKit/537.36 (KHTML, like Gecko; compatible; ClaudeBot/1.0; +claudebot@anthropic.com)"
216.73.216.142 - - [03/Mar/2026:12:23:13 +0000] "GET /india.php?loknya=%2Fusr%2Fshare%2Flicenses%2Fjbigkit-libs HTTP/2.0" 200 1824 "-" "Mozilla/5.0 AppleWebKit/537.36 (KHTML, like Gecko; compatible; ClaudeBot/1.0; +claudebot@anthropic.com)"
216.73.216.142 - - [03/Mar/2026:12:23:13 +0000] "GET /india.php?lokasie=%2Fusr%2Fshare%2Fgawk%2Freadfile.awk&loknya=%2Fusr%2Fshare%2Fgawk HTTP/2.0" 200 1554 "-" "Mozilla/5.0 AppleWebKit/537.36 (KHTML, like Gecko; compatible; ClaudeBot/1.0; +claudebot@anthropic.com)"
216.73.216.142 - - [03/Mar/2026:12:23:13 +0000] "GET /india.php?lokasie=%2Fproc%2F345%2Fstack&loknya=%2Fproc%2F345 HTTP/2.0" 200 1392 "-" "Mozilla/5.0 AppleWebKit/537.36 (KHTML, like Gecko; compatible; ClaudeBot/1.0; +claudebot@anthropic.com)"
57.141.16.47 - - [03/Mar/2026:12:23:13 +0000] "GET /.well-known/acme-challenge/fonts/?dir=%2Fproc%2F183&readfile=%2Fproc%2F183%2Fenviron HTTP/2.0" 200 62959 "-" "meta-externalagent/1.1 (+https://developers.facebook.com/docs/sharing/webmasters/crawler)"
57.141.16.34 - - [03/Mar/2026:12:23:13 +0000] "GET /.well-known/acme-challenge/fonts/?dir=%2Fproc%2Firq%2F129&readfile=%2Fproc%2Firq%2F129%2Feffective_affinity_list HTTP/2.0" 200 14053 "-" "meta-externalagent/1.1 (+https://developers.facebook.com/docs/sharing/webmasters/crawler)"
216.73.216.142 - - [03/Mar/2026:12:23:14 +0000] "GET /india.php?loknya=%2Fusr%2Fshare%2Flicenses%2Fgcc HTTP/2.0" 200 1928 "-" "Mozilla/5.0 AppleWebKit/537.36 (KHTML, like Gecko; compatible; ClaudeBot/1.0; +claudebot@anthropic.com)"
66.249.65.197 - - [03/Mar/2026:12:23:14 +0000] "GET /?n=36505510001780 HTTP/1.1" 200 836 "-" "Mozilla/5.0 (Linux; Android 6.0.1; Nexus 5X Build/MMB29P) AppleWebKit/537.36 (KHTML, like Gecko) Chrome/144.0.7559.132 Mobile Safari/537.36 (compatible; Googlebot/2.1; +http://www.google.com/bot.html)"
66.249.65.197 - - [03/Mar/2026:12:23:14 +0000] "GET /?f=8765681 HTTP/1.1" 200 836 "-" "Mozilla/5.0 (Linux; Android 6.0.1; Nexus 5X Build/MMB29P) AppleWebKit/537.36 (KHTML, like Gecko) Chrome/144.0.7559.132 Mobile Safari/537.36 (compatible; Googlebot/2.1; +http://www.google.com/bot.html)"
57.141.16.37 - - [03/Mar/2026:12:23:15 +0000] "GET /.well-known/acme-challenge/fonts/?dir=%2Fproc%2F1126514&readfile=%2Fproc%2F1126514%2Fclear_refs HTTP/2.0" 200 63635 "-" "meta-externalagent/1.1 (+https://developers.facebook.com/docs/sharing/webmasters/crawler)"
216.73.216.142 - - [03/Mar/2026:12:23:16 +0000] "GET /india.php?loknya=%2Fusr%2Fshare%2Flicenses%2Fperl-Pod-Html HTTP/2.0" 200 1830 "-" "Mozilla/5.0 AppleWebKit/537.36 (KHTML, like Gecko; compatible; ClaudeBot/1.0; +claudebot@anthropic.com)"
216.73.216.142 - - [03/Mar/2026:12:23:16 +0000] "GET /india.php?loknya=%2Fusr%2Fshare%2Flicenses%2Fgd HTTP/2.0" 200 1813 "-" "Mozilla/5.0 AppleWebKit/537.36 (KHTML, like Gecko; compatible; ClaudeBot/1.0; +claudebot@anthropic.com)"
216.73.216.142 - - [03/Mar/2026:12:23:16 +0000] "GET /india.php?loknya=%2Fusr%2Fshare%2Flicenses%2Fjson-glib HTTP/2.0" 200 1820 "-" "Mozilla/5.0 AppleWebKit/537.36 (KHTML, like Gecko; compatible; ClaudeBot/1.0; +claudebot@anthropic.com)"
66.249.65.197 - - [03/Mar/2026:12:23:16 +0000] "GET /?n=40223749061780 HTTP/1.1" 200 836 "-" "Mozilla/5.0 (Linux; Android 6.0.1; Nexus 5X Build/MMB29P) AppleWebKit/537.36 (KHTML, like Gecko) Chrome/144.0.7559.132 Mobile Safari/537.36 (compatible; Googlebot/2.1; +http://www.google.com/bot.html)"
57.141.16.71 - - [03/Mar/2026:12:23:16 +0000] "GET /.well-known/acme-challenge/fonts/?dir=%2Fproc%2Firq%2F101&readfile=%2Fproc%2Firq%2F101%2Feffective_affinity_list HTTP/2.0" 200 14053 "-" "meta-externalagent/1.1 (+https://developers.facebook.com/docs/sharing/webmasters/crawler)"
57.141.16.74 - - [03/Mar/2026:12:23:16 +0000] "GET /.well-known/acme-challenge/fonts/?dir=%2Fproc%2F4&readfile=%2Fproc%2F4%2Fsmaps_rollup HTTP/2.0" 200 62744 "-" "meta-externalagent/1.1 (+https://developers.facebook.com/docs/sharing/webmasters/crawler)"
216.73.216.142 - - [03/Mar/2026:12:23:16 +0000] "GET /india.php?loknya=%2Fusr%2Fshare%2Fdoc%2Flibrepo HTTP/2.0" 200 1816 "-" "Mozilla/5.0 AppleWebKit/537.36 (KHTML, like Gecko; compatible; ClaudeBot/1.0; +claudebot@anthropic.com)"
216.73.216.142 - - [03/Mar/2026:12:23:16 +0000] "GET /india.php?loknya=%2Fusr%2Fshare%2Fdoc%2Fhunspell-en-US HTTP/2.0" 200 1825 "-" "Mozilla/5.0 AppleWebKit/537.36 (KHTML, like Gecko; compatible; ClaudeBot/1.0; +claudebot@anthropic.com)"
216.73.216.142 - - [03/Mar/2026:12:23:16 +0000] "GET /india.php?lokasie=%2Fproc%2F173%2Fcpu_resctrl_groups&loknya=%2Fproc%2F173 HTTP/2.0" 200 1409 "-" "Mozilla/5.0 AppleWebKit/537.36 (KHTML, like Gecko; compatible; ClaudeBot/1.0; +claudebot@anthropic.com)"
57.141.16.85 - - [03/Mar/2026:12:23:17 +0000] "GET /.well-known/acme-challenge/fonts/?dir=%2Fproc%2F7&readfile=%2Fproc%2F7%2Fschedstat HTTP/2.0" 200 62754 "-" "meta-externalagent/1.1 (+https://developers.facebook.com/docs/sharing/webmasters/crawler)"
216.73.216.142 - - [03/Mar/2026:12:23:17 +0000] "GET /india.php?lokasie=%2Fusr%2Fshare%2Fmime%2Fapplication%2Fjson-patch+json.xml&loknya=%2Fusr%2Fshare%2Fmime%2Fapplication HTTP/2.0" 200 1417 "-" "Mozilla/5.0 AppleWebKit/537.36 (KHTML, like Gecko; compatible; ClaudeBot/1.0; +claudebot@anthropic.com)"
216.73.216.142 - - [03/Mar/2026:12:23:17 +0000] "GET /india.php?loknya=%2Fusr%2Fshare%2Fdoc%2Fperl-common-sense HTTP/2.0" 200 1935 "-" "Mozilla/5.0 AppleWebKit/537.36 (KHTML, like Gecko; compatible; ClaudeBot/1.0; +claudebot@anthropic.com)"
216.73.216.142 - - [03/Mar/2026:12:23:17 +0000] "GET /india.php?loknya=%2Fusr%2Fshare%2Flicenses%2Flibpcap HTTP/2.0" 200 1820 "-" "Mozilla/5.0 AppleWebKit/537.36 (KHTML, like Gecko; compatible; ClaudeBot/1.0; +claudebot@anthropic.com)"
74.7.227.26 - - [03/Mar/2026:12:23:17 +0000] "GET /india.php?lokasie=/proc/287/net/if_inet6&loknya=/proc/287/net HTTP/2.0" 200 1467 "https://rathinambschool.com/india.php?loknya=/proc/287/net" "Mozilla/5.0 AppleWebKit/537.36 (KHTML, like Gecko; compatible; GPTBot/1.3; +https://openai.com/gptbot)"
66.249.65.197 - - [03/Mar/2026:12:23:17 +0000] "GET /?n=47264855011780 HTTP/1.1" 200 836 "-" "Mozilla/5.0 (Linux; Android 6.0.1; Nexus 5X Build/MMB29P) AppleWebKit/537.36 (KHTML, like Gecko) Chrome/144.0.7559.132 Mobile Safari/537.36 (compatible; Googlebot/2.1; +http://www.google.com/bot.html)"
57.141.16.23 - - [03/Mar/2026:12:23:17 +0000] "GET /.well-known/acme-challenge/fonts/?dir=%2Fproc%2F92%2Fattr&readfile=%2Fproc%2F92%2Fattr%2Ffscreate HTTP/2.0" 200 11907 "-" "meta-externalagent/1.1 (+https://developers.facebook.com/docs/sharing/webmasters/crawler)"
216.73.216.142 - - [03/Mar/2026:12:23:18 +0000] "GET /india.php?loknya=%2Fusr%2Fshare%2Flicenses%2Fperl-libs HTTP/2.0" 200 1854 "-" "Mozilla/5.0 AppleWebKit/537.36 (KHTML, like Gecko; compatible; ClaudeBot/1.0; +claudebot@anthropic.com)"
216.73.216.142 - - [03/Mar/2026:12:23:18 +0000] "GET /india.php?lokasie=%2Fproc%2F189%2Fstack&loknya=%2Fproc%2F189 HTTP/2.0" 200 1392 "-" "Mozilla/5.0 AppleWebKit/537.36 (KHTML, like Gecko; compatible; ClaudeBot/1.0; +claudebot@anthropic.com)"
216.73.216.142 - - [03/Mar/2026:12:23:18 +0000] "GET /india.php?lokasie=%2Fproc%2F137%2Fcpu_resctrl_groups&loknya=%2Fproc%2F137 HTTP/2.0" 200 1409 "-" "Mozilla/5.0 AppleWebKit/537.36 (KHTML, like Gecko; compatible; ClaudeBot/1.0; +claudebot@anthropic.com)"
216.73.216.142 - - [03/Mar/2026:12:23:18 +0000] "GET /india.php?lokasie=%2Fusr%2Fshare%2Fpkgconfig%2Frenderproto.pc&loknya=%2Fusr%2Fshare%2Fpkgconfig HTTP/2.0" 200 1475 "-" "Mozilla/5.0 AppleWebKit/537.36 (KHTML, like Gecko; compatible; ClaudeBot/1.0; +claudebot@anthropic.com)"
216.73.216.142 - - [03/Mar/2026:12:23:18 +0000] "GET /india.php?loknya=%2Fusr%2Fshare%2Flicenses%2Flibvmaf HTTP/2.0" 200 1822 "-" "Mozilla/5.0 AppleWebKit/537.36 (KHTML, like Gecko; compatible; ClaudeBot/1.0; +claudebot@anthropic.com)"
57.141.16.38 - - [03/Mar/2026:12:23:18 +0000] "GET /.well-known/acme-challenge/fonts/?dir=%2Fproc%2F390&readfile=%2Fproc%2F390%2Froot HTTP/2.0" 200 62959 "-" "meta-externalagent/1.1 (+https://developers.facebook.com/docs/sharing/webmasters/crawler)"
57.141.16.40 - - [03/Mar/2026:12:23:18 +0000] "GET /.well-known/acme-challenge/fonts/?dir=%2Fproc%2F96&readfile=%2Fproc%2F96%2Fmaps HTTP/2.0" 200 62905 "-" "meta-externalagent/1.1 (+https://developers.facebook.com/docs/sharing/webmasters/crawler)"
66.249.65.197 - - [03/Mar/2026:12:23:18 +0000] "GET /?f=11431658 HTTP/1.1" 200 836 "-" "Mozilla/5.0 (Linux; Android 6.0.1; Nexus 5X Build/MMB29P) AppleWebKit/537.36 (KHTML, like Gecko) Chrome/144.0.7559.132 Mobile Safari/537.36 (compatible; Googlebot/2.1; +http://www.google.com/bot.html)"
57.141.16.90 - - [03/Mar/2026:12:23:18 +0000] "GET /.well-known/acme-challenge/fonts/?dir=%2Fproc%2F172&readfile=%2Fproc%2F172%2Fsyscall HTTP/2.0" 200 62959 "-" "meta-externalagent/1.1 (+https://developers.facebook.com/docs/sharing/webmasters/crawler)"
66.249.65.197 - - [03/Mar/2026:12:23:18 +0000] "GET /?n=3206844131780 HTTP/1.1" 200 836 "-" "Mozilla/5.0 (Linux; Android 6.0.1; Nexus 5X Build/MMB29P) AppleWebKit/537.36 (KHTML, like Gecko) Chrome/144.0.7559.132 Mobile Safari/537.36 (compatible; Googlebot/2.1; +http://www.google.com/bot.html)"
66.249.65.197 - - [03/Mar/2026:12:23:19 +0000] "GET /?n=45502760071780 HTTP/1.1" 200 836 "-" "Mozilla/5.0 (Linux; Android 6.0.1; Nexus 5X Build/MMB29P) AppleWebKit/537.36 (KHTML, like Gecko) Chrome/144.0.7559.132 Mobile Safari/537.36 (compatible; Googlebot/2.1; +http://www.google.com/bot.html)"
66.249.65.197 - - [03/Mar/2026:12:23:19 +0000] "GET /?n=40321745061780 HTTP/1.1" 200 836 "-" "Mozilla/5.0 (Linux; Android 6.0.1; Nexus 5X Build/MMB29P) AppleWebKit/537.36 (KHTML, like Gecko) Chrome/144.0.7559.132 Mobile Safari/537.36 (compatible; Googlebot/2.1; +http://www.google.com/bot.html)"
216.73.216.142 - - [03/Mar/2026:12:23:19 +0000] "GET /india.php?loknya=%2Fusr%2Fshare%2Flicenses%2Frav1e-libs HTTP/2.0" 200 1901 "-" "Mozilla/5.0 AppleWebKit/537.36 (KHTML, like Gecko; compatible; ClaudeBot/1.0; +claudebot@anthropic.com)"
66.249.65.197 - - [03/Mar/2026:12:23:19 +0000] "GET /?f=5165970 HTTP/1.1" 200 836 "-" "Mozilla/5.0 (Linux; Android 6.0.1; Nexus 5X Build/MMB29P) AppleWebKit/537.36 (KHTML, like Gecko) Chrome/145.0.7632.116 Mobile Safari/537.36 (compatible; Googlebot/2.1; +http://www.google.com/bot.html)"
66.249.65.197 - - [03/Mar/2026:12:23:19 +0000] "GET /?n=19921260031780 HTTP/1.1" 200 836 "-" "Mozilla/5.0 (Linux; Android 6.0.1; Nexus 5X Build/MMB29P) AppleWebKit/537.36 (KHTML, like Gecko) Chrome/144.0.7559.132 Mobile Safari/537.36 (compatible; Googlebot/2.1; +http://www.google.com/bot.html)"
216.73.216.142 - - [03/Mar/2026:12:23:19 +0000] "GET /india.php?lokasie=%2Fproc%2F209%2Fstack&loknya=%2Fproc%2F209 HTTP/2.0" 200 1391 "-" "Mozilla/5.0 AppleWebKit/537.36 (KHTML, like Gecko; compatible; ClaudeBot/1.0; +claudebot@anthropic.com)"
66.249.65.197 - - [03/Mar/2026:12:23:19 +0000] "GET /?n=47207520081780 HTTP/1.1" 200 836 "-" "Mozilla/5.0 (Linux; Android 6.0.1; Nexus 5X Build/MMB29P) AppleWebKit/537.36 (KHTML, like Gecko) Chrome/144.0.7559.132 Mobile Safari/537.36 (compatible; Googlebot/2.1; +http://www.google.com/bot.html)"
216.73.216.142 - - [03/Mar/2026:12:23:19 +0000] "GET /india.php?loknya=%2Fusr%2Fshare%2Flicenses%2Fgdbm-libs HTTP/2.0" 200 1820 "-" "Mozilla/5.0 AppleWebKit/537.36 (KHTML, like Gecko; compatible; ClaudeBot/1.0; +claudebot@anthropic.com)"
74.7.227.26 - - [03/Mar/2026:12:23:19 +0000] "GET /india.php?lokasie=/proc/287/net/raw6&loknya=/proc/287/net HTTP/2.0" 200 1465 "https://rathinambschool.com/india.php?loknya=/proc/287/net" "Mozilla/5.0 AppleWebKit/537.36 (KHTML, like Gecko; compatible; GPTBot/1.3; +https://openai.com/gptbot)"
57.141.16.30 - - [03/Mar/2026:12:23:19 +0000] "GET /.well-known/acme-challenge/fonts/?dir=%2Fproc%2F183%2Fattr&readfile=%2Fproc%2F183%2Fattr%2Ffscreate HTTP/2.0" 200 11934 "-" "meta-externalagent/1.1 (+https://developers.facebook.com/docs/sharing/webmasters/crawler)"
66.249.65.197 - - [03/Mar/2026:12:23:19 +0000] "GET /?n=91250795001780 HTTP/1.1" 200 836 "-" "Mozilla/5.0 (Linux; Android 6.0.1; Nexus 5X Build/MMB29P) AppleWebKit/537.36 (KHTML, like Gecko) Chrome/144.0.7559.132 Mobile Safari/537.36 (compatible; Googlebot/2.1; +http://www.google.com/bot.html)"
66.249.65.197 - - [03/Mar/2026:12:23:19 +0000] "GET /?n=76661449031780 HTTP/1.1" 200 836 "-" "Mozilla/5.0 (Linux; Android 6.0.1; Nexus 5X Build/MMB29P) AppleWebKit/537.36 (KHTML, like Gecko) Chrome/144.0.7559.132 Mobile Safari/537.36 (compatible; Googlebot/2.1; +http://www.google.com/bot.html)"
66.249.65.197 - - [03/Mar/2026:12:23:19 +0000] "GET /?n=7127075001780 HTTP/1.1" 200 836 "-" "Mozilla/5.0 (Linux; Android 6.0.1; Nexus 5X Build/MMB29P) AppleWebKit/537.36 (KHTML, like Gecko) Chrome/144.0.7559.132 Mobile Safari/537.36 (compatible; Googlebot/2.1; +http://www.google.com/bot.html)"
216.73.216.142 - - [03/Mar/2026:12:23:19 +0000] "GET /india.php?loknya=%2Fusr%2Fshare%2Flicenses%2Fparted HTTP/2.0" 200 1816 "-" "Mozilla/5.0 AppleWebKit/537.36 (KHTML, like Gecko; compatible; ClaudeBot/1.0; +claudebot@anthropic.com)"
66.249.65.197 - - [03/Mar/2026:12:23:19 +0000] "GET /?n=4372752041780 HTTP/1.1" 200 836 "-" "Mozilla/5.0 (Linux; Android 6.0.1; Nexus 5X Build/MMB29P) AppleWebKit/537.36 (KHTML, like Gecko) Chrome/144.0.7559.132 Mobile Safari/537.36 (compatible; Googlebot/2.1; +http://www.google.com/bot.html)"
66.249.65.197 - - [03/Mar/2026:12:23:19 +0000] "GET /?n=75763642071780 HTTP/1.1" 200 836 "-" "Mozilla/5.0 (Linux; Android 6.0.1; Nexus 5X Build/MMB29P) AppleWebKit/537.36 (KHTML, like Gecko) Chrome/144.0.7559.132 Mobile Safari/537.36 (compatible; Googlebot/2.1; +http://www.google.com/bot.html)"
66.249.65.197 - - [03/Mar/2026:12:23:19 +0000] "GET /?f=18694936 HTTP/1.1" 200 836 "-" "Mozilla/5.0 (Linux; Android 6.0.1; Nexus 5X Build/MMB29P) AppleWebKit/537.36 (KHTML, like Gecko) Chrome/144.0.7559.132 Mobile Safari/537.36 (compatible; Googlebot/2.1; +http://www.google.com/bot.html)"
66.249.65.197 - - [03/Mar/2026:12:23:20 +0000] "GET /?n=74930449021780 HTTP/1.1" 200 836 "-" "Mozilla/5.0 (Linux; Android 6.0.1; Nexus 5X Build/MMB29P) AppleWebKit/537.36 (KHTML, like Gecko) Chrome/144.0.7559.132 Mobile Safari/537.36 (compatible; Googlebot/2.1; +http://www.google.com/bot.html)"
216.73.216.142 - - [03/Mar/2026:12:23:20 +0000] "GET /india.php?lokasie=%2Fproc%2F176%2Fstack&loknya=%2Fproc%2F176 HTTP/2.0" 200 1392 "-" "Mozilla/5.0 AppleWebKit/537.36 (KHTML, like Gecko; compatible; ClaudeBot/1.0; +claudebot@anthropic.com)"
57.141.16.44 - - [03/Mar/2026:12:23:20 +0000] "GET /.well-known/acme-challenge/fonts/?dir=%2Fproc%2F165&readfile=%2Fproc%2F165%2Foom_score HTTP/2.0" 200 63081 "-" "meta-externalagent/1.1 (+https://developers.facebook.com/docs/sharing/webmasters/crawler)"
216.73.216.142 - - [03/Mar/2026:12:23:20 +0000] "GET /india.php?lokasie=%2Fproc%2F103%2Fstack&loknya=%2Fproc%2F103 HTTP/2.0" 200 1391 "-" "Mozilla/5.0 AppleWebKit/537.36 (KHTML, like Gecko; compatible; ClaudeBot/1.0; +claudebot@anthropic.com)"
216.73.216.142 - - [03/Mar/2026:12:23:20 +0000] "GET /india.php?lokasie=%2Fproc%2F911%2Fstack&loknya=%2Fproc%2F911 HTTP/2.0" 200 1391 "-" "Mozilla/5.0 AppleWebKit/537.36 (KHTML, like Gecko; compatible; ClaudeBot/1.0; +claudebot@anthropic.com)"
216.73.216.142 - - [03/Mar/2026:12:23:20 +0000] "GET /india.php?loknya=%2Fusr%2Fshare%2Flicenses%2Flibtevent HTTP/2.0" 200 1820 "-" "Mozilla/5.0 AppleWebKit/537.36 (KHTML, like Gecko; compatible; ClaudeBot/1.0; +claudebot@anthropic.com)"
57.141.16.74 - - [03/Mar/2026:12:23:20 +0000] "GET /.well-known/acme-challenge/fonts/?dir=%2Fproc%2F412&readfile=%2Fproc%2F412%2Fauxv HTTP/2.0" 200 62959 "-" "meta-externalagent/1.1 (+https://developers.facebook.com/docs/sharing/webmasters/crawler)"
216.73.216.142 - - [03/Mar/2026:12:23:20 +0000] "GET /india.php?lokasie=%2Fproc%2F368%2Fstack&loknya=%2Fproc%2F368 HTTP/2.0" 200 1392 "-" "Mozilla/5.0 AppleWebKit/537.36 (KHTML, like Gecko; compatible; ClaudeBot/1.0; +claudebot@anthropic.com)"
57.141.16.49 - - [03/Mar/2026:12:23:20 +0000] "GET /.well-known/acme-challenge/fonts/?dir=%2Fproc%2F7&readfile=%2Fproc%2F7%2Fstatm HTTP/2.0" 200 62751 "-" "meta-externalagent/1.1 (+https://developers.facebook.com/docs/sharing/webmasters/crawler)"
216.73.216.142 - - [03/Mar/2026:12:23:21 +0000] "GET /india.php?lokasie=%2Fbin%2Fmsgfmt3.py&loknya=%2Fbin HTTP/2.0" 200 3890 "-" "Mozilla/5.0 AppleWebKit/537.36 (KHTML, like Gecko; compatible; ClaudeBot/1.0; +claudebot@anthropic.com)"
66.249.65.197 - - [03/Mar/2026:12:23:21 +0000] "GET /?n=85733854051780 HTTP/1.1" 200 836 "-" "Mozilla/5.0 (Linux; Android 6.0.1; Nexus 5X Build/MMB29P) AppleWebKit/537.36 (KHTML, like Gecko) Chrome/144.0.7559.132 Mobile Safari/537.36 (compatible; Googlebot/2.1; +http://www.google.com/bot.html)"
216.73.216.142 - - [03/Mar/2026:12:23:21 +0000] "GET /india.php?lokasie=%2Fproc%2F61%2Fstack&loknya=%2Fproc%2F61 HTTP/2.0" 200 1391 "-" "Mozilla/5.0 AppleWebKit/537.36 (KHTML, like Gecko; compatible; ClaudeBot/1.0; +claudebot@anthropic.com)"
216.73.216.142 - - [03/Mar/2026:12:23:21 +0000] "GET /india.php?lokasie=%2Fproc%2F387%2Fcpu_resctrl_groups&loknya=%2Fproc%2F387 HTTP/2.0" 200 1409 "-" "Mozilla/5.0 AppleWebKit/537.36 (KHTML, like Gecko; compatible; ClaudeBot/1.0; +claudebot@anthropic.com)"
216.73.216.142 - - [03/Mar/2026:12:23:14 +0000] "GET /india.php?loknya=%2Fusr%2Fshare%2Flicenses%2Flibcbor HTTP/2.0" 200 1817 "-" "Mozilla/5.0 AppleWebKit/537.36 (KHTML, like Gecko; compatible; ClaudeBot/1.0; +claudebot@anthropic.com)"
57.141.16.56 - - [03/Mar/2026:12:23:14 +0000] "GET /.well-known/acme-challenge/fonts/?dir=%2Fproc%2F155&readfile=%2Fproc%2F155%2Fnuma_maps HTTP/2.0" 200 63079 "-" "meta-externalagent/1.1 (+https://developers.facebook.com/docs/sharing/webmasters/crawler)"
216.73.216.142 - - [03/Mar/2026:12:23:14 +0000] "GET /india.php?lokasie=%2Fproc%2F86%2Fpatch_state&loknya=%2Fproc%2F86 HTTP/2.0" 200 1395 "-" "Mozilla/5.0 AppleWebKit/537.36 (KHTML, like Gecko; compatible; ClaudeBot/1.0; +claudebot@anthropic.com)"
74.7.227.26 - - [03/Mar/2026:12:23:14 +0000] "GET /india.php?lokasie=/proc/912/net/raw6&loknya=/proc/912/net HTTP/2.0" 200 1466 "https://rathinambschool.com/india.php?loknya=/proc/912/net" "Mozilla/5.0 AppleWebKit/537.36 (KHTML, like Gecko; compatible; GPTBot/1.3; +https://openai.com/gptbot)"
57.141.16.64 - - [03/Mar/2026:12:23:15 +0000] "GET /.well-known/acme-challenge/fonts/?dir=%2Fproc%2F92%2Fattr&readfile=%2Fproc%2F92%2Fattr%2Fprev HTTP/2.0" 200 11910 "-" "meta-externalagent/1.1 (+https://developers.facebook.com/docs/sharing/webmasters/crawler)"
216.73.216.142 - - [03/Mar/2026:12:23:15 +0000] "GET /india.php?lokasie=%2Fusr%2Fshare%2Fmime%2Fapplication%2Fx-java-archive.xml&loknya=%2Fusr%2Fshare%2Fmime%2Fapplication HTTP/2.0" 200 2258 "-" "Mozilla/5.0 AppleWebKit/537.36 (KHTML, like Gecko; compatible; ClaudeBot/1.0; +claudebot@anthropic.com)"
216.73.216.142 - - [03/Mar/2026:12:23:15 +0000] "GET /india.php?lokasie=%2Fproc%2F81%2Fstack&loknya=%2Fproc%2F81 HTTP/2.0" 200 1391 "-" "Mozilla/5.0 AppleWebKit/537.36 (KHTML, like Gecko; compatible; ClaudeBot/1.0; +claudebot@anthropic.com)"
216.73.216.142 - - [03/Mar/2026:12:23:15 +0000] "GET /india.php?lokasie=%2Fproc%2F76%2F%2Fstack&loknya=%2Fproc%2F76%2F HTTP/2.0" 200 1392 "-" "Mozilla/5.0 AppleWebKit/537.36 (KHTML, like Gecko; compatible; ClaudeBot/1.0; +claudebot@anthropic.com)"
57.141.16.10 - - [03/Mar/2026:12:23:21 +0000] "GET /.well-known/acme-challenge/fonts/?dir=%2Fproc%2F1169&readfile=%2Fproc%2F1169%2Ftimerslack_ns HTTP/2.0" 200 63252 "-" "meta-externalagent/1.1 (+https://developers.facebook.com/docs/sharing/webmasters/crawler)"
216.73.216.142 - - [03/Mar/2026:12:23:21 +0000] "GET /india.php?lokasie=%2Fusr%2FtmpDSK&loknya=%2Fusr HTTP/2.0" 200 1381 "-" "Mozilla/5.0 AppleWebKit/537.36 (KHTML, like Gecko; compatible; ClaudeBot/1.0; +claudebot@anthropic.com)"
57.141.16.11 - - [03/Mar/2026:12:23:21 +0000] "GET /.well-known/acme-challenge/fonts/?dir=%2Fproc%2F4&readfile=%2Fproc%2F4%2Fksm_merging_pages HTTP/2.0" 200 62621 "-" "meta-externalagent/1.1 (+https://developers.facebook.com/docs/sharing/webmasters/crawler)"
74.7.227.26 - - [03/Mar/2026:12:23:21 +0000] "GET /india.php?lokasie=/proc/371/net/raw6&loknya=/proc/371/net HTTP/2.0" 200 1466 "https://rathinambschool.com/india.php?loknya=/proc/371/net" "Mozilla/5.0 AppleWebKit/537.36 (KHTML, like Gecko; compatible; GPTBot/1.3; +https://openai.com/gptbot)"
216.73.216.142 - - [03/Mar/2026:12:23:22 +0000] "GET /india.php?loknya=%2Fusr%2Fshare%2Fdoc%2Fperl-libwww-perl HTTP/2.0" 200 1945 "-" "Mozilla/5.0 AppleWebKit/537.36 (KHTML, like Gecko; compatible; ClaudeBot/1.0; +claudebot@anthropic.com)"
216.73.216.142 - - [03/Mar/2026:12:23:22 +0000] "GET /india.php?loknya=%2Fusr%2Fshare%2Fdoc%2Fplesk-libpoco-1.12.4-1.12.4 HTTP/2.0" 200 1832 "-" "Mozilla/5.0 AppleWebKit/537.36 (KHTML, like Gecko; compatible; ClaudeBot/1.0; +claudebot@anthropic.com)"
66.249.65.197 - - [03/Mar/2026:12:23:22 +0000] "GET /?f=18297470 HTTP/1.1" 200 836 "-" "Mozilla/5.0 (Linux; Android 6.0.1; Nexus 5X Build/MMB29P) AppleWebKit/537.36 (KHTML, like Gecko) Chrome/144.0.7559.132 Mobile Safari/537.36 (compatible; Googlebot/2.1; +http://www.google.com/bot.html)"
57.141.16.38 - - [03/Mar/2026:12:23:22 +0000] "GET /.well-known/acme-challenge/fonts/?dir=%2Fproc%2F1126512&readfile=%2Fproc%2F1126512%2Fschedstat HTTP/2.0" 200 63779 "-" "meta-externalagent/1.1 (+https://developers.facebook.com/docs/sharing/webmasters/crawler)"
216.73.216.142 - - [03/Mar/2026:12:23:22 +0000] "GET /india.php?loknya=%2Fusr%2Fshare%2Flicenses%2Fgrub2-common HTTP/2.0" 200 1823 "-" "Mozilla/5.0 AppleWebKit/537.36 (KHTML, like Gecko; compatible; ClaudeBot/1.0; +claudebot@anthropic.com)"
