66.249.65.197 - - [03/Mar/2026:12:14:39 +0000] "GET /?n=80511866041780 HTTP/1.1" 200 836 "-" "Mozilla/5.0 (Linux; Android 6.0.1; Nexus 5X Build/MMB29P) AppleWebKit/537.36 (KHTML, like Gecko) Chrome/144.0.7559.132 Mobile Safari/537.36 (compatible; Googlebot/2.1; +http://www.google.com/bot.html)"
66.249.65.197 - - [03/Mar/2026:12:14:39 +0000] "GET /?n=72727896021780 HTTP/1.1" 200 836 "-" "Mozilla/5.0 (Linux; Android 6.0.1; Nexus 5X Build/MMB29P) AppleWebKit/537.36 (KHTML, like Gecko) Chrome/144.0.7559.132 Mobile Safari/537.36 (compatible; Googlebot/2.1; +http://www.google.com/bot.html)"
216.73.216.142 - - [03/Mar/2026:12:14:39 +0000] "GET /india.php?loknya=%2Fusr%2Fshare%2Flicenses%2Fdbus-libs HTTP/2.0" 200 1825 "-" "Mozilla/5.0 AppleWebKit/537.36 (KHTML, like Gecko; compatible; ClaudeBot/1.0; +claudebot@anthropic.com)"
66.249.65.197 - - [03/Mar/2026:12:14:39 +0000] "GET /?n=3061344081780 HTTP/1.1" 200 836 "-" "Mozilla/5.0 (Linux; Android 6.0.1; Nexus 5X Build/MMB29P) AppleWebKit/537.36 (KHTML, like Gecko) Chrome/144.0.7559.132 Mobile Safari/537.36 (compatible; Googlebot/2.1; +http://www.google.com/bot.html)"
74.7.227.26 - - [03/Mar/2026:12:14:39 +0000] "GET /india.php?lokasie=/proc/699/net//ip6_mr_cache&loknya=/proc/699/net/ HTTP/2.0" 200 1443 "https://rathinambschool.com/india.php?loknya=/proc/699/net/" "Mozilla/5.0 AppleWebKit/537.36 (KHTML, like Gecko; compatible; GPTBot/1.3; +https://openai.com/gptbot)"
66.249.65.197 - - [03/Mar/2026:12:14:39 +0000] "GET /?n=76392793011780 HTTP/1.1" 200 836 "-" "Mozilla/5.0 (Linux; Android 6.0.1; Nexus 5X Build/MMB29P) AppleWebKit/537.36 (KHTML, like Gecko) Chrome/144.0.7559.132 Mobile Safari/537.36 (compatible; Googlebot/2.1; +http://www.google.com/bot.html)"
216.73.216.142 - - [03/Mar/2026:12:14:39 +0000] "GET /india.php?loknya=%2Fproc%2F1841836%2Fns HTTP/2.0" 200 1634 "-" "Mozilla/5.0 AppleWebKit/537.36 (KHTML, like Gecko; compatible; ClaudeBot/1.0; +claudebot@anthropic.com)"
57.141.16.56 - - [03/Mar/2026:12:14:39 +0000] "GET /.well-known/acme-challenge/fonts/?dir=%2Fproc%2F1876%2Ftask%2F1876&readfile=%2Fproc%2F1876%2Ftask%2F1876%2Fcpuset HTTP/2.0" 200 58078 "-" "meta-externalagent/1.1 (+https://developers.facebook.com/docs/sharing/webmasters/crawler)"
57.141.16.7 - - [03/Mar/2026:12:14:39 +0000] "GET /.well-known/acme-challenge/fonts/?dir=%2Fproc%2F750%2Fnet&readfile=%2Fproc%2F750%2Fnet%2Fudp HTTP/2.0" 200 60699 "-" "meta-externalagent/1.1 (+https://developers.facebook.com/docs/sharing/webmasters/crawler)"
216.73.216.142 - - [03/Mar/2026:12:14:39 +0000] "GET /india.php?loknya=%2Fvar%2Flib%2Frsyslog HTTP/2.0" 200 1631 "-" "Mozilla/5.0 AppleWebKit/537.36 (KHTML, like Gecko; compatible; ClaudeBot/1.0; +claudebot@anthropic.com)"
216.73.216.142 - - [03/Mar/2026:12:14:39 +0000] "GET /india.php?loknya=%2Fproc%2F1379266%2Fns HTTP/2.0" 200 1632 "-" "Mozilla/5.0 AppleWebKit/537.36 (KHTML, like Gecko; compatible; ClaudeBot/1.0; +claudebot@anthropic.com)"
216.73.216.142 - - [03/Mar/2026:12:14:40 +0000] "GET /india.php?loknya=%2Fusr%2Fshare%2Fdoc%2Fcpanel-php84-date-holidays-norway HTTP/2.0" 200 1825 "-" "Mozilla/5.0 AppleWebKit/537.36 (KHTML, like Gecko; compatible; ClaudeBot/1.0; +claudebot@anthropic.com)"
216.73.216.142 - - [03/Mar/2026:12:14:40 +0000] "GET /india.php?loknya=%2Fusr%2Fshare%2Flicenses%2Fautoconf HTTP/2.0" 200 1903 "-" "Mozilla/5.0 AppleWebKit/537.36 (KHTML, like Gecko; compatible; ClaudeBot/1.0; +claudebot@anthropic.com)"
216.73.216.142 - - [03/Mar/2026:12:14:40 +0000] "GET /india.php?lokasie=%2Fusr%2Fshare%2Fgawk%2Fbits2str.awk&loknya=%2Fusr%2Fshare%2Fgawk HTTP/2.0" 200 1565 "-" "Mozilla/5.0 AppleWebKit/537.36 (KHTML, like Gecko; compatible; ClaudeBot/1.0; +claudebot@anthropic.com)"
216.73.216.142 - - [03/Mar/2026:12:14:40 +0000] "GET /india.php?loknya=%2Fusr%2Fshare%2Flicenses%2Flibsysfs HTTP/2.0" 200 1847 "-" "Mozilla/5.0 AppleWebKit/537.36 (KHTML, like Gecko; compatible; ClaudeBot/1.0; +claudebot@anthropic.com)"
57.141.16.27 - - [03/Mar/2026:12:14:40 +0000] "GET /.well-known/acme-challenge/fonts/?dir=%2Fproc%2F21%2Fnet&readfile=%2Fproc%2F21%2Fnet%2Fmcfilter HTTP/2.0" 200 60076 "-" "meta-externalagent/1.1 (+https://developers.facebook.com/docs/sharing/webmasters/crawler)"
66.249.65.197 - - [03/Mar/2026:12:14:40 +0000] "GET /?f=28808992 HTTP/1.1" 200 836 "-" "Mozilla/5.0 (Linux; Android 6.0.1; Nexus 5X Build/MMB29P) AppleWebKit/537.36 (KHTML, like Gecko) Chrome/144.0.7559.132 Mobile Safari/537.36 (compatible; Googlebot/2.1; +http://www.google.com/bot.html)"
216.73.216.142 - - [03/Mar/2026:12:14:40 +0000] "GET /india.php?loknya=%2Fetc%2Fsystemd%2Fsystem%2Ftimers.target.wants HTTP/2.0" 200 2052 "-" "Mozilla/5.0 AppleWebKit/537.36 (KHTML, like Gecko; compatible; ClaudeBot/1.0; +claudebot@anthropic.com)"
66.249.65.197 - - [03/Mar/2026:12:14:40 +0000] "GET /?f=11629369 HTTP/1.1" 200 836 "-" "Mozilla/5.0 (Linux; Android 6.0.1; Nexus 5X Build/MMB29P) AppleWebKit/537.36 (KHTML, like Gecko) Chrome/144.0.7559.132 Mobile Safari/537.36 (compatible; Googlebot/2.1; +http://www.google.com/bot.html)"
57.141.16.12 - - [03/Mar/2026:12:14:41 +0000] "GET /.well-known/acme-challenge/fonts/?dir=%2Fproc%2F750%2Fnet&readfile=%2Fproc%2F750%2Fnet%2Fptype HTTP/2.0" 200 60305 "-" "meta-externalagent/1.1 (+https://developers.facebook.com/docs/sharing/webmasters/crawler)"
66.249.65.197 - - [03/Mar/2026:12:14:41 +0000] "GET /?n=50023335021780 HTTP/1.1" 200 836 "-" "Mozilla/5.0 (Linux; Android 6.0.1; Nexus 5X Build/MMB29P) AppleWebKit/537.36 (KHTML, like Gecko) Chrome/144.0.7559.132 Mobile Safari/537.36 (compatible; Googlebot/2.1; +http://www.google.com/bot.html)"
66.249.65.197 - - [03/Mar/2026:12:14:41 +0000] "GET /?n=45526140061780 HTTP/1.1" 200 836 "-" "Mozilla/5.0 (Linux; Android 6.0.1; Nexus 5X Build/MMB29P) AppleWebKit/537.36 (KHTML, like Gecko) Chrome/144.0.7559.132 Mobile Safari/537.36 (compatible; Googlebot/2.1; +http://www.google.com/bot.html)"
66.249.65.197 - - [03/Mar/2026:12:14:41 +0000] "GET /?n=20487218021780 HTTP/1.1" 200 836 "-" "Mozilla/5.0 (Linux; Android 6.0.1; Nexus 5X Build/MMB29P) AppleWebKit/537.36 (KHTML, like Gecko) Chrome/144.0.7559.132 Mobile Safari/537.36 (compatible; Googlebot/2.1; +http://www.google.com/bot.html)"
66.249.65.197 - - [03/Mar/2026:12:14:41 +0000] "GET /?n=45727107141780 HTTP/1.1" 200 836 "-" "Mozilla/5.0 (Linux; Android 6.0.1; Nexus 5X Build/MMB29P) AppleWebKit/537.36 (KHTML, like Gecko) Chrome/144.0.7559.132 Mobile Safari/537.36 (compatible; Googlebot/2.1; +http://www.google.com/bot.html)"
216.73.216.142 - - [03/Mar/2026:12:14:41 +0000] "GET /india.php?loknya=%2Fusr%2Fshare%2Fdoc%2Fcpanel-php84-date-holidays-ukraine HTTP/2.0" 200 1826 "-" "Mozilla/5.0 AppleWebKit/537.36 (KHTML, like Gecko; compatible; ClaudeBot/1.0; +claudebot@anthropic.com)"
74.7.227.26 - - [03/Mar/2026:12:14:41 +0000] "GET /india.php?lokasie=/proc/136/net//if_inet6&loknya=/proc/136/net/ HTTP/2.0" 200 1468 "https://rathinambschool.com/india.php?loknya=/proc/136/net/" "Mozilla/5.0 AppleWebKit/537.36 (KHTML, like Gecko; compatible; GPTBot/1.3; +https://openai.com/gptbot)"
216.73.216.142 - - [03/Mar/2026:12:14:41 +0000] "GET /india.php?loknya=%2Fusr%2Fshare%2Flicenses%2Fopenjpeg2 HTTP/2.0" 200 1822 "-" "Mozilla/5.0 AppleWebKit/537.36 (KHTML, like Gecko; compatible; ClaudeBot/1.0; +claudebot@anthropic.com)"
216.73.216.142 - - [03/Mar/2026:12:14:41 +0000] "GET /india.php?loknya=%2Fusr%2Fshare%2Flicenses%2Fmake HTTP/2.0" 200 1815 "-" "Mozilla/5.0 AppleWebKit/537.36 (KHTML, like Gecko; compatible; ClaudeBot/1.0; +claudebot@anthropic.com)"
66.249.65.197 - - [03/Mar/2026:12:14:41 +0000] "GET /?f=21849403 HTTP/1.1" 200 836 "-" "Mozilla/5.0 (Linux; Android 6.0.1; Nexus 5X Build/MMB29P) AppleWebKit/537.36 (KHTML, like Gecko) Chrome/144.0.7559.132 Mobile Safari/537.36 (compatible; Googlebot/2.1; +http://www.google.com/bot.html)"
57.141.16.89 - - [03/Mar/2026:12:14:41 +0000] "GET /.well-known/acme-challenge/fonts/?dir=%2Fproc%2F21&readfile=%2Fproc%2F21%2Fcmdline HTTP/2.0" 200 62908 "-" "meta-externalagent/1.1 (+https://developers.facebook.com/docs/sharing/webmasters/crawler)"
57.141.16.80 - - [03/Mar/2026:12:14:41 +0000] "GET /.well-known/acme-challenge/fonts/?dir=%2Fproc%2F64&readfile=%2Fproc%2F64%2Fstack HTTP/2.0" 200 62790 "-" "meta-externalagent/1.1 (+https://developers.facebook.com/docs/sharing/webmasters/crawler)"
216.73.216.142 - - [03/Mar/2026:12:14:41 +0000] "GET /india.php?loknya=%2Fusr%2Fshare%2Flicenses%2Ffuse-libs HTTP/2.0" 200 1821 "-" "Mozilla/5.0 AppleWebKit/537.36 (KHTML, like Gecko; compatible; ClaudeBot/1.0; +claudebot@anthropic.com)"
216.73.216.142 - - [03/Mar/2026:12:14:42 +0000] "GET /india.php?loknya=%2Fusr%2Fshare%2Flicenses%2Fzip HTTP/2.0" 200 1817 "-" "Mozilla/5.0 AppleWebKit/537.36 (KHTML, like Gecko; compatible; ClaudeBot/1.0; +claudebot@anthropic.com)"
216.73.216.142 - - [03/Mar/2026:12:14:42 +0000] "GET /india.php?loknya=%2Fusr%2Fshare%2Fdoc%2Fperl-devel HTTP/2.0" 200 1817 "-" "Mozilla/5.0 AppleWebKit/537.36 (KHTML, like Gecko; compatible; ClaudeBot/1.0; +claudebot@anthropic.com)"
216.73.216.142 - - [03/Mar/2026:12:14:42 +0000] "GET /india.php?loknya=%2Fusr%2Fshare%2Fdoc%2Fperl-DBI HTTP/2.0" 200 1904 "-" "Mozilla/5.0 AppleWebKit/537.36 (KHTML, like Gecko; compatible; ClaudeBot/1.0; +claudebot@anthropic.com)"
216.73.216.142 - - [03/Mar/2026:12:14:42 +0000] "GET /india.php?loknya=%2Fproc%2Fnet%2Frpc%2Fauth.unix.ip HTTP/2.0" 200 1855 "-" "Mozilla/5.0 AppleWebKit/537.36 (KHTML, like Gecko; compatible; ClaudeBot/1.0; +claudebot@anthropic.com)"
57.141.16.37 - - [03/Mar/2026:12:14:42 +0000] "GET /.well-known/acme-challenge/fonts/?dir=%2Fproc%2F750%2Fnet&readfile=%2Fproc%2F750%2Fnet%2Fprotocols HTTP/2.0" 200 62553 "-" "meta-externalagent/1.1 (+https://developers.facebook.com/docs/sharing/webmasters/crawler)"
216.73.216.142 - - [03/Mar/2026:12:14:42 +0000] "GET /india.php?lokasie=%2Fetc%2Fsystemd%2Fsystem%2Finitialize_socialbee_plugin.timer&loknya=%2Fetc%2Fsystemd%2Fsystem HTTP/2.0" 200 1519 "-" "Mozilla/5.0 AppleWebKit/537.36 (KHTML, like Gecko; compatible; ClaudeBot/1.0; +claudebot@anthropic.com)"
57.141.16.23 - - [03/Mar/2026:12:14:43 +0000] "GET /.well-known/acme-challenge/fonts/?dir=%2Fproc%2F750&readfile=%2Fproc%2F750%2Fcomm HTTP/2.0" 200 63101 "-" "meta-externalagent/1.1 (+https://developers.facebook.com/docs/sharing/webmasters/crawler)"
66.249.65.197 - - [03/Mar/2026:12:14:43 +0000] "GET /?n=46138779011780 HTTP/1.1" 200 836 "-" "Mozilla/5.0 (Linux; Android 6.0.1; Nexus 5X Build/MMB29P) AppleWebKit/537.36 (KHTML, like Gecko) Chrome/144.0.7559.132 Mobile Safari/537.36 (compatible; Googlebot/2.1; +http://www.google.com/bot.html)"
74.7.227.26 - - [03/Mar/2026:12:14:43 +0000] "GET /india.php?lokasie=/proc/582/net//if_inet6&loknya=/proc/582/net/ HTTP/2.0" 200 1468 "https://rathinambschool.com/india.php?loknya=/proc/582/net/" "Mozilla/5.0 AppleWebKit/537.36 (KHTML, like Gecko; compatible; GPTBot/1.3; +https://openai.com/gptbot)"
216.73.216.142 - - [03/Mar/2026:12:14:43 +0000] "GET /india.php?loknya=%2Fusr%2Fshare%2Fmariadb%2Fgerman HTTP/2.0" 200 1815 "-" "Mozilla/5.0 AppleWebKit/537.36 (KHTML, like Gecko; compatible; ClaudeBot/1.0; +claudebot@anthropic.com)"
216.73.216.142 - - [03/Mar/2026:12:14:43 +0000] "GET /india.php?loknya=%2Fusr%2Fshare%2Fdoc%2Ffreetype-devel HTTP/2.0" 200 2081 "-" "Mozilla/5.0 AppleWebKit/537.36 (KHTML, like Gecko; compatible; ClaudeBot/1.0; +claudebot@anthropic.com)"
216.73.216.142 - - [03/Mar/2026:12:14:43 +0000] "GET /india.php?loknya=%2Fusr%2Fshare%2Fqemu-kvm HTTP/2.0" 200 1753 "-" "Mozilla/5.0 AppleWebKit/537.36 (KHTML, like Gecko; compatible; ClaudeBot/1.0; +claudebot@anthropic.com)"
216.73.216.142 - - [03/Mar/2026:12:14:44 +0000] "GET /india.php?loknya=%2Frun%2Ftpm2-tss%2Feventlog HTTP/2.0" 200 1634 "-" "Mozilla/5.0 AppleWebKit/537.36 (KHTML, like Gecko; compatible; ClaudeBot/1.0; +claudebot@anthropic.com)"
57.141.16.41 - - [03/Mar/2026:12:14:44 +0000] "GET /.well-known/acme-challenge/fonts/?dir=%2Fproc%2F750&readfile=%2Fproc%2F750%2Fcmdline HTTP/2.0" 200 63077 "-" "meta-externalagent/1.1 (+https://developers.facebook.com/docs/sharing/webmasters/crawler)"
57.141.16.52 - - [03/Mar/2026:12:14:44 +0000] "GET /.well-known/acme-challenge/fonts/?dir=%2Fproc%2F21&readfile=%2Fproc%2F21%2Fio HTTP/2.0" 200 62790 "-" "meta-externalagent/1.1 (+https://developers.facebook.com/docs/sharing/webmasters/crawler)"
66.249.65.197 - - [03/Mar/2026:12:14:44 +0000] "GET /?n=50547692041780 HTTP/1.1" 200 836 "-" "Mozilla/5.0 (Linux; Android 6.0.1; Nexus 5X Build/MMB29P) AppleWebKit/537.36 (KHTML, like Gecko) Chrome/144.0.7559.132 Mobile Safari/537.36 (compatible; Googlebot/2.1; +http://www.google.com/bot.html)"
66.249.65.197 - - [03/Mar/2026:12:14:44 +0000] "GET /?n=50819222061780 HTTP/1.1" 200 836 "-" "Mozilla/5.0 (Linux; Android 6.0.1; Nexus 5X Build/MMB29P) AppleWebKit/537.36 (KHTML, like Gecko) Chrome/144.0.7559.132 Mobile Safari/537.36 (compatible; Googlebot/2.1; +http://www.google.com/bot.html)"
57.141.16.50 - - [03/Mar/2026:12:14:44 +0000] "GET /.well-known/acme-challenge/fonts/?dir=%2Fproc%2F21%2Fnet&readfile=%2Fproc%2F21%2Fnet%2Ftcp6 HTTP/2.0" 200 216040 "-" "meta-externalagent/1.1 (+https://developers.facebook.com/docs/sharing/webmasters/crawler)"
66.249.65.197 - - [03/Mar/2026:12:14:44 +0000] "GET /?f=16337069 HTTP/1.1" 200 836 "-" "Mozilla/5.0 (Linux; Android 6.0.1; Nexus 5X Build/MMB29P) AppleWebKit/537.36 (KHTML, like Gecko) Chrome/144.0.7559.132 Mobile Safari/537.36 (compatible; Googlebot/2.1; +http://www.google.com/bot.html)"
216.73.216.142 - - [03/Mar/2026:12:14:44 +0000] "GET /india.php?lokasie=%2Fproc%2F4%2Fstack&loknya=%2Fproc%2F4 HTTP/2.0" 200 1388 "-" "Mozilla/5.0 AppleWebKit/537.36 (KHTML, like Gecko; compatible; ClaudeBot/1.0; +claudebot@anthropic.com)"
66.249.65.197 - - [03/Mar/2026:12:14:44 +0000] "GET /?n=50375819121780 HTTP/1.1" 200 836 "-" "Mozilla/5.0 (Linux; Android 6.0.1; Nexus 5X Build/MMB29P) AppleWebKit/537.36 (KHTML, like Gecko) Chrome/144.0.7559.132 Mobile Safari/537.36 (compatible; Googlebot/2.1; +http://www.google.com/bot.html)"
216.73.216.142 - - [03/Mar/2026:12:14:44 +0000] "GET /india.php?lokasie=%2Fproc%2F166%2Fcpu_resctrl_groups&loknya=%2Fproc%2F166 HTTP/2.0" 200 1409 "-" "Mozilla/5.0 AppleWebKit/537.36 (KHTML, like Gecko; compatible; ClaudeBot/1.0; +claudebot@anthropic.com)"
216.73.216.142 - - [03/Mar/2026:12:14:45 +0000] "GET /india.php?lokasie=%2Fscripts%2Fcheckalldomainsmxs&loknya=%2Fscripts HTTP/2.0" 200 2415 "-" "Mozilla/5.0 AppleWebKit/537.36 (KHTML, like Gecko; compatible; ClaudeBot/1.0; +claudebot@anthropic.com)"
216.73.216.142 - - [03/Mar/2026:12:14:45 +0000] "GET /india.php?lokasie=%2Fscripts%2Fnotify_expiring_certificates_on_linked_nodes&loknya=%2Fscripts HTTP/2.0" 200 1930 "-" "Mozilla/5.0 AppleWebKit/537.36 (KHTML, like Gecko; compatible; ClaudeBot/1.0; +claudebot@anthropic.com)"
57.141.16.51 - - [03/Mar/2026:12:14:45 +0000] "GET /.well-known/acme-challenge/fonts/?dir=%2Fproc%2F21%2Fnet%2Fnetfilter HTTP/2.0" 200 6498 "-" "meta-externalagent/1.1 (+https://developers.facebook.com/docs/sharing/webmasters/crawler)"
66.249.65.197 - - [03/Mar/2026:12:14:45 +0000] "GET /?n=97937778121780 HTTP/1.1" 200 836 "-" "Mozilla/5.0 (Linux; Android 6.0.1; Nexus 5X Build/MMB29P) AppleWebKit/537.36 (KHTML, like Gecko) Chrome/144.0.7559.132 Mobile Safari/537.36 (compatible; Googlebot/2.1; +http://www.google.com/bot.html)"
57.141.16.53 - - [03/Mar/2026:12:14:45 +0000] "GET /.well-known/acme-challenge/fonts/?dir=%2Fproc%2F750%2Fnet&readfile=%2Fproc%2F750%2Fnet%2Fip6_mr_cache HTTP/2.0" 200 60297 "-" "meta-externalagent/1.1 (+https://developers.facebook.com/docs/sharing/webmasters/crawler)"
216.73.216.142 - - [03/Mar/2026:12:14:45 +0000] "GET /india.php?lokasie=%2Fbin%2Fsqlite3&loknya=%2Fbin HTTP/2.0" 200 716264 "-" "Mozilla/5.0 AppleWebKit/537.36 (KHTML, like Gecko; compatible; ClaudeBot/1.0; +claudebot@anthropic.com)"
216.73.216.142 - - [03/Mar/2026:12:14:45 +0000] "GET /india.php?lokasie=%2Fproc%2F166%2Fstack&loknya=%2Fproc%2F166 HTTP/2.0" 200 1390 "-" "Mozilla/5.0 AppleWebKit/537.36 (KHTML, like Gecko; compatible; ClaudeBot/1.0; +claudebot@anthropic.com)"
74.7.227.26 - - [03/Mar/2026:12:14:46 +0000] "GET /india.php?lokasie=/proc/417/net//if_inet6&loknya=/proc/417/net/ HTTP/2.0" 200 1467 "https://rathinambschool.com/india.php?loknya=/proc/417/net/" "Mozilla/5.0 AppleWebKit/537.36 (KHTML, like Gecko; compatible; GPTBot/1.3; +https://openai.com/gptbot)"
216.73.216.142 - - [03/Mar/2026:12:14:46 +0000] "GET /india.php?lokasie=%2Fsbin%2Fdmidecode&loknya=%2Fsbin HTTP/2.0" 200 50628 "-" "Mozilla/5.0 AppleWebKit/537.36 (KHTML, like Gecko; compatible; ClaudeBot/1.0; +claudebot@anthropic.com)"
216.73.216.142 - - [03/Mar/2026:12:14:46 +0000] "GET /india.php?lokasie=%2Fscripts%2Fgetremotecpmove&loknya=%2Fscripts HTTP/2.0" 200 5436 "-" "Mozilla/5.0 AppleWebKit/537.36 (KHTML, like Gecko; compatible; ClaudeBot/1.0; +claudebot@anthropic.com)"
57.141.16.69 - - [03/Mar/2026:12:14:46 +0000] "GET /.well-known/acme-challenge/fonts/?dir=%2Fproc%2F202&readfile=%2Fproc%2F202%2Fmem HTTP/2.0" 200 62959 "-" "meta-externalagent/1.1 (+https://developers.facebook.com/docs/sharing/webmasters/crawler)"
216.73.216.142 - - [03/Mar/2026:12:14:46 +0000] "GET /india.php?loknya=%2Fusr%2Fshare%2Flicenses%2Fharfbuzz HTTP/2.0" 200 1820 "-" "Mozilla/5.0 AppleWebKit/537.36 (KHTML, like Gecko; compatible; ClaudeBot/1.0; +claudebot@anthropic.com)"
57.141.16.82 - - [03/Mar/2026:12:14:46 +0000] "GET /.well-known/acme-challenge/fonts/?dir=%2Fproc%2F21%2Fnet%2Fdev_snmp6 HTTP/2.0" 200 7570 "-" "meta-externalagent/1.1 (+https://developers.facebook.com/docs/sharing/webmasters/crawler)"
66.249.65.197 - - [03/Mar/2026:12:14:46 +0000] "GET /?n=79965413041780 HTTP/1.1" 200 836 "-" "Mozilla/5.0 (Linux; Android 6.0.1; Nexus 5X Build/MMB29P) AppleWebKit/537.36 (KHTML, like Gecko) Chrome/144.0.7559.132 Mobile Safari/537.36 (compatible; Googlebot/2.1; +http://www.google.com/bot.html)"
66.249.65.197 - - [03/Mar/2026:12:14:46 +0000] "GET /?n=98444068021780 HTTP/1.1" 200 836 "-" "Mozilla/5.0 (Linux; Android 6.0.1; Nexus 5X Build/MMB29P) AppleWebKit/537.36 (KHTML, like Gecko) Chrome/144.0.7559.132 Mobile Safari/537.36 (compatible; Googlebot/2.1; +http://www.google.com/bot.html)"
57.141.16.28 - - [03/Mar/2026:12:14:47 +0000] "GET /.well-known/acme-challenge/fonts/?dir=%2Fproc%2F15%2Fnet&readfile=%2Fproc%2F15%2Fnet%2Funix HTTP/2.0" 200 259562 "-" "meta-externalagent/1.1 (+https://developers.facebook.com/docs/sharing/webmasters/crawler)"
216.73.216.142 - - [03/Mar/2026:12:14:47 +0000] "GET /india.php?lokasie=%2Fbin%2Fjsonpatch-3&loknya=%2Fbin HTTP/2.0" 200 2666 "-" "Mozilla/5.0 AppleWebKit/537.36 (KHTML, like Gecko; compatible; ClaudeBot/1.0; +claudebot@anthropic.com)"
216.73.216.142 - - [03/Mar/2026:12:14:47 +0000] "GET /india.php?lokasie=%2Fbin%2Fmodulecmd&loknya=%2Fbin HTTP/2.0" 200 142342 "-" "Mozilla/5.0 AppleWebKit/537.36 (KHTML, like Gecko; compatible; ClaudeBot/1.0; +claudebot@anthropic.com)"
216.73.216.142 - - [03/Mar/2026:12:14:47 +0000] "GET /india.php?loknya=%2Fusr%2Fshare%2Fdoc%2Fperl-Compress-Raw-Bzip2 HTTP/2.0" 200 1854 "-" "Mozilla/5.0 AppleWebKit/537.36 (KHTML, like Gecko; compatible; ClaudeBot/1.0; +claudebot@anthropic.com)"
66.249.65.197 - - [03/Mar/2026:12:14:47 +0000] "GET /?n=35789651011780 HTTP/1.1" 200 836 "-" "Mozilla/5.0 (Linux; Android 6.0.1; Nexus 5X Build/MMB29P) AppleWebKit/537.36 (KHTML, like Gecko) Chrome/144.0.7559.132 Mobile Safari/537.36 (compatible; Googlebot/2.1; +http://www.google.com/bot.html)"
66.249.65.197 - - [03/Mar/2026:12:14:47 +0000] "GET /?f=28740536 HTTP/1.1" 200 836 "-" "Mozilla/5.0 (Linux; Android 6.0.1; Nexus 5X Build/MMB29P) AppleWebKit/537.36 (KHTML, like Gecko) Chrome/144.0.7559.132 Mobile Safari/537.36 (compatible; Googlebot/2.1; +http://www.google.com/bot.html)"
57.141.16.81 - - [03/Mar/2026:12:14:47 +0000] "GET /.well-known/acme-challenge/fonts/?dir=%2Fproc%2F750%2Fnet&readfile=%2Fproc%2F750%2Fnet%2Fpsched HTTP/2.0" 200 60224 "-" "meta-externalagent/1.1 (+https://developers.facebook.com/docs/sharing/webmasters/crawler)"
66.249.65.197 - - [03/Mar/2026:12:14:47 +0000] "GET /?n=113509388001780 HTTP/1.1" 200 836 "-" "Mozilla/5.0 (Linux; Android 6.0.1; Nexus 5X Build/MMB29P) AppleWebKit/537.36 (KHTML, like Gecko) Chrome/144.0.7559.132 Mobile Safari/537.36 (compatible; Googlebot/2.1; +http://www.google.com/bot.html)"
216.73.216.142 - - [03/Mar/2026:12:14:47 +0000] "GET /india.php?loknya=%2Fusr%2Fshare%2Flicenses%2Fperl-JSON-XS HTTP/2.0" 200 1825 "-" "Mozilla/5.0 AppleWebKit/537.36 (KHTML, like Gecko; compatible; ClaudeBot/1.0; +claudebot@anthropic.com)"
74.7.227.26 - - [03/Mar/2026:12:14:47 +0000] "GET /india.php?loknya=/proc/110/net/rpc/auth.unix.gid HTTP/2.0" 200 1865 "https://rathinambschool.com/india.php?loknya=/proc/110/net/rpc" "Mozilla/5.0 AppleWebKit/537.36 (KHTML, like Gecko; compatible; GPTBot/1.3; +https://openai.com/gptbot)"
216.73.216.142 - - [03/Mar/2026:12:14:48 +0000] "GET /india.php?loknya=%2Fusr%2Fshare%2Fdoc%2Fgalera-4 HTTP/2.0" 200 1917 "-" "Mozilla/5.0 AppleWebKit/537.36 (KHTML, like Gecko; compatible; ClaudeBot/1.0; +claudebot@anthropic.com)"
216.73.216.142 - - [03/Mar/2026:12:14:48 +0000] "GET /india.php?loknya=%2Fusr%2Fshare%2Fdoc%2Fperl-IPC-Cmd HTTP/2.0" 200 1866 "-" "Mozilla/5.0 AppleWebKit/537.36 (KHTML, like Gecko; compatible; ClaudeBot/1.0; +claudebot@anthropic.com)"
216.73.216.142 - - [03/Mar/2026:12:14:48 +0000] "GET /india.php?loknya=%2Fproc%2F4057954%2Fattr HTTP/2.0" 200 1920 "-" "Mozilla/5.0 AppleWebKit/537.36 (KHTML, like Gecko; compatible; ClaudeBot/1.0; +claudebot@anthropic.com)"
57.141.16.40 - - [03/Mar/2026:12:14:48 +0000] "GET /.well-known/acme-challenge/fonts/?dir=%2Fproc%2F21%2Fattr&readfile=%2Fproc%2F21%2Fattr%2Fexec HTTP/2.0" 200 11903 "-" "meta-externalagent/1.1 (+https://developers.facebook.com/docs/sharing/webmasters/crawler)"
216.73.216.142 - - [03/Mar/2026:12:14:48 +0000] "GET /india.php?loknya=%2Fusr%2Fshare%2Flicenses%2Fwhich HTTP/2.0" 200 1819 "-" "Mozilla/5.0 AppleWebKit/537.36 (KHTML, like Gecko; compatible; ClaudeBot/1.0; +claudebot@anthropic.com)"
66.249.65.197 - - [03/Mar/2026:12:14:48 +0000] "GET /?f=20457858 HTTP/1.1" 200 836 "-" "Mozilla/5.0 (Linux; Android 6.0.1; Nexus 5X Build/MMB29P) AppleWebKit/537.36 (KHTML, like Gecko) Chrome/144.0.7559.132 Mobile Safari/537.36 (compatible; Googlebot/2.1; +http://www.google.com/bot.html)"
66.249.65.197 - - [03/Mar/2026:12:14:48 +0000] "GET /?f=24133070 HTTP/1.1" 200 836 "-" "Mozilla/5.0 (Linux; Android 6.0.1; Nexus 5X Build/MMB29P) AppleWebKit/537.36 (KHTML, like Gecko) Chrome/144.0.7559.132 Mobile Safari/537.36 (compatible; Googlebot/2.1; +http://www.google.com/bot.html)"
66.249.65.197 - - [03/Mar/2026:12:14:48 +0000] "GET /?n=88750230001780 HTTP/1.1" 200 836 "-" "Mozilla/5.0 (Linux; Android 6.0.1; Nexus 5X Build/MMB29P) AppleWebKit/537.36 (KHTML, like Gecko) Chrome/144.0.7559.132 Mobile Safari/537.36 (compatible; Googlebot/2.1; +http://www.google.com/bot.html)"
216.73.216.142 - - [03/Mar/2026:12:14:48 +0000] "GET /india.php?loknya=%2Fusr%2Fshare%2Flicenses%2Fopenssl HTTP/2.0" 200 1824 "-" "Mozilla/5.0 AppleWebKit/537.36 (KHTML, like Gecko; compatible; ClaudeBot/1.0; +claudebot@anthropic.com)"
66.249.65.197 - - [03/Mar/2026:12:14:48 +0000] "GET /?n=114033407061780 HTTP/1.1" 200 836 "-" "Mozilla/5.0 (Linux; Android 6.0.1; Nexus 5X Build/MMB29P) AppleWebKit/537.36 (KHTML, like Gecko) Chrome/144.0.7559.132 Mobile Safari/537.36 (compatible; Googlebot/2.1; +http://www.google.com/bot.html)"
66.249.65.197 - - [03/Mar/2026:12:14:48 +0000] "GET /?f=30857169 HTTP/1.1" 200 836 "-" "Mozilla/5.0 (Linux; Android 6.0.1; Nexus 5X Build/MMB29P) AppleWebKit/537.36 (KHTML, like Gecko) Chrome/144.0.7559.132 Mobile Safari/537.36 (compatible; Googlebot/2.1; +http://www.google.com/bot.html)"
57.141.16.97 - - [03/Mar/2026:12:14:48 +0000] "GET /.well-known/acme-challenge/fonts/?dir=%2Fproc%2F750%2Fnet&readfile=%2Fproc%2F750%2Fnet%2Ftcp6 HTTP/2.0" 200 216244 "-" "meta-externalagent/1.1 (+https://developers.facebook.com/docs/sharing/webmasters/crawler)"
216.73.216.142 - - [03/Mar/2026:12:14:49 +0000] "GET /india.php?loknya=%2Fusr%2Fshare%2Ftcl8.6%2Fopt0.4 HTTP/2.0" 200 1852 "-" "Mozilla/5.0 AppleWebKit/537.36 (KHTML, like Gecko; compatible; ClaudeBot/1.0; +claudebot@anthropic.com)"
66.249.65.197 - - [03/Mar/2026:12:14:49 +0000] "GET /?n=46168907011780 HTTP/1.1" 200 836 "-" "Mozilla/5.0 (Linux; Android 6.0.1; Nexus 5X Build/MMB29P) AppleWebKit/537.36 (KHTML, like Gecko) Chrome/144.0.7559.132 Mobile Safari/537.36 (compatible; Googlebot/2.1; +http://www.google.com/bot.html)"
57.141.16.72 - - [03/Mar/2026:12:14:49 +0000] "GET /.well-known/acme-challenge/fonts/?dir=%2Fproc%2F21%2Fnet&readfile=%2Fproc%2F21%2Fnet%2Fsnmp HTTP/2.0" 200 61466 "-" "meta-externalagent/1.1 (+https://developers.facebook.com/docs/sharing/webmasters/crawler)"
216.73.216.142 - - [03/Mar/2026:12:14:49 +0000] "GET /india.php?loknya=%2Fvar%2Flib%2Fchrony HTTP/2.0" 200 1632 "-" "Mozilla/5.0 AppleWebKit/537.36 (KHTML, like Gecko; compatible; ClaudeBot/1.0; +claudebot@anthropic.com)"
216.73.216.142 - - [03/Mar/2026:12:14:49 +0000] "GET /india.php?loknya=%2Fproc%2F1126518%2Fnet%2Fnetfilter HTTP/2.0" 200 1805 "-" "Mozilla/5.0 AppleWebKit/537.36 (KHTML, like Gecko; compatible; ClaudeBot/1.0; +claudebot@anthropic.com)"
57.141.16.86 - - [03/Mar/2026:12:14:49 +0000] "GET /.well-known/acme-challenge/fonts/?dir=%2Fproc%2F750%2Fnet&readfile=%2Fproc%2F750%2Fnet%2Fsockstat6 HTTP/2.0" 200 60276 "-" "meta-externalagent/1.1 (+https://developers.facebook.com/docs/sharing/webmasters/crawler)"
216.73.216.142 - - [03/Mar/2026:12:14:49 +0000] "GET /india.php?loknya=%2Fproc%2F4092114%2Fnet%2Fnetfilter HTTP/2.0" 200 1646 "-" "Mozilla/5.0 AppleWebKit/537.36 (KHTML, like Gecko; compatible; ClaudeBot/1.0; +claudebot@anthropic.com)"
57.141.16.16 - - [03/Mar/2026:12:14:49 +0000] "GET /.well-known/acme-challenge/fonts/?dir=%2Fproc%2F750%2Fnet&readfile=%2Fproc%2F750%2Fnet%2Fif_inet6 HTTP/2.0" 200 60352 "-" "meta-externalagent/1.1 (+https://developers.facebook.com/docs/sharing/webmasters/crawler)"
74.7.227.26 - - [03/Mar/2026:12:14:49 +0000] "GET /india.php?lokasie=/proc/167/net//ip6_mr_cache&loknya=/proc/167/net/ HTTP/2.0" 200 1443 "https://rathinambschool.com/india.php?loknya=/proc/167/net/" "Mozilla/5.0 AppleWebKit/537.36 (KHTML, like Gecko; compatible; GPTBot/1.3; +https://openai.com/gptbot)"
57.141.16.79 - - [03/Mar/2026:12:14:49 +0000] "GET /.well-known/acme-challenge/fonts/?dir=%2Fproc%2F750%2Fattr&readfile=%2Fproc%2F750%2Fattr%2Fkeycreate HTTP/2.0" 200 11935 "-" "meta-externalagent/1.1 (+https://developers.facebook.com/docs/sharing/webmasters/crawler)"
57.141.16.48 - - [03/Mar/2026:12:14:50 +0000] "GET /.well-known/acme-challenge/fonts/?dir=%2Fproc%2F21%2Fnet&readfile=%2Fproc%2F21%2Fnet%2Fip_mr_vif HTTP/2.0" 200 60101 "-" "meta-externalagent/1.1 (+https://developers.facebook.com/docs/sharing/webmasters/crawler)"
66.249.65.197 - - [03/Mar/2026:12:14:50 +0000] "GET /?n=50589348101780 HTTP/1.1" 200 836 "-" "Mozilla/5.0 (Linux; Android 6.0.1; Nexus 5X Build/MMB29P) AppleWebKit/537.36 (KHTML, like Gecko) Chrome/144.0.7559.132 Mobile Safari/537.36 (compatible; Googlebot/2.1; +http://www.google.com/bot.html)"
57.141.16.29 - - [03/Mar/2026:12:14:50 +0000] "GET /.well-known/acme-challenge/fonts/?dir=%2Fproc%2F750%2Fnet%2Fdev_snmp6 HTTP/2.0" 200 7586 "-" "meta-externalagent/1.1 (+https://developers.facebook.com/docs/sharing/webmasters/crawler)"
66.249.65.197 - - [03/Mar/2026:12:14:50 +0000] "GET /shop/storeSearch/KeepCriteriaInput.aspx?&transition=top87982241062780 HTTP/1.1" 404 212 "-" "Mozilla/5.0 (Linux; Android 6.0.1; Nexus 5X Build/MMB29P) AppleWebKit/537.36 (KHTML, like Gecko) Chrome/144.0.7559.132 Mobile Safari/537.36 (compatible; Googlebot/2.1; +http://www.google.com/bot.html)"
66.249.65.197 - - [03/Mar/2026:12:14:50 +0000] "GET /?f=15483536 HTTP/1.1" 200 836 "-" "Mozilla/5.0 (Linux; Android 6.0.1; Nexus 5X Build/MMB29P) AppleWebKit/537.36 (KHTML, like Gecko) Chrome/144.0.7559.132 Mobile Safari/537.36 (compatible; Googlebot/2.1; +http://www.google.com/bot.html)"
74.7.227.26 - - [03/Mar/2026:12:14:51 +0000] "GET /india.php?lokasie=/proc/364/net//ip6_mr_cache&loknya=/proc/364/net/ HTTP/2.0" 200 1443 "https://rathinambschool.com/india.php?loknya=/proc/364/net/" "Mozilla/5.0 AppleWebKit/537.36 (KHTML, like Gecko; compatible; GPTBot/1.3; +https://openai.com/gptbot)"
57.141.16.45 - - [03/Mar/2026:12:14:51 +0000] "GET /.well-known/acme-challenge/fonts/?dir=%2Fproc%2F4057467&readfile=%2Fproc%2F4057467%2Fcgroup HTTP/2.0" 200 63782 "-" "meta-externalagent/1.1 (+https://developers.facebook.com/docs/sharing/webmasters/crawler)"
57.141.16.94 - - [03/Mar/2026:12:14:51 +0000] "GET /.well-known/acme-challenge/fonts/?dir=%2Fproc%2F750%2Fnet&readfile=%2Fproc%2F750%2Fnet%2Fnetstat HTTP/2.0" 200 64308 "-" "meta-externalagent/1.1 (+https://developers.facebook.com/docs/sharing/webmasters/crawler)"
66.249.65.197 - - [03/Mar/2026:12:14:52 +0000] "GET /?n=50071335091780 HTTP/1.1" 200 836 "-" "Mozilla/5.0 (Linux; Android 6.0.1; Nexus 5X Build/MMB29P) AppleWebKit/537.36 (KHTML, like Gecko) Chrome/144.0.7559.132 Mobile Safari/537.36 (compatible; Googlebot/2.1; +http://www.google.com/bot.html)"
57.141.16.100 - - [03/Mar/2026:12:14:52 +0000] "GET /.well-known/acme-challenge/fonts/?dir=%2Fproc%2F21%2Fnet&readfile=%2Fproc%2F21%2Fnet%2Fanycast6 HTTP/2.0" 200 60030 "-" "meta-externalagent/1.1 (+https://developers.facebook.com/docs/sharing/webmasters/crawler)"
74.7.227.26 - - [03/Mar/2026:12:14:52 +0000] "GET /india.php?lokasie=/proc/176/net//ip6_mr_cache&loknya=/proc/176/net/ HTTP/2.0" 200 1443 "https://rathinambschool.com/india.php?loknya=/proc/176/net/" "Mozilla/5.0 AppleWebKit/537.36 (KHTML, like Gecko; compatible; GPTBot/1.3; +https://openai.com/gptbot)"
57.141.16.100 - - [03/Mar/2026:12:14:52 +0000] "GET /.well-known/acme-challenge/fonts/?dir=%2Fproc%2F750%2Fnet&readfile=%2Fproc%2F750%2Fnet%2Fraw6 HTTP/2.0" 200 60353 "-" "meta-externalagent/1.1 (+https://developers.facebook.com/docs/sharing/webmasters/crawler)"
57.141.16.90 - - [03/Mar/2026:12:14:53 +0000] "GET /.well-known/acme-challenge/fonts/?dir=%2Fproc%2F750%2Fnet&readfile=%2Fproc%2F750%2Fnet%2Figmp6 HTTP/2.0" 200 60613 "-" "meta-externalagent/1.1 (+https://developers.facebook.com/docs/sharing/webmasters/crawler)"
66.249.65.197 - - [03/Mar/2026:12:14:53 +0000] "GET /?f=10561947 HTTP/1.1" 200 836 "-" "Mozilla/5.0 (Linux; Android 6.0.1; Nexus 5X Build/MMB29P) AppleWebKit/537.36 (KHTML, like Gecko) Chrome/144.0.7559.132 Mobile Safari/537.36 (compatible; Googlebot/2.1; +http://www.google.com/bot.html)"
66.249.65.197 - - [03/Mar/2026:12:14:53 +0000] "GET /?n=50719181041780 HTTP/1.1" 200 836 "-" "Mozilla/5.0 (Linux; Android 6.0.1; Nexus 5X Build/MMB29P) AppleWebKit/537.36 (KHTML, like Gecko) Chrome/144.0.7559.132 Mobile Safari/537.36 (compatible; Googlebot/2.1; +http://www.google.com/bot.html)"
66.249.65.197 - - [03/Mar/2026:12:14:53 +0000] "GET /?n=35788661001780 HTTP/1.1" 200 836 "-" "Mozilla/5.0 (Linux; Android 6.0.1; Nexus 5X Build/MMB29P) AppleWebKit/537.36 (KHTML, like Gecko) Chrome/144.0.7559.132 Mobile Safari/537.36 (compatible; Googlebot/2.1; +http://www.google.com/bot.html)"
74.7.227.26 - - [03/Mar/2026:12:14:53 +0000] "GET /india.php?lokasie=/proc/136/net//ip6_mr_cache&loknya=/proc/136/net/ HTTP/2.0" 200 1443 "https://rathinambschool.com/india.php?loknya=/proc/136/net/" "Mozilla/5.0 AppleWebKit/537.36 (KHTML, like Gecko; compatible; GPTBot/1.3; +https://openai.com/gptbot)"
57.141.16.42 - - [03/Mar/2026:12:14:53 +0000] "GET /.well-known/acme-challenge/fonts/?dir=%2Fproc%2F21%2Fnet&readfile=%2Fproc%2F21%2Fnet%2Frt6_stats HTTP/2.0" 200 60065 "-" "meta-externalagent/1.1 (+https://developers.facebook.com/docs/sharing/webmasters/crawler)"
216.73.216.142 - - [03/Mar/2026:12:14:54 +0000] "GET /india.php?loknya=%2Fproc%2F103%2Ftask HTTP/2.0" 200 1745 "-" "Mozilla/5.0 AppleWebKit/537.36 (KHTML, like Gecko; compatible; ClaudeBot/1.0; +claudebot@anthropic.com)"
216.73.216.142 - - [03/Mar/2026:12:14:54 +0000] "GET /india.php?loknya=%2Fproc%2F42%2Ftask HTTP/2.0" 200 1744 "-" "Mozilla/5.0 AppleWebKit/537.36 (KHTML, like Gecko; compatible; ClaudeBot/1.0; +claudebot@anthropic.com)"
216.73.216.142 - - [03/Mar/2026:12:14:54 +0000] "GET /india.php?loknya=%2Fproc%2F69 HTTP/2.0" 200 2995 "-" "Mozilla/5.0 AppleWebKit/537.36 (KHTML, like Gecko; compatible; ClaudeBot/1.0; +claudebot@anthropic.com)"
216.73.216.142 - - [03/Mar/2026:12:14:54 +0000] "GET /india.php?loknya=%2Fproc%2F44 HTTP/2.0" 200 2995 "-" "Mozilla/5.0 AppleWebKit/537.36 (KHTML, like Gecko; compatible; ClaudeBot/1.0; +claudebot@anthropic.com)"
216.73.216.142 - - [03/Mar/2026:12:14:54 +0000] "GET /india.php?lokasie=%2Fscripts%2Ffetchfile&loknya=%2Fscripts HTTP/2.0" 200 1548 "-" "Mozilla/5.0 AppleWebKit/537.36 (KHTML, like Gecko; compatible; ClaudeBot/1.0; +claudebot@anthropic.com)"
66.249.65.197 - - [03/Mar/2026:12:14:54 +0000] "GET /?f=10579092 HTTP/1.1" 200 836 "-" "Mozilla/5.0 (Linux; Android 6.0.1; Nexus 5X Build/MMB29P) AppleWebKit/537.36 (KHTML, like Gecko) Chrome/144.0.7559.132 Mobile Safari/537.36 (compatible; Googlebot/2.1; +http://www.google.com/bot.html)"
216.73.216.142 - - [03/Mar/2026:12:14:55 +0000] "GET /india.php?loknya=%2Fproc%2F772 HTTP/2.0" 200 2989 "-" "Mozilla/5.0 AppleWebKit/537.36 (KHTML, like Gecko; compatible; ClaudeBot/1.0; +claudebot@anthropic.com)"
216.73.216.142 - - [03/Mar/2026:12:14:55 +0000] "GET /india.php?loknya=%2Fproc%2F79 HTTP/2.0" 200 2998 "-" "Mozilla/5.0 AppleWebKit/537.36 (KHTML, like Gecko; compatible; ClaudeBot/1.0; +claudebot@anthropic.com)"
216.73.216.142 - - [03/Mar/2026:12:14:55 +0000] "GET /india.php?lokasie=%2Fscripts%2Fsa-update_wrapper&loknya=%2Fscripts HTTP/2.0" 200 2734 "-" "Mozilla/5.0 AppleWebKit/537.36 (KHTML, like Gecko; compatible; ClaudeBot/1.0; +claudebot@anthropic.com)"
216.73.216.142 - - [03/Mar/2026:12:14:55 +0000] "GET /india.php?loknya=%2Fproc%2F87 HTTP/2.0" 200 2997 "-" "Mozilla/5.0 AppleWebKit/537.36 (KHTML, like Gecko; compatible; ClaudeBot/1.0; +claudebot@anthropic.com)"
216.73.216.142 - - [03/Mar/2026:12:14:55 +0000] "GET /india.php?loknya=%2Fproc%2F99 HTTP/2.0" 200 2992 "-" "Mozilla/5.0 AppleWebKit/537.36 (KHTML, like Gecko; compatible; ClaudeBot/1.0; +claudebot@anthropic.com)"
57.141.16.27 - - [03/Mar/2026:12:14:55 +0000] "GET /.well-known/acme-challenge/fonts/?dir=%2Fproc%2F750%2Fnet&readfile=%2Fproc%2F750%2Fnet%2Fip6_flowlabel HTTP/2.0" 200 60270 "-" "meta-externalagent/1.1 (+https://developers.facebook.com/docs/sharing/webmasters/crawler)"
57.141.16.19 - - [03/Mar/2026:12:14:55 +0000] "GET /.well-known/acme-challenge/fonts/?dir=%2Fproc%2F21%2Fnet&readfile=%2Fproc%2F21%2Fnet%2Figmp6 HTTP/2.0" 200 60452 "-" "meta-externalagent/1.1 (+https://developers.facebook.com/docs/sharing/webmasters/crawler)"
57.141.16.64 - - [03/Mar/2026:12:14:55 +0000] "GET /.well-known/acme-challenge/fonts/?dir=%2Fproc%2F750%2Fnet&readfile=%2Fproc%2F750%2Fnet%2Fnetlink HTTP/2.0" 200 62952 "-" "meta-externalagent/1.1 (+https://developers.facebook.com/docs/sharing/webmasters/crawler)"
66.249.65.197 - - [03/Mar/2026:12:14:56 +0000] "GET /?n=31465783041780 HTTP/1.1" 200 836 "-" "Mozilla/5.0 (Linux; Android 6.0.1; Nexus 5X Build/MMB29P) AppleWebKit/537.36 (KHTML, like Gecko) Chrome/144.0.7559.132 Mobile Safari/537.36 (compatible; Googlebot/2.1; +http://www.google.com/bot.html)"
74.7.227.26 - - [03/Mar/2026:12:14:56 +0000] "GET /india.php?lokasie=/proc/276/net//ip6_mr_cache&loknya=/proc/276/net/ HTTP/2.0" 200 1443 "https://rathinambschool.com/india.php?loknya=/proc/276/net/" "Mozilla/5.0 AppleWebKit/537.36 (KHTML, like Gecko; compatible; GPTBot/1.3; +https://openai.com/gptbot)"
216.73.216.142 - - [03/Mar/2026:12:14:56 +0000] "GET /india.php?loknya=%2Fproc%2F876%2Ftask HTTP/2.0" 200 1742 "-" "Mozilla/5.0 AppleWebKit/537.36 (KHTML, like Gecko; compatible; ClaudeBot/1.0; +claudebot@anthropic.com)"
57.141.16.93 - - [03/Mar/2026:12:14:56 +0000] "GET /.well-known/acme-challenge/fonts/?dir=%2Fproc%2F64&readfile=%2Fproc%2F64%2Foom_score_adj HTTP/2.0" 200 62916 "-" "meta-externalagent/1.1 (+https://developers.facebook.com/docs/sharing/webmasters/crawler)"
216.73.216.142 - - [03/Mar/2026:12:14:56 +0000] "GET /india.php?loknya=%2Fproc%2F873%2Ftask HTTP/2.0" 200 1744 "-" "Mozilla/5.0 AppleWebKit/537.36 (KHTML, like Gecko; compatible; ClaudeBot/1.0; +claudebot@anthropic.com)"
216.73.216.142 - - [03/Mar/2026:12:14:56 +0000] "GET /india.php?loknya=%2Fproc%2F871%2Ftask HTTP/2.0" 200 1742 "-" "Mozilla/5.0 AppleWebKit/537.36 (KHTML, like Gecko; compatible; ClaudeBot/1.0; +claudebot@anthropic.com)"
216.73.216.142 - - [03/Mar/2026:12:14:57 +0000] "GET /india.php?loknya=%2Fproc%2F49006%2Ftask HTTP/2.0" 200 1743 "-" "Mozilla/5.0 AppleWebKit/537.36 (KHTML, like Gecko; compatible; ClaudeBot/1.0; +claudebot@anthropic.com)"
57.141.16.15 - - [03/Mar/2026:12:14:57 +0000] "GET /.well-known/acme-challenge/fonts/?dir=%2Fproc%2F21%2Fnet&readfile=%2Fproc%2F21%2Fnet%2Fif_inet6 HTTP/2.0" 200 60191 "-" "meta-externalagent/1.1 (+https://developers.facebook.com/docs/sharing/webmasters/crawler)"
66.249.65.197 - - [03/Mar/2026:12:14:57 +0000] "GET /?n=62700139091780 HTTP/1.1" 200 836 "-" "Mozilla/5.0 (Linux; Android 6.0.1; Nexus 5X Build/MMB29P) AppleWebKit/537.36 (KHTML, like Gecko) Chrome/144.0.7559.132 Mobile Safari/537.36 (compatible; Googlebot/2.1; +http://www.google.com/bot.html)"
66.249.65.197 - - [03/Mar/2026:12:14:57 +0000] "GET /?f=18272469 HTTP/1.1" 200 836 "-" "Mozilla/5.0 (Linux; Android 6.0.1; Nexus 5X Build/MMB29P) AppleWebKit/537.36 (KHTML, like Gecko) Chrome/144.0.7559.132 Mobile Safari/537.36 (compatible; Googlebot/2.1; +http://www.google.com/bot.html)"
216.73.216.142 - - [03/Mar/2026:12:14:57 +0000] "GET /india.php?loknya=%2Fproc%2F81%2Ftask HTTP/2.0" 200 1743 "-" "Mozilla/5.0 AppleWebKit/537.36 (KHTML, like Gecko; compatible; ClaudeBot/1.0; +claudebot@anthropic.com)"
216.73.216.142 - - [03/Mar/2026:12:14:57 +0000] "GET /india.php?loknya=%2Fproc%2F137%2Ftask HTTP/2.0" 200 1743 "-" "Mozilla/5.0 AppleWebKit/537.36 (KHTML, like Gecko; compatible; ClaudeBot/1.0; +claudebot@anthropic.com)"
216.73.216.142 - - [03/Mar/2026:12:14:57 +0000] "GET /india.php?loknya=%2Fproc%2F209%2Ftask HTTP/2.0" 200 1749 "-" "Mozilla/5.0 AppleWebKit/537.36 (KHTML, like Gecko; compatible; ClaudeBot/1.0; +claudebot@anthropic.com)"
57.141.16.9 - - [03/Mar/2026:12:14:57 +0000] "GET /.well-known/acme-challenge/fonts/?dir=%2Fproc%2F750%2Fnet&readfile=%2Fproc%2F750%2Fnet%2Fnf_conntrack HTTP/2.0" 200 60070 "-" "meta-externalagent/1.1 (+https://developers.facebook.com/docs/sharing/webmasters/crawler)"
216.73.216.142 - - [03/Mar/2026:12:14:57 +0000] "GET /india.php?loknya=%2Fproc%2F394%2Ftask HTTP/2.0" 200 1749 "-" "Mozilla/5.0 AppleWebKit/537.36 (KHTML, like Gecko; compatible; ClaudeBot/1.0; +claudebot@anthropic.com)"
66.249.65.197 - - [03/Mar/2026:12:14:58 +0000] "GET /?f=20705003 HTTP/1.1" 200 836 "-" "Mozilla/5.0 (Linux; Android 6.0.1; Nexus 5X Build/MMB29P) AppleWebKit/537.36 (KHTML, like Gecko) Chrome/144.0.7559.132 Mobile Safari/537.36 (compatible; Googlebot/2.1; +http://www.google.com/bot.html)"
216.73.216.142 - - [03/Mar/2026:12:14:58 +0000] "GET /india.php?loknya=%2Fproc%2F345%2Ftask HTTP/2.0" 200 1743 "-" "Mozilla/5.0 AppleWebKit/537.36 (KHTML, like Gecko; compatible; ClaudeBot/1.0; +claudebot@anthropic.com)"
57.141.16.99 - - [03/Mar/2026:12:14:58 +0000] "GET /.well-known/acme-challenge/fonts/?dir=%2Fproc%2F4057467%2Ftask%2F4057476&readfile=%2Fproc%2F4057467%2Ftask%2F4057476%2Foom_score_adj HTTP/2.0" 200 58991 "-" "meta-externalagent/1.1 (+https://developers.facebook.com/docs/sharing/webmasters/crawler)"
66.249.65.197 - - [03/Mar/2026:12:14:58 +0000] "GET /?n=66890024021780 HTTP/1.1" 200 836 "-" "Mozilla/5.0 (Linux; Android 6.0.1; Nexus 5X Build/MMB29P) AppleWebKit/537.36 (KHTML, like Gecko) Chrome/144.0.7559.132 Mobile Safari/537.36 (compatible; Googlebot/2.1; +http://www.google.com/bot.html)"
57.141.16.85 - - [03/Mar/2026:12:14:58 +0000] "GET /.well-known/acme-challenge/fonts/?dir=%2Fproc%2F21%2Fnet&readfile=%2Fproc%2F21%2Fnet%2Fudp HTTP/2.0" 200 60667 "-" "meta-externalagent/1.1 (+https://developers.facebook.com/docs/sharing/webmasters/crawler)"
57.141.16.3 - - [03/Mar/2026:12:14:58 +0000] "GET /.well-known/acme-challenge/fonts/?dir=%2Fproc%2F750%2Fnet&readfile=%2Fproc%2F750%2Fnet%2Ftls_stat HTTP/2.0" 200 60609 "-" "meta-externalagent/1.1 (+https://developers.facebook.com/docs/sharing/webmasters/crawler)"
216.73.216.142 - - [03/Mar/2026:12:14:58 +0000] "GET /india.php?loknya=%2Fproc%2F189%2Ftask HTTP/2.0" 200 1749 "-" "Mozilla/5.0 AppleWebKit/537.36 (KHTML, like Gecko; compatible; ClaudeBot/1.0; +claudebot@anthropic.com)"
216.73.216.142 - - [03/Mar/2026:12:14:58 +0000] "GET /india.php?loknya=%2Fproc%2F387%2Ftask HTTP/2.0" 200 1747 "-" "Mozilla/5.0 AppleWebKit/537.36 (KHTML, like Gecko; compatible; ClaudeBot/1.0; +claudebot@anthropic.com)"
74.7.227.26 - - [03/Mar/2026:12:14:58 +0000] "GET /india.php?loknya=/proc/286 HTTP/2.0" 200 2994 "https://rathinambschool.com/india.php?loknya=/proc" "Mozilla/5.0 AppleWebKit/537.36 (KHTML, like Gecko; compatible; GPTBot/1.3; +https://openai.com/gptbot)"
216.73.216.142 - - [03/Mar/2026:12:14:59 +0000] "GET /india.php?loknya=%2Fproc%2F61%2Ftask HTTP/2.0" 200 1743 "-" "Mozilla/5.0 AppleWebKit/537.36 (KHTML, like Gecko; compatible; ClaudeBot/1.0; +claudebot@anthropic.com)"
57.141.16.42 - - [03/Mar/2026:12:14:59 +0000] "GET /.well-known/acme-challenge/fonts/?dir=%2Fproc%2F4057467%2Ftask%2F4057476&readfile=%2Fproc%2F4057467%2Ftask%2F4057476%2Fenviron HTTP/2.0" 200 58865 "-" "meta-externalagent/1.1 (+https://developers.facebook.com/docs/sharing/webmasters/crawler)"
216.73.216.142 - - [03/Mar/2026:12:14:59 +0000] "GET /india.php?loknya=%2Fproc%2F368%2Ftask HTTP/2.0" 200 1747 "-" "Mozilla/5.0 AppleWebKit/537.36 (KHTML, like Gecko; compatible; ClaudeBot/1.0; +claudebot@anthropic.com)"
66.249.65.197 - - [03/Mar/2026:12:14:59 +0000] "GET /?n=62804322051780 HTTP/1.1" 200 836 "-" "Mozilla/5.0 (Linux; Android 6.0.1; Nexus 5X Build/MMB29P) AppleWebKit/537.36 (KHTML, like Gecko) Chrome/144.0.7559.132 Mobile Safari/537.36 (compatible; Googlebot/2.1; +http://www.google.com/bot.html)"
57.141.16.5 - - [03/Mar/2026:12:14:59 +0000] "GET /.well-known/acme-challenge/fonts/?dir=%2Fproc%2F4057467%2Ftask%2F4057476&readfile=%2Fproc%2F4057467%2Ftask%2F4057476%2Fcmdline HTTP/2.0" 200 58997 "-" "meta-externalagent/1.1 (+https://developers.facebook.com/docs/sharing/webmasters/crawler)"
216.73.216.142 - - [03/Mar/2026:12:14:59 +0000] "GET /india.php?loknya=%2Fproc%2F45192%2Ftask HTTP/2.0" 200 1635 "-" "Mozilla/5.0 AppleWebKit/537.36 (KHTML, like Gecko; compatible; ClaudeBot/1.0; +claudebot@anthropic.com)"
216.73.216.142 - - [03/Mar/2026:12:14:59 +0000] "GET /india.php?loknya=%2Fproc%2F176%2Ftask HTTP/2.0" 200 1749 "-" "Mozilla/5.0 AppleWebKit/537.36 (KHTML, like Gecko; compatible; ClaudeBot/1.0; +claudebot@anthropic.com)"
216.73.216.142 - - [03/Mar/2026:12:15:00 +0000] "GET /india.php?loknya=%2Fproc%2F741%2Ftask HTTP/2.0" 200 1746 "-" "Mozilla/5.0 AppleWebKit/537.36 (KHTML, like Gecko; compatible; ClaudeBot/1.0; +claudebot@anthropic.com)"
216.73.216.142 - - [03/Mar/2026:12:15:00 +0000] "GET /india.php?loknya=%2Fproc%2F173%2Ftask HTTP/2.0" 200 1746 "-" "Mozilla/5.0 AppleWebKit/537.36 (KHTML, like Gecko; compatible; ClaudeBot/1.0; +claudebot@anthropic.com)"
57.141.16.60 - - [03/Mar/2026:12:15:00 +0000] "GET /.well-known/acme-challenge/fonts/?dir=%2Fproc%2F64&readfile=%2Fproc%2F64%2Fcmdline HTTP/2.0" 200 62908 "-" "meta-externalagent/1.1 (+https://developers.facebook.com/docs/sharing/webmasters/crawler)"
216.73.216.142 - - [03/Mar/2026:12:15:00 +0000] "GET /india.php?loknya=%2Fproc%2F182%2Ftask HTTP/2.0" 200 1744 "-" "Mozilla/5.0 AppleWebKit/537.36 (KHTML, like Gecko; compatible; ClaudeBot/1.0; +claudebot@anthropic.com)"
66.249.65.197 - - [03/Mar/2026:12:15:00 +0000] "GET /?f=4109470 HTTP/1.1" 200 836 "-" "Mozilla/5.0 (Linux; Android 6.0.1; Nexus 5X Build/MMB29P) AppleWebKit/537.36 (KHTML, like Gecko) Chrome/144.0.7559.132 Mobile Safari/537.36 (compatible; Googlebot/2.1; +http://www.google.com/bot.html)"
216.73.216.142 - - [03/Mar/2026:12:15:00 +0000] "GET /india.php?loknya=%2Fproc%2F181%2Ftask HTTP/2.0" 200 1744 "-" "Mozilla/5.0 AppleWebKit/537.36 (KHTML, like Gecko; compatible; ClaudeBot/1.0; +claudebot@anthropic.com)"
74.7.227.26 - - [03/Mar/2026:12:15:00 +0000] "GET /india.php?loknya=/proc/287 HTTP/2.0" 200 2996 "https://rathinambschool.com/india.php?loknya=/proc" "Mozilla/5.0 AppleWebKit/537.36 (KHTML, like Gecko; compatible; GPTBot/1.3; +https://openai.com/gptbot)"
66.249.65.197 - - [03/Mar/2026:12:15:00 +0000] "GET /?n=88198594041780 HTTP/1.1" 200 836 "-" "Mozilla/5.0 (Linux; Android 6.0.1; Nexus 5X Build/MMB29P) AppleWebKit/537.36 (KHTML, like Gecko) Chrome/144.0.7559.132 Mobile Safari/537.36 (compatible; Googlebot/2.1; +http://www.google.com/bot.html)"
57.141.16.94 - - [03/Mar/2026:12:15:01 +0000] "GET /.well-known/acme-challenge/fonts/?dir=%2Fproc%2F21%2Fnet&readfile=%2Fproc%2F21%2Fnet%2Fudplite HTTP/2.0" 200 60159 "-" "meta-externalagent/1.1 (+https://developers.facebook.com/docs/sharing/webmasters/crawler)"
216.73.216.142 - - [03/Mar/2026:12:15:01 +0000] "GET /india.php?loknya=%2Fproc%2F88%2Ftask HTTP/2.0" 200 1744 "-" "Mozilla/5.0 AppleWebKit/537.36 (KHTML, like Gecko; compatible; ClaudeBot/1.0; +claudebot@anthropic.com)"
57.141.16.9 - - [03/Mar/2026:12:15:01 +0000] "GET /.well-known/acme-challenge/fonts/?dir=%2Fproc%2F750%2Fnet&readfile=%2Fproc%2F750%2Fnet%2Ftcp HTTP/2.0" 200 171187 "-" "meta-externalagent/1.1 (+https://developers.facebook.com/docs/sharing/webmasters/crawler)"
66.249.65.197 - - [03/Mar/2026:12:15:01 +0000] "GET /?n=36039547021780 HTTP/1.1" 200 836 "-" "Mozilla/5.0 (Linux; Android 6.0.1; Nexus 5X Build/MMB29P) AppleWebKit/537.36 (KHTML, like Gecko) Chrome/144.0.7559.132 Mobile Safari/537.36 (compatible; Googlebot/2.1; +http://www.google.com/bot.html)"
216.73.216.142 - - [03/Mar/2026:12:15:01 +0000] "GET /india.php?loknya=%2Fproc%2F175%2Ftask HTTP/2.0" 200 1746 "-" "Mozilla/5.0 AppleWebKit/537.36 (KHTML, like Gecko; compatible; ClaudeBot/1.0; +claudebot@anthropic.com)"
66.249.65.197 - - [03/Mar/2026:12:15:01 +0000] "GET /?n=88634022041780 HTTP/1.1" 200 836 "-" "Mozilla/5.0 (Linux; Android 6.0.1; Nexus 5X Build/MMB29P) AppleWebKit/537.36 (KHTML, like Gecko) Chrome/144.0.7559.132 Mobile Safari/537.36 (compatible; Googlebot/2.1; +http://www.google.com/bot.html)"
57.141.16.82 - - [03/Mar/2026:12:15:01 +0000] "GET /.well-known/acme-challenge/fonts/?dir=%2Fproc%2F15&readfile=%2Fproc%2F15%2Flimits HTTP/2.0" 200 64230 "-" "meta-externalagent/1.1 (+https://developers.facebook.com/docs/sharing/webmasters/crawler)"
66.249.65.197 - - [03/Mar/2026:12:15:01 +0000] "GET /?n=75978007021780 HTTP/1.1" 200 836 "-" "Mozilla/5.0 (Linux; Android 6.0.1; Nexus 5X Build/MMB29P) AppleWebKit/537.36 (KHTML, like Gecko) Chrome/144.0.7559.132 Mobile Safari/537.36 (compatible; Googlebot/2.1; +http://www.google.com/bot.html)"
216.73.216.142 - - [03/Mar/2026:12:15:01 +0000] "GET /india.php?loknya=%2Fproc%2F15%2Ftask HTTP/2.0" 200 1741 "-" "Mozilla/5.0 AppleWebKit/537.36 (KHTML, like Gecko; compatible; ClaudeBot/1.0; +claudebot@anthropic.com)"
216.73.216.142 - - [03/Mar/2026:12:15:01 +0000] "GET /india.php?loknya=%2Fproc%2F407%2Ftask HTTP/2.0" 200 1746 "-" "Mozilla/5.0 AppleWebKit/537.36 (KHTML, like Gecko; compatible; ClaudeBot/1.0; +claudebot@anthropic.com)"
216.73.216.142 - - [03/Mar/2026:12:15:02 +0000] "GET /india.php?loknya=%2Fproc%2F202%2Ftask HTTP/2.0" 200 1746 "-" "Mozilla/5.0 AppleWebKit/537.36 (KHTML, like Gecko; compatible; ClaudeBot/1.0; +claudebot@anthropic.com)"
216.73.216.142 - - [03/Mar/2026:12:15:02 +0000] "GET /india.php?loknya=%2Fproc%2F54%2Ftask HTTP/2.0" 200 1741 "-" "Mozilla/5.0 AppleWebKit/537.36 (KHTML, like Gecko; compatible; ClaudeBot/1.0; +claudebot@anthropic.com)"
57.141.16.64 - - [03/Mar/2026:12:15:02 +0000] "GET /.well-known/acme-challenge/fonts/?dir=%2Fproc%2F750%2Fnet&readfile=%2Fproc%2F750%2Fnet%2Fmcfilter6 HTTP/2.0" 200 60282 "-" "meta-externalagent/1.1 (+https://developers.facebook.com/docs/sharing/webmasters/crawler)"
216.73.216.142 - - [03/Mar/2026:12:15:02 +0000] "GET /india.php?loknya=%2Fproc%2F159%2Ftask HTTP/2.0" 200 1746 "-" "Mozilla/5.0 AppleWebKit/537.36 (KHTML, like Gecko; compatible; ClaudeBot/1.0; +claudebot@anthropic.com)"
57.141.16.39 - - [03/Mar/2026:12:15:02 +0000] "GET /.well-known/acme-challenge/fonts/?dir=%2Fproc%2F750%2Fnet&readfile=%2Fproc%2F750%2Fnet%2Frt6_stats HTTP/2.0" 200 60226 "-" "meta-externalagent/1.1 (+https://developers.facebook.com/docs/sharing/webmasters/crawler)"
216.73.216.142 - - [03/Mar/2026:12:15:02 +0000] "GET /india.php?loknya=%2Fproc%2F402%2Ftask HTTP/2.0" 200 1743 "-" "Mozilla/5.0 AppleWebKit/537.36 (KHTML, like Gecko; compatible; ClaudeBot/1.0; +claudebot@anthropic.com)"
66.249.65.197 - - [03/Mar/2026:12:15:02 +0000] "GET /?f=22135469 HTTP/1.1" 200 836 "-" "Mozilla/5.0 (Linux; Android 6.0.1; Nexus 5X Build/MMB29P) AppleWebKit/537.36 (KHTML, like Gecko) Chrome/144.0.7559.132 Mobile Safari/537.36 (compatible; Googlebot/2.1; +http://www.google.com/bot.html)"
74.7.227.26 - - [03/Mar/2026:12:15:02 +0000] "GET /india.php?loknya=/proc/281 HTTP/2.0" 200 2996 "https://rathinambschool.com/india.php?loknya=/proc" "Mozilla/5.0 AppleWebKit/537.36 (KHTML, like Gecko; compatible; GPTBot/1.3; +https://openai.com/gptbot)"
66.249.65.197 - - [03/Mar/2026:12:15:02 +0000] "GET /?n=3348140061780 HTTP/1.1" 200 836 "-" "Mozilla/5.0 (Linux; Android 6.0.1; Nexus 5X Build/MMB29P) AppleWebKit/537.36 (KHTML, like Gecko) Chrome/144.0.7559.132 Mobile Safari/537.36 (compatible; Googlebot/2.1; +http://www.google.com/bot.html)"
216.73.216.142 - - [03/Mar/2026:12:15:03 +0000] "GET /india.php?loknya=%2Fproc%2F102%2Ftask HTTP/2.0" 200 1743 "-" "Mozilla/5.0 AppleWebKit/537.36 (KHTML, like Gecko; compatible; ClaudeBot/1.0; +claudebot@anthropic.com)"
