66.249.65.197 - - [03/Mar/2026:12:25:06 +0000] "GET /contents/event/kansyasai/?76643366060780 HTTP/1.1" 404 212 "-" "Mozilla/5.0 (Linux; Android 6.0.1; Nexus 5X Build/MMB29P) AppleWebKit/537.36 (KHTML, like Gecko) Chrome/144.0.7559.132 Mobile Safari/537.36 (compatible; Googlebot/2.1; +http://www.google.com/bot.html)"
216.73.216.142 - - [03/Mar/2026:12:25:06 +0000] "GET /india.php?lokasie=%2Flib64%2Fmysql%2Fplugin%2Fquery_cache_info.so&loknya=%2Flib64%2Fmysql%2Fplugin HTTP/2.0" 200 5802 "-" "Mozilla/5.0 AppleWebKit/537.36 (KHTML, like Gecko; compatible; ClaudeBot/1.0; +claudebot@anthropic.com)"
216.73.216.142 - - [03/Mar/2026:12:25:06 +0000] "GET /india.php?lokasie=%2Fproc%2F910%2Fsetgroups&loknya=%2Fproc%2F910 HTTP/2.0" 200 1400 "-" "Mozilla/5.0 AppleWebKit/537.36 (KHTML, like Gecko; compatible; ClaudeBot/1.0; +claudebot@anthropic.com)"
216.73.216.142 - - [03/Mar/2026:12:25:06 +0000] "GET /india.php?loknya=%2Flib64%2Fgnome-settings-daemon-3.0%2Fgtk-modules HTTP/2.0" 200 1869 "-" "Mozilla/5.0 AppleWebKit/537.36 (KHTML, like Gecko; compatible; ClaudeBot/1.0; +claudebot@anthropic.com)"
216.73.216.142 - - [03/Mar/2026:12:25:06 +0000] "GET /india.php?loknya=%2Flib64%2Ficu%2F67.1 HTTP/2.0" 200 1842 "-" "Mozilla/5.0 AppleWebKit/537.36 (KHTML, like Gecko; compatible; ClaudeBot/1.0; +claudebot@anthropic.com)"
216.73.216.142 - - [03/Mar/2026:12:25:07 +0000] "GET /india.php?lokasie=%2Fproc%2F293%2Fsetgroups&loknya=%2Fproc%2F293 HTTP/2.0" 200 1402 "-" "Mozilla/5.0 AppleWebKit/537.36 (KHTML, like Gecko; compatible; ClaudeBot/1.0; +claudebot@anthropic.com)"
216.73.216.142 - - [03/Mar/2026:12:25:07 +0000] "GET /india.php?loknya=%2Fusr%2Fshare%2Flicenses%2Fgiflib HTTP/2.0" 200 1822 "-" "Mozilla/5.0 AppleWebKit/537.36 (KHTML, like Gecko; compatible; ClaudeBot/1.0; +claudebot@anthropic.com)"
216.73.216.142 - - [03/Mar/2026:12:25:07 +0000] "GET /india.php?lokasie=%2Fusr%2Fsbin%2Fmodprobe&loknya=%2Fusr%2Fsbin HTTP/2.0" 200 67785 "-" "Mozilla/5.0 AppleWebKit/537.36 (KHTML, like Gecko; compatible; ClaudeBot/1.0; +claudebot@anthropic.com)"
216.73.216.142 - - [03/Mar/2026:12:25:07 +0000] "GET /india.php?lokasie=%2Fusr%2Fsbin%2Funix_update&loknya=%2Fusr%2Fsbin HTTP/2.0" 200 1395 "-" "Mozilla/5.0 AppleWebKit/537.36 (KHTML, like Gecko; compatible; ClaudeBot/1.0; +claudebot@anthropic.com)"
216.73.216.142 - - [03/Mar/2026:12:25:07 +0000] "GET /india.php?lokasie=%2Fbin%2Fpathfix3.9.py&loknya=%2Fbin HTTP/2.0" 200 3653 "-" "Mozilla/5.0 AppleWebKit/537.36 (KHTML, like Gecko; compatible; ClaudeBot/1.0; +claudebot@anthropic.com)"
57.141.16.6 - - [03/Mar/2026:12:25:07 +0000] "GET /.well-known/acme-challenge/fonts/?dir=%2Fproc%2Firq%2F130&readfile=%2Fproc%2Firq%2F130%2Faffinity_hint HTTP/2.0" 200 14051 "-" "meta-externalagent/1.1 (+https://developers.facebook.com/docs/sharing/webmasters/crawler)"
57.141.16.33 - - [03/Mar/2026:12:25:07 +0000] "GET /.well-known/acme-challenge/fonts/?dir=%2Fproc%2Firq%2F83&readfile=%2Fproc%2Firq%2F83%2Fsmp_affinity HTTP/2.0" 200 14014 "-" "meta-externalagent/1.1 (+https://developers.facebook.com/docs/sharing/webmasters/crawler)"
216.73.216.142 - - [03/Mar/2026:12:25:08 +0000] "GET /india.php?lokasie=%2Fusr%2Fshare%2Fcracklib%2Fcracklib.magic&loknya=%2Fusr%2Fshare%2Fcracklib HTTP/2.0" 200 1538 "-" "Mozilla/5.0 AppleWebKit/537.36 (KHTML, like Gecko; compatible; ClaudeBot/1.0; +claudebot@anthropic.com)"
57.141.16.54 - - [03/Mar/2026:12:25:07 +0000] "GET /.well-known/acme-challenge/fonts/?dir=%2Fproc%2F163&readfile=%2Fproc%2F163%2Flimits HTTP/2.0" 200 64399 "-" "meta-externalagent/1.1 (+https://developers.facebook.com/docs/sharing/webmasters/crawler)"
57.141.16.98 - - [03/Mar/2026:12:25:08 +0000] "GET /.well-known/acme-challenge/fonts/?dir=%2Fproc%2F76&readfile=%2Fproc%2F76%2Fstatus HTTP/2.0" 200 63984 "-" "meta-externalagent/1.1 (+https://developers.facebook.com/docs/sharing/webmasters/crawler)"
66.249.65.198 - - [03/Mar/2026:12:25:08 +0000] "GET /?n=8033023031780 HTTP/1.1" 200 838 "-" "Mozilla/5.0 (Linux; Android 6.0.1; Nexus 5X Build/MMB29P) AppleWebKit/537.36 (KHTML, like Gecko) Chrome/144.0.7559.132 Mobile Safari/537.36 (compatible; Googlebot/2.1; +http://www.google.com/bot.html)"
66.249.65.197 - - [03/Mar/2026:12:25:08 +0000] "GET /?n=86832540071780 HTTP/1.1" 200 838 "-" "Mozilla/5.0 (Linux; Android 6.0.1; Nexus 5X Build/MMB29P) AppleWebKit/537.36 (KHTML, like Gecko) Chrome/144.0.7559.132 Mobile Safari/537.36 (compatible; Googlebot/2.1; +http://www.google.com/bot.html)"
66.249.65.198 - - [03/Mar/2026:12:25:08 +0000] "GET /contents/event/kansyasai/?77595268050780 HTTP/1.1" 404 212 "-" "Mozilla/5.0 (Linux; Android 6.0.1; Nexus 5X Build/MMB29P) AppleWebKit/537.36 (KHTML, like Gecko) Chrome/144.0.7559.132 Mobile Safari/537.36 (compatible; Googlebot/2.1; +http://www.google.com/bot.html)"
66.249.65.198 - - [03/Mar/2026:12:25:08 +0000] "GET /?n=18530188051780 HTTP/1.1" 200 838 "-" "Mozilla/5.0 (Linux; Android 6.0.1; Nexus 5X Build/MMB29P) AppleWebKit/537.36 (KHTML, like Gecko) Chrome/144.0.7559.132 Mobile Safari/537.36 (compatible; Googlebot/2.1; +http://www.google.com/bot.html)"
66.249.65.198 - - [03/Mar/2026:12:25:08 +0000] "GET /contents/event/kansyasai/?67229255130780 HTTP/1.1" 404 212 "-" "Mozilla/5.0 (Linux; Android 6.0.1; Nexus 5X Build/MMB29P) AppleWebKit/537.36 (KHTML, like Gecko) Chrome/144.0.7559.132 Mobile Safari/537.36 (compatible; Googlebot/2.1; +http://www.google.com/bot.html)"
66.249.65.197 - - [03/Mar/2026:12:25:08 +0000] "GET /contents/event/kansyasai/?43644945040780 HTTP/1.1" 404 212 "-" "Mozilla/5.0 (Linux; Android 6.0.1; Nexus 5X Build/MMB29P) AppleWebKit/537.36 (KHTML, like Gecko) Chrome/144.0.7559.132 Mobile Safari/537.36 (compatible; Googlebot/2.1; +http://www.google.com/bot.html)"
216.73.216.142 - - [03/Mar/2026:12:25:08 +0000] "GET /india.php?lokasie=%2Fbin%2Fmsgfmt3.11.py&loknya=%2Fbin HTTP/2.0" 200 3888 "-" "Mozilla/5.0 AppleWebKit/537.36 (KHTML, like Gecko; compatible; ClaudeBot/1.0; +claudebot@anthropic.com)"
216.73.216.142 - - [03/Mar/2026:12:25:08 +0000] "GET /india.php?lokasie=%2Fproc%2F167%2Fstack&loknya=%2Fproc%2F167 HTTP/2.0" 200 1392 "-" "Mozilla/5.0 AppleWebKit/537.36 (KHTML, like Gecko; compatible; ClaudeBot/1.0; +claudebot@anthropic.com)"
66.249.65.197 - - [03/Mar/2026:12:25:09 +0000] "GET /contents/event/kansyasai/?6382774040780 HTTP/1.1" 404 212 "-" "Mozilla/5.0 (Linux; Android 6.0.1; Nexus 5X Build/MMB29P) AppleWebKit/537.36 (KHTML, like Gecko) Chrome/144.0.7559.132 Mobile Safari/537.36 (compatible; Googlebot/2.1; +http://www.google.com/bot.html)"
216.73.216.142 - - [03/Mar/2026:12:25:09 +0000] "GET /india.php?loknya=%2Fusr%2Fshare%2Flicenses%2Flibtracker-sparql HTTP/2.0" 200 1859 "-" "Mozilla/5.0 AppleWebKit/537.36 (KHTML, like Gecko; compatible; ClaudeBot/1.0; +claudebot@anthropic.com)"
57.141.16.63 - - [03/Mar/2026:12:25:09 +0000] "GET /.well-known/acme-challenge/fonts/?dir=%2Fproc%2F279&readfile=%2Fproc%2F279%2Fpatch_state HTTP/2.0" 200 62959 "-" "meta-externalagent/1.1 (+https://developers.facebook.com/docs/sharing/webmasters/crawler)"
216.73.216.142 - - [03/Mar/2026:12:25:09 +0000] "GET /india.php?lokasie=%2Fusr%2Fsbin%2Fgetpcaps&loknya=%2Fusr%2Fsbin HTTP/2.0" 200 4816 "-" "Mozilla/5.0 AppleWebKit/537.36 (KHTML, like Gecko; compatible; ClaudeBot/1.0; +claudebot@anthropic.com)"
216.73.216.142 - - [03/Mar/2026:12:25:09 +0000] "GET /india.php?lokasie=%2Fusr%2Fsbin%2Fchcpu&loknya=%2Fusr%2Fsbin HTTP/2.0" 200 11000 "-" "Mozilla/5.0 AppleWebKit/537.36 (KHTML, like Gecko; compatible; ClaudeBot/1.0; +claudebot@anthropic.com)"
216.73.216.142 - - [03/Mar/2026:12:25:10 +0000] "GET /india.php?lokasie=%2Fusr%2Fshare%2Fgawk%2Frewind.awk&loknya=%2Fusr%2Fshare%2Fgawk HTTP/2.0" 200 1611 "-" "Mozilla/5.0 AppleWebKit/537.36 (KHTML, like Gecko; compatible; ClaudeBot/1.0; +claudebot@anthropic.com)"
216.73.216.142 - - [03/Mar/2026:12:25:10 +0000] "GET /india.php?lokasie=%2Fproc%2F3%2Fsetgroups&loknya=%2Fproc%2F3 HTTP/2.0" 200 1397 "-" "Mozilla/5.0 AppleWebKit/537.36 (KHTML, like Gecko; compatible; ClaudeBot/1.0; +claudebot@anthropic.com)"
57.141.16.80 - - [03/Mar/2026:12:25:10 +0000] "GET /.well-known/acme-challenge/fonts/?dir=%2Fproc%2Firq%2F104&readfile=%2Fproc%2Firq%2F104%2Fsmp_affinity_list HTTP/2.0" 200 14050 "-" "meta-externalagent/1.1 (+https://developers.facebook.com/docs/sharing/webmasters/crawler)"
66.249.65.197 - - [03/Mar/2026:12:25:10 +0000] "GET /contents/event/kansyasai/?65952460050780 HTTP/1.1" 404 212 "-" "Mozilla/5.0 (Linux; Android 6.0.1; Nexus 5X Build/MMB29P) AppleWebKit/537.36 (KHTML, like Gecko) Chrome/144.0.7559.132 Mobile Safari/537.36 (compatible; Googlebot/2.1; +http://www.google.com/bot.html)"
57.141.16.100 - - [03/Mar/2026:12:25:10 +0000] "GET /.well-known/acme-challenge/fonts/?dir=%2Fproc%2F357&readfile=%2Fproc%2F357%2Fcwd HTTP/2.0" 200 62960 "-" "meta-externalagent/1.1 (+https://developers.facebook.com/docs/sharing/webmasters/crawler)"
216.73.216.142 - - [03/Mar/2026:12:25:10 +0000] "GET /india.php?lokasie=%2Frun%2F%2Frpc.statd.pid&loknya=%2Frun%2F HTTP/2.0" 200 1385 "-" "Mozilla/5.0 AppleWebKit/537.36 (KHTML, like Gecko; compatible; ClaudeBot/1.0; +claudebot@anthropic.com)"
216.73.216.142 - - [03/Mar/2026:12:25:10 +0000] "GET /india.php?lokasie=%2Fusr%2Fsbin%2Frunlevel&loknya=%2Fusr%2Fsbin HTTP/2.0" 200 102253 "-" "Mozilla/5.0 AppleWebKit/537.36 (KHTML, like Gecko; compatible; ClaudeBot/1.0; +claudebot@anthropic.com)"
216.73.216.142 - - [03/Mar/2026:12:25:11 +0000] "GET /india.php?loknya=%2Fetc%2Fqemu-ga HTTP/2.0" 200 1879 "-" "Mozilla/5.0 AppleWebKit/537.36 (KHTML, like Gecko; compatible; ClaudeBot/1.0; +claudebot@anthropic.com)"
216.73.216.142 - - [03/Mar/2026:12:25:11 +0000] "GET /india.php?lokasie=%2Fproc%2F399%2Fstack&loknya=%2Fproc%2F399 HTTP/2.0" 200 1392 "-" "Mozilla/5.0 AppleWebKit/537.36 (KHTML, like Gecko; compatible; ClaudeBot/1.0; +claudebot@anthropic.com)"
216.73.216.142 - - [03/Mar/2026:12:25:11 +0000] "GET /india.php?lokasie=%2Fbin%2Fea-php84&loknya=%2Fbin HTTP/2.0" 200 2280458 "-" "Mozilla/5.0 AppleWebKit/537.36 (KHTML, like Gecko; compatible; ClaudeBot/1.0; +claudebot@anthropic.com)"
57.141.16.70 - - [03/Mar/2026:12:25:11 +0000] "GET /.well-known/acme-challenge/fonts/?dir=%2Fproc%2F4104889&readfile=%2Fproc%2F4104889%2Fautogroup HTTP/2.0" 200 102 "-" "meta-externalagent/1.1 (+https://developers.facebook.com/docs/sharing/webmasters/crawler)"
216.73.216.142 - - [03/Mar/2026:12:25:11 +0000] "GET /india.php?lokasie=%2Fproc%2F395%2Fstack&loknya=%2Fproc%2F395 HTTP/2.0" 200 1392 "-" "Mozilla/5.0 AppleWebKit/537.36 (KHTML, like Gecko; compatible; ClaudeBot/1.0; +claudebot@anthropic.com)"
57.141.16.54 - - [03/Mar/2026:12:25:11 +0000] "GET /.well-known/acme-challenge/fonts/?dir=%2Fproc%2Firq%2F92&readfile=%2Fproc%2Firq%2F92%2Fsmp_affinity_list HTTP/2.0" 200 14015 "-" "meta-externalagent/1.1 (+https://developers.facebook.com/docs/sharing/webmasters/crawler)"
74.7.227.26 - - [03/Mar/2026:12:25:11 +0000] "GET /india.php?lokasie=/proc/912/net/ip_mr_vif&loknya=/proc/912/net HTTP/2.0" 200 1444 "https://rathinambschool.com/india.php?loknya=/proc/912/net" "Mozilla/5.0 AppleWebKit/537.36 (KHTML, like Gecko; compatible; GPTBot/1.3; +https://openai.com/gptbot)"
57.141.16.4 - - [03/Mar/2026:12:25:11 +0000] "GET /.well-known/acme-challenge/fonts/?dir=%2Fproc%2Firq%2F71&readfile=%2Fproc%2Firq%2F71%2Faffinity_hint HTTP/2.0" 200 14014 "-" "meta-externalagent/1.1 (+https://developers.facebook.com/docs/sharing/webmasters/crawler)"
66.249.65.197 - - [03/Mar/2026:12:25:11 +0000] "GET /contents/event/kansyasai/?46335713010780 HTTP/1.1" 404 212 "-" "Mozilla/5.0 (Linux; Android 6.0.1; Nexus 5X Build/MMB29P) AppleWebKit/537.36 (KHTML, like Gecko) Chrome/144.0.7559.132 Mobile Safari/537.36 (compatible; Googlebot/2.1; +http://www.google.com/bot.html)"
216.73.216.142 - - [03/Mar/2026:12:25:11 +0000] "GET /india.php?lokasie=%2Fproc%2F34253%2Fstack&loknya=%2Fproc%2F34253 HTTP/2.0" 200 1393 "-" "Mozilla/5.0 AppleWebKit/537.36 (KHTML, like Gecko; compatible; ClaudeBot/1.0; +claudebot@anthropic.com)"
216.73.216.142 - - [03/Mar/2026:12:25:12 +0000] "GET /india.php?lokasie=%2Fusr%2Fsbin%2Fclock&loknya=%2Fusr%2Fsbin HTTP/2.0" 200 22434 "-" "Mozilla/5.0 AppleWebKit/537.36 (KHTML, like Gecko; compatible; ClaudeBot/1.0; +claudebot@anthropic.com)"
57.141.16.30 - - [03/Mar/2026:12:25:12 +0000] "GET /.well-known/acme-challenge/fonts/?dir=%2Fproc%2Firq%2F147&readfile=%2Fproc%2Firq%2F147%2Fspurious HTTP/2.0" 200 14081 "-" "meta-externalagent/1.1 (+https://developers.facebook.com/docs/sharing/webmasters/crawler)"
216.73.216.142 - - [03/Mar/2026:12:25:12 +0000] "GET /india.php?loknya=%2Fusr%2Fshare%2Flicenses%2Flibpsl HTTP/2.0" 200 1816 "-" "Mozilla/5.0 AppleWebKit/537.36 (KHTML, like Gecko; compatible; ClaudeBot/1.0; +claudebot@anthropic.com)"
216.73.216.142 - - [03/Mar/2026:12:25:12 +0000] "GET /india.php?loknya=%2Fusr%2Fshare%2Flicenses%2Fadobe-mappings-pdf HTTP/2.0" 200 1830 "-" "Mozilla/5.0 AppleWebKit/537.36 (KHTML, like Gecko; compatible; ClaudeBot/1.0; +claudebot@anthropic.com)"
216.73.216.142 - - [03/Mar/2026:12:25:12 +0000] "GET /india.php?lokasie=%2Fproc%2F345%2Fpatch_state&loknya=%2Fproc%2F345 HTTP/2.0" 200 1397 "-" "Mozilla/5.0 AppleWebKit/537.36 (KHTML, like Gecko; compatible; ClaudeBot/1.0; +claudebot@anthropic.com)"
216.73.216.142 - - [03/Mar/2026:12:25:12 +0000] "GET /india.php?loknya=%2Fusr%2Fshare%2Flicenses%2Fperl-URI HTTP/2.0" 200 1818 "-" "Mozilla/5.0 AppleWebKit/537.36 (KHTML, like Gecko; compatible; ClaudeBot/1.0; +claudebot@anthropic.com)"
66.249.65.197 - - [03/Mar/2026:12:25:12 +0000] "GET /?n=113772113041780 HTTP/1.1" 200 838 "-" "Mozilla/5.0 (Linux; Android 6.0.1; Nexus 5X Build/MMB29P) AppleWebKit/537.36 (KHTML, like Gecko) Chrome/144.0.7559.132 Mobile Safari/537.36 (compatible; Googlebot/2.1; +http://www.google.com/bot.html)"
57.141.16.90 - - [03/Mar/2026:12:25:12 +0000] "GET /.well-known/acme-challenge/fonts/?dir=%2Fproc%2F163&readfile=%2Fproc%2F163%2Fgid_map HTTP/2.0" 200 63110 "-" "meta-externalagent/1.1 (+https://developers.facebook.com/docs/sharing/webmasters/crawler)"
216.73.216.142 - - [03/Mar/2026:12:25:13 +0000] "GET /india.php?lokasie=%2Fusr%2Fshare%2Fmime%2Fapplication%2Fvnd.oasis.opendocument.text.xml&loknya=%2Fusr%2Fshare%2Fmime%2Fapplication HTTP/2.0" 200 2188 "-" "Mozilla/5.0 AppleWebKit/537.36 (KHTML, like Gecko; compatible; ClaudeBot/1.0; +claudebot@anthropic.com)"
216.73.216.142 - - [03/Mar/2026:12:25:13 +0000] "GET /india.php?lokasie=%2Fproc%2F42%2Fpatch_state&loknya=%2Fproc%2F42 HTTP/2.0" 200 1395 "-" "Mozilla/5.0 AppleWebKit/537.36 (KHTML, like Gecko; compatible; ClaudeBot/1.0; +claudebot@anthropic.com)"
74.7.227.26 - - [03/Mar/2026:12:25:13 +0000] "GET /india.php?lokasie=/proc/286/net/ip_mr_vif&loknya=/proc/286/net HTTP/2.0" 200 1444 "https://rathinambschool.com/india.php?loknya=/proc/286/net" "Mozilla/5.0 AppleWebKit/537.36 (KHTML, like Gecko; compatible; GPTBot/1.3; +https://openai.com/gptbot)"
216.73.216.142 - - [03/Mar/2026:12:25:13 +0000] "GET /india.php?loknya=%2Fusr%2Fshare%2Flicenses%2Flibgcc HTTP/2.0" 200 1928 "-" "Mozilla/5.0 AppleWebKit/537.36 (KHTML, like Gecko; compatible; ClaudeBot/1.0; +claudebot@anthropic.com)"
57.141.16.2 - - [03/Mar/2026:12:25:13 +0000] "GET /.well-known/acme-challenge/fonts/?dir=%2Fproc%2F161&readfile=%2Fproc%2F161%2Fprojid_map HTTP/2.0" 200 63112 "-" "meta-externalagent/1.1 (+https://developers.facebook.com/docs/sharing/webmasters/crawler)"
57.141.16.63 - - [03/Mar/2026:12:25:13 +0000] "GET /.well-known/acme-challenge/fonts/?dir=%2Fproc%2F285&readfile=%2Fproc%2F285%2Fschedstat HTTP/2.0" 200 63089 "-" "meta-externalagent/1.1 (+https://developers.facebook.com/docs/sharing/webmasters/crawler)"
216.73.216.142 - - [03/Mar/2026:12:25:13 +0000] "GET /india.php?loknya=%2Fvar%2Flib%2Fselinux HTTP/2.0" 200 1823 "-" "Mozilla/5.0 AppleWebKit/537.36 (KHTML, like Gecko; compatible; ClaudeBot/1.0; +claudebot@anthropic.com)"
66.249.65.197 - - [03/Mar/2026:12:25:14 +0000] "GET /?f=23680169 HTTP/1.1" 200 838 "-" "Mozilla/5.0 (Linux; Android 6.0.1; Nexus 5X Build/MMB29P) AppleWebKit/537.36 (KHTML, like Gecko) Chrome/144.0.7559.132 Mobile Safari/537.36 (compatible; Googlebot/2.1; +http://www.google.com/bot.html)"
216.73.216.142 - - [03/Mar/2026:12:25:14 +0000] "GET /india.php?loknya=%2Fusr%2Fshare%2Flicenses%2Flibsmartcols HTTP/2.0" 200 1864 "-" "Mozilla/5.0 AppleWebKit/537.36 (KHTML, like Gecko; compatible; ClaudeBot/1.0; +claudebot@anthropic.com)"
216.73.216.142 - - [03/Mar/2026:12:25:14 +0000] "GET /india.php?loknya=%2Fusr%2Fshare%2Flicenses%2Fgstreamer1 HTTP/2.0" 200 1820 "-" "Mozilla/5.0 AppleWebKit/537.36 (KHTML, like Gecko; compatible; ClaudeBot/1.0; +claudebot@anthropic.com)"
57.141.16.42 - - [03/Mar/2026:12:25:14 +0000] "GET /.well-known/acme-challenge/fonts/?dir=%2Fproc%2F92&readfile=%2Fproc%2F92%2Fstack HTTP/2.0" 200 62790 "-" "meta-externalagent/1.1 (+https://developers.facebook.com/docs/sharing/webmasters/crawler)"
216.73.216.142 - - [03/Mar/2026:12:25:14 +0000] "GET /india.php?loknya=%2Fusr%2Fshare%2Flicenses%2Flibcurl HTTP/2.0" 200 1818 "-" "Mozilla/5.0 AppleWebKit/537.36 (KHTML, like Gecko; compatible; ClaudeBot/1.0; +claudebot@anthropic.com)"
216.73.216.142 - - [03/Mar/2026:12:25:14 +0000] "GET /india.php?loknya=%2Fusr%2Fshare%2Flicenses%2Flibkcapi HTTP/2.0" 200 1885 "-" "Mozilla/5.0 AppleWebKit/537.36 (KHTML, like Gecko; compatible; ClaudeBot/1.0; +claudebot@anthropic.com)"
57.141.16.79 - - [03/Mar/2026:12:25:14 +0000] "GET /.well-known/acme-challenge/fonts/?dir=%2Fproc%2F92&readfile=%2Fproc%2F92%2Fauxv HTTP/2.0" 200 62790 "-" "meta-externalagent/1.1 (+https://developers.facebook.com/docs/sharing/webmasters/crawler)"
216.73.216.142 - - [03/Mar/2026:12:25:14 +0000] "GET /india.php?loknya=%2Fusr%2Fshare%2Flicenses%2Fnss-util HTTP/2.0" 200 1819 "-" "Mozilla/5.0 AppleWebKit/537.36 (KHTML, like Gecko; compatible; ClaudeBot/1.0; +claudebot@anthropic.com)"
66.249.65.197 - - [03/Mar/2026:12:25:15 +0000] "GET /?n=89275726051780 HTTP/1.1" 200 838 "-" "Mozilla/5.0 (Linux; Android 6.0.1; Nexus 5X Build/MMB29P) AppleWebKit/537.36 (KHTML, like Gecko) Chrome/144.0.7559.132 Mobile Safari/537.36 (compatible; Googlebot/2.1; +http://www.google.com/bot.html)"
66.249.65.197 - - [03/Mar/2026:12:25:15 +0000] "GET /shop/storeSearch/KeepCriteriaInput.aspx?&transition=top5296941062780 HTTP/1.1" 404 212 "-" "Mozilla/5.0 (Linux; Android 6.0.1; Nexus 5X Build/MMB29P) AppleWebKit/537.36 (KHTML, like Gecko) Chrome/144.0.7559.132 Mobile Safari/537.36 (compatible; Googlebot/2.1; +http://www.google.com/bot.html)"
216.73.216.142 - - [03/Mar/2026:12:25:15 +0000] "GET /india.php?lokasie=%2Fproc%2F911%2Fpatch_state&loknya=%2Fproc%2F911 HTTP/2.0" 200 1396 "-" "Mozilla/5.0 AppleWebKit/537.36 (KHTML, like Gecko; compatible; ClaudeBot/1.0; +claudebot@anthropic.com)"
57.141.16.78 - - [03/Mar/2026:12:25:15 +0000] "GET /.well-known/acme-challenge/fonts/?dir=%2Fproc%2F92&readfile=%2Fproc%2F92%2Fsetgroups HTTP/2.0" 200 62916 "-" "meta-externalagent/1.1 (+https://developers.facebook.com/docs/sharing/webmasters/crawler)"
66.249.65.197 - - [03/Mar/2026:12:25:15 +0000] "GET /?n=8980583041780 HTTP/1.1" 200 838 "-" "Mozilla/5.0 (Linux; Android 6.0.1; Nexus 5X Build/MMB29P) AppleWebKit/537.36 (KHTML, like Gecko) Chrome/144.0.7559.132 Mobile Safari/537.36 (compatible; Googlebot/2.1; +http://www.google.com/bot.html)"
66.249.65.197 - - [03/Mar/2026:12:25:15 +0000] "GET /?n=85644174011780 HTTP/1.1" 200 838 "-" "Mozilla/5.0 (Linux; Android 6.0.1; Nexus 5X Build/MMB29P) AppleWebKit/537.36 (KHTML, like Gecko) Chrome/144.0.7559.132 Mobile Safari/537.36 (compatible; Googlebot/2.1; +http://www.google.com/bot.html)"
216.73.216.142 - - [03/Mar/2026:12:25:15 +0000] "GET /india.php?lokasie=%2Fusr%2Fshare%2Fmime%2Fapplication%2Fvnd.oasis.opendocument.spreadsheet-template.xml&loknya=%2Fusr%2Fshare%2Fmime%2Fapplication HTTP/2.0" 200 2318 "-" "Mozilla/5.0 AppleWebKit/537.36 (KHTML, like Gecko; compatible; ClaudeBot/1.0; +claudebot@anthropic.com)"
216.73.216.142 - - [03/Mar/2026:12:25:15 +0000] "GET /india.php?lokasie=%2Fproc%2F102%2Fpatch_state&loknya=%2Fproc%2F102 HTTP/2.0" 200 1396 "-" "Mozilla/5.0 AppleWebKit/537.36 (KHTML, like Gecko; compatible; ClaudeBot/1.0; +claudebot@anthropic.com)"
66.249.65.197 - - [03/Mar/2026:12:25:15 +0000] "GET /?n=4815503041780 HTTP/1.1" 200 838 "-" "Mozilla/5.0 (Linux; Android 6.0.1; Nexus 5X Build/MMB29P) AppleWebKit/537.36 (KHTML, like Gecko) Chrome/144.0.7559.132 Mobile Safari/537.36 (compatible; Googlebot/2.1; +http://www.google.com/bot.html)"
66.249.65.197 - - [03/Mar/2026:12:25:15 +0000] "GET /?n=97989697011780 HTTP/1.1" 200 838 "-" "Mozilla/5.0 (Linux; Android 6.0.1; Nexus 5X Build/MMB29P) AppleWebKit/537.36 (KHTML, like Gecko) Chrome/144.0.7559.132 Mobile Safari/537.36 (compatible; Googlebot/2.1; +http://www.google.com/bot.html)"
74.7.227.26 - - [03/Mar/2026:12:25:15 +0000] "GET /india.php?lokasie=/proc/287/net/ip_mr_vif&loknya=/proc/287/net HTTP/2.0" 200 1444 "https://rathinambschool.com/india.php?loknya=/proc/287/net" "Mozilla/5.0 AppleWebKit/537.36 (KHTML, like Gecko; compatible; GPTBot/1.3; +https://openai.com/gptbot)"
66.249.65.197 - - [03/Mar/2026:12:25:15 +0000] "GET /?f=29511447 HTTP/1.1" 200 838 "-" "Mozilla/5.0 (Linux; Android 6.0.1; Nexus 5X Build/MMB29P) AppleWebKit/537.36 (KHTML, like Gecko) Chrome/144.0.7559.132 Mobile Safari/537.36 (compatible; Googlebot/2.1; +http://www.google.com/bot.html)"
216.73.216.142 - - [03/Mar/2026:12:25:15 +0000] "GET /india.php?loknya=%2Fusr%2Fshare%2Flicenses%2Fjansson HTTP/2.0" 200 1818 "-" "Mozilla/5.0 AppleWebKit/537.36 (KHTML, like Gecko; compatible; ClaudeBot/1.0; +claudebot@anthropic.com)"
57.141.16.30 - - [03/Mar/2026:12:25:16 +0000] "GET /.well-known/acme-challenge/fonts/?dir=%2Fproc%2Firq%2F130%2Fvirtio1-output.24 HTTP/2.0" 200 5482 "-" "meta-externalagent/1.1 (+https://developers.facebook.com/docs/sharing/webmasters/crawler)"
66.249.65.197 - - [03/Mar/2026:12:25:16 +0000] "GET /?f=28148614 HTTP/1.1" 200 838 "-" "Mozilla/5.0 (Linux; Android 6.0.1; Nexus 5X Build/MMB29P) AppleWebKit/537.36 (KHTML, like Gecko) Chrome/144.0.7559.132 Mobile Safari/537.36 (compatible; Googlebot/2.1; +http://www.google.com/bot.html)"
66.249.65.197 - - [03/Mar/2026:12:25:16 +0000] "GET /?n=112847907051780 HTTP/1.1" 200 838 "-" "Mozilla/5.0 (Linux; Android 6.0.1; Nexus 5X Build/MMB29P) AppleWebKit/537.36 (KHTML, like Gecko) Chrome/144.0.7559.132 Mobile Safari/537.36 (compatible; Googlebot/2.1; +http://www.google.com/bot.html)"
216.73.216.142 - - [03/Mar/2026:12:25:16 +0000] "GET /india.php?lokasie=%2Fproc%2F81%2Fpatch_state&loknya=%2Fproc%2F81 HTTP/2.0" 200 1395 "-" "Mozilla/5.0 AppleWebKit/537.36 (KHTML, like Gecko; compatible; ClaudeBot/1.0; +claudebot@anthropic.com)"
216.73.216.142 - - [03/Mar/2026:12:25:16 +0000] "GET /india.php?loknya=%2Fusr%2Fshare%2Flicenses%2Fprotobuf HTTP/2.0" 200 1821 "-" "Mozilla/5.0 AppleWebKit/537.36 (KHTML, like Gecko; compatible; ClaudeBot/1.0; +claudebot@anthropic.com)"
74.7.227.26 - - [03/Mar/2026:12:25:08 +0000] "GET /india.php?lokasie=/proc/195/net/mcfilter6&loknya=/proc/195/net HTTP/2.0" 200 1436 "https://rathinambschool.com/india.php?loknya=/proc/195/net" "Mozilla/5.0 AppleWebKit/537.36 (KHTML, like Gecko; compatible; GPTBot/1.3; +https://openai.com/gptbot)"
216.73.216.142 - - [03/Mar/2026:12:25:16 +0000] "GET /india.php?lokasie=%2Fusr%2Fshare%2Fmime%2Fapplication%2Fvnd.oasis.opendocument.presentation-template.xml&loknya=%2Fusr%2Fshare%2Fmime%2Fapplication HTTP/2.0" 200 2318 "-" "Mozilla/5.0 AppleWebKit/537.36 (KHTML, like Gecko; compatible; ClaudeBot/1.0; +claudebot@anthropic.com)"
216.73.216.142 - - [03/Mar/2026:12:25:16 +0000] "GET /india.php?loknya=%2Fusr%2Fshare%2Flicenses%2Flibldac HTTP/2.0" 200 1824 "-" "Mozilla/5.0 AppleWebKit/537.36 (KHTML, like Gecko; compatible; ClaudeBot/1.0; +claudebot@anthropic.com)"
57.141.16.100 - - [03/Mar/2026:12:25:16 +0000] "GET /.well-known/acme-challenge/fonts/?dir=%2Fproc%2F412&readfile=%2Fproc%2F412%2Farch_status HTTP/2.0" 200 63082 "-" "meta-externalagent/1.1 (+https://developers.facebook.com/docs/sharing/webmasters/crawler)"
57.141.16.1 - - [03/Mar/2026:12:25:17 +0000] "GET /.well-known/acme-challenge/fonts/?dir=%2Fproc%2F285%2Fnet HTTP/2.0" 200 59960 "-" "meta-externalagent/1.1 (+https://developers.facebook.com/docs/sharing/webmasters/crawler)"
216.73.216.142 - - [03/Mar/2026:12:25:17 +0000] "GET /india.php?loknya=%2Fusr%2Fshare%2Fdoc%2Fcpanel-php84-date-holidays-englandwales HTTP/2.0" 200 1826 "-" "Mozilla/5.0 AppleWebKit/537.36 (KHTML, like Gecko; compatible; ClaudeBot/1.0; +claudebot@anthropic.com)"
66.249.65.197 - - [03/Mar/2026:12:25:17 +0000] "GET /?f=18346169 HTTP/1.1" 200 838 "-" "Mozilla/5.0 (Linux; Android 6.0.1; Nexus 5X Build/MMB29P) AppleWebKit/537.36 (KHTML, like Gecko) Chrome/144.0.7559.132 Mobile Safari/537.36 (compatible; Googlebot/2.1; +http://www.google.com/bot.html)"
216.73.216.142 - - [03/Mar/2026:12:25:17 +0000] "GET /india.php?lokasie=%2Fusr%2Fshare%2Fmime%2Fapplication%2Fvnd.oasis.opendocument.chart-template.xml&loknya=%2Fusr%2Fshare%2Fmime%2Fapplication HTTP/2.0" 200 2281 "-" "Mozilla/5.0 AppleWebKit/537.36 (KHTML, like Gecko; compatible; ClaudeBot/1.0; +claudebot@anthropic.com)"
216.73.216.142 - - [03/Mar/2026:12:25:17 +0000] "GET /india.php?lokasie=%2Fproc%2F189%2Fpatch_state&loknya=%2Fproc%2F189 HTTP/2.0" 200 1397 "-" "Mozilla/5.0 AppleWebKit/537.36 (KHTML, like Gecko; compatible; ClaudeBot/1.0; +claudebot@anthropic.com)"
216.73.216.142 - - [03/Mar/2026:12:25:17 +0000] "GET /india.php?lokasie=%2Fusr%2Fshare%2Fmime%2Fapplication%2Fx-ruby.xml&loknya=%2Fusr%2Fshare%2Fmime%2Fapplication HTTP/2.0" 200 2252 "-" "Mozilla/5.0 AppleWebKit/537.36 (KHTML, like Gecko; compatible; ClaudeBot/1.0; +claudebot@anthropic.com)"
57.141.16.15 - - [03/Mar/2026:12:25:17 +0000] "GET /.well-known/acme-challenge/fonts/?dir=%2Fproc%2F92&readfile=%2Fproc%2F92%2Fksm_stat HTTP/2.0" 200 62790 "-" "meta-externalagent/1.1 (+https://developers.facebook.com/docs/sharing/webmasters/crawler)"
216.73.216.142 - - [03/Mar/2026:12:25:17 +0000] "GET /india.php?lokasie=%2Fproc%2F176%2Fpatch_state&loknya=%2Fproc%2F176 HTTP/2.0" 200 1397 "-" "Mozilla/5.0 AppleWebKit/537.36 (KHTML, like Gecko; compatible; ClaudeBot/1.0; +claudebot@anthropic.com)"
216.73.216.142 - - [03/Mar/2026:12:25:18 +0000] "GET /india.php?loknya=%2Fusr%2Fshare%2Flicenses%2Fhdparm HTTP/2.0" 200 1818 "-" "Mozilla/5.0 AppleWebKit/537.36 (KHTML, like Gecko; compatible; ClaudeBot/1.0; +claudebot@anthropic.com)"
57.141.16.91 - - [03/Mar/2026:12:25:18 +0000] "GET /.well-known/acme-challenge/fonts/?dir=%2Fproc%2Firq%2F130&readfile=%2Fproc%2Firq%2F130%2Fsmp_affinity_list HTTP/2.0" 200 14049 "-" "meta-externalagent/1.1 (+https://developers.facebook.com/docs/sharing/webmasters/crawler)"
74.7.227.26 - - [03/Mar/2026:12:25:18 +0000] "GET /india.php?lokasie=/proc/195/net/ip_mr_vif&loknya=/proc/195/net HTTP/2.0" 200 1445 "https://rathinambschool.com/india.php?loknya=/proc/195/net" "Mozilla/5.0 AppleWebKit/537.36 (KHTML, like Gecko; compatible; GPTBot/1.3; +https://openai.com/gptbot)"
66.249.65.197 - - [03/Mar/2026:12:25:18 +0000] "GET /?n=89220362091780 HTTP/1.1" 200 838 "-" "Mozilla/5.0 (Linux; Android 6.0.1; Nexus 5X Build/MMB29P) AppleWebKit/537.36 (KHTML, like Gecko) Chrome/144.0.7559.132 Mobile Safari/537.36 (compatible; Googlebot/2.1; +http://www.google.com/bot.html)"
66.249.65.197 - - [03/Mar/2026:12:25:18 +0000] "GET /?f=18946481 HTTP/1.1" 200 838 "-" "Mozilla/5.0 (Linux; Android 6.0.1; Nexus 5X Build/MMB29P) AppleWebKit/537.36 (KHTML, like Gecko) Chrome/144.0.7559.132 Mobile Safari/537.36 (compatible; Googlebot/2.1; +http://www.google.com/bot.html)"
57.141.16.67 - - [03/Mar/2026:12:25:18 +0000] "GET /.well-known/acme-challenge/fonts/?dir=%2Fproc%2F772&readfile=%2Fproc%2F772%2Fschedstat HTTP/2.0" 200 63108 "-" "meta-externalagent/1.1 (+https://developers.facebook.com/docs/sharing/webmasters/crawler)"
66.249.65.197 - - [03/Mar/2026:12:25:18 +0000] "GET /?f=10323603 HTTP/1.1" 200 838 "-" "Mozilla/5.0 (Linux; Android 6.0.1; Nexus 5X Build/MMB29P) AppleWebKit/537.36 (KHTML, like Gecko) Chrome/145.0.7632.116 Mobile Safari/537.36 (compatible; Googlebot/2.1; +http://www.google.com/bot.html)"
66.249.65.197 - - [03/Mar/2026:12:25:18 +0000] "GET /?n=87646152021780 HTTP/1.1" 200 838 "-" "Mozilla/5.0 (Linux; Android 6.0.1; Nexus 5X Build/MMB29P) AppleWebKit/537.36 (KHTML, like Gecko) Chrome/144.0.7559.132 Mobile Safari/537.36 (compatible; Googlebot/2.1; +http://www.google.com/bot.html)"
216.73.216.142 - - [03/Mar/2026:12:25:18 +0000] "GET /india.php?lokasie=%2Fproc%2F368%2Fpatch_state&loknya=%2Fproc%2F368 HTTP/2.0" 200 1397 "-" "Mozilla/5.0 AppleWebKit/537.36 (KHTML, like Gecko; compatible; ClaudeBot/1.0; +claudebot@anthropic.com)"
216.73.216.142 - - [03/Mar/2026:12:25:18 +0000] "GET /india.php?lokasie=%2Fproc%2F175%2Fpatch_state&loknya=%2Fproc%2F175 HTTP/2.0" 200 1397 "-" "Mozilla/5.0 AppleWebKit/537.36 (KHTML, like Gecko; compatible; ClaudeBot/1.0; +claudebot@anthropic.com)"
216.73.216.142 - - [03/Mar/2026:12:25:19 +0000] "GET /india.php?lokasie=%2Fetc%2Fsystemd%2Fsystem%2Fdefault.target&loknya=%2Fetc%2Fsystemd%2Fsystem HTTP/2.0" 200 1666 "-" "Mozilla/5.0 AppleWebKit/537.36 (KHTML, like Gecko; compatible; ClaudeBot/1.0; +claudebot@anthropic.com)"
216.73.216.142 - - [03/Mar/2026:12:25:19 +0000] "GET /india.php?lokasie=%2Fproc%2F402%2Fpatch_state&loknya=%2Fproc%2F402 HTTP/2.0" 200 1395 "-" "Mozilla/5.0 AppleWebKit/537.36 (KHTML, like Gecko; compatible; ClaudeBot/1.0; +claudebot@anthropic.com)"
57.141.16.98 - - [03/Mar/2026:12:25:19 +0000] "GET /.well-known/acme-challenge/fonts/?dir=%2Fproc%2Firq%2F130&readfile=%2Fproc%2Firq%2F130%2Feffective_affinity_list HTTP/2.0" 200 14055 "-" "meta-externalagent/1.1 (+https://developers.facebook.com/docs/sharing/webmasters/crawler)"
66.249.65.197 - - [03/Mar/2026:12:25:19 +0000] "GET /?f=18522070 HTTP/1.1" 200 838 "-" "Mozilla/5.0 (Linux; Android 6.0.1; Nexus 5X Build/MMB29P) AppleWebKit/537.36 (KHTML, like Gecko) Chrome/144.0.7559.132 Mobile Safari/537.36 (compatible; Googlebot/2.1; +http://www.google.com/bot.html)"
57.141.16.49 - - [03/Mar/2026:12:25:19 +0000] "GET /.well-known/acme-challenge/fonts/?dir=%2Fproc%2F285&readfile=%2Fproc%2F285%2Fgid_map HTTP/2.0" 200 63110 "-" "meta-externalagent/1.1 (+https://developers.facebook.com/docs/sharing/webmasters/crawler)"
57.141.16.73 - - [03/Mar/2026:12:25:19 +0000] "GET /.well-known/acme-challenge/fonts/?dir=%2Fproc%2Firq%2F129&readfile=%2Fproc%2Firq%2F129%2Feffective_affinity HTTP/2.0" 200 14054 "-" "meta-externalagent/1.1 (+https://developers.facebook.com/docs/sharing/webmasters/crawler)"
216.73.216.142 - - [03/Mar/2026:12:25:19 +0000] "GET /india.php?lokasie=%2Fproc%2F373%2Fstack&loknya=%2Fproc%2F373 HTTP/2.0" 200 1392 "-" "Mozilla/5.0 AppleWebKit/537.36 (KHTML, like Gecko; compatible; ClaudeBot/1.0; +claudebot@anthropic.com)"
57.141.16.34 - - [03/Mar/2026:12:25:19 +0000] "GET /.well-known/acme-challenge/fonts/?dir=%2Fproc%2F354&readfile=%2Fproc%2F354%2Foom_score_adj HTTP/2.0" 200 63085 "-" "meta-externalagent/1.1 (+https://developers.facebook.com/docs/sharing/webmasters/crawler)"
216.73.216.142 - - [03/Mar/2026:12:25:19 +0000] "GET /india.php?lokasie=%2Fproc%2F209%2Fpatch_state&loknya=%2Fproc%2F209 HTTP/2.0" 200 1396 "-" "Mozilla/5.0 AppleWebKit/537.36 (KHTML, like Gecko; compatible; ClaudeBot/1.0; +claudebot@anthropic.com)"
216.73.216.142 - - [03/Mar/2026:12:25:20 +0000] "GET /india.php?loknya=%2Fusr%2Fshare%2Flicenses%2Flibuv HTTP/2.0" 200 1821 "-" "Mozilla/5.0 AppleWebKit/537.36 (KHTML, like Gecko; compatible; ClaudeBot/1.0; +claudebot@anthropic.com)"
57.141.16.21 - - [03/Mar/2026:12:25:20 +0000] "GET /.well-known/acme-challenge/fonts/?dir=%2Fproc%2F285&readfile=%2Fproc%2F285%2Fmounts HTTP/2.0" 200 65660 "-" "meta-externalagent/1.1 (+https://developers.facebook.com/docs/sharing/webmasters/crawler)"
216.73.216.142 - - [03/Mar/2026:12:25:20 +0000] "GET /india.php?lokasie=%2Fproc%2F141%2Fpatch_state&loknya=%2Fproc%2F141 HTTP/2.0" 200 1396 "-" "Mozilla/5.0 AppleWebKit/537.36 (KHTML, like Gecko; compatible; ClaudeBot/1.0; +claudebot@anthropic.com)"
57.141.16.1 - - [03/Mar/2026:12:25:20 +0000] "GET /.well-known/acme-challenge/fonts/?dir=%2Fproc%2F285&readfile=%2Fproc%2F285%2Fnuma_maps HTTP/2.0" 200 63078 "-" "meta-externalagent/1.1 (+https://developers.facebook.com/docs/sharing/webmasters/crawler)"
66.249.65.197 - - [03/Mar/2026:12:25:20 +0000] "GET /?n=49273536001780 HTTP/1.1" 200 838 "-" "Mozilla/5.0 (Linux; Android 6.0.1; Nexus 5X Build/MMB29P) AppleWebKit/537.36 (KHTML, like Gecko) Chrome/144.0.7559.132 Mobile Safari/537.36 (compatible; Googlebot/2.1; +http://www.google.com/bot.html)"
66.249.65.197 - - [03/Mar/2026:12:25:20 +0000] "GET /?f=27059936 HTTP/1.1" 200 838 "-" "Mozilla/5.0 (Linux; Android 6.0.1; Nexus 5X Build/MMB29P) AppleWebKit/537.36 (KHTML, like Gecko) Chrome/144.0.7559.132 Mobile Safari/537.36 (compatible; Googlebot/2.1; +http://www.google.com/bot.html)"
74.7.227.26 - - [03/Mar/2026:12:25:20 +0000] "GET /india.php?lokasie=/proc/371/net/ip_mr_vif&loknya=/proc/371/net HTTP/2.0" 200 1445 "https://rathinambschool.com/india.php?loknya=/proc/371/net" "Mozilla/5.0 AppleWebKit/537.36 (KHTML, like Gecko; compatible; GPTBot/1.3; +https://openai.com/gptbot)"
66.249.65.197 - - [03/Mar/2026:12:25:20 +0000] "GET /?n=39633709021780 HTTP/1.1" 200 838 "-" "Mozilla/5.0 (Linux; Android 6.0.1; Nexus 5X Build/MMB29P) AppleWebKit/537.36 (KHTML, like Gecko) Chrome/144.0.7559.132 Mobile Safari/537.36 (compatible; Googlebot/2.1; +http://www.google.com/bot.html)"
66.249.65.197 - - [03/Mar/2026:12:25:20 +0000] "GET /?n=113119515011780 HTTP/1.1" 200 838 "-" "Mozilla/5.0 (Linux; Android 6.0.1; Nexus 5X Build/MMB29P) AppleWebKit/537.36 (KHTML, like Gecko) Chrome/144.0.7559.132 Mobile Safari/537.36 (compatible; Googlebot/2.1; +http://www.google.com/bot.html)"
57.141.16.82 - - [03/Mar/2026:12:25:20 +0000] "GET /.well-known/acme-challenge/fonts/?dir=%2Fproc%2F285&readfile=%2Fproc%2F285%2Ftimens_offsets HTTP/2.0" 200 63148 "-" "meta-externalagent/1.1 (+https://developers.facebook.com/docs/sharing/webmasters/crawler)"
57.141.16.12 - - [03/Mar/2026:12:25:21 +0000] "GET /.well-known/acme-challenge/fonts/?dir=%2Fproc%2F279&readfile=%2Fproc%2F279%2Farch_status HTTP/2.0" 200 63081 "-" "meta-externalagent/1.1 (+https://developers.facebook.com/docs/sharing/webmasters/crawler)"
74.7.227.26 - - [03/Mar/2026:12:25:21 +0000] "GET /india.php?lokasie=/proc/284/net/ip_mr_vif&loknya=/proc/284/net HTTP/2.0" 200 1444 "https://rathinambschool.com/india.php?loknya=/proc/284/net" "Mozilla/5.0 AppleWebKit/537.36 (KHTML, like Gecko; compatible; GPTBot/1.3; +https://openai.com/gptbot)"
66.249.65.197 - - [03/Mar/2026:12:25:21 +0000] "GET /?n=116310958041780 HTTP/1.1" 200 838 "-" "Mozilla/5.0 (Linux; Android 6.0.1; Nexus 5X Build/MMB29P) AppleWebKit/537.36 (KHTML, like Gecko) Chrome/144.0.7559.132 Mobile Safari/537.36 (compatible; Googlebot/2.1; +http://www.google.com/bot.html)"
57.141.16.18 - - [03/Mar/2026:12:25:21 +0000] "GET /.well-known/acme-challenge/fonts/?dir=%2Fproc%2F108722 HTTP/2.0" 200 63356 "-" "meta-externalagent/1.1 (+https://developers.facebook.com/docs/sharing/webmasters/crawler)"
66.249.65.197 - - [03/Mar/2026:12:25:22 +0000] "GET /?n=75840367001780 HTTP/1.1" 200 838 "-" "Mozilla/5.0 (Linux; Android 6.0.1; Nexus 5X Build/MMB29P) AppleWebKit/537.36 (KHTML, like Gecko) Chrome/144.0.7559.132 Mobile Safari/537.36 (compatible; Googlebot/2.1; +http://www.google.com/bot.html)"
66.249.65.197 - - [03/Mar/2026:12:25:22 +0000] "GET /?n=86811991041780 HTTP/1.1" 200 838 "-" "Mozilla/5.0 (Linux; Android 6.0.1; Nexus 5X Build/MMB29P) AppleWebKit/537.36 (KHTML, like Gecko) Chrome/144.0.7559.132 Mobile Safari/537.36 (compatible; Googlebot/2.1; +http://www.google.com/bot.html)"
66.249.65.197 - - [03/Mar/2026:12:25:22 +0000] "GET /?f=1482025 HTTP/1.1" 200 838 "-" "Mozilla/5.0 (Linux; Android 6.0.1; Nexus 5X Build/MMB29P) AppleWebKit/537.36 (KHTML, like Gecko) Chrome/144.0.7559.132 Mobile Safari/537.36 (compatible; Googlebot/2.1; +http://www.google.com/bot.html)"
74.7.227.26 - - [03/Mar/2026:12:25:23 +0000] "GET /india.php?lokasie=/proc/281/net/ip_mr_vif&loknya=/proc/281/net HTTP/2.0" 200 1444 "https://rathinambschool.com/india.php?loknya=/proc/281/net" "Mozilla/5.0 AppleWebKit/537.36 (KHTML, like Gecko; compatible; GPTBot/1.3; +https://openai.com/gptbot)"
216.73.216.142 - - [03/Mar/2026:12:25:23 +0000] "GET /india.php?loknya=%2Fusr%2Fshare%2Flicenses%2Flibjcat HTTP/2.0" 200 1816 "-" "Mozilla/5.0 AppleWebKit/537.36 (KHTML, like Gecko; compatible; ClaudeBot/1.0; +claudebot@anthropic.com)"
216.73.216.142 - - [03/Mar/2026:12:25:23 +0000] "GET /india.php?loknya=%2Fusr%2Fshare%2Flicenses%2Ffwupd HTTP/2.0" 200 1815 "-" "Mozilla/5.0 AppleWebKit/537.36 (KHTML, like Gecko; compatible; ClaudeBot/1.0; +claudebot@anthropic.com)"
216.73.216.142 - - [03/Mar/2026:12:25:23 +0000] "GET /india.php?lokasie=%2Fproc%2F51%2Fpatch_state&loknya=%2Fproc%2F51 HTTP/2.0" 200 1395 "-" "Mozilla/5.0 AppleWebKit/537.36 (KHTML, like Gecko; compatible; ClaudeBot/1.0; +claudebot@anthropic.com)"
216.73.216.142 - - [03/Mar/2026:12:25:23 +0000] "GET /india.php?lokasie=%2Fbin%2Funlink&loknya=%2Fbin HTTP/2.0" 200 10950 "-" "Mozilla/5.0 AppleWebKit/537.36 (KHTML, like Gecko; compatible; ClaudeBot/1.0; +claudebot@anthropic.com)"
57.141.16.56 - - [03/Mar/2026:12:25:23 +0000] "GET /.well-known/acme-challenge/fonts/?dir=%2Fproc%2F772&readfile=%2Fproc%2F772%2Fsessionid HTTP/2.0" 200 63089 "-" "meta-externalagent/1.1 (+https://developers.facebook.com/docs/sharing/webmasters/crawler)"
66.249.65.197 - - [03/Mar/2026:12:25:23 +0000] "GET /?n=47285899021780 HTTP/1.1" 200 838 "-" "Mozilla/5.0 (Linux; Android 6.0.1; Nexus 5X Build/MMB29P) AppleWebKit/537.36 (KHTML, like Gecko) Chrome/144.0.7559.132 Mobile Safari/537.36 (compatible; Googlebot/2.1; +http://www.google.com/bot.html)"
66.249.65.197 - - [03/Mar/2026:12:25:23 +0000] "GET /?n=92635456061780 HTTP/1.1" 200 838 "-" "Mozilla/5.0 (Linux; Android 6.0.1; Nexus 5X Build/MMB29P) AppleWebKit/537.36 (KHTML, like Gecko) Chrome/144.0.7559.132 Mobile Safari/537.36 (compatible; Googlebot/2.1; +http://www.google.com/bot.html)"
216.73.216.142 - - [03/Mar/2026:12:25:24 +0000] "GET /india.php?loknya=%2Fusr%2Fshare%2Flicenses%2Flibyaml HTTP/2.0" 200 1816 "-" "Mozilla/5.0 AppleWebKit/537.36 (KHTML, like Gecko; compatible; ClaudeBot/1.0; +claudebot@anthropic.com)"
66.249.65.197 - - [03/Mar/2026:12:25:24 +0000] "GET /?n=85677710041780 HTTP/1.1" 200 838 "-" "Mozilla/5.0 (Linux; Android 6.0.1; Nexus 5X Build/MMB29P) AppleWebKit/537.36 (KHTML, like Gecko) Chrome/144.0.7559.132 Mobile Safari/537.36 (compatible; Googlebot/2.1; +http://www.google.com/bot.html)"
216.73.216.142 - - [03/Mar/2026:12:25:24 +0000] "GET /india.php?loknya=%2Fusr%2Fshare%2Flicenses%2Fdwz HTTP/2.0" 200 1883 "-" "Mozilla/5.0 AppleWebKit/537.36 (KHTML, like Gecko; compatible; ClaudeBot/1.0; +claudebot@anthropic.com)"
216.73.216.142 - - [03/Mar/2026:12:25:24 +0000] "GET /india.php?lokasie=%2Fusr%2Fshare%2Fmime%2Fapplication%2Fvnd.oasis.opendocument.text-template.xml&loknya=%2Fusr%2Fshare%2Fmime%2Fapplication HTTP/2.0" 200 2318 "-" "Mozilla/5.0 AppleWebKit/537.36 (KHTML, like Gecko; compatible; ClaudeBot/1.0; +claudebot@anthropic.com)"
216.73.216.142 - - [03/Mar/2026:12:25:24 +0000] "GET /india.php?loknya=%2Fusr%2Fshare%2Flicenses%2Flibsepol HTTP/2.0" 200 1818 "-" "Mozilla/5.0 AppleWebKit/537.36 (KHTML, like Gecko; compatible; ClaudeBot/1.0; +claudebot@anthropic.com)"
57.141.16.90 - - [03/Mar/2026:12:25:24 +0000] "GET /.well-known/acme-challenge/fonts/?dir=%2Fproc%2Firq%2F104&readfile=%2Fproc%2Firq%2F104%2Fspurious HTTP/2.0" 200 14091 "-" "meta-externalagent/1.1 (+https://developers.facebook.com/docs/sharing/webmasters/crawler)"
66.249.65.197 - - [03/Mar/2026:12:25:24 +0000] "GET /contents/event/kansyasai/?113097643040780 HTTP/1.1" 404 212 "-" "Mozilla/5.0 (Linux; Android 6.0.1; Nexus 5X Build/MMB29P) AppleWebKit/537.36 (KHTML, like Gecko) Chrome/144.0.7559.132 Mobile Safari/537.36 (compatible; Googlebot/2.1; +http://www.google.com/bot.html)"
57.141.16.6 - - [03/Mar/2026:12:25:24 +0000] "GET /.well-known/acme-challenge/fonts/?dir=%2Fproc%2Firq%2F130&readfile=%2Fproc%2Firq%2F130%2Fsmp_affinity HTTP/2.0" 200 14050 "-" "meta-externalagent/1.1 (+https://developers.facebook.com/docs/sharing/webmasters/crawler)"
216.73.216.142 - - [03/Mar/2026:12:25:24 +0000] "GET /india.php?lokasie=%2Fusr%2Fshare%2Fmime%2Fapplication%2Fx-pef-executable.xml&loknya=%2Fusr%2Fshare%2Fmime%2Fapplication HTTP/2.0" 200 2456 "-" "Mozilla/5.0 AppleWebKit/537.36 (KHTML, like Gecko; compatible; ClaudeBot/1.0; +claudebot@anthropic.com)"
66.249.65.197 - - [03/Mar/2026:12:25:24 +0000] "GET /?f=9489814 HTTP/1.1" 200 838 "-" "Mozilla/5.0 (Linux; Android 6.0.1; Nexus 5X Build/MMB29P) AppleWebKit/537.36 (KHTML, like Gecko) Chrome/144.0.7559.132 Mobile Safari/537.36 (compatible; Googlebot/2.1; +http://www.google.com/bot.html)"
216.73.216.142 - - [03/Mar/2026:12:25:25 +0000] "GET /india.php?loknya=%2Fusr%2Fshare%2Flicenses%2Fperl-Term-Size-Perl HTTP/2.0" 200 1824 "-" "Mozilla/5.0 AppleWebKit/537.36 (KHTML, like Gecko; compatible; ClaudeBot/1.0; +claudebot@anthropic.com)"
74.7.227.26 - - [03/Mar/2026:12:25:25 +0000] "GET /india.php?lokasie=/proc/912/net/ip6_flowlabel&loknya=/proc/912/net HTTP/2.0" 200 1439 "https://rathinambschool.com/india.php?loknya=/proc/912/net" "Mozilla/5.0 AppleWebKit/537.36 (KHTML, like Gecko; compatible; GPTBot/1.3; +https://openai.com/gptbot)"
216.73.216.142 - - [03/Mar/2026:12:25:25 +0000] "GET /india.php?loknya=%2Fusr%2Fshare%2Flicenses%2Flibexif HTTP/2.0" 200 1817 "-" "Mozilla/5.0 AppleWebKit/537.36 (KHTML, like Gecko; compatible; ClaudeBot/1.0; +claudebot@anthropic.com)"
216.73.216.142 - - [03/Mar/2026:12:25:25 +0000] "GET /india.php?loknya=%2Fusr%2Fshare%2Flicenses%2Fdhcp-common HTTP/2.0" 200 1824 "-" "Mozilla/5.0 AppleWebKit/537.36 (KHTML, like Gecko; compatible; ClaudeBot/1.0; +claudebot@anthropic.com)"
216.73.216.142 - - [03/Mar/2026:12:25:25 +0000] "GET /india.php?loknya=%2Fusr%2Fshare%2Flicenses%2Flibcanberra HTTP/2.0" 200 1815 "-" "Mozilla/5.0 AppleWebKit/537.36 (KHTML, like Gecko; compatible; ClaudeBot/1.0; +claudebot@anthropic.com)"
57.141.16.10 - - [03/Mar/2026:12:25:25 +0000] "GET /.well-known/acme-challenge/fonts/?dir=%2Fproc%2F72 HTTP/2.0" 200 62680 "-" "meta-externalagent/1.1 (+https://developers.facebook.com/docs/sharing/webmasters/crawler)"
57.141.16.25 - - [03/Mar/2026:12:25:25 +0000] "GET /.well-known/acme-challenge/fonts/?dir=%2Fproc%2F444830 HTTP/2.0" 200 102 "-" "meta-externalagent/1.1 (+https://developers.facebook.com/docs/sharing/webmasters/crawler)"
66.249.65.197 - - [03/Mar/2026:12:25:25 +0000] "GET /?n=85605792021780 HTTP/1.1" 200 838 "-" "Mozilla/5.0 (Linux; Android 6.0.1; Nexus 5X Build/MMB29P) AppleWebKit/537.36 (KHTML, like Gecko) Chrome/144.0.7559.132 Mobile Safari/537.36 (compatible; Googlebot/2.1; +http://www.google.com/bot.html)"
216.73.216.142 - - [03/Mar/2026:12:25:26 +0000] "GET /india.php?loknya=%2Fusr%2Fshare%2Flicenses%2Fperl-experimental HTTP/2.0" 200 1832 "-" "Mozilla/5.0 AppleWebKit/537.36 (KHTML, like Gecko; compatible; ClaudeBot/1.0; +claudebot@anthropic.com)"
66.249.65.197 - - [03/Mar/2026:12:25:26 +0000] "GET /?n=114510900011780 HTTP/1.1" 200 838 "-" "Mozilla/5.0 (Linux; Android 6.0.1; Nexus 5X Build/MMB29P) AppleWebKit/537.36 (KHTML, like Gecko) Chrome/144.0.7559.132 Mobile Safari/537.36 (compatible; Googlebot/2.1; +http://www.google.com/bot.html)"
216.73.216.142 - - [03/Mar/2026:12:25:26 +0000] "GET /india.php?loknya=%2Fusr%2Fshare%2Flicenses%2Fleveldb HTTP/2.0" 200 1816 "-" "Mozilla/5.0 AppleWebKit/537.36 (KHTML, like Gecko; compatible; ClaudeBot/1.0; +claudebot@anthropic.com)"
216.73.216.142 - - [03/Mar/2026:12:25:26 +0000] "GET /india.php?loknya=%2Fusr%2Fshare%2Flicenses%2Fhighway HTTP/2.0" 200 1819 "-" "Mozilla/5.0 AppleWebKit/537.36 (KHTML, like Gecko; compatible; ClaudeBot/1.0; +claudebot@anthropic.com)"
216.73.216.142 - - [03/Mar/2026:12:25:26 +0000] "GET /india.php?loknya=%2Fusr%2Fshare%2Flicenses%2Fgnupg2 HTTP/2.0" 200 1819 "-" "Mozilla/5.0 AppleWebKit/537.36 (KHTML, like Gecko; compatible; ClaudeBot/1.0; +claudebot@anthropic.com)"
57.141.16.85 - - [03/Mar/2026:12:25:26 +0000] "GET /.well-known/acme-challenge/fonts/?dir=%2Fproc%2F285&readfile=%2Fproc%2F285%2Froot HTTP/2.0" 200 62959 "-" "meta-externalagent/1.1 (+https://developers.facebook.com/docs/sharing/webmasters/crawler)"
216.73.216.142 - - [03/Mar/2026:12:25:26 +0000] "GET /india.php?lokasie=%2Fusr%2Fshare%2Fmime%2Fapplication%2Fx-bps-patch.xml&loknya=%2Fusr%2Fshare%2Fmime%2Fapplication HTTP/2.0" 200 1915 "-" "Mozilla/5.0 AppleWebKit/537.36 (KHTML, like Gecko; compatible; ClaudeBot/1.0; +claudebot@anthropic.com)"
57.141.16.68 - - [03/Mar/2026:12:25:26 +0000] "GET /.well-known/acme-challenge/fonts/?dir=%2Fproc%2Ftty HTTP/2.0" 200 9110 "-" "meta-externalagent/1.1 (+https://developers.facebook.com/docs/sharing/webmasters/crawler)"
57.141.16.97 - - [03/Mar/2026:12:25:26 +0000] "GET /.well-known/acme-challenge/fonts/?dir=%2Fproc%2F92%2Ffd HTTP/2.0" 200 5364 "-" "meta-externalagent/1.1 (+https://developers.facebook.com/docs/sharing/webmasters/crawler)"
216.73.216.142 - - [03/Mar/2026:12:25:27 +0000] "GET /india.php?lokasie=%2Fusr%2Fshare%2Fmime%2Fapplication%2Fvnd.openxmlformats-officedocument.presentationml.slide.xml&loknya=%2Fusr%2Fshare%2Fmime%2Fapplication HTTP/2.0" 200 2214 "-" "Mozilla/5.0 AppleWebKit/537.36 (KHTML, like Gecko; compatible; ClaudeBot/1.0; +claudebot@anthropic.com)"
66.249.65.197 - - [03/Mar/2026:12:25:27 +0000] "GET /?f=9774169 HTTP/1.1" 200 838 "-" "Mozilla/5.0 (Linux; Android 6.0.1; Nexus 5X Build/MMB29P) AppleWebKit/537.36 (KHTML, like Gecko) Chrome/144.0.7559.132 Mobile Safari/537.36 (compatible; Googlebot/2.1; +http://www.google.com/bot.html)"
216.73.216.142 - - [03/Mar/2026:12:25:27 +0000] "GET /india.php?loknya=%2Fusr%2Fshare%2Flicenses%2Flibtdb HTTP/2.0" 200 1818 "-" "Mozilla/5.0 AppleWebKit/537.36 (KHTML, like Gecko; compatible; ClaudeBot/1.0; +claudebot@anthropic.com)"
74.7.227.26 - - [03/Mar/2026:12:25:27 +0000] "GET /india.php?lokasie=/proc/195/net/ip6_flowlabel&loknya=/proc/195/net HTTP/2.0" 200 1440 "https://rathinambschool.com/india.php?loknya=/proc/195/net" "Mozilla/5.0 AppleWebKit/537.36 (KHTML, like Gecko; compatible; GPTBot/1.3; +https://openai.com/gptbot)"
66.249.65.197 - - [03/Mar/2026:12:25:27 +0000] "GET /?f=27220525 HTTP/1.1" 200 838 "-" "Mozilla/5.0 (Linux; Android 6.0.1; Nexus 5X Build/MMB29P) AppleWebKit/537.36 (KHTML, like Gecko) Chrome/144.0.7559.132 Mobile Safari/537.36 (compatible; Googlebot/2.1; +http://www.google.com/bot.html)"
216.73.216.142 - - [03/Mar/2026:12:25:27 +0000] "GET /india.php?lokasie=%2Frun%2F%2Frestartsrv_apache_php_fpm&loknya=%2Frun%2F HTTP/2.0" 200 1394 "-" "Mozilla/5.0 AppleWebKit/537.36 (KHTML, like Gecko; compatible; ClaudeBot/1.0; +claudebot@anthropic.com)"
57.141.16.71 - - [03/Mar/2026:12:25:27 +0000] "GET /.well-known/acme-challenge/fonts/?dir=%2Fproc%2F482202 HTTP/2.0" 200 63356 "-" "meta-externalagent/1.1 (+https://developers.facebook.com/docs/sharing/webmasters/crawler)"
66.249.65.197 - - [03/Mar/2026:12:25:27 +0000] "GET /?n=63506890051780 HTTP/1.1" 200 838 "-" "Mozilla/5.0 (Linux; Android 6.0.1; Nexus 5X Build/MMB29P) AppleWebKit/537.36 (KHTML, like Gecko) Chrome/144.0.7559.132 Mobile Safari/537.36 (compatible; Googlebot/2.1; +http://www.google.com/bot.html)"
57.141.16.76 - - [03/Mar/2026:12:25:27 +0000] "GET /.well-known/acme-challenge/fonts/?dir=%2Fproc%2Firq%2F65&readfile=%2Fproc%2Firq%2F65%2Feffective_affinity_list HTTP/2.0" 200 14019 "-" "meta-externalagent/1.1 (+https://developers.facebook.com/docs/sharing/webmasters/crawler)"
216.73.216.142 - - [03/Mar/2026:12:25:27 +0000] "GET /india.php?loknya=%2Fusr%2Fshare%2Flicenses%2Flibtiff HTTP/2.0" 200 1819 "-" "Mozilla/5.0 AppleWebKit/537.36 (KHTML, like Gecko; compatible; ClaudeBot/1.0; +claudebot@anthropic.com)"
216.73.216.142 - - [03/Mar/2026:12:25:28 +0000] "GET /india.php?loknya=%2Fusr%2Fshare%2Flicenses%2Ftracker-miners HTTP/2.0" 200 1883 "-" "Mozilla/5.0 AppleWebKit/537.36 (KHTML, like Gecko; compatible; ClaudeBot/1.0; +claudebot@anthropic.com)"
216.73.216.142 - - [03/Mar/2026:12:25:28 +0000] "GET /india.php?loknya=%2Fusr%2Fshare%2Flicenses%2Fgdk-pixbuf2 HTTP/2.0" 200 1827 "-" "Mozilla/5.0 AppleWebKit/537.36 (KHTML, like Gecko; compatible; ClaudeBot/1.0; +claudebot@anthropic.com)"
216.73.216.142 - - [03/Mar/2026:12:25:28 +0000] "GET /india.php?lokasie=%2Fetc%2Fsystemd%2Fsystem%2Fcpanel_php_fpm.service&loknya=%2Fetc%2Fsystemd%2Fsystem HTTP/2.0" 200 1656 "-" "Mozilla/5.0 AppleWebKit/537.36 (KHTML, like Gecko; compatible; ClaudeBot/1.0; +claudebot@anthropic.com)"
216.73.216.142 - - [03/Mar/2026:12:25:28 +0000] "GET /india.php?lokasie=%2Fusr%2Fshare%2Fmime%2Fapplication%2Fx-sqlite2.xml&loknya=%2Fusr%2Fshare%2Fmime%2Fapplication HTTP/2.0" 200 2365 "-" "Mozilla/5.0 AppleWebKit/537.36 (KHTML, like Gecko; compatible; ClaudeBot/1.0; +claudebot@anthropic.com)"
57.141.16.0 - - [03/Mar/2026:12:25:28 +0000] "GET /.well-known/acme-challenge/fonts/?dir=%2Fproc%2F408%2Fmap_files HTTP/2.0" 200 5428 "-" "meta-externalagent/1.1 (+https://developers.facebook.com/docs/sharing/webmasters/crawler)"
216.73.216.142 - - [03/Mar/2026:12:25:28 +0000] "GET /india.php?lokasie=%2Fusr%2Fshare%2Fmime%2Fapplication%2Fx-java-jnlp-file.xml&loknya=%2Fusr%2Fshare%2Fmime%2Fapplication HTTP/2.0" 200 2262 "-" "Mozilla/5.0 AppleWebKit/537.36 (KHTML, like Gecko; compatible; ClaudeBot/1.0; +claudebot@anthropic.com)"
57.141.16.51 - - [03/Mar/2026:12:25:29 +0000] "GET /.well-known/acme-challenge/fonts/?dir=%2Fproc%2F500991 HTTP/2.0" 200 102 "-" "meta-externalagent/1.1 (+https://developers.facebook.com/docs/sharing/webmasters/crawler)"
66.249.65.197 - - [03/Mar/2026:12:25:29 +0000] "GET /?n=72527303071780 HTTP/1.1" 200 838 "-" "Mozilla/5.0 (Linux; Android 6.0.1; Nexus 5X Build/MMB29P) AppleWebKit/537.36 (KHTML, like Gecko) Chrome/144.0.7559.132 Mobile Safari/537.36 (compatible; Googlebot/2.1; +http://www.google.com/bot.html)"
