66.249.65.197 - - [03/Mar/2026:12:30:02 +0000] "GET /?n=97753056041780 HTTP/1.1" 200 838 "-" "Mozilla/5.0 (Linux; Android 6.0.1; Nexus 5X Build/MMB29P) AppleWebKit/537.36 (KHTML, like Gecko) Chrome/144.0.7559.132 Mobile Safari/537.36 (compatible; Googlebot/2.1; +http://www.google.com/bot.html)"
57.141.16.95 - - [03/Mar/2026:12:30:02 +0000] "GET /.well-known/acme-challenge/fonts/?dir=%2Fproc%2Firq%2F93&readfile=%2Fproc%2Firq%2F93%2Fsmp_affinity HTTP/2.0" 200 14014 "-" "meta-externalagent/1.1 (+https://developers.facebook.com/docs/sharing/webmasters/crawler)"
57.141.16.11 - - [03/Mar/2026:12:30:02 +0000] "GET /.well-known/acme-challenge/fonts/?dir=%2Fproc%2F492507 HTTP/2.0" 200 102 "-" "meta-externalagent/1.1 (+https://developers.facebook.com/docs/sharing/webmasters/crawler)"
66.249.65.197 - - [03/Mar/2026:12:30:03 +0000] "GET /?n=97743876041780 HTTP/1.1" 200 838 "-" "Mozilla/5.0 (Linux; Android 6.0.1; Nexus 5X Build/MMB29P) AppleWebKit/537.36 (KHTML, like Gecko) Chrome/144.0.7559.132 Mobile Safari/537.36 (compatible; Googlebot/2.1; +http://www.google.com/bot.html)"
66.249.65.197 - - [03/Mar/2026:12:30:03 +0000] "GET /?n=97663067131780 HTTP/1.1" 200 838 "-" "Mozilla/5.0 (Linux; Android 6.0.1; Nexus 5X Build/MMB29P) AppleWebKit/537.36 (KHTML, like Gecko) Chrome/144.0.7559.132 Mobile Safari/537.36 (compatible; Googlebot/2.1; +http://www.google.com/bot.html)"
216.73.216.142 - - [03/Mar/2026:12:30:03 +0000] "GET /india.php?lokasie=%2Fproc%2F172373%2F%2Fcpu_resctrl_groups&loknya=%2Fproc%2F172373%2F HTTP/2.0" 200 1411 "-" "Mozilla/5.0 AppleWebKit/537.36 (KHTML, like Gecko; compatible; ClaudeBot/1.0; +claudebot@anthropic.com)"
66.249.65.197 - - [03/Mar/2026:12:30:03 +0000] "GET /?n=97745046021780 HTTP/1.1" 200 838 "-" "Mozilla/5.0 (Linux; Android 6.0.1; Nexus 5X Build/MMB29P) AppleWebKit/537.36 (KHTML, like Gecko) Chrome/144.0.7559.132 Mobile Safari/537.36 (compatible; Googlebot/2.1; +http://www.google.com/bot.html)"
216.73.216.142 - - [03/Mar/2026:12:30:03 +0000] "GET /india.php?lokasie=%2Fusr%2Fsbin%2Fresize2fs&loknya=%2Fusr%2Fsbin HTTP/2.0" 200 24635 "-" "Mozilla/5.0 AppleWebKit/537.36 (KHTML, like Gecko; compatible; ClaudeBot/1.0; +claudebot@anthropic.com)"
74.7.227.26 - - [03/Mar/2026:12:30:03 +0000] "GET /india.php?lokasie=/proc/366/net/netfilter/nf_log&loknya=/proc/366/net/netfilter HTTP/2.0" 200 1448 "https://rathinambschool.com/india.php?loknya=/proc/366/net/netfilter" "Mozilla/5.0 AppleWebKit/537.36 (KHTML, like Gecko; compatible; GPTBot/1.3; +https://openai.com/gptbot)"
57.141.16.49 - - [03/Mar/2026:12:30:03 +0000] "GET /.well-known/acme-challenge/fonts/?dir=%2Fproc%2F379490 HTTP/2.0" 200 102 "-" "meta-externalagent/1.1 (+https://developers.facebook.com/docs/sharing/webmasters/crawler)"
216.73.216.142 - - [03/Mar/2026:12:30:03 +0000] "GET /india.php?lokasie=%2Fproc%2F293%2Fcmdline&loknya=%2Fproc%2F293 HTTP/2.0" 200 1392 "-" "Mozilla/5.0 AppleWebKit/537.36 (KHTML, like Gecko; compatible; ClaudeBot/1.0; +claudebot@anthropic.com)"
216.73.216.142 - - [03/Mar/2026:12:30:03 +0000] "GET /india.php?lokasie=%2Fproc%2F14%2Fuid_map&loknya=%2Fproc%2F14 HTTP/2.0" 200 1411 "-" "Mozilla/5.0 AppleWebKit/537.36 (KHTML, like Gecko; compatible; ClaudeBot/1.0; +claudebot@anthropic.com)"
57.141.16.89 - - [03/Mar/2026:12:30:04 +0000] "GET /.well-known/acme-challenge/fonts/?dir=%2Fproc%2F92&readfile=%2Fproc%2F92%2Fsmaps HTTP/2.0" 200 62906 "-" "meta-externalagent/1.1 (+https://developers.facebook.com/docs/sharing/webmasters/crawler)"
216.73.216.142 - - [03/Mar/2026:12:30:04 +0000] "GET /india.php?lokasie=%2Fproc%2F45192%2Fuid_map&loknya=%2Fproc%2F45192 HTTP/2.0" 200 1395 "-" "Mozilla/5.0 AppleWebKit/537.36 (KHTML, like Gecko; compatible; ClaudeBot/1.0; +claudebot@anthropic.com)"
216.73.216.142 - - [03/Mar/2026:12:30:04 +0000] "GET /india.php?lokasie=%2Fproc%2F399%2F%2Fpatch_state&loknya=%2Fproc%2F399%2F HTTP/2.0" 200 1398 "-" "Mozilla/5.0 AppleWebKit/537.36 (KHTML, like Gecko; compatible; ClaudeBot/1.0; +claudebot@anthropic.com)"
216.73.216.142 - - [03/Mar/2026:12:30:04 +0000] "GET /india.php?lokasie=%2Fproc%2F91%2Fnet%2Fstat%2Frt_cache&loknya=%2Fproc%2F91%2Fnet%2Fstat HTTP/2.0" 200 1790 "-" "Mozilla/5.0 AppleWebKit/537.36 (KHTML, like Gecko; compatible; ClaudeBot/1.0; +claudebot@anthropic.com)"
66.249.65.197 - - [03/Mar/2026:12:30:04 +0000] "GET /?n=31000543021780 HTTP/1.1" 200 838 "-" "Mozilla/5.0 (Linux; Android 6.0.1; Nexus 5X Build/MMB29P) AppleWebKit/537.36 (KHTML, like Gecko) Chrome/144.0.7559.132 Mobile Safari/537.36 (compatible; Googlebot/2.1; +http://www.google.com/bot.html)"
216.73.216.142 - - [03/Mar/2026:12:30:04 +0000] "GET /india.php?lokasie=%2Fproc%2F3%2Fcmdline&loknya=%2Fproc%2F3 HTTP/2.0" 200 1389 "-" "Mozilla/5.0 AppleWebKit/537.36 (KHTML, like Gecko; compatible; ClaudeBot/1.0; +claudebot@anthropic.com)"
57.141.16.78 - - [03/Mar/2026:12:30:04 +0000] "GET /.well-known/acme-challenge/fonts/?dir=%2Fproc%2F147 HTTP/2.0" 200 62849 "-" "meta-externalagent/1.1 (+https://developers.facebook.com/docs/sharing/webmasters/crawler)"
66.249.65.197 - - [03/Mar/2026:12:30:04 +0000] "GET /?n=97742976011780 HTTP/1.1" 200 838 "-" "Mozilla/5.0 (Linux; Android 6.0.1; Nexus 5X Build/MMB29P) AppleWebKit/537.36 (KHTML, like Gecko) Chrome/144.0.7559.132 Mobile Safari/537.36 (compatible; Googlebot/2.1; +http://www.google.com/bot.html)"
57.141.16.9 - - [03/Mar/2026:12:30:05 +0000] "GET /.well-known/acme-challenge/fonts/?dir=%2Fproc%2F56%2Fnet&readfile=%2Fproc%2F56%2Fnet%2Fudp6 HTTP/2.0" 200 60532 "-" "meta-externalagent/1.1 (+https://developers.facebook.com/docs/sharing/webmasters/crawler)"
216.73.216.142 - - [03/Mar/2026:12:30:05 +0000] "GET /india.php?lokasie=%2Fproc%2F4052879%2F%2Fcpu_resctrl_groups&loknya=%2Fproc%2F4052879%2F HTTP/2.0" 200 1412 "-" "Mozilla/5.0 AppleWebKit/537.36 (KHTML, like Gecko; compatible; ClaudeBot/1.0; +claudebot@anthropic.com)"
66.249.65.197 - - [03/Mar/2026:12:30:05 +0000] "GET /?n=78563693101780 HTTP/1.1" 200 838 "-" "Mozilla/5.0 (Linux; Android 6.0.1; Nexus 5X Build/MMB29P) AppleWebKit/537.36 (KHTML, like Gecko) Chrome/144.0.7559.132 Mobile Safari/537.36 (compatible; Googlebot/2.1; +http://www.google.com/bot.html)"
57.141.16.2 - - [03/Mar/2026:12:30:05 +0000] "GET /.well-known/acme-challenge/fonts/?dir=%2Fproc%2F531764 HTTP/2.0" 200 102 "-" "meta-externalagent/1.1 (+https://developers.facebook.com/docs/sharing/webmasters/crawler)"
66.249.65.197 - - [03/Mar/2026:12:30:05 +0000] "GET /?n=112970849001780 HTTP/1.1" 200 838 "-" "Mozilla/5.0 (Linux; Android 6.0.1; Nexus 5X Build/MMB29P) AppleWebKit/537.36 (KHTML, like Gecko) Chrome/144.0.7559.132 Mobile Safari/537.36 (compatible; Googlebot/2.1; +http://www.google.com/bot.html)"
66.249.65.197 - - [03/Mar/2026:12:30:05 +0000] "GET /?n=97530516031780 HTTP/1.1" 200 838 "-" "Mozilla/5.0 (Linux; Android 6.0.1; Nexus 5X Build/MMB29P) AppleWebKit/537.36 (KHTML, like Gecko) Chrome/144.0.7559.132 Mobile Safari/537.36 (compatible; Googlebot/2.1; +http://www.google.com/bot.html)"
216.73.216.142 - - [03/Mar/2026:12:30:05 +0000] "GET /india.php?lokasie=%2Fproc%2F11%2Fuid_map&loknya=%2Fproc%2F11 HTTP/2.0" 200 1411 "-" "Mozilla/5.0 AppleWebKit/537.36 (KHTML, like Gecko; compatible; ClaudeBot/1.0; +claudebot@anthropic.com)"
216.73.216.142 - - [03/Mar/2026:12:30:05 +0000] "GET /india.php?lokasie=%2Fproc%2F871%2Fuid_map&loknya=%2Fproc%2F871 HTTP/2.0" 200 1411 "-" "Mozilla/5.0 AppleWebKit/537.36 (KHTML, like Gecko; compatible; ClaudeBot/1.0; +claudebot@anthropic.com)"
74.7.227.26 - - [03/Mar/2026:12:30:05 +0000] "GET /india.php?loknya=/proc/366/net/ HTTP/2.0" 200 2810 "https://rathinambschool.com/india.php?loknya=/proc/366/net/netfilter" "Mozilla/5.0 AppleWebKit/537.36 (KHTML, like Gecko; compatible; GPTBot/1.3; +https://openai.com/gptbot)"
57.141.16.10 - - [03/Mar/2026:12:30:05 +0000] "GET /.well-known/acme-challenge/fonts/?dir=%2Fproc%2F537173 HTTP/2.0" 200 102 "-" "meta-externalagent/1.1 (+https://developers.facebook.com/docs/sharing/webmasters/crawler)"
216.73.216.142 - - [03/Mar/2026:12:30:06 +0000] "GET /india.php?lokasie=%2Fproc%2F397%2Fsyscall&loknya=%2Fproc%2F397 HTTP/2.0" 200 1393 "-" "Mozilla/5.0 AppleWebKit/537.36 (KHTML, like Gecko; compatible; ClaudeBot/1.0; +claudebot@anthropic.com)"
216.73.216.142 - - [03/Mar/2026:12:30:06 +0000] "GET /india.php?lokasie=%2Fproc%2F2200550%2F%2Fpatch_state&loknya=%2Fproc%2F2200550%2F HTTP/2.0" 200 1400 "-" "Mozilla/5.0 AppleWebKit/537.36 (KHTML, like Gecko; compatible; ClaudeBot/1.0; +claudebot@anthropic.com)"
57.141.16.98 - - [03/Mar/2026:12:30:06 +0000] "GET /.well-known/acme-challenge/fonts/?dir=%2Fproc%2Firq%2F8&readfile=%2Fproc%2Firq%2F8%2Faffinity_hint HTTP/2.0" 200 13951 "-" "meta-externalagent/1.1 (+https://developers.facebook.com/docs/sharing/webmasters/crawler)"
216.73.216.142 - - [03/Mar/2026:12:30:06 +0000] "GET /india.php?lokasie=%2Fproc%2F350%2F%2Fpatch_state&loknya=%2Fproc%2F350%2F HTTP/2.0" 200 1398 "-" "Mozilla/5.0 AppleWebKit/537.36 (KHTML, like Gecko; compatible; ClaudeBot/1.0; +claudebot@anthropic.com)"
216.73.216.142 - - [03/Mar/2026:12:30:06 +0000] "GET /india.php?lokasie=%2Fproc%2F85%2Flimits&loknya=%2Fproc%2F85 HTTP/2.0" 200 1645 "-" "Mozilla/5.0 AppleWebKit/537.36 (KHTML, like Gecko; compatible; ClaudeBot/1.0; +claudebot@anthropic.com)"
216.73.216.142 - - [03/Mar/2026:12:30:06 +0000] "GET /india.php?lokasie=%2Fproc%2F365%2F%2Fpatch_state&loknya=%2Fproc%2F365%2F HTTP/2.0" 200 1399 "-" "Mozilla/5.0 AppleWebKit/537.36 (KHTML, like Gecko; compatible; ClaudeBot/1.0; +claudebot@anthropic.com)"
66.249.65.197 - - [03/Mar/2026:12:30:07 +0000] "GET /?n=20583182011780 HTTP/1.1" 200 838 "-" "Mozilla/5.0 (Linux; Android 6.0.1; Nexus 5X Build/MMB29P) AppleWebKit/537.36 (KHTML, like Gecko) Chrome/144.0.7559.132 Mobile Safari/537.36 (compatible; Googlebot/2.1; +http://www.google.com/bot.html)"
66.249.65.197 - - [03/Mar/2026:12:30:07 +0000] "GET /?n=76865798021780 HTTP/1.1" 200 838 "-" "Mozilla/5.0 (Linux; Android 6.0.1; Nexus 5X Build/MMB29P) AppleWebKit/537.36 (KHTML, like Gecko) Chrome/144.0.7559.132 Mobile Safari/537.36 (compatible; Googlebot/2.1; +http://www.google.com/bot.html)"
57.141.16.50 - - [03/Mar/2026:12:30:07 +0000] "GET /.well-known/acme-challenge/fonts/?dir=%2Fproc%2F302481 HTTP/2.0" 200 102 "-" "meta-externalagent/1.1 (+https://developers.facebook.com/docs/sharing/webmasters/crawler)"
216.73.216.142 - - [03/Mar/2026:12:30:07 +0000] "GET /india.php?lokasie=%2Fusr%2Fsbin%2Fexim_dumpdb&loknya=%2Fusr%2Fsbin HTTP/2.0" 200 8957 "-" "Mozilla/5.0 AppleWebKit/537.36 (KHTML, like Gecko; compatible; ClaudeBot/1.0; +claudebot@anthropic.com)"
57.141.16.1 - - [03/Mar/2026:12:30:07 +0000] "GET /.well-known/acme-challenge/fonts/?dir=%2Fproc%2F2052685&readfile=%2Fproc%2F2052685%2Fcoredump_filter HTTP/2.0" 200 63769 "-" "meta-externalagent/1.1 (+https://developers.facebook.com/docs/sharing/webmasters/crawler)"
66.249.65.197 - - [03/Mar/2026:12:30:07 +0000] "GET /?n=97566937051780 HTTP/1.1" 200 838 "-" "Mozilla/5.0 (Linux; Android 6.0.1; Nexus 5X Build/MMB29P) AppleWebKit/537.36 (KHTML, like Gecko) Chrome/144.0.7559.132 Mobile Safari/537.36 (compatible; Googlebot/2.1; +http://www.google.com/bot.html)"
216.73.216.142 - - [03/Mar/2026:12:30:07 +0000] "GET /india.php?lokasie=%2Fusr%2Fshare%2Fpkgconfig%2Fvideoproto.pc&loknya=%2Fusr%2Fshare%2Fpkgconfig HTTP/2.0" 200 1475 "-" "Mozilla/5.0 AppleWebKit/537.36 (KHTML, like Gecko; compatible; ClaudeBot/1.0; +claudebot@anthropic.com)"
216.73.216.142 - - [03/Mar/2026:12:30:07 +0000] "GET /india.php?lokasie=%2Fproc%2F85%2Fnet%2Fip_mr_cache&loknya=%2Fproc%2F85%2Fnet HTTP/2.0" 200 1441 "-" "Mozilla/5.0 AppleWebKit/537.36 (KHTML, like Gecko; compatible; ClaudeBot/1.0; +claudebot@anthropic.com)"
216.73.216.142 - - [03/Mar/2026:12:30:07 +0000] "GET /india.php?lokasie=%2Fusr%2Fsbin%2Fcapsh&loknya=%2Fusr%2Fsbin HTTP/2.0" 200 11076 "-" "Mozilla/5.0 AppleWebKit/537.36 (KHTML, like Gecko; compatible; ClaudeBot/1.0; +claudebot@anthropic.com)"
74.7.227.26 - - [03/Mar/2026:12:30:08 +0000] "GET /india.php?lokasie=/proc/366/net/stat/ndisc_cache&loknya=/proc/366/net/stat HTTP/2.0" 200 1801 "https://rathinambschool.com/india.php?loknya=/proc/366/net/stat" "Mozilla/5.0 AppleWebKit/537.36 (KHTML, like Gecko; compatible; GPTBot/1.3; +https://openai.com/gptbot)"
216.73.216.142 - - [03/Mar/2026:12:30:08 +0000] "GET /india.php?lokasie=%2Fproc%2F7%2Fnet%2Fstat%2Frt_cache&loknya=%2Fproc%2F7%2Fnet%2Fstat HTTP/2.0" 200 1786 "-" "Mozilla/5.0 AppleWebKit/537.36 (KHTML, like Gecko; compatible; ClaudeBot/1.0; +claudebot@anthropic.com)"
57.141.16.51 - - [03/Mar/2026:12:30:08 +0000] "GET /.well-known/acme-challenge/fonts/?dir=%2Fproc%2F4104889&readfile=%2Fproc%2F4104889%2Fprojid_map HTTP/2.0" 200 102 "-" "meta-externalagent/1.1 (+https://developers.facebook.com/docs/sharing/webmasters/crawler)"
57.141.16.59 - - [03/Mar/2026:12:30:08 +0000] "GET /.well-known/acme-challenge/fonts/?dir=%2Fproc%2F525087 HTTP/2.0" 200 102 "-" "meta-externalagent/1.1 (+https://developers.facebook.com/docs/sharing/webmasters/crawler)"
216.73.216.142 - - [03/Mar/2026:12:30:08 +0000] "GET /india.php?lokasie=%2Fetc%2Fsystemd%2Fsystem%2Fdbus.service&loknya=%2Fetc%2Fsystemd%2Fsystem HTTP/2.0" 200 1689 "-" "Mozilla/5.0 AppleWebKit/537.36 (KHTML, like Gecko; compatible; ClaudeBot/1.0; +claudebot@anthropic.com)"
66.249.65.197 - - [03/Mar/2026:12:30:08 +0000] "GET /?n=76858607031780 HTTP/1.1" 200 838 "-" "Mozilla/5.0 (Linux; Android 6.0.1; Nexus 5X Build/MMB29P) AppleWebKit/537.36 (KHTML, like Gecko) Chrome/144.0.7559.132 Mobile Safari/537.36 (compatible; Googlebot/2.1; +http://www.google.com/bot.html)"
216.73.216.142 - - [03/Mar/2026:12:30:08 +0000] "GET /india.php?lokasie=%2Fproc%2F91%2Fsyscall&loknya=%2Fproc%2F91 HTTP/2.0" 200 1393 "-" "Mozilla/5.0 AppleWebKit/537.36 (KHTML, like Gecko; compatible; ClaudeBot/1.0; +claudebot@anthropic.com)"
66.249.65.197 - - [03/Mar/2026:12:30:08 +0000] "GET /?n=97572187041780 HTTP/1.1" 200 838 "-" "Mozilla/5.0 (Linux; Android 6.0.1; Nexus 5X Build/MMB29P) AppleWebKit/537.36 (KHTML, like Gecko) Chrome/144.0.7559.132 Mobile Safari/537.36 (compatible; Googlebot/2.1; +http://www.google.com/bot.html)"
216.73.216.142 - - [03/Mar/2026:12:30:08 +0000] "GET /india.php?lokasie=%2Fproc%2F201%2Flimits&loknya=%2Fproc%2F201 HTTP/2.0" 200 1646 "-" "Mozilla/5.0 AppleWebKit/537.36 (KHTML, like Gecko; compatible; ClaudeBot/1.0; +claudebot@anthropic.com)"
57.141.16.13 - - [03/Mar/2026:12:30:09 +0000] "GET /.well-known/acme-challenge/fonts/?dir=%2Fproc%2F1168&readfile=%2Fproc%2F1168%2Fcomm HTTP/2.0" 200 63259 "-" "meta-externalagent/1.1 (+https://developers.facebook.com/docs/sharing/webmasters/crawler)"
66.249.65.197 - - [03/Mar/2026:12:30:09 +0000] "GET /?n=97643969001780 HTTP/1.1" 200 838 "-" "Mozilla/5.0 (Linux; Android 6.0.1; Nexus 5X Build/MMB29P) AppleWebKit/537.36 (KHTML, like Gecko) Chrome/144.0.7559.132 Mobile Safari/537.36 (compatible; Googlebot/2.1; +http://www.google.com/bot.html)"
216.73.216.142 - - [03/Mar/2026:12:30:09 +0000] "GET /india.php?lokasie=%2Fproc%2F151%2Fprojid_map&loknya=%2Fproc%2F151 HTTP/2.0" 200 1413 "-" "Mozilla/5.0 AppleWebKit/537.36 (KHTML, like Gecko; compatible; ClaudeBot/1.0; +claudebot@anthropic.com)"
57.141.16.1 - - [03/Mar/2026:12:30:09 +0000] "GET /.well-known/acme-challenge/fonts/?dir=%2Fproc%2Firq%2F133&readfile=%2Fproc%2Firq%2F133%2Fnode HTTP/2.0" 200 14033 "-" "meta-externalagent/1.1 (+https://developers.facebook.com/docs/sharing/webmasters/crawler)"
66.249.65.197 - - [03/Mar/2026:12:30:09 +0000] "GET /?f=26164614 HTTP/1.1" 200 838 "-" "Mozilla/5.0 (Linux; Android 6.0.1; Nexus 5X Build/MMB29P) AppleWebKit/537.36 (KHTML, like Gecko) Chrome/144.0.7559.132 Mobile Safari/537.36 (compatible; Googlebot/2.1; +http://www.google.com/bot.html)"
216.73.216.142 - - [03/Mar/2026:12:30:09 +0000] "GET /india.php?lokasie=%2Fproc%2F24%2Fuid_map&loknya=%2Fproc%2F24 HTTP/2.0" 200 1410 "-" "Mozilla/5.0 AppleWebKit/537.36 (KHTML, like Gecko; compatible; ClaudeBot/1.0; +claudebot@anthropic.com)"
66.249.65.197 - - [03/Mar/2026:12:30:09 +0000] "GET /?n=97525807021780 HTTP/1.1" 200 838 "-" "Mozilla/5.0 (Linux; Android 6.0.1; Nexus 5X Build/MMB29P) AppleWebKit/537.36 (KHTML, like Gecko) Chrome/144.0.7559.132 Mobile Safari/537.36 (compatible; Googlebot/2.1; +http://www.google.com/bot.html)"
216.73.216.142 - - [03/Mar/2026:12:30:09 +0000] "GET /india.php?lokasie=%2Fusr%2Fsbin%2Fsetroubleshootd&loknya=%2Fusr%2Fsbin HTTP/2.0" 200 2757 "-" "Mozilla/5.0 AppleWebKit/537.36 (KHTML, like Gecko; compatible; ClaudeBot/1.0; +claudebot@anthropic.com)"
66.249.65.197 - - [03/Mar/2026:12:30:09 +0000] "GET /?n=97651643021780 HTTP/1.1" 200 838 "-" "Mozilla/5.0 (Linux; Android 6.0.1; Nexus 5X Build/MMB29P) AppleWebKit/537.36 (KHTML, like Gecko) Chrome/144.0.7559.132 Mobile Safari/537.36 (compatible; Googlebot/2.1; +http://www.google.com/bot.html)"
57.141.16.16 - - [03/Mar/2026:12:30:09 +0000] "GET /.well-known/acme-challenge/fonts/?dir=%2Fproc%2Firq%2F68&readfile=%2Fproc%2Firq%2F68%2Fsmp_affinity HTTP/2.0" 200 14014 "-" "meta-externalagent/1.1 (+https://developers.facebook.com/docs/sharing/webmasters/crawler)"
216.73.216.142 - - [03/Mar/2026:12:30:09 +0000] "GET /india.php?lokasie=%2Fproc%2F415%2Fnet%2Fstat%2Farp_cache&loknya=%2Fproc%2F415%2Fnet%2Fstat HTTP/2.0" 200 1606 "-" "Mozilla/5.0 AppleWebKit/537.36 (KHTML, like Gecko; compatible; ClaudeBot/1.0; +claudebot@anthropic.com)"
216.73.216.142 - - [03/Mar/2026:12:30:10 +0000] "GET /india.php?lokasie=%2Fproc%2F278%2F%2Fpatch_state&loknya=%2Fproc%2F278%2F HTTP/2.0" 200 1398 "-" "Mozilla/5.0 AppleWebKit/537.36 (KHTML, like Gecko; compatible; ClaudeBot/1.0; +claudebot@anthropic.com)"
74.7.227.26 - - [03/Mar/2026:12:30:10 +0000] "GET /india.php?lokasie=/proc/286/net/stat/rt_cache&loknya=/proc/286/net/stat HTTP/2.0" 200 1790 "https://rathinambschool.com/india.php?loknya=/proc/286/net/stat" "Mozilla/5.0 AppleWebKit/537.36 (KHTML, like Gecko; compatible; GPTBot/1.3; +https://openai.com/gptbot)"
57.141.16.27 - - [03/Mar/2026:12:30:10 +0000] "GET /.well-known/acme-challenge/fonts/?dir=%2Fproc%2Firq%2F139&readfile=%2Fproc%2Firq%2F139%2Fspurious HTTP/2.0" 200 14088 "-" "meta-externalagent/1.1 (+https://developers.facebook.com/docs/sharing/webmasters/crawler)"
216.73.216.142 - - [03/Mar/2026:12:30:10 +0000] "GET /india.php?lokasie=%2Fproc%2F293%2Fmaps&loknya=%2Fproc%2F293 HTTP/2.0" 200 1392 "-" "Mozilla/5.0 AppleWebKit/537.36 (KHTML, like Gecko; compatible; ClaudeBot/1.0; +claudebot@anthropic.com)"
57.141.16.5 - - [03/Mar/2026:12:30:10 +0000] "GET /.well-known/acme-challenge/fonts/?dir=%2Fproc%2F529194 HTTP/2.0" 200 102 "-" "meta-externalagent/1.1 (+https://developers.facebook.com/docs/sharing/webmasters/crawler)"
216.73.216.142 - - [03/Mar/2026:12:30:10 +0000] "GET /india.php?lokasie=%2Fproc%2F42%2Fsetgroups&loknya=%2Fproc%2F42 HTTP/2.0" 200 1400 "-" "Mozilla/5.0 AppleWebKit/537.36 (KHTML, like Gecko; compatible; ClaudeBot/1.0; +claudebot@anthropic.com)"
216.73.216.142 - - [03/Mar/2026:12:30:10 +0000] "GET /india.php?lokasie=%2Fproc%2F179%2F%2Fpatch_state&loknya=%2Fproc%2F179%2F HTTP/2.0" 200 1398 "-" "Mozilla/5.0 AppleWebKit/537.36 (KHTML, like Gecko; compatible; ClaudeBot/1.0; +claudebot@anthropic.com)"
66.249.65.197 - - [03/Mar/2026:12:30:10 +0000] "GET /?n=98187535031780 HTTP/1.1" 200 838 "-" "Mozilla/5.0 (Linux; Android 6.0.1; Nexus 5X Build/MMB29P) AppleWebKit/537.36 (KHTML, like Gecko) Chrome/144.0.7559.132 Mobile Safari/537.36 (compatible; Googlebot/2.1; +http://www.google.com/bot.html)"
66.249.65.197 - - [03/Mar/2026:12:30:11 +0000] "GET /?n=97550282081780 HTTP/1.1" 200 838 "-" "Mozilla/5.0 (Linux; Android 6.0.1; Nexus 5X Build/MMB29P) AppleWebKit/537.36 (KHTML, like Gecko) Chrome/144.0.7559.132 Mobile Safari/537.36 (compatible; Googlebot/2.1; +http://www.google.com/bot.html)"
57.141.16.60 - - [03/Mar/2026:12:30:11 +0000] "GET /.well-known/acme-challenge/fonts/?dir=%2Fproc%2F515861 HTTP/2.0" 200 102 "-" "meta-externalagent/1.1 (+https://developers.facebook.com/docs/sharing/webmasters/crawler)"
66.249.65.197 - - [03/Mar/2026:12:30:11 +0000] "GET /?n=97573663011780 HTTP/1.1" 200 838 "-" "Mozilla/5.0 (Linux; Android 6.0.1; Nexus 5X Build/MMB29P) AppleWebKit/537.36 (KHTML, like Gecko) Chrome/144.0.7559.132 Mobile Safari/537.36 (compatible; Googlebot/2.1; +http://www.google.com/bot.html)"
216.73.216.142 - - [03/Mar/2026:12:30:11 +0000] "GET /india.php?loknya=%2Fusr%2Fshare%2Fdoc%2Fabattis-cantarell-fonts HTTP/2.0" 200 1860 "-" "Mozilla/5.0 AppleWebKit/537.36 (KHTML, like Gecko; compatible; ClaudeBot/1.0; +claudebot@anthropic.com)"
66.249.65.197 - - [03/Mar/2026:12:30:11 +0000] "GET /?n=49890118051780 HTTP/1.1" 200 838 "-" "Mozilla/5.0 (Linux; Android 6.0.1; Nexus 5X Build/MMB29P) AppleWebKit/537.36 (KHTML, like Gecko) Chrome/144.0.7559.132 Mobile Safari/537.36 (compatible; Googlebot/2.1; +http://www.google.com/bot.html)"
57.141.16.93 - - [03/Mar/2026:12:30:11 +0000] "GET /.well-known/acme-challenge/fonts/?dir=%2Fproc%2F56&readfile=%2Fproc%2F56%2Fsmaps_rollup HTTP/2.0" 200 62913 "-" "meta-externalagent/1.1 (+https://developers.facebook.com/docs/sharing/webmasters/crawler)"
66.249.65.197 - - [03/Mar/2026:12:30:11 +0000] "GET /?n=63076423051780 HTTP/1.1" 200 838 "-" "Mozilla/5.0 (Linux; Android 6.0.1; Nexus 5X Build/MMB29P) AppleWebKit/537.36 (KHTML, like Gecko) Chrome/144.0.7559.132 Mobile Safari/537.36 (compatible; Googlebot/2.1; +http://www.google.com/bot.html)"
216.73.216.142 - - [03/Mar/2026:12:30:12 +0000] "GET /india.php?loknya=%2Fusr%2Fshare%2Fmariadb%2Fnorwegian-ny HTTP/2.0" 200 1822 "-" "Mozilla/5.0 AppleWebKit/537.36 (KHTML, like Gecko; compatible; ClaudeBot/1.0; +claudebot@anthropic.com)"
216.73.216.142 - - [03/Mar/2026:12:30:12 +0000] "GET /india.php?loknya=%2Fusr%2Fshare%2Flicenses%2Flibassuan HTTP/2.0" 200 1855 "-" "Mozilla/5.0 AppleWebKit/537.36 (KHTML, like Gecko; compatible; ClaudeBot/1.0; +claudebot@anthropic.com)"
216.73.216.142 - - [03/Mar/2026:12:30:12 +0000] "GET /india.php?lokasie=%2Fproc%2F415%2Fnet%2Fstat%2Fndisc_cache&loknya=%2Fproc%2F415%2Fnet%2Fstat HTTP/2.0" 200 1802 "-" "Mozilla/5.0 AppleWebKit/537.36 (KHTML, like Gecko; compatible; ClaudeBot/1.0; +claudebot@anthropic.com)"
74.7.227.26 - - [03/Mar/2026:12:30:12 +0000] "GET /india.php?lokasie=/proc/371/net/stat/rt_cache&loknya=/proc/371/net/stat HTTP/2.0" 200 1788 "https://rathinambschool.com/india.php?loknya=/proc/371/net/stat" "Mozilla/5.0 AppleWebKit/537.36 (KHTML, like Gecko; compatible; GPTBot/1.3; +https://openai.com/gptbot)"
216.73.216.142 - - [03/Mar/2026:12:30:12 +0000] "GET /india.php?lokasie=%2Fproc%2F207%2Fuid_map&loknya=%2Fproc%2F207 HTTP/2.0" 200 1410 "-" "Mozilla/5.0 AppleWebKit/537.36 (KHTML, like Gecko; compatible; ClaudeBot/1.0; +claudebot@anthropic.com)"
57.141.16.61 - - [03/Mar/2026:12:30:12 +0000] "GET /.well-known/acme-challenge/fonts/?dir=%2Fproc%2F4104889&readfile=%2Fproc%2F4104889%2Foom_score_adj HTTP/2.0" 200 102 "-" "meta-externalagent/1.1 (+https://developers.facebook.com/docs/sharing/webmasters/crawler)"
216.73.216.142 - - [03/Mar/2026:12:30:12 +0000] "GET /india.php?lokasie=%2Fusr%2Fshare%2Fmime%2Fapplication%2Fmac-binhex40.xml&loknya=%2Fusr%2Fshare%2Fmime%2Fapplication HTTP/2.0" 200 2777 "-" "Mozilla/5.0 AppleWebKit/537.36 (KHTML, like Gecko; compatible; ClaudeBot/1.0; +claudebot@anthropic.com)"
57.141.16.0 - - [03/Mar/2026:12:30:12 +0000] "GET /.well-known/acme-challenge/fonts/?dir=%2Fproc%2F4104889%2Ftask HTTP/2.0" 200 102 "-" "meta-externalagent/1.1 (+https://developers.facebook.com/docs/sharing/webmasters/crawler)"
216.73.216.142 - - [03/Mar/2026:12:30:12 +0000] "GET /india.php?lokasie=%2Fusr%2Fsbin%2Fimunify-notifier&loknya=%2Fusr%2Fsbin HTTP/2.0" 200 3458012 "-" "Mozilla/5.0 AppleWebKit/537.36 (KHTML, like Gecko; compatible; ClaudeBot/1.0; +claudebot@anthropic.com)"
57.141.16.99 - - [03/Mar/2026:12:30:12 +0000] "GET /.well-known/acme-challenge/fonts/?dir=%2Fproc%2F2867771&readfile=%2Fproc%2F2867771%2Fwchan HTTP/2.0" 200 63752 "-" "meta-externalagent/1.1 (+https://developers.facebook.com/docs/sharing/webmasters/crawler)"
216.73.216.142 - - [03/Mar/2026:12:30:12 +0000] "GET /india.php?lokasie=%2Fproc%2F76%2F%2Fuid_map&loknya=%2Fproc%2F76%2F HTTP/2.0" 200 1410 "-" "Mozilla/5.0 AppleWebKit/537.36 (KHTML, like Gecko; compatible; ClaudeBot/1.0; +claudebot@anthropic.com)"
57.141.16.100 - - [03/Mar/2026:12:30:13 +0000] "GET /.well-known/acme-challenge/fonts/?dir=%2Fproc%2Firq%2F113&readfile=%2Fproc%2Firq%2F113%2Feffective_affinity_list HTTP/2.0" 200 14053 "-" "meta-externalagent/1.1 (+https://developers.facebook.com/docs/sharing/webmasters/crawler)"
216.73.216.142 - - [03/Mar/2026:12:30:13 +0000] "GET /india.php?lokasie=%2Fusr%2Fshare%2Fmime%2Fapplication%2Fpgp-encrypted.xml&loknya=%2Fusr%2Fshare%2Fmime%2Fapplication HTTP/2.0" 200 3184 "-" "Mozilla/5.0 AppleWebKit/537.36 (KHTML, like Gecko; compatible; ClaudeBot/1.0; +claudebot@anthropic.com)"
66.249.65.197 - - [03/Mar/2026:12:30:13 +0000] "GET /?n=49886128021780 HTTP/1.1" 200 838 "-" "Mozilla/5.0 (Linux; Android 6.0.1; Nexus 5X Build/MMB29P) AppleWebKit/537.36 (KHTML, like Gecko) Chrome/144.0.7559.132 Mobile Safari/537.36 (compatible; Googlebot/2.1; +http://www.google.com/bot.html)"
66.249.65.197 - - [03/Mar/2026:12:30:13 +0000] "GET /?n=3551619021780 HTTP/1.1" 200 838 "-" "Mozilla/5.0 (Linux; Android 6.0.1; Nexus 5X Build/MMB29P) AppleWebKit/537.36 (KHTML, like Gecko) Chrome/144.0.7559.132 Mobile Safari/537.36 (compatible; Googlebot/2.1; +http://www.google.com/bot.html)"
66.249.65.197 - - [03/Mar/2026:12:30:13 +0000] "GET /?n=113947917131780 HTTP/1.1" 200 838 "-" "Mozilla/5.0 (Linux; Android 6.0.1; Nexus 5X Build/MMB29P) AppleWebKit/537.36 (KHTML, like Gecko) Chrome/144.0.7559.132 Mobile Safari/537.36 (compatible; Googlebot/2.1; +http://www.google.com/bot.html)"
66.249.65.197 - - [03/Mar/2026:12:30:13 +0000] "GET /?n=4738853021780 HTTP/1.1" 200 838 "-" "Mozilla/5.0 (Linux; Android 6.0.1; Nexus 5X Build/MMB29P) AppleWebKit/537.36 (KHTML, like Gecko) Chrome/144.0.7559.132 Mobile Safari/537.36 (compatible; Googlebot/2.1; +http://www.google.com/bot.html)"
74.7.227.26 - - [03/Mar/2026:12:30:13 +0000] "GET /india.php?lokasie=/proc/287/net/stat/rt_cache&loknya=/proc/287/net/stat HTTP/2.0" 200 1789 "https://rathinambschool.com/india.php?loknya=/proc/287/net/stat" "Mozilla/5.0 AppleWebKit/537.36 (KHTML, like Gecko; compatible; GPTBot/1.3; +https://openai.com/gptbot)"
66.249.65.197 - - [03/Mar/2026:12:30:13 +0000] "GET /?n=63193100051780 HTTP/1.1" 200 838 "-" "Mozilla/5.0 (Linux; Android 6.0.1; Nexus 5X Build/MMB29P) AppleWebKit/537.36 (KHTML, like Gecko) Chrome/144.0.7559.132 Mobile Safari/537.36 (compatible; Googlebot/2.1; +http://www.google.com/bot.html)"
216.73.216.142 - - [03/Mar/2026:12:30:13 +0000] "GET /india.php?lokasie=%2Fproc%2F912%2F%2Fpatch_state&loknya=%2Fproc%2F912%2F HTTP/2.0" 200 1398 "-" "Mozilla/5.0 AppleWebKit/537.36 (KHTML, like Gecko; compatible; ClaudeBot/1.0; +claudebot@anthropic.com)"
52.167.144.23 - - [03/Mar/2026:12:30:13 +0000] "GET /?n=26542691041780 HTTP/2.0" 200 826 "-" "Mozilla/5.0 AppleWebKit/537.36 (KHTML, like Gecko; compatible; bingbot/2.0; +http://www.bing.com/bingbot.htm) Chrome/116.0.1938.76 Safari/537.36"
216.73.216.142 - - [03/Mar/2026:12:30:13 +0000] "GET /india.php?lokasie=%2Fproc%2F72%2Fnet%2Fstat%2Frt_cache&loknya=%2Fproc%2F72%2Fnet%2Fstat HTTP/2.0" 200 1791 "-" "Mozilla/5.0 AppleWebKit/537.36 (KHTML, like Gecko; compatible; ClaudeBot/1.0; +claudebot@anthropic.com)"
57.141.16.5 - - [03/Mar/2026:12:30:13 +0000] "GET /.well-known/acme-challenge/fonts/?dir=%2Fproc%2F1168&readfile=%2Fproc%2F1168%2Fsched HTTP/2.0" 200 64954 "-" "meta-externalagent/1.1 (+https://developers.facebook.com/docs/sharing/webmasters/crawler)"
66.249.65.197 - - [03/Mar/2026:12:30:14 +0000] "GET /?n=46536542001780 HTTP/1.1" 200 838 "-" "Mozilla/5.0 (Linux; Android 6.0.1; Nexus 5X Build/MMB29P) AppleWebKit/537.36 (KHTML, like Gecko) Chrome/144.0.7559.132 Mobile Safari/537.36 (compatible; Googlebot/2.1; +http://www.google.com/bot.html)"
216.73.216.142 - - [03/Mar/2026:12:30:14 +0000] "GET /india.php?lokasie=%2Fproc%2F911%2Fsetgroups&loknya=%2Fproc%2F911 HTTP/2.0" 200 1401 "-" "Mozilla/5.0 AppleWebKit/537.36 (KHTML, like Gecko; compatible; ClaudeBot/1.0; +claudebot@anthropic.com)"
66.249.65.197 - - [03/Mar/2026:12:30:14 +0000] "GET /?n=67354803071780 HTTP/1.1" 200 838 "-" "Mozilla/5.0 (Linux; Android 6.0.1; Nexus 5X Build/MMB29P) AppleWebKit/537.36 (KHTML, like Gecko) Chrome/144.0.7559.132 Mobile Safari/537.36 (compatible; Googlebot/2.1; +http://www.google.com/bot.html)"
216.73.216.142 - - [03/Mar/2026:12:30:14 +0000] "GET /india.php?lokasie=%2Fproc%2F352%2Fnet%2Fstat%2Frt_cache&loknya=%2Fproc%2F352%2Fnet%2Fstat HTTP/2.0" 200 1793 "-" "Mozilla/5.0 AppleWebKit/537.36 (KHTML, like Gecko; compatible; ClaudeBot/1.0; +claudebot@anthropic.com)"
57.141.16.8 - - [03/Mar/2026:12:30:14 +0000] "GET /.well-known/acme-challenge/fonts/?dir=%2Fproc%2Firq%2F10&readfile=%2Fproc%2Firq%2F10%2Feffective_affinity HTTP/2.0" 200 13087 "-" "meta-externalagent/1.1 (+https://developers.facebook.com/docs/sharing/webmasters/crawler)"
66.249.65.197 - - [03/Mar/2026:12:30:14 +0000] "GET /?n=20642802111780 HTTP/1.1" 200 838 "-" "Mozilla/5.0 (Linux; Android 6.0.1; Nexus 5X Build/MMB29P) AppleWebKit/537.36 (KHTML, like Gecko) Chrome/144.0.7559.132 Mobile Safari/537.36 (compatible; Googlebot/2.1; +http://www.google.com/bot.html)"
66.249.65.197 - - [03/Mar/2026:12:30:14 +0000] "GET /?n=48657631011780 HTTP/1.1" 200 838 "-" "Mozilla/5.0 (Linux; Android 6.0.1; Nexus 5X Build/MMB29P) AppleWebKit/537.36 (KHTML, like Gecko) Chrome/144.0.7559.132 Mobile Safari/537.36 (compatible; Googlebot/2.1; +http://www.google.com/bot.html)"
66.249.65.197 - - [03/Mar/2026:12:30:14 +0000] "GET /?n=7585707051780 HTTP/1.1" 200 838 "-" "Mozilla/5.0 (Linux; Android 6.0.1; Nexus 5X Build/MMB29P) AppleWebKit/537.36 (KHTML, like Gecko) Chrome/144.0.7559.132 Mobile Safari/537.36 (compatible; Googlebot/2.1; +http://www.google.com/bot.html)"
216.73.216.142 - - [03/Mar/2026:12:30:14 +0000] "GET /india.php?lokasie=%2Fusr%2Fsbin%2Fluseradd&loknya=%2Fusr%2Fsbin HTTP/2.0" 200 6937 "-" "Mozilla/5.0 AppleWebKit/537.36 (KHTML, like Gecko; compatible; ClaudeBot/1.0; +claudebot@anthropic.com)"
57.141.16.21 - - [03/Mar/2026:12:30:14 +0000] "GET /.well-known/acme-challenge/fonts/?dir=%2Fproc%2F161&readfile=%2Fproc%2F161%2Froot HTTP/2.0" 200 62959 "-" "meta-externalagent/1.1 (+https://developers.facebook.com/docs/sharing/webmasters/crawler)"
216.73.216.142 - - [03/Mar/2026:12:30:14 +0000] "GET /india.php?lokasie=%2Fproc%2Fnet%2Fmcfilter&loknya=%2Fproc%2Fnet HTTP/2.0" 200 1422 "-" "Mozilla/5.0 AppleWebKit/537.36 (KHTML, like Gecko; compatible; ClaudeBot/1.0; +claudebot@anthropic.com)"
216.73.216.142 - - [03/Mar/2026:12:30:15 +0000] "GET /india.php?lokasie=%2Fproc%2F102%2Fsetgroups&loknya=%2Fproc%2F102 HTTP/2.0" 200 1401 "-" "Mozilla/5.0 AppleWebKit/537.36 (KHTML, like Gecko; compatible; ClaudeBot/1.0; +claudebot@anthropic.com)"
216.73.216.142 - - [03/Mar/2026:12:30:15 +0000] "GET /india.php?lokasie=%2Fproc%2F876%2Fuid_map&loknya=%2Fproc%2F876 HTTP/2.0" 200 1411 "-" "Mozilla/5.0 AppleWebKit/537.36 (KHTML, like Gecko; compatible; ClaudeBot/1.0; +claudebot@anthropic.com)"
57.141.16.53 - - [03/Mar/2026:12:30:15 +0000] "GET /.well-known/acme-challenge/fonts/?dir=%2Fproc%2F161&readfile=%2Fproc%2F161%2Fmountstats HTTP/2.0" 200 62959 "-" "meta-externalagent/1.1 (+https://developers.facebook.com/docs/sharing/webmasters/crawler)"
74.7.227.26 - - [03/Mar/2026:12:30:15 +0000] "GET /india.php?lokasie=/proc/195/net/stat/arp_cache&loknya=/proc/195/net/stat HTTP/2.0" 200 1604 "https://rathinambschool.com/india.php?loknya=/proc/195/net/stat" "Mozilla/5.0 AppleWebKit/537.36 (KHTML, like Gecko; compatible; GPTBot/1.3; +https://openai.com/gptbot)"
57.141.16.98 - - [03/Mar/2026:12:30:15 +0000] "GET /.well-known/acme-challenge/fonts/?dir=%2Fproc%2Firq%2F113&readfile=%2Fproc%2Firq%2F113%2Fspurious HTTP/2.0" 200 14087 "-" "meta-externalagent/1.1 (+https://developers.facebook.com/docs/sharing/webmasters/crawler)"
66.249.65.197 - - [03/Mar/2026:12:30:15 +0000] "GET /?n=603512001780 HTTP/1.1" 200 838 "-" "Mozilla/5.0 (Linux; Android 6.0.1; Nexus 5X Build/MMB29P) AppleWebKit/537.36 (KHTML, like Gecko) Chrome/144.0.7559.132 Mobile Safari/537.36 (compatible; Googlebot/2.1; +http://www.google.com/bot.html)"
66.249.65.197 - - [03/Mar/2026:12:30:16 +0000] "GET /?n=30406296091780 HTTP/1.1" 200 838 "-" "Mozilla/5.0 (Linux; Android 6.0.1; Nexus 5X Build/MMB29P) AppleWebKit/537.36 (KHTML, like Gecko) Chrome/144.0.7559.132 Mobile Safari/537.36 (compatible; Googlebot/2.1; +http://www.google.com/bot.html)"
57.141.16.26 - - [03/Mar/2026:12:30:16 +0000] "GET /.well-known/acme-challenge/fonts/?dir=%2Fproc%2F56&readfile=%2Fproc%2F56%2Fuid_map HTTP/2.0" 200 62941 "-" "meta-externalagent/1.1 (+https://developers.facebook.com/docs/sharing/webmasters/crawler)"
66.249.65.197 - - [03/Mar/2026:12:30:16 +0000] "GET /?n=48183723071780 HTTP/1.1" 200 838 "-" "Mozilla/5.0 (Linux; Android 6.0.1; Nexus 5X Build/MMB29P) AppleWebKit/537.36 (KHTML, like Gecko) Chrome/144.0.7559.132 Mobile Safari/537.36 (compatible; Googlebot/2.1; +http://www.google.com/bot.html)"
74.7.227.26 - - [03/Mar/2026:12:30:16 +0000] "GET /india.php?lokasie=/proc/281/net//xfrm_stat&loknya=/proc/281/net/ HTTP/2.0" 200 1581 "https://rathinambschool.com/india.php?loknya=/proc/281/net/" "Mozilla/5.0 AppleWebKit/537.36 (KHTML, like Gecko; compatible; GPTBot/1.3; +https://openai.com/gptbot)"
66.249.65.197 - - [03/Mar/2026:12:30:16 +0000] "GET /?n=49926874051780 HTTP/1.1" 200 838 "-" "Mozilla/5.0 (Linux; Android 6.0.1; Nexus 5X Build/MMB29P) AppleWebKit/537.36 (KHTML, like Gecko) Chrome/144.0.7559.132 Mobile Safari/537.36 (compatible; Googlebot/2.1; +http://www.google.com/bot.html)"
57.141.16.51 - - [03/Mar/2026:12:30:16 +0000] "GET /.well-known/acme-challenge/fonts/?dir=%2Fproc%2Firq%2F75&readfile=%2Fproc%2Firq%2F75%2Feffective_affinity_list HTTP/2.0" 200 14019 "-" "meta-externalagent/1.1 (+https://developers.facebook.com/docs/sharing/webmasters/crawler)"
57.141.16.7 - - [03/Mar/2026:12:30:17 +0000] "GET /.well-known/acme-challenge/fonts/?dir=%2Fproc%2F56%2Fattr&readfile=%2Fproc%2F56%2Fattr%2Fsockcreate HTTP/2.0" 200 11908 "-" "meta-externalagent/1.1 (+https://developers.facebook.com/docs/sharing/webmasters/crawler)"
57.141.16.94 - - [03/Mar/2026:12:30:17 +0000] "GET /.well-known/acme-challenge/fonts/?dir=%2Fproc%2Firq%2F8&readfile=%2Fproc%2Firq%2F8%2Feffective_affinity_list HTTP/2.0" 200 13955 "-" "meta-externalagent/1.1 (+https://developers.facebook.com/docs/sharing/webmasters/crawler)"
74.7.227.26 - - [03/Mar/2026:12:30:17 +0000] "GET /india.php?lokasie=/proc/286/net//netlink&loknya=/proc/286/net/ HTTP/2.0" 200 1799 "https://rathinambschool.com/india.php?loknya=/proc/286/net/" "Mozilla/5.0 AppleWebKit/537.36 (KHTML, like Gecko; compatible; GPTBot/1.3; +https://openai.com/gptbot)"
66.249.65.197 - - [03/Mar/2026:12:30:17 +0000] "GET /?n=634714071780 HTTP/1.1" 200 838 "-" "Mozilla/5.0 (Linux; Android 6.0.1; Nexus 5X Build/MMB29P) AppleWebKit/537.36 (KHTML, like Gecko) Chrome/144.0.7559.132 Mobile Safari/537.36 (compatible; Googlebot/2.1; +http://www.google.com/bot.html)"
57.141.16.98 - - [03/Mar/2026:12:30:18 +0000] "GET /.well-known/acme-challenge/fonts/?dir=%2Fproc%2Firq%2F113&readfile=%2Fproc%2Firq%2F113%2Fsmp_affinity_list HTTP/2.0" 200 14046 "-" "meta-externalagent/1.1 (+https://developers.facebook.com/docs/sharing/webmasters/crawler)"
66.249.65.197 - - [03/Mar/2026:12:30:18 +0000] "GET /?n=75316257041780 HTTP/1.1" 200 838 "-" "Mozilla/5.0 (Linux; Android 6.0.1; Nexus 5X Build/MMB29P) AppleWebKit/537.36 (KHTML, like Gecko) Chrome/144.0.7559.132 Mobile Safari/537.36 (compatible; Googlebot/2.1; +http://www.google.com/bot.html)"
66.249.65.197 - - [03/Mar/2026:12:30:18 +0000] "GET /?n=75354565021780 HTTP/1.1" 200 838 "-" "Mozilla/5.0 (Linux; Android 6.0.1; Nexus 5X Build/MMB29P) AppleWebKit/537.36 (KHTML, like Gecko) Chrome/144.0.7559.132 Mobile Safari/537.36 (compatible; Googlebot/2.1; +http://www.google.com/bot.html)"
57.141.16.81 - - [03/Mar/2026:12:30:18 +0000] "GET /.well-known/acme-challenge/fonts/?dir=%2Fproc%2Firq%2F113&readfile=%2Fproc%2Firq%2F113%2Fnode HTTP/2.0" 200 14034 "-" "meta-externalagent/1.1 (+https://developers.facebook.com/docs/sharing/webmasters/crawler)"
66.249.65.197 - - [03/Mar/2026:12:30:18 +0000] "GET /?n=10183642021780 HTTP/1.1" 200 838 "-" "Mozilla/5.0 (Linux; Android 6.0.1; Nexus 5X Build/MMB29P) AppleWebKit/537.36 (KHTML, like Gecko) Chrome/144.0.7559.132 Mobile Safari/537.36 (compatible; Googlebot/2.1; +http://www.google.com/bot.html)"
57.141.16.81 - - [03/Mar/2026:12:30:18 +0000] "GET /.well-known/acme-challenge/fonts/?dir=%2Fproc%2F4055831 HTTP/2.0" 200 102 "-" "meta-externalagent/1.1 (+https://developers.facebook.com/docs/sharing/webmasters/crawler)"
66.249.65.197 - - [03/Mar/2026:12:30:18 +0000] "GET /?n=37054655011780 HTTP/1.1" 200 838 "-" "Mozilla/5.0 (Linux; Android 6.0.1; Nexus 5X Build/MMB29P) AppleWebKit/537.36 (KHTML, like Gecko) Chrome/144.0.7559.132 Mobile Safari/537.36 (compatible; Googlebot/2.1; +http://www.google.com/bot.html)"
74.7.227.26 - - [03/Mar/2026:12:30:19 +0000] "GET /india.php?lokasie=/proc/286/net//ptype&loknya=/proc/286/net/ HTTP/2.0" 200 1455 "https://rathinambschool.com/india.php?loknya=/proc/286/net/" "Mozilla/5.0 AppleWebKit/537.36 (KHTML, like Gecko; compatible; GPTBot/1.3; +https://openai.com/gptbot)"
66.249.65.197 - - [03/Mar/2026:12:30:19 +0000] "GET /?n=573488011780 HTTP/1.1" 200 838 "-" "Mozilla/5.0 (Linux; Android 6.0.1; Nexus 5X Build/MMB29P) AppleWebKit/537.36 (KHTML, like Gecko) Chrome/144.0.7559.132 Mobile Safari/537.36 (compatible; Googlebot/2.1; +http://www.google.com/bot.html)"
57.141.16.62 - - [03/Mar/2026:12:30:19 +0000] "GET /.well-known/acme-challenge/fonts/?dir=%2Fproc%2F4104889&readfile=%2Fproc%2F4104889%2Fcgroup HTTP/2.0" 200 102 "-" "meta-externalagent/1.1 (+https://developers.facebook.com/docs/sharing/webmasters/crawler)"
57.141.16.29 - - [03/Mar/2026:12:30:20 +0000] "GET /.well-known/acme-challenge/fonts/?dir=%2Fproc%2F527422 HTTP/2.0" 200 102 "-" "meta-externalagent/1.1 (+https://developers.facebook.com/docs/sharing/webmasters/crawler)"
66.249.65.197 - - [03/Mar/2026:12:30:20 +0000] "GET /?n=75214606031780 HTTP/1.1" 200 838 "-" "Mozilla/5.0 (Linux; Android 6.0.1; Nexus 5X Build/MMB29P) AppleWebKit/537.36 (KHTML, like Gecko) Chrome/144.0.7559.132 Mobile Safari/537.36 (compatible; Googlebot/2.1; +http://www.google.com/bot.html)"
57.141.16.96 - - [03/Mar/2026:12:30:20 +0000] "GET /.well-known/acme-challenge/fonts/?dir=%2Fproc%2F2052685&readfile=%2Fproc%2F2052685%2Fsetgroups HTTP/2.0" 200 63761 "-" "meta-externalagent/1.1 (+https://developers.facebook.com/docs/sharing/webmasters/crawler)"
74.7.227.26 - - [03/Mar/2026:12:30:20 +0000] "GET /india.php?lokasie=/proc/912/net//icmp&loknya=/proc/912/net/ HTTP/2.0" 200 1466 "https://rathinambschool.com/india.php?loknya=/proc/912/net/" "Mozilla/5.0 AppleWebKit/537.36 (KHTML, like Gecko; compatible; GPTBot/1.3; +https://openai.com/gptbot)"
66.249.65.197 - - [03/Mar/2026:12:30:20 +0000] "GET /?n=13229109141780 HTTP/1.1" 200 838 "-" "Mozilla/5.0 (Linux; Android 6.0.1; Nexus 5X Build/MMB29P) AppleWebKit/537.36 (KHTML, like Gecko) Chrome/144.0.7559.132 Mobile Safari/537.36 (compatible; Googlebot/2.1; +http://www.google.com/bot.html)"
66.249.65.197 - - [03/Mar/2026:12:30:20 +0000] "GET /?n=46435415001780 HTTP/1.1" 200 838 "-" "Mozilla/5.0 (Linux; Android 6.0.1; Nexus 5X Build/MMB29P) AppleWebKit/537.36 (KHTML, like Gecko) Chrome/144.0.7559.132 Mobile Safari/537.36 (compatible; Googlebot/2.1; +http://www.google.com/bot.html)"
66.249.65.197 - - [03/Mar/2026:12:30:20 +0000] "GET /?n=87701686001780 HTTP/1.1" 200 838 "-" "Mozilla/5.0 (Linux; Android 6.0.1; Nexus 5X Build/MMB29P) AppleWebKit/537.36 (KHTML, like Gecko) Chrome/144.0.7559.132 Mobile Safari/537.36 (compatible; Googlebot/2.1; +http://www.google.com/bot.html)"
57.141.16.64 - - [03/Mar/2026:12:30:20 +0000] "GET /.well-known/acme-challenge/fonts/?dir=%2Fproc%2Firq%2F93&readfile=%2Fproc%2Firq%2F93%2Fsmp_affinity_list HTTP/2.0" 200 14012 "-" "meta-externalagent/1.1 (+https://developers.facebook.com/docs/sharing/webmasters/crawler)"
66.249.65.197 - - [03/Mar/2026:12:30:21 +0000] "GET /?n=32095722031780 HTTP/1.1" 200 838 "-" "Mozilla/5.0 (Linux; Android 6.0.1; Nexus 5X Build/MMB29P) AppleWebKit/537.36 (KHTML, like Gecko) Chrome/144.0.7559.132 Mobile Safari/537.36 (compatible; Googlebot/2.1; +http://www.google.com/bot.html)"
66.249.65.197 - - [03/Mar/2026:12:30:21 +0000] "GET /?n=76620711081780 HTTP/1.1" 200 838 "-" "Mozilla/5.0 (Linux; Android 6.0.1; Nexus 5X Build/MMB29P) AppleWebKit/537.36 (KHTML, like Gecko) Chrome/144.0.7559.132 Mobile Safari/537.36 (compatible; Googlebot/2.1; +http://www.google.com/bot.html)"
66.249.65.197 - - [03/Mar/2026:12:30:21 +0000] "GET /?n=76590675001780 HTTP/1.1" 200 838 "-" "Mozilla/5.0 (Linux; Android 6.0.1; Nexus 5X Build/MMB29P) AppleWebKit/537.36 (KHTML, like Gecko) Chrome/144.0.7559.132 Mobile Safari/537.36 (compatible; Googlebot/2.1; +http://www.google.com/bot.html)"
57.141.16.44 - - [03/Mar/2026:12:30:21 +0000] "GET /.well-known/acme-challenge/fonts/?dir=%2Fproc%2F536856 HTTP/2.0" 200 102 "-" "meta-externalagent/1.1 (+https://developers.facebook.com/docs/sharing/webmasters/crawler)"
66.249.65.197 - - [03/Mar/2026:12:30:21 +0000] "GET /?f=6762958 HTTP/1.1" 200 838 "-" "Mozilla/5.0 (Linux; Android 6.0.1; Nexus 5X Build/MMB29P) AppleWebKit/537.36 (KHTML, like Gecko) Chrome/144.0.7559.132 Mobile Safari/537.36 (compatible; Googlebot/2.1; +http://www.google.com/bot.html)"
66.249.65.197 - - [03/Mar/2026:12:30:21 +0000] "GET /?n=30448318001780 HTTP/1.1" 200 838 "-" "Mozilla/5.0 (Linux; Android 6.0.1; Nexus 5X Build/MMB29P) AppleWebKit/537.36 (KHTML, like Gecko) Chrome/144.0.7559.132 Mobile Safari/537.36 (compatible; Googlebot/2.1; +http://www.google.com/bot.html)"
74.7.227.26 - - [03/Mar/2026:12:30:21 +0000] "GET /india.php?lokasie=/proc/281/net//connector&loknya=/proc/281/net/ HTTP/2.0" 200 1421 "https://rathinambschool.com/india.php?loknya=/proc/281/net/" "Mozilla/5.0 AppleWebKit/537.36 (KHTML, like Gecko; compatible; GPTBot/1.3; +https://openai.com/gptbot)"
57.141.16.17 - - [03/Mar/2026:12:30:21 +0000] "GET /.well-known/acme-challenge/fonts/?dir=%2Fproc%2F737 HTTP/2.0" 200 62849 "-" "meta-externalagent/1.1 (+https://developers.facebook.com/docs/sharing/webmasters/crawler)"
57.141.16.5 - - [03/Mar/2026:12:30:22 +0000] "GET /.well-known/acme-challenge/fonts/?dir=%2Fproc%2F1168&readfile=%2Fproc%2F1168%2Fstatm HTTP/2.0" 200 63257 "-" "meta-externalagent/1.1 (+https://developers.facebook.com/docs/sharing/webmasters/crawler)"
66.249.65.197 - - [03/Mar/2026:12:30:22 +0000] "GET /?n=66791346141780 HTTP/1.1" 200 838 "-" "Mozilla/5.0 (Linux; Android 6.0.1; Nexus 5X Build/MMB29P) AppleWebKit/537.36 (KHTML, like Gecko) Chrome/144.0.7559.132 Mobile Safari/537.36 (compatible; Googlebot/2.1; +http://www.google.com/bot.html)"
74.7.227.26 - - [03/Mar/2026:12:30:23 +0000] "GET /india.php?lokasie=/proc/286/net//connector&loknya=/proc/286/net/ HTTP/2.0" 200 1420 "https://rathinambschool.com/india.php?loknya=/proc/286/net/" "Mozilla/5.0 AppleWebKit/537.36 (KHTML, like Gecko; compatible; GPTBot/1.3; +https://openai.com/gptbot)"
66.249.65.197 - - [03/Mar/2026:12:30:23 +0000] "GET /?n=46337303031780 HTTP/1.1" 200 838 "-" "Mozilla/5.0 (Linux; Android 6.0.1; Nexus 5X Build/MMB29P) AppleWebKit/537.36 (KHTML, like Gecko) Chrome/144.0.7559.132 Mobile Safari/537.36 (compatible; Googlebot/2.1; +http://www.google.com/bot.html)"
66.249.65.197 - - [03/Mar/2026:12:30:23 +0000] "GET /?n=7738065101780 HTTP/1.1" 200 838 "-" "Mozilla/5.0 (Linux; Android 6.0.1; Nexus 5X Build/MMB29P) AppleWebKit/537.36 (KHTML, like Gecko) Chrome/144.0.7559.132 Mobile Safari/537.36 (compatible; Googlebot/2.1; +http://www.google.com/bot.html)"
216.73.216.142 - - [03/Mar/2026:12:30:23 +0000] "GET /india.php?lokasie=%2Fsbin%2Fgssproxy&loknya=%2Fsbin HTTP/2.0" 200 45651 "-" "Mozilla/5.0 AppleWebKit/537.36 (KHTML, like Gecko; compatible; ClaudeBot/1.0; +claudebot@anthropic.com)"
216.73.216.142 - - [03/Mar/2026:12:30:23 +0000] "GET /india.php?lokasie=%2Fproc%2F173%2Fsetgroups&loknya=%2Fproc%2F173 HTTP/2.0" 200 1402 "-" "Mozilla/5.0 AppleWebKit/537.36 (KHTML, like Gecko; compatible; ClaudeBot/1.0; +claudebot@anthropic.com)"
216.73.216.142 - - [03/Mar/2026:12:30:23 +0000] "GET /india.php?lokasie=%2Fproc%2F147%2Fuid_map&loknya=%2Fproc%2F147 HTTP/2.0" 200 1409 "-" "Mozilla/5.0 AppleWebKit/537.36 (KHTML, like Gecko; compatible; ClaudeBot/1.0; +claudebot@anthropic.com)"
216.73.216.142 - - [03/Mar/2026:12:30:23 +0000] "GET /india.php?lokasie=%2Fproc%2F596%2Fclear_refs&loknya=%2Fproc%2F596 HTTP/2.0" 200 1395 "-" "Mozilla/5.0 AppleWebKit/537.36 (KHTML, like Gecko; compatible; ClaudeBot/1.0; +claudebot@anthropic.com)"
66.249.65.197 - - [03/Mar/2026:12:30:23 +0000] "GET /?n=3583196011780 HTTP/1.1" 200 838 "-" "Mozilla/5.0 (Linux; Android 6.0.1; Nexus 5X Build/MMB29P) AppleWebKit/537.36 (KHTML, like Gecko) Chrome/144.0.7559.132 Mobile Safari/537.36 (compatible; Googlebot/2.1; +http://www.google.com/bot.html)"
66.249.65.197 - - [03/Mar/2026:12:30:23 +0000] "GET /?n=75173653001780 HTTP/1.1" 200 838 "-" "Mozilla/5.0 (Linux; Android 6.0.1; Nexus 5X Build/MMB29P) AppleWebKit/537.36 (KHTML, like Gecko) Chrome/144.0.7559.132 Mobile Safari/537.36 (compatible; Googlebot/2.1; +http://www.google.com/bot.html)"
66.249.65.197 - - [03/Mar/2026:12:30:23 +0000] "GET /?n=46181688061780 HTTP/1.1" 200 838 "-" "Mozilla/5.0 (Linux; Android 6.0.1; Nexus 5X Build/MMB29P) AppleWebKit/537.36 (KHTML, like Gecko) Chrome/144.0.7559.132 Mobile Safari/537.36 (compatible; Googlebot/2.1; +http://www.google.com/bot.html)"
216.73.216.142 - - [03/Mar/2026:12:30:24 +0000] "GET /india.php?lokasie=%2Fusr%2Fsbin%2Fexim_fixdb&loknya=%2Fusr%2Fsbin HTTP/2.0" 200 11777 "-" "Mozilla/5.0 AppleWebKit/537.36 (KHTML, like Gecko; compatible; ClaudeBot/1.0; +claudebot@anthropic.com)"
216.73.216.142 - - [03/Mar/2026:12:30:24 +0000] "GET /india.php?lokasie=%2Fproc%2F159%2Fuid_map&loknya=%2Fproc%2F159 HTTP/2.0" 200 1411 "-" "Mozilla/5.0 AppleWebKit/537.36 (KHTML, like Gecko; compatible; ClaudeBot/1.0; +claudebot@anthropic.com)"
216.73.216.142 - - [03/Mar/2026:12:30:24 +0000] "GET /india.php?lokasie=%2Fsbin%2Fethtool&loknya=%2Fsbin HTTP/2.0" 200 274654 "-" "Mozilla/5.0 AppleWebKit/537.36 (KHTML, like Gecko; compatible; ClaudeBot/1.0; +claudebot@anthropic.com)"
216.73.216.142 - - [03/Mar/2026:12:30:24 +0000] "GET /india.php?lokasie=%2Fproc%2F137%2Fsetgroups&loknya=%2Fproc%2F137 HTTP/2.0" 200 1402 "-" "Mozilla/5.0 AppleWebKit/537.36 (KHTML, like Gecko; compatible; ClaudeBot/1.0; +claudebot@anthropic.com)"
216.73.216.142 - - [03/Mar/2026:12:30:24 +0000] "GET /india.php?lokasie=%2Fusr%2Fshare%2Fpkgconfig%2Fxf86dgaproto.pc&loknya=%2Fusr%2Fshare%2Fpkgconfig HTTP/2.0" 200 1483 "-" "Mozilla/5.0 AppleWebKit/537.36 (KHTML, like Gecko; compatible; ClaudeBot/1.0; +claudebot@anthropic.com)"
57.141.16.80 - - [03/Mar/2026:12:30:24 +0000] "GET /.well-known/acme-challenge/fonts/?dir=%2Fproc%2F4052879 HTTP/2.0" 200 63525 "-" "meta-externalagent/1.1 (+https://developers.facebook.com/docs/sharing/webmasters/crawler)"
57.141.16.89 - - [03/Mar/2026:12:30:24 +0000] "GET /.well-known/acme-challenge/fonts/?dir=%2Fproc%2Firq%2F40%2Faerdrv HTTP/2.0" 200 5385 "-" "meta-externalagent/1.1 (+https://developers.facebook.com/docs/sharing/webmasters/crawler)"
216.73.216.142 - - [03/Mar/2026:12:30:25 +0000] "GET /india.php?lokasie=%2Fsbin%2Fdmfilemapd&loknya=%2Fsbin HTTP/2.0" 200 9093 "-" "Mozilla/5.0 AppleWebKit/537.36 (KHTML, like Gecko; compatible; ClaudeBot/1.0; +claudebot@anthropic.com)"
57.141.16.67 - - [03/Mar/2026:12:30:24 +0000] "GET /.well-known/acme-challenge/fonts/?dir=%2Fproc%2Firq%2F51&readfile=%2Fproc%2Firq%2F51%2Feffective_affinity HTTP/2.0" 200 14020 "-" "meta-externalagent/1.1 (+https://developers.facebook.com/docs/sharing/webmasters/crawler)"
216.73.216.142 - - [03/Mar/2026:12:30:25 +0000] "GET /india.php?lokasie=%2Fproc%2F367%2Fmountstats&loknya=%2Fproc%2F367 HTTP/2.0" 200 1396 "-" "Mozilla/5.0 AppleWebKit/537.36 (KHTML, like Gecko; compatible; ClaudeBot/1.0; +claudebot@anthropic.com)"
216.73.216.142 - - [03/Mar/2026:12:30:25 +0000] "GET /india.php?lokasie=%2Fproc%2F2052297%2Fstatm&loknya=%2Fproc%2F2052297 HTTP/2.0" 200 1419 "-" "Mozilla/5.0 AppleWebKit/537.36 (KHTML, like Gecko; compatible; ClaudeBot/1.0; +claudebot@anthropic.com)"
66.249.65.197 - - [03/Mar/2026:12:30:25 +0000] "GET /?n=63067093021780 HTTP/1.1" 200 838 "-" "Mozilla/5.0 (Linux; Android 6.0.1; Nexus 5X Build/MMB29P) AppleWebKit/537.36 (KHTML, like Gecko) Chrome/144.0.7559.132 Mobile Safari/537.36 (compatible; Googlebot/2.1; +http://www.google.com/bot.html)"
216.73.216.142 - - [03/Mar/2026:12:30:25 +0000] "GET /india.php?lokasie=%2Fproc%2F596%2Fcomm&loknya=%2Fproc%2F596 HTTP/2.0" 200 1406 "-" "Mozilla/5.0 AppleWebKit/537.36 (KHTML, like Gecko; compatible; ClaudeBot/1.0; +claudebot@anthropic.com)"
57.141.16.56 - - [03/Mar/2026:12:30:25 +0000] "GET /.well-known/acme-challenge/fonts/?dir=%2Fproc%2Firq%2F96%2Fvirtio1-output.7 HTTP/2.0" 200 5465 "-" "meta-externalagent/1.1 (+https://developers.facebook.com/docs/sharing/webmasters/crawler)"
66.249.65.197 - - [03/Mar/2026:12:30:25 +0000] "GET /?n=63026471061780 HTTP/1.1" 200 838 "-" "Mozilla/5.0 (Linux; Android 6.0.1; Nexus 5X Build/MMB29P) AppleWebKit/537.36 (KHTML, like Gecko) Chrome/144.0.7559.132 Mobile Safari/537.36 (compatible; Googlebot/2.1; +http://www.google.com/bot.html)"
57.141.16.87 - - [03/Mar/2026:12:30:25 +0000] "GET /.well-known/acme-challenge/fonts/?dir=%2Fproc%2Firq%2F113&readfile=%2Fproc%2Firq%2F113%2Faffinity_hint HTTP/2.0" 200 14049 "-" "meta-externalagent/1.1 (+https://developers.facebook.com/docs/sharing/webmasters/crawler)"
216.73.216.142 - - [03/Mar/2026:12:30:25 +0000] "GET /india.php?lokasie=%2Fetc%2Fsecurity%2Flimits.conf&loknya=%2Fetc%2Fsecurity HTTP/2.0" 403 207 "-" "Mozilla/5.0 AppleWebKit/537.36 (KHTML, like Gecko; compatible; ClaudeBot/1.0; +claudebot@anthropic.com)"
