66.249.65.197 - - [03/Mar/2026:12:14:15 +0000] "GET /?n=46333763071780 HTTP/1.1" 200 836 "-" "Mozilla/5.0 (Linux; Android 6.0.1; Nexus 5X Build/MMB29P) AppleWebKit/537.36 (KHTML, like Gecko) Chrome/144.0.7559.132 Mobile Safari/537.36 (compatible; Googlebot/2.1; +http://www.google.com/bot.html)"
216.73.216.142 - - [03/Mar/2026:12:14:15 +0000] "GET /india.php?loknya=%2Fetc%2Fmy.cnf.d HTTP/2.0" 403 207 "-" "Mozilla/5.0 AppleWebKit/537.36 (KHTML, like Gecko; compatible; ClaudeBot/1.0; +claudebot@anthropic.com)"
216.73.216.142 - - [03/Mar/2026:12:14:15 +0000] "GET /india.php?loknya=%2Fusr%2Fshare%2Flicenses%2Fwebrtc-audio-processing HTTP/2.0" 200 1825 "-" "Mozilla/5.0 AppleWebKit/537.36 (KHTML, like Gecko; compatible; ClaudeBot/1.0; +claudebot@anthropic.com)"
66.249.65.197 - - [03/Mar/2026:12:14:15 +0000] "GET /?n=18490593031780 HTTP/1.1" 200 836 "-" "Mozilla/5.0 (Linux; Android 6.0.1; Nexus 5X Build/MMB29P) AppleWebKit/537.36 (KHTML, like Gecko) Chrome/144.0.7559.132 Mobile Safari/537.36 (compatible; Googlebot/2.1; +http://www.google.com/bot.html)"
66.249.65.197 - - [03/Mar/2026:12:14:15 +0000] "GET /?n=31288239071780 HTTP/1.1" 200 836 "-" "Mozilla/5.0 (Linux; Android 6.0.1; Nexus 5X Build/MMB29P) AppleWebKit/537.36 (KHTML, like Gecko) Chrome/144.0.7559.132 Mobile Safari/537.36 (compatible; Googlebot/2.1; +http://www.google.com/bot.html)"
57.141.16.55 - - [03/Mar/2026:12:14:15 +0000] "GET /.well-known/acme-challenge/fonts/?dir=%2Fproc%2F2054265%2Fns HTTP/2.0" 200 5409 "-" "meta-externalagent/1.1 (+https://developers.facebook.com/docs/sharing/webmasters/crawler)"
66.249.65.197 - - [03/Mar/2026:12:14:15 +0000] "GET /?f=5813736 HTTP/1.1" 200 836 "-" "Mozilla/5.0 (Linux; Android 6.0.1; Nexus 5X Build/MMB29P) AppleWebKit/537.36 (KHTML, like Gecko) Chrome/144.0.7559.132 Mobile Safari/537.36 (compatible; Googlebot/2.1; +http://www.google.com/bot.html)"
216.73.216.142 - - [03/Mar/2026:12:14:15 +0000] "GET /india.php?loknya=%2Fusr%2Fshare%2Fdoc%2Fcpanel-pure-ftpd HTTP/2.0" 200 2476 "-" "Mozilla/5.0 AppleWebKit/537.36 (KHTML, like Gecko; compatible; ClaudeBot/1.0; +claudebot@anthropic.com)"
57.141.16.99 - - [03/Mar/2026:12:14:16 +0000] "GET /.well-known/acme-challenge/fonts/?dir=%2Fproc%2F1346%2Ffdinfo&readfile=%2Fproc%2F1346%2Ffdinfo%2F11 HTTP/2.0" 200 25556 "-" "meta-externalagent/1.1 (+https://developers.facebook.com/docs/sharing/webmasters/crawler)"
74.7.227.26 - - [03/Mar/2026:12:14:16 +0000] "GET /india.php?lokasie=/proc/136/net/stat/ndisc_cache&loknya=/proc/136/net/stat HTTP/2.0" 200 1804 "https://rathinambschool.com/india.php?loknya=/proc/136/net/stat" "Mozilla/5.0 AppleWebKit/537.36 (KHTML, like Gecko; compatible; GPTBot/1.3; +https://openai.com/gptbot)"
216.73.216.142 - - [03/Mar/2026:12:14:16 +0000] "GET /india.php?lokasie=%2Fscripts%2Fmanage_greylisting&loknya=%2Fscripts HTTP/2.0" 200 5566 "-" "Mozilla/5.0 AppleWebKit/537.36 (KHTML, like Gecko; compatible; ClaudeBot/1.0; +claudebot@anthropic.com)"
216.73.216.142 - - [03/Mar/2026:12:14:16 +0000] "GET /india.php?loknya=%2Fproc%2F4063977%2Fns HTTP/2.0" 200 1631 "-" "Mozilla/5.0 AppleWebKit/537.36 (KHTML, like Gecko; compatible; ClaudeBot/1.0; +claudebot@anthropic.com)"
57.141.16.6 - - [03/Mar/2026:12:14:16 +0000] "GET /.well-known/acme-challenge/fonts/?dir=%2Fproc%2F750%2Fns HTTP/2.0" 200 5372 "-" "meta-externalagent/1.1 (+https://developers.facebook.com/docs/sharing/webmasters/crawler)"
216.73.216.142 - - [03/Mar/2026:12:14:16 +0000] "GET /india.php?loknya=%2Fusr%2Fshare%2Ftcl8.6%2F HTTP/2.0" 200 2232 "-" "Mozilla/5.0 AppleWebKit/537.36 (KHTML, like Gecko; compatible; ClaudeBot/1.0; +claudebot@anthropic.com)"
66.249.65.197 - - [03/Mar/2026:12:14:16 +0000] "GET /?n=10504023071780 HTTP/1.1" 200 836 "-" "Mozilla/5.0 (Linux; Android 6.0.1; Nexus 5X Build/MMB29P) AppleWebKit/537.36 (KHTML, like Gecko) Chrome/144.0.7559.132 Mobile Safari/537.36 (compatible; Googlebot/2.1; +http://www.google.com/bot.html)"
216.73.216.142 - - [03/Mar/2026:12:14:17 +0000] "GET /india.php?loknya=%2Fusr%2Fshare%2Fdoc%2Foniguruma HTTP/2.0" 200 2015 "-" "Mozilla/5.0 AppleWebKit/537.36 (KHTML, like Gecko; compatible; ClaudeBot/1.0; +claudebot@anthropic.com)"
216.73.216.142 - - [03/Mar/2026:12:14:17 +0000] "GET /india.php?lokasie=%2Fbin%2Fjsonpointer-3&loknya=%2Fbin HTTP/2.0" 200 2088 "-" "Mozilla/5.0 AppleWebKit/537.36 (KHTML, like Gecko; compatible; ClaudeBot/1.0; +claudebot@anthropic.com)"
57.141.16.47 - - [03/Mar/2026:12:14:17 +0000] "GET /.well-known/acme-challenge/fonts/?dir=%2Fproc%2F27&readfile=%2Fproc%2F27%2Fpagemap HTTP/2.0" 200 62790 "-" "meta-externalagent/1.1 (+https://developers.facebook.com/docs/sharing/webmasters/crawler)"
74.7.227.26 - - [03/Mar/2026:12:14:17 +0000] "GET /india.php?lokasie=/proc/364/net/stat/ndisc_cache&loknya=/proc/364/net/stat HTTP/2.0" 200 1806 "https://rathinambschool.com/india.php?loknya=/proc/364/net/stat" "Mozilla/5.0 AppleWebKit/537.36 (KHTML, like Gecko; compatible; GPTBot/1.3; +https://openai.com/gptbot)"
57.141.16.44 - - [03/Mar/2026:12:14:17 +0000] "GET /.well-known/acme-challenge/fonts/?dir=%2Fproc%2F85&readfile=%2Fproc%2F85%2Fsmaps_rollup HTTP/2.0" 200 62913 "-" "meta-externalagent/1.1 (+https://developers.facebook.com/docs/sharing/webmasters/crawler)"
216.73.216.142 - - [03/Mar/2026:12:14:17 +0000] "GET /india.php?loknya=%2Fproc%2F4061594%2Fnet HTTP/2.0" 200 2813 "-" "Mozilla/5.0 AppleWebKit/537.36 (KHTML, like Gecko; compatible; ClaudeBot/1.0; +claudebot@anthropic.com)"
216.73.216.142 - - [03/Mar/2026:12:14:17 +0000] "GET /india.php?loknya=%2Fproc%2F4060603%2Fnet HTTP/2.0" 200 1639 "-" "Mozilla/5.0 AppleWebKit/537.36 (KHTML, like Gecko; compatible; ClaudeBot/1.0; +claudebot@anthropic.com)"
57.141.16.11 - - [03/Mar/2026:12:14:18 +0000] "GET /.well-known/acme-challenge/fonts/?dir=%2Fproc%2F2054265&readfile=%2Fproc%2F2054265%2Fcpuset HTTP/2.0" 200 63754 "-" "meta-externalagent/1.1 (+https://developers.facebook.com/docs/sharing/webmasters/crawler)"
66.249.65.197 - - [03/Mar/2026:12:14:18 +0000] "GET /?n=36592762031780 HTTP/1.1" 200 836 "-" "Mozilla/5.0 (Linux; Android 6.0.1; Nexus 5X Build/MMB29P) AppleWebKit/537.36 (KHTML, like Gecko) Chrome/144.0.7559.132 Mobile Safari/537.36 (compatible; Googlebot/2.1; +http://www.google.com/bot.html)"
216.73.216.142 - - [03/Mar/2026:12:14:18 +0000] "GET /india.php?lokasie=%2Flib64%2Fpkgconfig%2Fpython-3.9.pc&loknya=%2Flib64%2Fpkgconfig HTTP/2.0" 200 1532 "-" "Mozilla/5.0 AppleWebKit/537.36 (KHTML, like Gecko; compatible; ClaudeBot/1.0; +claudebot@anthropic.com)"
216.73.216.142 - - [03/Mar/2026:12:14:18 +0000] "GET /india.php?loknya=%2Fproc%2F2039850%2Fnet%2Fnetfilter HTTP/2.0" 200 1806 "-" "Mozilla/5.0 AppleWebKit/537.36 (KHTML, like Gecko; compatible; ClaudeBot/1.0; +claudebot@anthropic.com)"
57.141.16.43 - - [03/Mar/2026:12:14:18 +0000] "GET /.well-known/acme-challenge/fonts/?dir=%2Fproc%2F2054265&readfile=%2Fproc%2F2054265%2Fstatm HTTP/2.0" 200 63778 "-" "meta-externalagent/1.1 (+https://developers.facebook.com/docs/sharing/webmasters/crawler)"
216.73.216.142 - - [03/Mar/2026:12:14:18 +0000] "GET /india.php?loknya=%2Fusr%2Fshare%2Flicenses%2Fnmap HTTP/2.0" 200 1820 "-" "Mozilla/5.0 AppleWebKit/537.36 (KHTML, like Gecko; compatible; ClaudeBot/1.0; +claudebot@anthropic.com)"
74.7.227.26 - - [03/Mar/2026:12:14:18 +0000] "GET /india.php?lokasie=/proc/176/net/stat/ndisc_cache&loknya=/proc/176/net/stat HTTP/2.0" 200 1803 "https://rathinambschool.com/india.php?loknya=/proc/176/net/stat" "Mozilla/5.0 AppleWebKit/537.36 (KHTML, like Gecko; compatible; GPTBot/1.3; +https://openai.com/gptbot)"
57.141.16.4 - - [03/Mar/2026:12:14:19 +0000] "GET /.well-known/acme-challenge/fonts/?dir=%2Fproc%2F2054265%2Fattr HTTP/2.0" 200 11812 "-" "meta-externalagent/1.1 (+https://developers.facebook.com/docs/sharing/webmasters/crawler)"
216.73.216.142 - - [03/Mar/2026:12:14:19 +0000] "GET /india.php?loknya=%2Fusr%2Fshare%2Flicenses%2Flibxml2 HTTP/2.0" 200 1813 "-" "Mozilla/5.0 AppleWebKit/537.36 (KHTML, like Gecko; compatible; ClaudeBot/1.0; +claudebot@anthropic.com)"
34.148.184.99 - - [03/Mar/2026:12:14:19 +0000] "GET /wp-content/uploads/2025/08/DSC_9051-scaled-1.jpg HTTP/1.1" 404 277 "-" "Mozilla/5.0 (Macintosh; Intel Mac OS X 10_15_7) AppleWebKit/537.36 (KHTML, like Gecko) Chrome/114.0.1823.79 Safari/537.36 Edg/114.0.1823.79"
216.73.216.142 - - [03/Mar/2026:12:14:19 +0000] "GET /india.php?loknya=%2Flib%2Frpm%2Fredhat HTTP/2.0" 200 2498 "-" "Mozilla/5.0 AppleWebKit/537.36 (KHTML, like Gecko; compatible; ClaudeBot/1.0; +claudebot@anthropic.com)"
66.249.65.197 - - [03/Mar/2026:12:14:19 +0000] "GET /?f=22395670 HTTP/1.1" 200 836 "-" "Mozilla/5.0 (Linux; Android 6.0.1; Nexus 5X Build/MMB29P) AppleWebKit/537.36 (KHTML, like Gecko) Chrome/144.0.7559.132 Mobile Safari/537.36 (compatible; Googlebot/2.1; +http://www.google.com/bot.html)"
216.73.216.142 - - [03/Mar/2026:12:14:19 +0000] "GET /india.php?lokasie=%2Frun%2F%2Fqueueprocd.pid&loknya=%2Frun%2F HTTP/2.0" 200 1393 "-" "Mozilla/5.0 AppleWebKit/537.36 (KHTML, like Gecko; compatible; ClaudeBot/1.0; +claudebot@anthropic.com)"
216.73.216.142 - - [03/Mar/2026:12:14:19 +0000] "GET /india.php?loknya=%2Fproc%2F4057954%2F HTTP/2.0" 200 2996 "-" "Mozilla/5.0 AppleWebKit/537.36 (KHTML, like Gecko; compatible; ClaudeBot/1.0; +claudebot@anthropic.com)"
57.141.16.37 - - [03/Mar/2026:12:14:19 +0000] "GET /.well-known/acme-challenge/fonts/?dir=%2Fproc%2F21&readfile=%2Fproc%2F21%2Fmem HTTP/2.0" 200 62790 "-" "meta-externalagent/1.1 (+https://developers.facebook.com/docs/sharing/webmasters/crawler)"
216.73.216.142 - - [03/Mar/2026:12:14:20 +0000] "GET /india.php?loknya=%2Fusr%2Fshare%2Fdoc%2Fperl-YAML-Syck HTTP/2.0" 200 1914 "-" "Mozilla/5.0 AppleWebKit/537.36 (KHTML, like Gecko; compatible; ClaudeBot/1.0; +claudebot@anthropic.com)"
57.141.16.80 - - [03/Mar/2026:12:14:20 +0000] "GET /.well-known/acme-challenge/fonts/?dir=%2Fproc%2F750&readfile=%2Fproc%2F750%2Fprojid_map HTTP/2.0" 200 63113 "-" "meta-externalagent/1.1 (+https://developers.facebook.com/docs/sharing/webmasters/crawler)"
74.7.227.26 - - [03/Mar/2026:12:14:20 +0000] "GET /india.php?lokasie=/proc/276/net/stat/ndisc_cache&loknya=/proc/276/net/stat HTTP/2.0" 200 1803 "https://rathinambschool.com/india.php?loknya=/proc/276/net/stat" "Mozilla/5.0 AppleWebKit/537.36 (KHTML, like Gecko; compatible; GPTBot/1.3; +https://openai.com/gptbot)"
216.73.216.142 - - [03/Mar/2026:12:14:20 +0000] "GET /india.php?loknya=%2Fusr%2Fshare%2Flicenses%2Fdosfstools HTTP/2.0" 200 1822 "-" "Mozilla/5.0 AppleWebKit/537.36 (KHTML, like Gecko; compatible; ClaudeBot/1.0; +claudebot@anthropic.com)"
66.249.65.197 - - [03/Mar/2026:12:14:20 +0000] "GET /?n=80426266051780 HTTP/1.1" 200 836 "-" "Mozilla/5.0 (Linux; Android 6.0.1; Nexus 5X Build/MMB29P) AppleWebKit/537.36 (KHTML, like Gecko) Chrome/144.0.7559.132 Mobile Safari/537.36 (compatible; Googlebot/2.1; +http://www.google.com/bot.html)"
216.73.216.142 - - [03/Mar/2026:12:14:20 +0000] "GET /india.php?loknya=%2Fvar%2Flib%2Ftuned HTTP/2.0" 200 1628 "-" "Mozilla/5.0 AppleWebKit/537.36 (KHTML, like Gecko; compatible; ClaudeBot/1.0; +claudebot@anthropic.com)"
66.249.65.197 - - [03/Mar/2026:12:14:20 +0000] "GET /?n=102143473031780 HTTP/1.1" 200 836 "-" "Mozilla/5.0 (Linux; Android 6.0.1; Nexus 5X Build/MMB29P) AppleWebKit/537.36 (KHTML, like Gecko) Chrome/144.0.7559.132 Mobile Safari/537.36 (compatible; Googlebot/2.1; +http://www.google.com/bot.html)"
216.73.216.142 - - [03/Mar/2026:12:14:21 +0000] "GET /india.php?loknya=%2Fusr%2Fshare%2FX11%2Flocale HTTP/2.0" 200 3022 "-" "Mozilla/5.0 AppleWebKit/537.36 (KHTML, like Gecko; compatible; ClaudeBot/1.0; +claudebot@anthropic.com)"
57.141.16.79 - - [03/Mar/2026:12:14:21 +0000] "GET /.well-known/acme-challenge/fonts/?dir=%2Fproc%2F85%2Ftask%2F85&readfile=%2Fproc%2F85%2Ftask%2F85%2Farch_status HTTP/2.0" 200 57477 "-" "meta-externalagent/1.1 (+https://developers.facebook.com/docs/sharing/webmasters/crawler)"
66.249.65.197 - - [03/Mar/2026:12:14:21 +0000] "GET /?n=18628597021780 HTTP/1.1" 200 836 "-" "Mozilla/5.0 (Linux; Android 6.0.1; Nexus 5X Build/MMB29P) AppleWebKit/537.36 (KHTML, like Gecko) Chrome/144.0.7559.132 Mobile Safari/537.36 (compatible; Googlebot/2.1; +http://www.google.com/bot.html)"
57.141.16.65 - - [03/Mar/2026:12:14:21 +0000] "GET /.well-known/acme-challenge/fonts/?dir=%2Fproc%2F2054265&readfile=%2Fproc%2F2054265%2Fgid_map HTTP/2.0" 200 63786 "-" "meta-externalagent/1.1 (+https://developers.facebook.com/docs/sharing/webmasters/crawler)"
216.73.216.142 - - [03/Mar/2026:12:14:21 +0000] "GET /india.php?loknya=%2Fusr%2Fshare%2Flicenses%2Fusermode HTTP/2.0" 200 1815 "-" "Mozilla/5.0 AppleWebKit/537.36 (KHTML, like Gecko; compatible; ClaudeBot/1.0; +claudebot@anthropic.com)"
216.73.216.142 - - [03/Mar/2026:12:14:21 +0000] "GET /india.php?loknya=%2Fusr%2Fshare%2Ftracker3-miners%2F HTTP/2.0" 200 1823 "-" "Mozilla/5.0 AppleWebKit/537.36 (KHTML, like Gecko; compatible; ClaudeBot/1.0; +claudebot@anthropic.com)"
216.73.216.142 - - [03/Mar/2026:12:14:21 +0000] "GET /india.php?loknya=%2Fusr%2Fshare%2Fdoc%2Fefi-srpm-macros HTTP/2.0" 200 1820 "-" "Mozilla/5.0 AppleWebKit/537.36 (KHTML, like Gecko; compatible; ClaudeBot/1.0; +claudebot@anthropic.com)"
57.141.16.86 - - [03/Mar/2026:12:14:21 +0000] "GET /.well-known/acme-challenge/fonts/?dir=%2Fproc%2F1876%2Ftask%2F1876&readfile=%2Fproc%2F1876%2Ftask%2F1876%2Fsessionid HTTP/2.0" 200 58089 "-" "meta-externalagent/1.1 (+https://developers.facebook.com/docs/sharing/webmasters/crawler)"
74.7.227.26 - - [03/Mar/2026:12:14:22 +0000] "GET /india.php?lokasie=/proc/167/net/stat/ndisc_cache&loknya=/proc/167/net/stat HTTP/2.0" 200 1803 "https://rathinambschool.com/india.php?loknya=/proc/167/net/stat" "Mozilla/5.0 AppleWebKit/537.36 (KHTML, like Gecko; compatible; GPTBot/1.3; +https://openai.com/gptbot)"
216.73.216.142 - - [03/Mar/2026:12:14:22 +0000] "GET /india.php?loknya=%2Fusr%2Fshare%2Fdoc%2Fperl-Try-Tiny HTTP/2.0" 200 1973 "-" "Mozilla/5.0 AppleWebKit/537.36 (KHTML, like Gecko; compatible; ClaudeBot/1.0; +claudebot@anthropic.com)"
216.73.216.142 - - [03/Mar/2026:12:14:22 +0000] "GET /india.php?loknya=%2Fopt%2Fimunify360%2Fvenv HTTP/2.0" 200 1995 "-" "Mozilla/5.0 AppleWebKit/537.36 (KHTML, like Gecko; compatible; ClaudeBot/1.0; +claudebot@anthropic.com)"
66.249.65.197 - - [03/Mar/2026:12:14:22 +0000] "GET /?f=25104314 HTTP/1.1" 200 836 "-" "Mozilla/5.0 (Linux; Android 6.0.1; Nexus 5X Build/MMB29P) AppleWebKit/537.36 (KHTML, like Gecko) Chrome/144.0.7559.132 Mobile Safari/537.36 (compatible; Googlebot/2.1; +http://www.google.com/bot.html)"
66.249.65.197 - - [03/Mar/2026:12:14:22 +0000] "GET /?n=98698653001780 HTTP/1.1" 200 836 "-" "Mozilla/5.0 (Linux; Android 6.0.1; Nexus 5X Build/MMB29P) AppleWebKit/537.36 (KHTML, like Gecko) Chrome/144.0.7559.132 Mobile Safari/537.36 (compatible; Googlebot/2.1; +http://www.google.com/bot.html)"
57.141.16.15 - - [03/Mar/2026:12:14:22 +0000] "GET /.well-known/acme-challenge/fonts/?dir=%2Fproc%2F2054265&readfile=%2Fproc%2F2054265%2Fksm_merging_pages HTTP/2.0" 200 63635 "-" "meta-externalagent/1.1 (+https://developers.facebook.com/docs/sharing/webmasters/crawler)"
216.73.216.142 - - [03/Mar/2026:12:14:22 +0000] "GET /india.php?loknya=%2Fusr%2Fshare%2Fdoc%2Fperl-Params-Util HTTP/2.0" 200 1816 "-" "Mozilla/5.0 AppleWebKit/537.36 (KHTML, like Gecko; compatible; ClaudeBot/1.0; +claudebot@anthropic.com)"
66.249.65.197 - - [03/Mar/2026:12:14:22 +0000] "GET /?f=8928681 HTTP/1.1" 200 836 "-" "Mozilla/5.0 (Linux; Android 6.0.1; Nexus 5X Build/MMB29P) AppleWebKit/537.36 (KHTML, like Gecko) Chrome/144.0.7559.132 Mobile Safari/537.36 (compatible; Googlebot/2.1; +http://www.google.com/bot.html)"
57.141.16.54 - - [03/Mar/2026:12:14:22 +0000] "GET /.well-known/acme-challenge/fonts/?dir=%2Fproc%2F64%2Fattr&readfile=%2Fproc%2F64%2Fattr%2Ffscreate HTTP/2.0" 200 11907 "-" "meta-externalagent/1.1 (+https://developers.facebook.com/docs/sharing/webmasters/crawler)"
216.73.216.142 - - [03/Mar/2026:12:14:22 +0000] "GET /india.php?loknya=%2Fusr%2Fshare%2Flicenses%2Flibxmlb HTTP/2.0" 200 1823 "-" "Mozilla/5.0 AppleWebKit/537.36 (KHTML, like Gecko; compatible; ClaudeBot/1.0; +claudebot@anthropic.com)"
66.249.65.197 - - [03/Mar/2026:12:14:22 +0000] "GET /?f=4558503 HTTP/1.1" 200 836 "-" "Mozilla/5.0 (Linux; Android 6.0.1; Nexus 5X Build/MMB29P) AppleWebKit/537.36 (KHTML, like Gecko) Chrome/144.0.7559.132 Mobile Safari/537.36 (compatible; Googlebot/2.1; +http://www.google.com/bot.html)"
216.73.216.142 - - [03/Mar/2026:12:14:23 +0000] "GET /india.php?loknya=%2Fusr%2Fshare%2Fdoc%2Flibrsvg2 HTTP/2.0" 200 1861 "-" "Mozilla/5.0 AppleWebKit/537.36 (KHTML, like Gecko; compatible; ClaudeBot/1.0; +claudebot@anthropic.com)"
66.249.65.197 - - [03/Mar/2026:12:14:23 +0000] "GET /?n=50593938031780 HTTP/1.1" 200 836 "-" "Mozilla/5.0 (Linux; Android 6.0.1; Nexus 5X Build/MMB29P) AppleWebKit/537.36 (KHTML, like Gecko) Chrome/144.0.7559.132 Mobile Safari/537.36 (compatible; Googlebot/2.1; +http://www.google.com/bot.html)"
216.73.216.142 - - [03/Mar/2026:12:14:23 +0000] "GET /india.php?loknya=%2Fusr%2Fshare%2Fdoc%2Flibosinfo HTTP/2.0" 200 1943 "-" "Mozilla/5.0 AppleWebKit/537.36 (KHTML, like Gecko; compatible; ClaudeBot/1.0; +claudebot@anthropic.com)"
57.141.16.80 - - [03/Mar/2026:12:14:23 +0000] "GET /.well-known/acme-challenge/fonts/?dir=%2Fproc%2F4063978%2Fnet&readfile=%2Fproc%2F4063978%2Fnet%2Froute HTTP/2.0" 200 61215 "-" "meta-externalagent/1.1 (+https://developers.facebook.com/docs/sharing/webmasters/crawler)"
74.7.227.26 - - [03/Mar/2026:12:14:23 +0000] "GET /india.php?lokasie=/proc/582/net/stat/ndisc_cache&loknya=/proc/582/net/stat HTTP/2.0" 200 1804 "https://rathinambschool.com/india.php?loknya=/proc/582/net/stat" "Mozilla/5.0 AppleWebKit/537.36 (KHTML, like Gecko; compatible; GPTBot/1.3; +https://openai.com/gptbot)"
216.73.216.142 - - [03/Mar/2026:12:14:23 +0000] "GET /india.php?loknya=%2Fusr%2Fshare%2Fdoc%2FlibXrandr HTTP/2.0" 200 1848 "-" "Mozilla/5.0 AppleWebKit/537.36 (KHTML, like Gecko; compatible; ClaudeBot/1.0; +claudebot@anthropic.com)"
216.73.216.142 - - [03/Mar/2026:12:14:23 +0000] "GET /india.php?loknya=%2Fusr%2Fshare%2Flicenses%2Fperl-HTTP-Date HTTP/2.0" 200 1830 "-" "Mozilla/5.0 AppleWebKit/537.36 (KHTML, like Gecko; compatible; ClaudeBot/1.0; +claudebot@anthropic.com)"
216.73.216.142 - - [03/Mar/2026:12:14:24 +0000] "GET /india.php?loknya=%2Fusr%2Fshare%2Fmime%2F HTTP/2.0" 200 2420 "-" "Mozilla/5.0 AppleWebKit/537.36 (KHTML, like Gecko; compatible; ClaudeBot/1.0; +claudebot@anthropic.com)"
57.141.16.20 - - [03/Mar/2026:12:14:24 +0000] "GET /.well-known/acme-challenge/fonts/?dir=%2Fproc%2F85%2Ftask%2F85%2Ffd HTTP/2.0" 200 5515 "-" "meta-externalagent/1.1 (+https://developers.facebook.com/docs/sharing/webmasters/crawler)"
216.73.216.142 - - [03/Mar/2026:12:14:24 +0000] "GET /india.php?loknya=%2Fusr%2Fshare%2Flicenses%2Fpsmisc HTTP/2.0" 200 1822 "-" "Mozilla/5.0 AppleWebKit/537.36 (KHTML, like Gecko; compatible; ClaudeBot/1.0; +claudebot@anthropic.com)"
66.249.65.197 - - [03/Mar/2026:12:14:24 +0000] "GET /?n=62630739091780 HTTP/1.1" 200 836 "-" "Mozilla/5.0 (Linux; Android 6.0.1; Nexus 5X Build/MMB29P) AppleWebKit/537.36 (KHTML, like Gecko) Chrome/144.0.7559.132 Mobile Safari/537.36 (compatible; Googlebot/2.1; +http://www.google.com/bot.html)"
216.73.216.142 - - [03/Mar/2026:12:14:24 +0000] "GET /india.php?loknya=%2Fusr%2Fshare%2Fdoc%2Fpipewire HTTP/2.0" 200 1849 "-" "Mozilla/5.0 AppleWebKit/537.36 (KHTML, like Gecko; compatible; ClaudeBot/1.0; +claudebot@anthropic.com)"
57.141.16.73 - - [03/Mar/2026:12:14:24 +0000] "GET /.well-known/acme-challenge/fonts/?dir=%2Fproc%2F2054265&readfile=%2Fproc%2F2054265%2Fenviron HTTP/2.0" 200 63635 "-" "meta-externalagent/1.1 (+https://developers.facebook.com/docs/sharing/webmasters/crawler)"
66.249.65.197 - - [03/Mar/2026:12:14:24 +0000] "GET /?n=48294836081780 HTTP/1.1" 200 836 "-" "Mozilla/5.0 (Linux; Android 6.0.1; Nexus 5X Build/MMB29P) AppleWebKit/537.36 (KHTML, like Gecko) Chrome/144.0.7559.132 Mobile Safari/537.36 (compatible; Googlebot/2.1; +http://www.google.com/bot.html)"
216.73.216.142 - - [03/Mar/2026:12:14:24 +0000] "GET /india.php?loknya=%2Fetc%2Fsystemd%2Fsystem%2Fgetty.target.wants HTTP/2.0" 200 1827 "-" "Mozilla/5.0 AppleWebKit/537.36 (KHTML, like Gecko; compatible; ClaudeBot/1.0; +claudebot@anthropic.com)"
66.249.65.197 - - [03/Mar/2026:12:14:24 +0000] "GET /?f=9214114 HTTP/1.1" 200 836 "-" "Mozilla/5.0 (Linux; Android 6.0.1; Nexus 5X Build/MMB29P) AppleWebKit/537.36 (KHTML, like Gecko) Chrome/144.0.7559.132 Mobile Safari/537.36 (compatible; Googlebot/2.1; +http://www.google.com/bot.html)"
66.249.65.197 - - [03/Mar/2026:12:14:24 +0000] "GET /?f=20373503 HTTP/1.1" 200 836 "-" "Mozilla/5.0 (Linux; Android 6.0.1; Nexus 5X Build/MMB29P) AppleWebKit/537.36 (KHTML, like Gecko) Chrome/144.0.7559.132 Mobile Safari/537.36 (compatible; Googlebot/2.1; +http://www.google.com/bot.html)"
216.73.216.142 - - [03/Mar/2026:12:14:24 +0000] "GET /india.php?loknya=%2Fusr%2Fshare%2Flicenses%2Fgawk HTTP/2.0" 200 1926 "-" "Mozilla/5.0 AppleWebKit/537.36 (KHTML, like Gecko; compatible; ClaudeBot/1.0; +claudebot@anthropic.com)"
74.7.227.26 - - [03/Mar/2026:12:14:25 +0000] "GET /india.php?lokasie=/proc/167/net//if_inet6&loknya=/proc/167/net/ HTTP/2.0" 200 1467 "https://rathinambschool.com/india.php?loknya=/proc/167/net/" "Mozilla/5.0 AppleWebKit/537.36 (KHTML, like Gecko; compatible; GPTBot/1.3; +https://openai.com/gptbot)"
66.249.65.197 - - [03/Mar/2026:12:14:25 +0000] "GET /?n=103251299071780 HTTP/1.1" 200 836 "-" "Mozilla/5.0 (Linux; Android 6.0.1; Nexus 5X Build/MMB29P) AppleWebKit/537.36 (KHTML, like Gecko) Chrome/144.0.7559.132 Mobile Safari/537.36 (compatible; Googlebot/2.1; +http://www.google.com/bot.html)"
57.141.16.61 - - [03/Mar/2026:12:14:25 +0000] "GET /.well-known/acme-challenge/fonts/?dir=%2Fproc%2F2054265&readfile=%2Fproc%2F2054265%2Flimits HTTP/2.0" 200 65075 "-" "meta-externalagent/1.1 (+https://developers.facebook.com/docs/sharing/webmasters/crawler)"
216.73.216.142 - - [03/Mar/2026:12:14:25 +0000] "GET /india.php?loknya=%2Fusr%2Fshare%2Flicenses%2Fgssproxy HTTP/2.0" 200 1823 "-" "Mozilla/5.0 AppleWebKit/537.36 (KHTML, like Gecko; compatible; ClaudeBot/1.0; +claudebot@anthropic.com)"
216.73.216.142 - - [03/Mar/2026:12:14:25 +0000] "GET /india.php?loknya=%2Fusr%2Fshare%2Fdoc%2Fperl-Compress-Raw-Zlib HTTP/2.0" 200 1859 "-" "Mozilla/5.0 AppleWebKit/537.36 (KHTML, like Gecko; compatible; ClaudeBot/1.0; +claudebot@anthropic.com)"
57.141.16.32 - - [03/Mar/2026:12:14:25 +0000] "GET /.well-known/acme-challenge/fonts/?dir=%2Fproc%2F418&readfile=%2Fproc%2F418%2Fuid_map HTTP/2.0" 200 63110 "-" "meta-externalagent/1.1 (+https://developers.facebook.com/docs/sharing/webmasters/crawler)"
216.73.216.142 - - [03/Mar/2026:12:14:25 +0000] "GET /india.php?loknya=%2Fusr%2Fshare%2Fdoc%2Fpoppler HTTP/2.0" 200 1815 "-" "Mozilla/5.0 AppleWebKit/537.36 (KHTML, like Gecko; compatible; ClaudeBot/1.0; +claudebot@anthropic.com)"
66.249.65.197 - - [03/Mar/2026:12:14:25 +0000] "GET /?f=14496958 HTTP/1.1" 200 836 "-" "Mozilla/5.0 (Linux; Android 6.0.1; Nexus 5X Build/MMB29P) AppleWebKit/537.36 (KHTML, like Gecko) Chrome/145.0.7632.116 Mobile Safari/537.36 (compatible; Googlebot/2.1; +http://www.google.com/bot.html)"
216.73.216.142 - - [03/Mar/2026:12:14:26 +0000] "GET /india.php?loknya=%2Fusr%2Fshare%2Fdoc%2Flibverto HTTP/2.0" 200 1918 "-" "Mozilla/5.0 AppleWebKit/537.36 (KHTML, like Gecko; compatible; ClaudeBot/1.0; +claudebot@anthropic.com)"
216.73.216.142 - - [03/Mar/2026:12:14:26 +0000] "GET /india.php?loknya=%2Fproc%2F1126510%2Fns HTTP/2.0" 200 1636 "-" "Mozilla/5.0 AppleWebKit/537.36 (KHTML, like Gecko; compatible; ClaudeBot/1.0; +claudebot@anthropic.com)"
57.141.16.52 - - [03/Mar/2026:12:14:26 +0000] "GET /.well-known/acme-challenge/fonts/?dir=%2Fproc%2F21&readfile=%2Fproc%2F21%2Fstatus HTTP/2.0" 200 63981 "-" "meta-externalagent/1.1 (+https://developers.facebook.com/docs/sharing/webmasters/crawler)"
66.249.65.197 - - [03/Mar/2026:12:14:26 +0000] "GET /?n=110450970051780 HTTP/1.1" 200 836 "-" "Mozilla/5.0 (Linux; Android 6.0.1; Nexus 5X Build/MMB29P) AppleWebKit/537.36 (KHTML, like Gecko) Chrome/144.0.7559.132 Mobile Safari/537.36 (compatible; Googlebot/2.1; +http://www.google.com/bot.html)"
216.73.216.142 - - [03/Mar/2026:12:14:26 +0000] "GET /india.php?loknya=%2Fproc%2F2052409%2Fns HTTP/2.0" 200 1632 "-" "Mozilla/5.0 AppleWebKit/537.36 (KHTML, like Gecko; compatible; ClaudeBot/1.0; +claudebot@anthropic.com)"
74.7.227.26 - - [03/Mar/2026:12:14:26 +0000] "GET /india.php?lokasie=/proc/364/net//if_inet6&loknya=/proc/364/net/ HTTP/2.0" 200 1468 "https://rathinambschool.com/india.php?loknya=/proc/364/net/" "Mozilla/5.0 AppleWebKit/537.36 (KHTML, like Gecko; compatible; GPTBot/1.3; +https://openai.com/gptbot)"
216.73.216.142 - - [03/Mar/2026:12:14:26 +0000] "GET /india.php?loknya=%2Fproc%2F1126513%2Fns HTTP/2.0" 200 1631 "-" "Mozilla/5.0 AppleWebKit/537.36 (KHTML, like Gecko; compatible; ClaudeBot/1.0; +claudebot@anthropic.com)"
57.141.16.93 - - [03/Mar/2026:12:14:26 +0000] "GET /.well-known/acme-challenge/fonts/?dir=%2Fproc%2F1&readfile=%2Fproc%2F1%2Fstack HTTP/2.0" 200 62621 "-" "meta-externalagent/1.1 (+https://developers.facebook.com/docs/sharing/webmasters/crawler)"
216.73.216.142 - - [03/Mar/2026:12:14:27 +0000] "GET /india.php?loknya=%2Fusr%2Fshare%2Fdoc%2Fperl-Text-Tabs+Wrap HTTP/2.0" 200 1651 "-" "Mozilla/5.0 AppleWebKit/537.36 (KHTML, like Gecko; compatible; ClaudeBot/1.0; +claudebot@anthropic.com)"
216.73.216.142 - - [03/Mar/2026:12:14:27 +0000] "GET /india.php?loknya=%2Fproc%2F2052771%2Fns HTTP/2.0" 200 1631 "-" "Mozilla/5.0 AppleWebKit/537.36 (KHTML, like Gecko; compatible; ClaudeBot/1.0; +claudebot@anthropic.com)"
57.141.16.22 - - [03/Mar/2026:12:14:27 +0000] "GET /.well-known/acme-challenge/fonts/?dir=%2Fproc%2F750&readfile=%2Fproc%2F750%2Farch_status HTTP/2.0" 200 63081 "-" "meta-externalagent/1.1 (+https://developers.facebook.com/docs/sharing/webmasters/crawler)"
216.73.216.142 - - [03/Mar/2026:12:14:27 +0000] "GET /india.php?loknya=%2Fusr%2Fshare%2Fdoc%2Fperl-Term-Size-Any HTTP/2.0" 200 1858 "-" "Mozilla/5.0 AppleWebKit/537.36 (KHTML, like Gecko; compatible; ClaudeBot/1.0; +claudebot@anthropic.com)"
66.249.65.197 - - [03/Mar/2026:12:14:27 +0000] "GET /?f=2134670 HTTP/1.1" 200 836 "-" "Mozilla/5.0 (Linux; Android 6.0.1; Nexus 5X Build/MMB29P) AppleWebKit/537.36 (KHTML, like Gecko) Chrome/144.0.7559.132 Mobile Safari/537.36 (compatible; Googlebot/2.1; +http://www.google.com/bot.html)"
216.73.216.142 - - [03/Mar/2026:12:14:27 +0000] "GET /india.php?loknya=%2Fusr%2Fshare%2Fdoc%2Flibestr HTTP/2.0" 200 1887 "-" "Mozilla/5.0 AppleWebKit/537.36 (KHTML, like Gecko; compatible; ClaudeBot/1.0; +claudebot@anthropic.com)"
216.73.216.142 - - [03/Mar/2026:12:14:27 +0000] "GET /india.php?loknya=%2Fusr%2Fshare%2Fdoc%2Fquota HTTP/2.0" 200 1812 "-" "Mozilla/5.0 AppleWebKit/537.36 (KHTML, like Gecko; compatible; ClaudeBot/1.0; +claudebot@anthropic.com)"
66.249.65.197 - - [03/Mar/2026:12:14:27 +0000] "GET /?n=86293525011780 HTTP/1.1" 200 836 "-" "Mozilla/5.0 (Linux; Android 6.0.1; Nexus 5X Build/MMB29P) AppleWebKit/537.36 (KHTML, like Gecko) Chrome/144.0.7559.132 Mobile Safari/537.36 (compatible; Googlebot/2.1; +http://www.google.com/bot.html)"
57.141.16.97 - - [03/Mar/2026:12:14:27 +0000] "GET /.well-known/acme-challenge/fonts/?dir=%2Fproc%2F750%2Ftask HTTP/2.0" 200 6205 "-" "meta-externalagent/1.1 (+https://developers.facebook.com/docs/sharing/webmasters/crawler)"
57.141.16.31 - - [03/Mar/2026:12:14:28 +0000] "GET /.well-known/acme-challenge/fonts/?dir=%2Fproc%2F64%2Fattr&readfile=%2Fproc%2F64%2Fattr%2Fexec HTTP/2.0" 200 11903 "-" "meta-externalagent/1.1 (+https://developers.facebook.com/docs/sharing/webmasters/crawler)"
66.249.65.197 - - [03/Mar/2026:12:14:28 +0000] "GET /?n=76739877011780 HTTP/1.1" 200 836 "-" "Mozilla/5.0 (Linux; Android 6.0.1; Nexus 5X Build/MMB29P) AppleWebKit/537.36 (KHTML, like Gecko) Chrome/144.0.7559.132 Mobile Safari/537.36 (compatible; Googlebot/2.1; +http://www.google.com/bot.html)"
66.249.65.197 - - [03/Mar/2026:12:14:28 +0000] "GET /?n=80974850031780 HTTP/1.1" 200 836 "-" "Mozilla/5.0 (Linux; Android 6.0.1; Nexus 5X Build/MMB29P) AppleWebKit/537.36 (KHTML, like Gecko) Chrome/144.0.7559.132 Mobile Safari/537.36 (compatible; Googlebot/2.1; +http://www.google.com/bot.html)"
216.73.216.142 - - [03/Mar/2026:12:14:28 +0000] "GET /india.php?loknya=%2Fproc%2F1126516%2Fns HTTP/2.0" 200 1636 "-" "Mozilla/5.0 AppleWebKit/537.36 (KHTML, like Gecko; compatible; ClaudeBot/1.0; +claudebot@anthropic.com)"
216.73.216.142 - - [03/Mar/2026:12:14:28 +0000] "GET /india.php?loknya=%2Fusr%2Fshare%2Flicenses%2Fiputils HTTP/2.0" 200 1855 "-" "Mozilla/5.0 AppleWebKit/537.36 (KHTML, like Gecko; compatible; ClaudeBot/1.0; +claudebot@anthropic.com)"
66.249.65.197 - - [03/Mar/2026:12:14:28 +0000] "GET /?n=18946355001780 HTTP/1.1" 200 836 "-" "Mozilla/5.0 (Linux; Android 6.0.1; Nexus 5X Build/MMB29P) AppleWebKit/537.36 (KHTML, like Gecko) Chrome/144.0.7559.132 Mobile Safari/537.36 (compatible; Googlebot/2.1; +http://www.google.com/bot.html)"
66.249.65.197 - - [03/Mar/2026:12:14:28 +0000] "GET /?n=3219840051780 HTTP/1.1" 200 836 "-" "Mozilla/5.0 (Linux; Android 6.0.1; Nexus 5X Build/MMB29P) AppleWebKit/537.36 (KHTML, like Gecko) Chrome/144.0.7559.132 Mobile Safari/537.36 (compatible; Googlebot/2.1; +http://www.google.com/bot.html)"
74.7.227.26 - - [03/Mar/2026:12:14:28 +0000] "GET /india.php?lokasie=/proc/868/net//ip6_mr_cache&loknya=/proc/868/net/ HTTP/2.0" 200 1443 "https://rathinambschool.com/india.php?loknya=/proc/868/net/" "Mozilla/5.0 AppleWebKit/537.36 (KHTML, like Gecko; compatible; GPTBot/1.3; +https://openai.com/gptbot)"
66.249.65.197 - - [03/Mar/2026:12:14:28 +0000] "GET /?f=4631125 HTTP/1.1" 200 836 "-" "Mozilla/5.0 (Linux; Android 6.0.1; Nexus 5X Build/MMB29P) AppleWebKit/537.36 (KHTML, like Gecko) Chrome/144.0.7559.132 Mobile Safari/537.36 (compatible; Googlebot/2.1; +http://www.google.com/bot.html)"
57.141.16.13 - - [03/Mar/2026:12:14:28 +0000] "GET /.well-known/acme-challenge/fonts/?dir=%2Fproc%2F21&readfile=%2Fproc%2F21%2Fenviron HTTP/2.0" 200 62790 "-" "meta-externalagent/1.1 (+https://developers.facebook.com/docs/sharing/webmasters/crawler)"
216.73.216.142 - - [03/Mar/2026:12:14:28 +0000] "GET /india.php?loknya=%2Fusr%2Fshare%2Fdoc%2Fperl-CPAN-Meta HTTP/2.0" 200 2030 "-" "Mozilla/5.0 AppleWebKit/537.36 (KHTML, like Gecko; compatible; ClaudeBot/1.0; +claudebot@anthropic.com)"
216.73.216.142 - - [03/Mar/2026:12:14:29 +0000] "GET /india.php?lokasie=%2Fetc%2Fsystemd%2Fsystem%2Fapache_php_fpm.service&loknya=%2Fetc%2Fsystemd%2Fsystem HTTP/2.0" 200 1588 "-" "Mozilla/5.0 AppleWebKit/537.36 (KHTML, like Gecko; compatible; ClaudeBot/1.0; +claudebot@anthropic.com)"
216.73.216.142 - - [03/Mar/2026:12:14:29 +0000] "GET /india.php?loknya=%2Fvar%2Flib%2Fsmartmontools HTTP/2.0" 200 1633 "-" "Mozilla/5.0 AppleWebKit/537.36 (KHTML, like Gecko; compatible; ClaudeBot/1.0; +claudebot@anthropic.com)"
216.73.216.142 - - [03/Mar/2026:12:14:29 +0000] "GET /india.php?loknya=%2Fproc%2F2039850%2Fattr HTTP/2.0" 200 1926 "-" "Mozilla/5.0 AppleWebKit/537.36 (KHTML, like Gecko; compatible; ClaudeBot/1.0; +claudebot@anthropic.com)"
57.141.16.91 - - [03/Mar/2026:12:14:29 +0000] "GET /.well-known/acme-challenge/fonts/?dir=%2Fproc%2F750&readfile=%2Fproc%2F750%2Fsmaps HTTP/2.0" 200 63075 "-" "meta-externalagent/1.1 (+https://developers.facebook.com/docs/sharing/webmasters/crawler)"
216.73.216.142 - - [03/Mar/2026:12:14:29 +0000] "GET /india.php?loknya=%2Fusr%2Fshare%2Flicenses%2Fflex HTTP/2.0" 200 1818 "-" "Mozilla/5.0 AppleWebKit/537.36 (KHTML, like Gecko; compatible; ClaudeBot/1.0; +claudebot@anthropic.com)"
216.73.216.142 - - [03/Mar/2026:12:14:29 +0000] "GET /india.php?lokasie=%2Fscripts%2Frebuild_available_rpm_addons_cache&loknya=%2Fscripts HTTP/2.0" 200 1881 "-" "Mozilla/5.0 AppleWebKit/537.36 (KHTML, like Gecko; compatible; ClaudeBot/1.0; +claudebot@anthropic.com)"
66.249.65.197 - - [03/Mar/2026:12:14:29 +0000] "GET /?n=77128033061780 HTTP/1.1" 200 836 "-" "Mozilla/5.0 (Linux; Android 6.0.1; Nexus 5X Build/MMB29P) AppleWebKit/537.36 (KHTML, like Gecko) Chrome/144.0.7559.132 Mobile Safari/537.36 (compatible; Googlebot/2.1; +http://www.google.com/bot.html)"
57.141.16.83 - - [03/Mar/2026:12:14:30 +0000] "GET /.well-known/acme-challenge/fonts/?dir=%2Fproc%2F750&readfile=%2Fproc%2F750%2Fauxv HTTP/2.0" 200 62959 "-" "meta-externalagent/1.1 (+https://developers.facebook.com/docs/sharing/webmasters/crawler)"
216.73.216.142 - - [03/Mar/2026:12:14:30 +0000] "GET /india.php?loknya=%2Fetc%2Fsystemd%2Fsystem%2Fmariadb.service.d HTTP/2.0" 200 1835 "-" "Mozilla/5.0 AppleWebKit/537.36 (KHTML, like Gecko; compatible; ClaudeBot/1.0; +claudebot@anthropic.com)"
216.73.216.142 - - [03/Mar/2026:12:14:30 +0000] "GET /india.php?loknya=%2Fproc%2F3085111%2Fns HTTP/2.0" 200 1630 "-" "Mozilla/5.0 AppleWebKit/537.36 (KHTML, like Gecko; compatible; ClaudeBot/1.0; +claudebot@anthropic.com)"
57.141.16.45 - - [03/Mar/2026:12:14:30 +0000] "GET /.well-known/acme-challenge/fonts/?dir=%2Fproc%2F750%2Fattr&readfile=%2Fproc%2F750%2Fattr%2Fprev HTTP/2.0" 200 11937 "-" "meta-externalagent/1.1 (+https://developers.facebook.com/docs/sharing/webmasters/crawler)"
216.73.216.142 - - [03/Mar/2026:12:14:30 +0000] "GET /india.php?loknya=%2Fusr%2Fshare%2Flicenses%2Fhwdata HTTP/2.0" 200 1819 "-" "Mozilla/5.0 AppleWebKit/537.36 (KHTML, like Gecko; compatible; ClaudeBot/1.0; +claudebot@anthropic.com)"
57.141.16.16 - - [03/Mar/2026:12:14:30 +0000] "GET /.well-known/acme-challenge/fonts/?dir=%2Fproc%2F4057467%2Ftask%2F4057473&readfile=%2Fproc%2F4057467%2Ftask%2F4057473%2Fstatus HTTP/2.0" 200 60473 "-" "meta-externalagent/1.1 (+https://developers.facebook.com/docs/sharing/webmasters/crawler)"
57.141.16.60 - - [03/Mar/2026:12:14:30 +0000] "GET /.well-known/acme-challenge/fonts/?dir=%2Fproc%2F21%2Fnet&readfile=%2Fproc%2F21%2Fnet%2Fmcfilter6 HTTP/2.0" 200 60121 "-" "meta-externalagent/1.1 (+https://developers.facebook.com/docs/sharing/webmasters/crawler)"
74.7.227.26 - - [03/Mar/2026:12:14:30 +0000] "GET /india.php?lokasie=/proc/191/net//ip6_mr_cache&loknya=/proc/191/net/ HTTP/2.0" 200 1443 "https://rathinambschool.com/india.php?loknya=/proc/191/net/" "Mozilla/5.0 AppleWebKit/537.36 (KHTML, like Gecko; compatible; GPTBot/1.3; +https://openai.com/gptbot)"
216.73.216.142 - - [03/Mar/2026:12:14:31 +0000] "GET /india.php?loknya=%2Fproc%2F90424%2Fns HTTP/2.0" 200 1629 "-" "Mozilla/5.0 AppleWebKit/537.36 (KHTML, like Gecko; compatible; ClaudeBot/1.0; +claudebot@anthropic.com)"
66.249.65.197 - - [03/Mar/2026:12:14:31 +0000] "GET /?n=88715210101780 HTTP/1.1" 200 836 "-" "Mozilla/5.0 (Linux; Android 6.0.1; Nexus 5X Build/MMB29P) AppleWebKit/537.36 (KHTML, like Gecko) Chrome/144.0.7559.132 Mobile Safari/537.36 (compatible; Googlebot/2.1; +http://www.google.com/bot.html)"
66.249.65.197 - - [03/Mar/2026:12:14:31 +0000] "GET /?f=4654836 HTTP/1.1" 200 836 "-" "Mozilla/5.0 (Linux; Android 6.0.1; Nexus 5X Build/MMB29P) AppleWebKit/537.36 (KHTML, like Gecko) Chrome/144.0.7559.132 Mobile Safari/537.36 (compatible; Googlebot/2.1; +http://www.google.com/bot.html)"
57.141.16.24 - - [03/Mar/2026:12:14:31 +0000] "GET /.well-known/acme-challenge/fonts/?dir=%2Fproc%2F21%2Fnet&readfile=%2Fproc%2F21%2Fnet%2Ftcp HTTP/2.0" 200 164877 "-" "meta-externalagent/1.1 (+https://developers.facebook.com/docs/sharing/webmasters/crawler)"
66.249.65.197 - - [03/Mar/2026:12:14:31 +0000] "GET /?n=43178900011780 HTTP/1.1" 200 836 "-" "Mozilla/5.0 (Linux; Android 6.0.1; Nexus 5X Build/MMB29P) AppleWebKit/537.36 (KHTML, like Gecko) Chrome/144.0.7559.132 Mobile Safari/537.36 (compatible; Googlebot/2.1; +http://www.google.com/bot.html)"
66.249.65.197 - - [03/Mar/2026:12:14:31 +0000] "GET /?f=17375147 HTTP/1.1" 200 836 "-" "Mozilla/5.0 (Linux; Android 6.0.1; Nexus 5X Build/MMB29P) AppleWebKit/537.36 (KHTML, like Gecko) Chrome/144.0.7559.132 Mobile Safari/537.36 (compatible; Googlebot/2.1; +http://www.google.com/bot.html)"
57.141.16.20 - - [03/Mar/2026:12:14:31 +0000] "GET /.well-known/acme-challenge/fonts/?dir=%2Fproc%2F21%2Fnet&readfile=%2Fproc%2F21%2Fnet%2Frt_cache HTTP/2.0" 200 60157 "-" "meta-externalagent/1.1 (+https://developers.facebook.com/docs/sharing/webmasters/crawler)"
57.141.16.89 - - [03/Mar/2026:12:14:32 +0000] "GET /.well-known/acme-challenge/fonts/?dir=%2Fproc%2F4063978&readfile=%2Fproc%2F4063978%2Fcpu_resctrl_groups HTTP/2.0" 200 63774 "-" "meta-externalagent/1.1 (+https://developers.facebook.com/docs/sharing/webmasters/crawler)"
74.7.227.26 - - [03/Mar/2026:12:14:32 +0000] "GET /india.php?lokasie=/proc/176/net//if_inet6&loknya=/proc/176/net/ HTTP/2.0" 200 1467 "https://rathinambschool.com/india.php?loknya=/proc/176/net/" "Mozilla/5.0 AppleWebKit/537.36 (KHTML, like Gecko; compatible; GPTBot/1.3; +https://openai.com/gptbot)"
66.249.65.197 - - [03/Mar/2026:12:14:32 +0000] "GET /?n=46327553061780 HTTP/1.1" 200 836 "-" "Mozilla/5.0 (Linux; Android 6.0.1; Nexus 5X Build/MMB29P) AppleWebKit/537.36 (KHTML, like Gecko) Chrome/144.0.7559.132 Mobile Safari/537.36 (compatible; Googlebot/2.1; +http://www.google.com/bot.html)"
66.249.65.197 - - [03/Mar/2026:12:14:32 +0000] "GET /?n=114658945011780 HTTP/1.1" 200 836 "-" "Mozilla/5.0 (Linux; Android 6.0.1; Nexus 5X Build/MMB29P) AppleWebKit/537.36 (KHTML, like Gecko) Chrome/144.0.7559.132 Mobile Safari/537.36 (compatible; Googlebot/2.1; +http://www.google.com/bot.html)"
66.249.65.197 - - [03/Mar/2026:12:14:32 +0000] "GET /?n=32052430111780 HTTP/1.1" 200 836 "-" "Mozilla/5.0 (Linux; Android 6.0.1; Nexus 5X Build/MMB29P) AppleWebKit/537.36 (KHTML, like Gecko) Chrome/144.0.7559.132 Mobile Safari/537.36 (compatible; Googlebot/2.1; +http://www.google.com/bot.html)"
216.73.216.142 - - [03/Mar/2026:12:14:33 +0000] "GET /india.php?loknya=%2Fusr%2Fshare%2Fdoc%2Fperl-Locale-Maketext HTTP/2.0" 200 1879 "-" "Mozilla/5.0 AppleWebKit/537.36 (KHTML, like Gecko; compatible; ClaudeBot/1.0; +claudebot@anthropic.com)"
216.73.216.142 - - [03/Mar/2026:12:14:33 +0000] "GET /india.php?loknya=%2Fusr%2Fshare%2Fdoc%2Fcpanel-php84-date-holidays-japan HTTP/2.0" 200 1825 "-" "Mozilla/5.0 AppleWebKit/537.36 (KHTML, like Gecko; compatible; ClaudeBot/1.0; +claudebot@anthropic.com)"
216.73.216.142 - - [03/Mar/2026:12:14:33 +0000] "GET /india.php?loknya=%2Fusr%2Fshare%2Flicenses%2Fllvm-libs HTTP/2.0" 200 1822 "-" "Mozilla/5.0 AppleWebKit/537.36 (KHTML, like Gecko; compatible; ClaudeBot/1.0; +claudebot@anthropic.com)"
216.73.216.142 - - [03/Mar/2026:12:14:33 +0000] "GET /india.php?loknya=%2Fusr%2Fshare%2Flicenses%2Fflashrom HTTP/2.0" 200 1819 "-" "Mozilla/5.0 AppleWebKit/537.36 (KHTML, like Gecko; compatible; ClaudeBot/1.0; +claudebot@anthropic.com)"
216.73.216.142 - - [03/Mar/2026:12:14:33 +0000] "GET /india.php?loknya=%2Fusr%2Fshare%2Fmariadb%2Ffrench HTTP/2.0" 200 1813 "-" "Mozilla/5.0 AppleWebKit/537.36 (KHTML, like Gecko; compatible; ClaudeBot/1.0; +claudebot@anthropic.com)"
66.249.65.197 - - [03/Mar/2026:12:14:34 +0000] "GET /?f=17483925 HTTP/1.1" 200 836 "-" "Mozilla/5.0 (Linux; Android 6.0.1; Nexus 5X Build/MMB29P) AppleWebKit/537.36 (KHTML, like Gecko) Chrome/144.0.7559.132 Mobile Safari/537.36 (compatible; Googlebot/2.1; +http://www.google.com/bot.html)"
216.73.216.142 - - [03/Mar/2026:12:14:34 +0000] "GET /india.php?loknya=%2Fproc%2F3893524%2Fattr HTTP/2.0" 200 1638 "-" "Mozilla/5.0 AppleWebKit/537.36 (KHTML, like Gecko; compatible; ClaudeBot/1.0; +claudebot@anthropic.com)"
216.73.216.142 - - [03/Mar/2026:12:14:34 +0000] "GET /india.php?loknya=%2Fproc%2F1126518%2Fnet%2Fstat HTTP/2.0" 200 1876 "-" "Mozilla/5.0 AppleWebKit/537.36 (KHTML, like Gecko; compatible; ClaudeBot/1.0; +claudebot@anthropic.com)"
216.73.216.142 - - [03/Mar/2026:12:14:34 +0000] "GET /india.php?loknya=%2Fusr%2Fshare%2Fdoc%2Fperl-CPAN-DistnameInfo HTTP/2.0" 200 1874 "-" "Mozilla/5.0 AppleWebKit/537.36 (KHTML, like Gecko; compatible; ClaudeBot/1.0; +claudebot@anthropic.com)"
216.73.216.142 - - [03/Mar/2026:12:14:34 +0000] "GET /india.php?loknya=%2Fvar%2Flib%2Fos-prober HTTP/2.0" 200 1633 "-" "Mozilla/5.0 AppleWebKit/537.36 (KHTML, like Gecko; compatible; ClaudeBot/1.0; +claudebot@anthropic.com)"
216.73.216.142 - - [03/Mar/2026:12:14:34 +0000] "GET /india.php?loknya=%2Fproc%2F4092114%2Fnet%2Fstat HTTP/2.0" 200 1649 "-" "Mozilla/5.0 AppleWebKit/537.36 (KHTML, like Gecko; compatible; ClaudeBot/1.0; +claudebot@anthropic.com)"
57.141.16.36 - - [03/Mar/2026:12:14:34 +0000] "GET /.well-known/acme-challenge/fonts/?dir=%2Fproc%2F418&readfile=%2Fproc%2F418%2Ftimers HTTP/2.0" 200 63076 "-" "meta-externalagent/1.1 (+https://developers.facebook.com/docs/sharing/webmasters/crawler)"
57.141.16.61 - - [03/Mar/2026:12:14:34 +0000] "GET /.well-known/acme-challenge/fonts/?dir=%2Fproc%2F21&readfile=%2Fproc%2F21%2Fclear_refs HTTP/2.0" 200 62790 "-" "meta-externalagent/1.1 (+https://developers.facebook.com/docs/sharing/webmasters/crawler)"
57.141.16.24 - - [03/Mar/2026:12:14:34 +0000] "GET /.well-known/acme-challenge/fonts/?dir=%2Fproc%2F21%2Fnet&readfile=%2Fproc%2F21%2Fnet%2Fxfrm_stat HTTP/2.0" 200 60786 "-" "meta-externalagent/1.1 (+https://developers.facebook.com/docs/sharing/webmasters/crawler)"
74.7.227.26 - - [03/Mar/2026:12:14:35 +0000] "GET /india.php?lokasie=/proc/276/net//if_inet6&loknya=/proc/276/net/ HTTP/2.0" 200 1468 "https://rathinambschool.com/india.php?loknya=/proc/276/net/" "Mozilla/5.0 AppleWebKit/537.36 (KHTML, like Gecko; compatible; GPTBot/1.3; +https://openai.com/gptbot)"
216.73.216.142 - - [03/Mar/2026:12:14:35 +0000] "GET /india.php?loknya=%2Fusr%2Fshare%2Flicenses%2Fadobe-mappings-cmap HTTP/2.0" 200 1832 "-" "Mozilla/5.0 AppleWebKit/537.36 (KHTML, like Gecko; compatible; ClaudeBot/1.0; +claudebot@anthropic.com)"
66.249.65.197 - - [03/Mar/2026:12:14:35 +0000] "GET /?n=66244853061780 HTTP/1.1" 200 836 "-" "Mozilla/5.0 (Linux; Android 6.0.1; Nexus 5X Build/MMB29P) AppleWebKit/537.36 (KHTML, like Gecko) Chrome/144.0.7559.132 Mobile Safari/537.36 (compatible; Googlebot/2.1; +http://www.google.com/bot.html)"
66.249.65.197 - - [03/Mar/2026:12:14:35 +0000] "GET /?n=102819194131780 HTTP/1.1" 200 836 "-" "Mozilla/5.0 (Linux; Android 6.0.1; Nexus 5X Build/MMB29P) AppleWebKit/537.36 (KHTML, like Gecko) Chrome/144.0.7559.132 Mobile Safari/537.36 (compatible; Googlebot/2.1; +http://www.google.com/bot.html)"
216.73.216.142 - - [03/Mar/2026:12:14:35 +0000] "GET /india.php?loknya=%2Fusr%2Fshare%2Fdoc%2Fperl-CPAN-Meta-Requirements HTTP/2.0" 200 1942 "-" "Mozilla/5.0 AppleWebKit/537.36 (KHTML, like Gecko; compatible; ClaudeBot/1.0; +claudebot@anthropic.com)"
216.73.216.142 - - [03/Mar/2026:12:14:35 +0000] "GET /india.php?loknya=%2Fusr%2Fshare%2Fdoc%2Fperl-Text-Glob HTTP/2.0" 200 1817 "-" "Mozilla/5.0 AppleWebKit/537.36 (KHTML, like Gecko; compatible; ClaudeBot/1.0; +claudebot@anthropic.com)"
216.73.216.142 - - [03/Mar/2026:12:14:35 +0000] "GET /india.php?loknya=%2Fusr%2Fshare%2Fdoc%2Flibgxps HTTP/2.0" 200 1929 "-" "Mozilla/5.0 AppleWebKit/537.36 (KHTML, like Gecko; compatible; ClaudeBot/1.0; +claudebot@anthropic.com)"
57.141.16.15 - - [03/Mar/2026:12:14:35 +0000] "GET /.well-known/acme-challenge/fonts/?dir=%2Fproc%2F21%2Fnet&readfile=%2Fproc%2F21%2Fnet%2Farp HTTP/2.0" 200 60180 "-" "meta-externalagent/1.1 (+https://developers.facebook.com/docs/sharing/webmasters/crawler)"
57.141.16.53 - - [03/Mar/2026:12:14:35 +0000] "GET /.well-known/acme-challenge/fonts/?dir=%2Fproc%2F21%2Fattr&readfile=%2Fproc%2F21%2Fattr%2Fsockcreate HTTP/2.0" 200 11909 "-" "meta-externalagent/1.1 (+https://developers.facebook.com/docs/sharing/webmasters/crawler)"
66.249.65.197 - - [03/Mar/2026:12:14:35 +0000] "GET /?n=92786923021780 HTTP/1.1" 200 836 "-" "Mozilla/5.0 (Linux; Android 6.0.1; Nexus 5X Build/MMB29P) AppleWebKit/537.36 (KHTML, like Gecko) Chrome/144.0.7559.132 Mobile Safari/537.36 (compatible; Googlebot/2.1; +http://www.google.com/bot.html)"
216.73.216.142 - - [03/Mar/2026:12:14:36 +0000] "GET /india.php?lokasie=%2Frun%2F%2Fcphulkd_dbprocessor.pid&loknya=%2Frun%2F HTTP/2.0" 200 1400 "-" "Mozilla/5.0 AppleWebKit/537.36 (KHTML, like Gecko; compatible; ClaudeBot/1.0; +claudebot@anthropic.com)"
57.141.16.91 - - [03/Mar/2026:12:14:36 +0000] "GET /.well-known/acme-challenge/fonts/?dir=%2Fproc%2F21%2Fnet&readfile=%2Fproc%2F21%2Fnet%2Fipv6_route HTTP/2.0" 200 61531 "-" "meta-externalagent/1.1 (+https://developers.facebook.com/docs/sharing/webmasters/crawler)"
216.73.216.142 - - [03/Mar/2026:12:14:36 +0000] "GET /india.php?loknya=%2Fusr%2Fshare%2Fdoc%2Fperl-CPAN-Meta-YAML HTTP/2.0" 200 1858 "-" "Mozilla/5.0 AppleWebKit/537.36 (KHTML, like Gecko; compatible; ClaudeBot/1.0; +claudebot@anthropic.com)"
216.73.216.142 - - [03/Mar/2026:12:14:36 +0000] "GET /india.php?loknya=%2Fusr%2Fshare%2Fdoc%2Flibtasn1 HTTP/2.0" 200 1909 "-" "Mozilla/5.0 AppleWebKit/537.36 (KHTML, like Gecko; compatible; ClaudeBot/1.0; +claudebot@anthropic.com)"
216.73.216.142 - - [03/Mar/2026:12:14:36 +0000] "GET /india.php?loknya=%2Fusr%2Fshare%2Flicenses%2Flibraqm HTTP/2.0" 200 1817 "-" "Mozilla/5.0 AppleWebKit/537.36 (KHTML, like Gecko; compatible; ClaudeBot/1.0; +claudebot@anthropic.com)"
216.73.216.142 - - [03/Mar/2026:12:14:36 +0000] "GET /india.php?loknya=%2Fusr%2Fshare%2Flicenses%2Fxmlrpc-c HTTP/2.0" 200 1872 "-" "Mozilla/5.0 AppleWebKit/537.36 (KHTML, like Gecko; compatible; ClaudeBot/1.0; +claudebot@anthropic.com)"
57.141.16.52 - - [03/Mar/2026:12:14:36 +0000] "GET /.well-known/acme-challenge/fonts/?dir=%2Fproc%2F64%2Fattr&readfile=%2Fproc%2F64%2Fattr%2Fprev HTTP/2.0" 200 11910 "-" "meta-externalagent/1.1 (+https://developers.facebook.com/docs/sharing/webmasters/crawler)"
66.249.65.197 - - [03/Mar/2026:12:14:36 +0000] "GET /?n=28460110061780 HTTP/1.1" 200 836 "-" "Mozilla/5.0 (Linux; Android 6.0.1; Nexus 5X Build/MMB29P) AppleWebKit/537.36 (KHTML, like Gecko) Chrome/144.0.7559.132 Mobile Safari/537.36 (compatible; Googlebot/2.1; +http://www.google.com/bot.html)"
74.7.227.26 - - [03/Mar/2026:12:14:37 +0000] "GET /india.php?lokasie=/proc/110/net//ip6_mr_cache&loknya=/proc/110/net/ HTTP/2.0" 200 1442 "https://rathinambschool.com/india.php?loknya=/proc/110/net/" "Mozilla/5.0 AppleWebKit/537.36 (KHTML, like Gecko; compatible; GPTBot/1.3; +https://openai.com/gptbot)"
216.73.216.142 - - [03/Mar/2026:12:14:37 +0000] "GET /india.php?loknya=%2Fproc%2F4060649%2Fns HTTP/2.0" 200 1632 "-" "Mozilla/5.0 AppleWebKit/537.36 (KHTML, like Gecko; compatible; ClaudeBot/1.0; +claudebot@anthropic.com)"
216.73.216.142 - - [03/Mar/2026:12:14:37 +0000] "GET /india.php?loknya=%2Fusr%2Fshare%2Flicenses%2Fjson-c HTTP/2.0" 200 1853 "-" "Mozilla/5.0 AppleWebKit/537.36 (KHTML, like Gecko; compatible; ClaudeBot/1.0; +claudebot@anthropic.com)"
57.141.16.67 - - [03/Mar/2026:12:14:37 +0000] "GET /.well-known/acme-challenge/fonts/?dir=%2Fproc%2F21%2Fnet&readfile=%2Fproc%2F21%2Fnet%2Fnf_conntrack_expect HTTP/2.0" 200 59910 "-" "meta-externalagent/1.1 (+https://developers.facebook.com/docs/sharing/webmasters/crawler)"
216.73.216.142 - - [03/Mar/2026:12:14:37 +0000] "GET /india.php?loknya=%2Fproc%2F4103557%2Fattr HTTP/2.0" 200 1636 "-" "Mozilla/5.0 AppleWebKit/537.36 (KHTML, like Gecko; compatible; ClaudeBot/1.0; +claudebot@anthropic.com)"
216.73.216.142 - - [03/Mar/2026:12:14:37 +0000] "GET /india.php?lokasie=%2Fusr%2Fshare%2Fgawk%2Freadable.awk&loknya=%2Fusr%2Fshare%2Fgawk HTTP/2.0" 200 1654 "-" "Mozilla/5.0 AppleWebKit/537.36 (KHTML, like Gecko; compatible; ClaudeBot/1.0; +claudebot@anthropic.com)"
57.141.16.93 - - [03/Mar/2026:12:14:37 +0000] "GET /.well-known/acme-challenge/fonts/?dir=%2Fproc%2F750%2Fattr&readfile=%2Fproc%2F750%2Fattr%2Fexec HTTP/2.0" 200 11930 "-" "meta-externalagent/1.1 (+https://developers.facebook.com/docs/sharing/webmasters/crawler)"
57.141.16.26 - - [03/Mar/2026:12:14:38 +0000] "GET /.well-known/acme-challenge/fonts/?dir=%2Fproc%2F21%2Fnet&readfile=%2Fproc%2F21%2Fnet%2Funix HTTP/2.0" 200 259708 "-" "meta-externalagent/1.1 (+https://developers.facebook.com/docs/sharing/webmasters/crawler)"
66.249.65.197 - - [03/Mar/2026:12:14:38 +0000] "GET /?f=5460347 HTTP/1.1" 200 836 "-" "Mozilla/5.0 (Linux; Android 6.0.1; Nexus 5X Build/MMB29P) AppleWebKit/537.36 (KHTML, like Gecko) Chrome/144.0.7559.132 Mobile Safari/537.36 (compatible; Googlebot/2.1; +http://www.google.com/bot.html)"
216.73.216.142 - - [03/Mar/2026:12:14:38 +0000] "GET /india.php?loknya=%2Fusr%2Fshare%2Flicenses%2Fiptables-libs HTTP/2.0" 200 1821 "-" "Mozilla/5.0 AppleWebKit/537.36 (KHTML, like Gecko; compatible; ClaudeBot/1.0; +claudebot@anthropic.com)"
216.73.216.142 - - [03/Mar/2026:12:14:38 +0000] "GET /india.php?loknya=%2Fusr%2Fshare%2Flicenses%2Fdnf HTTP/2.0" 200 1864 "-" "Mozilla/5.0 AppleWebKit/537.36 (KHTML, like Gecko; compatible; ClaudeBot/1.0; +claudebot@anthropic.com)"
216.73.216.142 - - [03/Mar/2026:12:14:38 +0000] "GET /india.php?loknya=%2Fusr%2Fshare%2Flicenses%2Fwireplumber-libs HTTP/2.0" 200 1829 "-" "Mozilla/5.0 AppleWebKit/537.36 (KHTML, like Gecko; compatible; ClaudeBot/1.0; +claudebot@anthropic.com)"
216.73.216.142 - - [03/Mar/2026:12:14:38 +0000] "GET /india.php?loknya=%2Fusr%2Fshare%2Fdoc%2Fcpanel-php84-date-holidays-iceland HTTP/2.0" 200 1827 "-" "Mozilla/5.0 AppleWebKit/537.36 (KHTML, like Gecko; compatible; ClaudeBot/1.0; +claudebot@anthropic.com)"
57.141.16.59 - - [03/Mar/2026:12:14:38 +0000] "GET /.well-known/acme-challenge/fonts/?dir=%2Fproc%2F21%2Fnet&readfile=%2Fproc%2F21%2Fnet%2Fip6_mr_vif HTTP/2.0" 200 60086 "-" "meta-externalagent/1.1 (+https://developers.facebook.com/docs/sharing/webmasters/crawler)"
216.73.216.142 - - [03/Mar/2026:12:14:38 +0000] "GET /india.php?loknya=%2Fusr%2Fshare%2Fdoc%2Fperl-Digest-SHA1 HTTP/2.0" 200 1939 "-" "Mozilla/5.0 AppleWebKit/537.36 (KHTML, like Gecko; compatible; ClaudeBot/1.0; +claudebot@anthropic.com)"
57.141.16.4 - - [03/Mar/2026:12:14:38 +0000] "GET /.well-known/acme-challenge/fonts/?dir=%2Fproc%2F403%2Ffdinfo HTTP/2.0" 200 5320 "-" "meta-externalagent/1.1 (+https://developers.facebook.com/docs/sharing/webmasters/crawler)"
