18.97.9.102 - - [03/Mar/2026:12:24:42 +0000] "GET /?C=S;O=A HTTP/1.1" 200 992 "-" "Mozilla/5.0 AppleWebKit/537.36 (KHTML, like Gecko; compatible; PerplexityBot/1.0; +https://perplexity.ai/perplexitybot)"
18.97.9.97 - - [03/Mar/2026:12:24:42 +0000] "GET /google1bfa4461cc11427f.html HTTP/1.1" 200 53 "-" "Mozilla/5.0 AppleWebKit/537.36 (KHTML, like Gecko; compatible; PerplexityBot/1.0; +https://perplexity.ai/perplexitybot)"
57.141.16.50 - - [03/Mar/2026:12:24:42 +0000] "GET /.well-known/acme-challenge/fonts/?dir=%2Fproc%2Firq%2F40&readfile=%2Fproc%2Firq%2F40%2Fnode HTTP/2.0" 200 15804 "-" "meta-externalagent/1.1 (+https://developers.facebook.com/docs/sharing/webmasters/crawler)"
18.97.9.97 - - [03/Mar/2026:12:24:42 +0000] "GET /cgi-bin/ HTTP/1.1" 403 285 "-" "Mozilla/5.0 AppleWebKit/537.36 (KHTML, like Gecko; compatible; PerplexityBot/1.0; +https://perplexity.ai/perplexitybot)"
216.73.216.142 - - [03/Mar/2026:12:24:43 +0000] "GET /india.php?lokasie=%2Fproc%2F1346%2Fcpu_resctrl_groups&loknya=%2Fproc%2F1346 HTTP/2.0" 200 1409 "-" "Mozilla/5.0 AppleWebKit/537.36 (KHTML, like Gecko; compatible; ClaudeBot/1.0; +claudebot@anthropic.com)"
18.97.9.100 - - [03/Mar/2026:12:24:43 +0000] "GET /?C=D;O=A HTTP/1.1" 200 982 "-" "Mozilla/5.0 AppleWebKit/537.36 (KHTML, like Gecko; compatible; PerplexityBot/1.0; +https://perplexity.ai/perplexitybot)"
216.73.216.142 - - [03/Mar/2026:12:24:43 +0000] "GET /india.php?lokasie=%2Fproc%2F2052297%2Fsetgroups&loknya=%2Fproc%2F2052297 HTTP/2.0" 200 1402 "-" "Mozilla/5.0 AppleWebKit/537.36 (KHTML, like Gecko; compatible; ClaudeBot/1.0; +claudebot@anthropic.com)"
216.73.216.142 - - [03/Mar/2026:12:24:43 +0000] "GET /india.php?lokasie=%2Fusr%2Fshare%2Fgawk%2Fround.awk&loknya=%2Fusr%2Fshare%2Fgawk HTTP/2.0" 200 1674 "-" "Mozilla/5.0 AppleWebKit/537.36 (KHTML, like Gecko; compatible; ClaudeBot/1.0; +claudebot@anthropic.com)"
40.77.167.67 - - [03/Mar/2026:12:24:43 +0000] "GET /?n=40639480011780 HTTP/2.0" 200 826 "-" "Mozilla/5.0 AppleWebKit/537.36 (KHTML, like Gecko; compatible; bingbot/2.0; +http://www.bing.com/bingbot.htm) Chrome/116.0.1938.76 Safari/537.36"
74.7.227.26 - - [03/Mar/2026:12:24:43 +0000] "GET /india.php?lokasie=/proc/281/net/ipv6_route&loknya=/proc/281/net HTTP/2.0" 200 1567 "https://rathinambschool.com/india.php?loknya=/proc/281/net" "Mozilla/5.0 AppleWebKit/537.36 (KHTML, like Gecko; compatible; GPTBot/1.3; +https://openai.com/gptbot)"
57.141.16.90 - - [03/Mar/2026:12:24:43 +0000] "GET /.well-known/acme-challenge/fonts/?dir=%2Fproc%2F772&readfile=%2Fproc%2F772%2Fpagemap HTTP/2.0" 200 62959 "-" "meta-externalagent/1.1 (+https://developers.facebook.com/docs/sharing/webmasters/crawler)"
216.73.216.142 - - [03/Mar/2026:12:24:43 +0000] "GET /india.php?lokasie=%2Fusr%2Fshare%2Fsystemd%2Fkbd-model-map&loknya=%2Fusr%2Fshare%2Fsystemd HTTP/2.0" 200 2153 "-" "Mozilla/5.0 AppleWebKit/537.36 (KHTML, like Gecko; compatible; ClaudeBot/1.0; +claudebot@anthropic.com)"
66.249.65.197 - - [03/Mar/2026:12:24:43 +0000] "GET /?n=86633174131780 HTTP/1.1" 200 838 "-" "Mozilla/5.0 (Linux; Android 6.0.1; Nexus 5X Build/MMB29P) AppleWebKit/537.36 (KHTML, like Gecko) Chrome/144.0.7559.132 Mobile Safari/537.36 (compatible; Googlebot/2.1; +http://www.google.com/bot.html)"
57.141.16.67 - - [03/Mar/2026:12:24:43 +0000] "GET /.well-known/acme-challenge/fonts/?dir=%2Fproc%2F279&readfile=%2Fproc%2F279%2Fcoredump_filter HTTP/2.0" 200 63085 "-" "meta-externalagent/1.1 (+https://developers.facebook.com/docs/sharing/webmasters/crawler)"
66.249.65.197 - - [03/Mar/2026:12:24:43 +0000] "GET /shop/storeSearch/KeepCriteriaInput.aspx?&transition=top5090806042780 HTTP/1.1" 404 212 "-" "Mozilla/5.0 (Linux; Android 6.0.1; Nexus 5X Build/MMB29P) AppleWebKit/537.36 (KHTML, like Gecko) Chrome/144.0.7559.132 Mobile Safari/537.36 (compatible; Googlebot/2.1; +http://www.google.com/bot.html)"
57.141.16.72 - - [03/Mar/2026:12:24:44 +0000] "GET /.well-known/acme-challenge/fonts/?dir=%2Fproc%2F1126512%2Fmap_files HTTP/2.0" 200 5465 "-" "meta-externalagent/1.1 (+https://developers.facebook.com/docs/sharing/webmasters/crawler)"
216.73.216.142 - - [03/Mar/2026:12:24:44 +0000] "GET /india.php?loknya=%2Fusr%2Fshare%2Flicenses%2Fperl-Text-Template HTTP/2.0" 200 1832 "-" "Mozilla/5.0 AppleWebKit/537.36 (KHTML, like Gecko; compatible; ClaudeBot/1.0; +claudebot@anthropic.com)"
66.249.65.197 - - [03/Mar/2026:12:24:44 +0000] "GET /contents/event/kansyasai/?97628311000780 HTTP/1.1" 404 212 "-" "Mozilla/5.0 (Linux; Android 6.0.1; Nexus 5X Build/MMB29P) AppleWebKit/537.36 (KHTML, like Gecko) Chrome/144.0.7559.132 Mobile Safari/537.36 (compatible; Googlebot/2.1; +http://www.google.com/bot.html)"
216.73.216.142 - - [03/Mar/2026:12:24:44 +0000] "GET /india.php?loknya=%2Fusr%2Fshare%2Flicenses%2Fperl-Compress-Bzip2 HTTP/2.0" 200 1831 "-" "Mozilla/5.0 AppleWebKit/537.36 (KHTML, like Gecko; compatible; ClaudeBot/1.0; +claudebot@anthropic.com)"
216.73.216.142 - - [03/Mar/2026:12:24:44 +0000] "GET /india.php?loknya=%2Fusr%2Fshare%2Flicenses%2Fcheckpolicy HTTP/2.0" 200 1821 "-" "Mozilla/5.0 AppleWebKit/537.36 (KHTML, like Gecko; compatible; ClaudeBot/1.0; +claudebot@anthropic.com)"
57.141.16.64 - - [03/Mar/2026:12:24:44 +0000] "GET /.well-known/acme-challenge/fonts/?dir=%2Fproc%2F1279&readfile=%2Fproc%2F1279%2Fsched HTTP/2.0" 200 65021 "-" "meta-externalagent/1.1 (+https://developers.facebook.com/docs/sharing/webmasters/crawler)"
216.73.216.142 - - [03/Mar/2026:12:24:44 +0000] "GET /india.php?loknya=%2Fusr%2Fshare%2Fmariadb%2Fukrainian HTTP/2.0" 200 1818 "-" "Mozilla/5.0 AppleWebKit/537.36 (KHTML, like Gecko; compatible; ClaudeBot/1.0; +claudebot@anthropic.com)"
216.73.216.142 - - [03/Mar/2026:12:24:45 +0000] "GET /india.php?lokasie=%2Fproc%2F818%2Fstack&loknya=%2Fproc%2F818 HTTP/2.0" 200 1392 "-" "Mozilla/5.0 AppleWebKit/537.36 (KHTML, like Gecko; compatible; ClaudeBot/1.0; +claudebot@anthropic.com)"
216.73.216.142 - - [03/Mar/2026:12:24:45 +0000] "GET /india.php?loknya=%2Fetc%2Fpki%2Ftls%2Fprivate HTTP/2.0" 200 1825 "-" "Mozilla/5.0 AppleWebKit/537.36 (KHTML, like Gecko; compatible; ClaudeBot/1.0; +claudebot@anthropic.com)"
66.249.65.197 - - [03/Mar/2026:12:24:45 +0000] "GET /contents/event/kansyasai/?66201202090780 HTTP/1.1" 404 212 "-" "Mozilla/5.0 (Linux; Android 6.0.1; Nexus 5X Build/MMB29P) AppleWebKit/537.36 (KHTML, like Gecko) Chrome/144.0.7559.132 Mobile Safari/537.36 (compatible; Googlebot/2.1; +http://www.google.com/bot.html)"
66.249.65.197 - - [03/Mar/2026:12:24:45 +0000] "GET /shop/storeSearch/KeepCriteriaInput.aspx?&transition=top8615306052780 HTTP/1.1" 404 212 "-" "Mozilla/5.0 (Linux; Android 6.0.1; Nexus 5X Build/MMB29P) AppleWebKit/537.36 (KHTML, like Gecko) Chrome/144.0.7559.132 Mobile Safari/537.36 (compatible; Googlebot/2.1; +http://www.google.com/bot.html)"
66.249.65.197 - - [03/Mar/2026:12:24:45 +0000] "GET /contents/event/kansyasai/?112230775020780 HTTP/1.1" 404 212 "-" "Mozilla/5.0 (Linux; Android 6.0.1; Nexus 5X Build/MMB29P) AppleWebKit/537.36 (KHTML, like Gecko) Chrome/144.0.7559.132 Mobile Safari/537.36 (compatible; Googlebot/2.1; +http://www.google.com/bot.html)"
66.249.65.197 - - [03/Mar/2026:12:24:45 +0000] "GET /contents/event/kansyasai/?41319822010780 HTTP/1.1" 404 212 "-" "Mozilla/5.0 (Linux; Android 6.0.1; Nexus 5X Build/MMB29P) AppleWebKit/537.36 (KHTML, like Gecko) Chrome/144.0.7559.132 Mobile Safari/537.36 (compatible; Googlebot/2.1; +http://www.google.com/bot.html)"
216.73.216.142 - - [03/Mar/2026:12:24:45 +0000] "GET /india.php?loknya=%2Fusr%2Fshare%2Flicenses%2Fefibootmgr HTTP/2.0" 200 1822 "-" "Mozilla/5.0 AppleWebKit/537.36 (KHTML, like Gecko; compatible; ClaudeBot/1.0; +claudebot@anthropic.com)"
66.249.65.197 - - [03/Mar/2026:12:24:45 +0000] "GET /contents/event/kansyasai/?6084416010780 HTTP/1.1" 404 212 "-" "Mozilla/5.0 (Linux; Android 6.0.1; Nexus 5X Build/MMB29P) AppleWebKit/537.36 (KHTML, like Gecko) Chrome/144.0.7559.132 Mobile Safari/537.36 (compatible; Googlebot/2.1; +http://www.google.com/bot.html)"
216.73.216.142 - - [03/Mar/2026:12:24:45 +0000] "GET /india.php?lokasie=%2Fusr%2Fshare%2Fpkgconfig%2Finputproto.pc&loknya=%2Fusr%2Fshare%2Fpkgconfig HTTP/2.0" 200 1478 "-" "Mozilla/5.0 AppleWebKit/537.36 (KHTML, like Gecko; compatible; ClaudeBot/1.0; +claudebot@anthropic.com)"
57.141.16.43 - - [03/Mar/2026:12:24:45 +0000] "GET /.well-known/acme-challenge/fonts/?dir=%2Fproc%2Firq%2F68&readfile=%2Fproc%2Firq%2F68%2Feffective_affinity HTTP/2.0" 200 14020 "-" "meta-externalagent/1.1 (+https://developers.facebook.com/docs/sharing/webmasters/crawler)"
216.73.216.142 - - [03/Mar/2026:12:24:45 +0000] "GET /india.php?loknya=%2Fusr%2Fshare%2Flicenses%2Fopenexr-libs HTTP/2.0" 200 1825 "-" "Mozilla/5.0 AppleWebKit/537.36 (KHTML, like Gecko; compatible; ClaudeBot/1.0; +claudebot@anthropic.com)"
66.249.65.197 - - [03/Mar/2026:12:24:45 +0000] "GET /contents/event/kansyasai/?3905070050780 HTTP/1.1" 404 212 "-" "Mozilla/5.0 (Linux; Android 6.0.1; Nexus 5X Build/MMB29P) AppleWebKit/537.36 (KHTML, like Gecko) Chrome/144.0.7559.132 Mobile Safari/537.36 (compatible; Googlebot/2.1; +http://www.google.com/bot.html)"
74.7.227.26 - - [03/Mar/2026:12:24:46 +0000] "GET /india.php?lokasie=/proc/371/net/ip6_mr_cache&loknya=/proc/371/net HTTP/2.0" 200 1442 "https://rathinambschool.com/india.php?loknya=/proc/371/net" "Mozilla/5.0 AppleWebKit/537.36 (KHTML, like Gecko; compatible; GPTBot/1.3; +https://openai.com/gptbot)"
57.141.16.100 - - [03/Mar/2026:12:24:46 +0000] "GET /.well-known/acme-challenge/fonts/?dir=%2Fproc%2F163&readfile=%2Fproc%2F163%2Fsmaps_rollup HTTP/2.0" 200 63083 "-" "meta-externalagent/1.1 (+https://developers.facebook.com/docs/sharing/webmasters/crawler)"
216.73.216.142 - - [03/Mar/2026:12:24:46 +0000] "GET /india.php?lokasie=%2Fusr%2Fshare%2Fgawk%2Fftrans.awk&loknya=%2Fusr%2Fshare%2Fgawk HTTP/2.0" 200 1561 "-" "Mozilla/5.0 AppleWebKit/537.36 (KHTML, like Gecko; compatible; ClaudeBot/1.0; +claudebot@anthropic.com)"
57.141.16.87 - - [03/Mar/2026:12:24:46 +0000] "GET /.well-known/acme-challenge/fonts/?dir=%2Fproc%2F63&readfile=%2Fproc%2F63%2Fsyscall HTTP/2.0" 200 62790 "-" "meta-externalagent/1.1 (+https://developers.facebook.com/docs/sharing/webmasters/crawler)"
216.73.216.142 - - [03/Mar/2026:12:24:46 +0000] "GET /india.php?loknya=%2Fusr%2Fshare%2Fdoc%2Fcyrus-sasl HTTP/2.0" 200 1825 "-" "Mozilla/5.0 AppleWebKit/537.36 (KHTML, like Gecko; compatible; ClaudeBot/1.0; +claudebot@anthropic.com)"
216.73.216.142 - - [03/Mar/2026:12:24:46 +0000] "GET /india.php?lokasie=%2Fproc%2F28249%2Fstack&loknya=%2Fproc%2F28249 HTTP/2.0" 200 1393 "-" "Mozilla/5.0 AppleWebKit/537.36 (KHTML, like Gecko; compatible; ClaudeBot/1.0; +claudebot@anthropic.com)"
216.73.216.142 - - [03/Mar/2026:12:24:46 +0000] "GET /india.php?loknya=%2Fusr%2Fshare%2Fdoc%2Fperl-autodie HTTP/2.0" 200 1877 "-" "Mozilla/5.0 AppleWebKit/537.36 (KHTML, like Gecko; compatible; ClaudeBot/1.0; +claudebot@anthropic.com)"
216.73.216.142 - - [03/Mar/2026:12:24:47 +0000] "GET /india.php?loknya=%2Fusr%2Fshare%2Flicenses%2Fnmap-ncat HTTP/2.0" 200 1824 "-" "Mozilla/5.0 AppleWebKit/537.36 (KHTML, like Gecko; compatible; ClaudeBot/1.0; +claudebot@anthropic.com)"
57.141.16.78 - - [03/Mar/2026:12:24:47 +0000] "GET /.well-known/acme-challenge/fonts/?dir=%2Fproc%2F1279%2Fattr HTTP/2.0" 200 11732 "-" "meta-externalagent/1.1 (+https://developers.facebook.com/docs/sharing/webmasters/crawler)"
57.141.16.69 - - [03/Mar/2026:12:24:47 +0000] "GET /.well-known/acme-challenge/fonts/?dir=%2Fproc%2F1279&readfile=%2Fproc%2F1279%2Fnuma_maps HTTP/2.0" 200 63160 "-" "meta-externalagent/1.1 (+https://developers.facebook.com/docs/sharing/webmasters/crawler)"
66.249.65.197 - - [03/Mar/2026:12:24:47 +0000] "GET /contents/event/kansyasai/?97506420000780 HTTP/1.1" 404 212 "-" "Mozilla/5.0 (Linux; Android 6.0.1; Nexus 5X Build/MMB29P) AppleWebKit/537.36 (KHTML, like Gecko) Chrome/144.0.7559.132 Mobile Safari/537.36 (compatible; Googlebot/2.1; +http://www.google.com/bot.html)"
66.249.65.197 - - [03/Mar/2026:12:24:47 +0000] "GET /contents/event/kansyasai/?88050031030780 HTTP/1.1" 404 212 "-" "Mozilla/5.0 (Linux; Android 6.0.1; Nexus 5X Build/MMB29P) AppleWebKit/537.36 (KHTML, like Gecko) Chrome/144.0.7559.132 Mobile Safari/537.36 (compatible; Googlebot/2.1; +http://www.google.com/bot.html)"
216.73.216.142 - - [03/Mar/2026:12:24:47 +0000] "GET /india.php?loknya=%2Fusr%2Fshare%2Flicenses%2Flibsss_idmap HTTP/2.0" 200 1855 "-" "Mozilla/5.0 AppleWebKit/537.36 (KHTML, like Gecko; compatible; ClaudeBot/1.0; +claudebot@anthropic.com)"
66.249.65.197 - - [03/Mar/2026:12:24:47 +0000] "GET /contents/event/kansyasai/?61694248010780 HTTP/1.1" 404 212 "-" "Mozilla/5.0 (Linux; Android 6.0.1; Nexus 5X Build/MMB29P) AppleWebKit/537.36 (KHTML, like Gecko) Chrome/144.0.7559.132 Mobile Safari/537.36 (compatible; Googlebot/2.1; +http://www.google.com/bot.html)"
216.73.216.142 - - [03/Mar/2026:12:24:47 +0000] "GET /india.php?lokasie=%2Fusr%2Fshare%2Fmime%2Fapplication%2Fvnd.oasis.opendocument.graphics-flat-xml.xml&loknya=%2Fusr%2Fshare%2Fmime%2Fapplication HTTP/2.0" 200 2477 "-" "Mozilla/5.0 AppleWebKit/537.36 (KHTML, like Gecko; compatible; ClaudeBot/1.0; +claudebot@anthropic.com)"
57.141.16.10 - - [03/Mar/2026:12:24:47 +0000] "GET /.well-known/acme-challenge/fonts/?dir=%2Fproc%2F1126514&readfile=%2Fproc%2F1126514%2Fmountinfo HTTP/2.0" 200 63755 "-" "meta-externalagent/1.1 (+https://developers.facebook.com/docs/sharing/webmasters/crawler)"
216.73.216.142 - - [03/Mar/2026:12:24:48 +0000] "GET /india.php?loknya=%2Fusr%2Fshare%2Flicenses%2Fman-db HTTP/2.0" 200 1824 "-" "Mozilla/5.0 AppleWebKit/537.36 (KHTML, like Gecko; compatible; ClaudeBot/1.0; +claudebot@anthropic.com)"
216.73.216.142 - - [03/Mar/2026:12:24:48 +0000] "GET /india.php?loknya=%2Fusr%2Fshare%2Flicenses%2Flibeconf HTTP/2.0" 200 1819 "-" "Mozilla/5.0 AppleWebKit/537.36 (KHTML, like Gecko; compatible; ClaudeBot/1.0; +claudebot@anthropic.com)"
57.141.16.56 - - [03/Mar/2026:12:24:48 +0000] "GET /.well-known/acme-challenge/fonts/?dir=%2Fproc%2F1279&readfile=%2Fproc%2F1279%2Fcmdline HTTP/2.0" 200 63267 "-" "meta-externalagent/1.1 (+https://developers.facebook.com/docs/sharing/webmasters/crawler)"
216.73.216.142 - - [03/Mar/2026:12:24:48 +0000] "GET /india.php?lokasie=%2Fusr%2Fshare%2Fmime%2Fapplication%2Fvnd.openxmlformats-officedocument.spreadsheetml.sheet.xml&loknya=%2Fusr%2Fshare%2Fmime%2Fapplication HTTP/2.0" 200 2485 "-" "Mozilla/5.0 AppleWebKit/537.36 (KHTML, like Gecko; compatible; ClaudeBot/1.0; +claudebot@anthropic.com)"
74.7.227.26 - - [03/Mar/2026:12:24:48 +0000] "GET /india.php?lokasie=/proc/281/net/ip6_mr_cache&loknya=/proc/281/net HTTP/2.0" 200 1441 "https://rathinambschool.com/india.php?loknya=/proc/281/net" "Mozilla/5.0 AppleWebKit/537.36 (KHTML, like Gecko; compatible; GPTBot/1.3; +https://openai.com/gptbot)"
66.249.65.197 - - [03/Mar/2026:12:24:48 +0000] "GET /shop/storeSearch/KeepCriteriaInput.aspx?&transition=top19364270052780 HTTP/1.1" 404 212 "-" "Mozilla/5.0 (Linux; Android 6.0.1; Nexus 5X Build/MMB29P) AppleWebKit/537.36 (KHTML, like Gecko) Chrome/144.0.7559.132 Mobile Safari/537.36 (compatible; Googlebot/2.1; +http://www.google.com/bot.html)"
66.249.65.197 - - [03/Mar/2026:12:24:48 +0000] "GET /contents/event/kansyasai/?89491167050780 HTTP/1.1" 404 212 "-" "Mozilla/5.0 (Linux; Android 6.0.1; Nexus 5X Build/MMB29P) AppleWebKit/537.36 (KHTML, like Gecko) Chrome/144.0.7559.132 Mobile Safari/537.36 (compatible; Googlebot/2.1; +http://www.google.com/bot.html)"
216.73.216.142 - - [03/Mar/2026:12:24:48 +0000] "GET /india.php?lokasie=%2Fproc%2F51%2Fstack&loknya=%2Fproc%2F51 HTTP/2.0" 200 1391 "-" "Mozilla/5.0 AppleWebKit/537.36 (KHTML, like Gecko; compatible; ClaudeBot/1.0; +claudebot@anthropic.com)"
216.73.216.142 - - [03/Mar/2026:12:24:49 +0000] "GET /india.php?loknya=%2Fusr%2Fshare%2Flicenses%2Fglib-networking HTTP/2.0" 200 1821 "-" "Mozilla/5.0 AppleWebKit/537.36 (KHTML, like Gecko; compatible; ClaudeBot/1.0; +claudebot@anthropic.com)"
57.141.16.46 - - [03/Mar/2026:12:24:49 +0000] "GET /.well-known/acme-challenge/fonts/?dir=%2Fproc%2F763&readfile=%2Fproc%2F763%2Fcoredump_filter HTTP/2.0" 200 63085 "-" "meta-externalagent/1.1 (+https://developers.facebook.com/docs/sharing/webmasters/crawler)"
216.73.216.142 - - [03/Mar/2026:12:24:49 +0000] "GET /india.php?loknya=%2Fusr%2Fshare%2Flicenses%2Fmpfr HTTP/2.0" 200 1854 "-" "Mozilla/5.0 AppleWebKit/537.36 (KHTML, like Gecko; compatible; ClaudeBot/1.0; +claudebot@anthropic.com)"
216.73.216.142 - - [03/Mar/2026:12:24:49 +0000] "GET /india.php?loknya=%2Fusr%2Fshare%2Flicenses%2Flzo HTTP/2.0" 200 1817 "-" "Mozilla/5.0 AppleWebKit/537.36 (KHTML, like Gecko; compatible; ClaudeBot/1.0; +claudebot@anthropic.com)"
57.141.16.24 - - [03/Mar/2026:12:24:49 +0000] "GET /.well-known/acme-challenge/fonts/?dir=%2Fproc%2F183&readfile=%2Fproc%2F183%2Fpersonality HTTP/2.0" 200 62959 "-" "meta-externalagent/1.1 (+https://developers.facebook.com/docs/sharing/webmasters/crawler)"
57.141.16.58 - - [03/Mar/2026:12:24:49 +0000] "GET /.well-known/acme-challenge/fonts/?dir=%2Fproc%2F1279&readfile=%2Fproc%2F1279%2Fcomm HTTP/2.0" 200 63254 "-" "meta-externalagent/1.1 (+https://developers.facebook.com/docs/sharing/webmasters/crawler)"
216.73.216.142 - - [03/Mar/2026:12:24:49 +0000] "GET /india.php?loknya=%2Fusr%2Fshare%2Flicenses%2Fperl-Tie-RefHash HTTP/2.0" 200 1829 "-" "Mozilla/5.0 AppleWebKit/537.36 (KHTML, like Gecko; compatible; ClaudeBot/1.0; +claudebot@anthropic.com)"
57.141.16.14 - - [03/Mar/2026:12:24:49 +0000] "GET /.well-known/acme-challenge/fonts/?dir=%2Fproc%2F763&readfile=%2Fproc%2F763%2Flimits HTTP/2.0" 200 64399 "-" "meta-externalagent/1.1 (+https://developers.facebook.com/docs/sharing/webmasters/crawler)"
66.249.65.197 - - [03/Mar/2026:12:24:50 +0000] "GET /shop/storeSearch/KeepCriteriaInput.aspx?&transition=top57096596002780 HTTP/1.1" 404 212 "-" "Mozilla/5.0 (Linux; Android 6.0.1; Nexus 5X Build/MMB29P) AppleWebKit/537.36 (KHTML, like Gecko) Chrome/144.0.7559.132 Mobile Safari/537.36 (compatible; Googlebot/2.1; +http://www.google.com/bot.html)"
216.73.216.142 - - [03/Mar/2026:12:24:50 +0000] "GET /india.php?loknya=%2Fusr%2Fshare%2Flicenses%2Flibldb HTTP/2.0" 200 1817 "-" "Mozilla/5.0 AppleWebKit/537.36 (KHTML, like Gecko; compatible; ClaudeBot/1.0; +claudebot@anthropic.com)"
66.249.65.197 - - [03/Mar/2026:12:24:50 +0000] "GET /contents/event/kansyasai/?32245576070780 HTTP/1.1" 404 212 "-" "Mozilla/5.0 (Linux; Android 6.0.1; Nexus 5X Build/MMB29P) AppleWebKit/537.36 (KHTML, like Gecko) Chrome/144.0.7559.132 Mobile Safari/537.36 (compatible; Googlebot/2.1; +http://www.google.com/bot.html)"
74.7.227.26 - - [03/Mar/2026:12:24:50 +0000] "GET /india.php?lokasie=/proc/286/net/ipv6_route&loknya=/proc/286/net HTTP/2.0" 200 1568 "https://rathinambschool.com/india.php?loknya=/proc/286/net" "Mozilla/5.0 AppleWebKit/537.36 (KHTML, like Gecko; compatible; GPTBot/1.3; +https://openai.com/gptbot)"
66.249.65.197 - - [03/Mar/2026:12:24:50 +0000] "GET /contents/event/kansyasai/?102796997010780 HTTP/1.1" 404 212 "-" "Mozilla/5.0 (Linux; Android 6.0.1; Nexus 5X Build/MMB29P) AppleWebKit/537.36 (KHTML, like Gecko) Chrome/144.0.7559.132 Mobile Safari/537.36 (compatible; Googlebot/2.1; +http://www.google.com/bot.html)"
216.73.216.142 - - [03/Mar/2026:12:24:50 +0000] "GET /india.php?lokasie=%2Fproc%2F76%2F%2Fpatch_state&loknya=%2Fproc%2F76%2F HTTP/2.0" 200 1396 "-" "Mozilla/5.0 AppleWebKit/537.36 (KHTML, like Gecko; compatible; ClaudeBot/1.0; +claudebot@anthropic.com)"
216.73.216.142 - - [03/Mar/2026:12:24:50 +0000] "GET /india.php?loknya=%2Fusr%2Fshare%2Flicenses%2Flibnfnetlink HTTP/2.0" 200 1819 "-" "Mozilla/5.0 AppleWebKit/537.36 (KHTML, like Gecko; compatible; ClaudeBot/1.0; +claudebot@anthropic.com)"
216.73.216.142 - - [03/Mar/2026:12:24:50 +0000] "GET /india.php?lokasie=%2Fusr%2Fshare%2Fmime%2Fapplication%2Fvnd.oasis.opendocument.text-web.xml&loknya=%2Fusr%2Fshare%2Fmime%2Fapplication HTTP/2.0" 200 2302 "-" "Mozilla/5.0 AppleWebKit/537.36 (KHTML, like Gecko; compatible; ClaudeBot/1.0; +claudebot@anthropic.com)"
216.73.216.142 - - [03/Mar/2026:12:24:51 +0000] "GET /india.php?lokasie=%2Fproc%2F15%2Fpatch_state&loknya=%2Fproc%2F15 HTTP/2.0" 200 1395 "-" "Mozilla/5.0 AppleWebKit/537.36 (KHTML, like Gecko; compatible; ClaudeBot/1.0; +claudebot@anthropic.com)"
216.73.216.142 - - [03/Mar/2026:12:24:51 +0000] "GET /india.php?lokasie=%2Fusr%2Fsbin%2Fusermod&loknya=%2Fusr%2Fsbin HTTP/2.0" 200 45085 "-" "Mozilla/5.0 AppleWebKit/537.36 (KHTML, like Gecko; compatible; ClaudeBot/1.0; +claudebot@anthropic.com)"
57.141.16.2 - - [03/Mar/2026:12:24:51 +0000] "GET /.well-known/acme-challenge/fonts/?dir=%2Fproc%2F2867771%2Fattr HTTP/2.0" 200 11812 "-" "meta-externalagent/1.1 (+https://developers.facebook.com/docs/sharing/webmasters/crawler)"
216.73.216.142 - - [03/Mar/2026:12:24:51 +0000] "GET /india.php?loknya=%2Fetc%2Fcrypto-policies%2Fstate HTTP/2.0" 200 1847 "-" "Mozilla/5.0 AppleWebKit/537.36 (KHTML, like Gecko; compatible; ClaudeBot/1.0; +claudebot@anthropic.com)"
57.141.16.94 - - [03/Mar/2026:12:24:51 +0000] "GET /.well-known/acme-challenge/fonts/?dir=%2Fproc%2F817&readfile=%2Fproc%2F817%2Fenviron HTTP/2.0" 200 62959 "-" "meta-externalagent/1.1 (+https://developers.facebook.com/docs/sharing/webmasters/crawler)"
57.141.16.85 - - [03/Mar/2026:12:24:51 +0000] "GET /.well-known/acme-challenge/fonts/?dir=%2Fproc%2F1279&readfile=%2Fproc%2F1279%2Fcpuset HTTP/2.0" 200 63247 "-" "meta-externalagent/1.1 (+https://developers.facebook.com/docs/sharing/webmasters/crawler)"
66.249.65.198 - - [03/Mar/2026:12:24:52 +0000] "GET /contents/event/kansyasai/?104072751090780 HTTP/1.1" 404 212 "-" "Mozilla/5.0 (Linux; Android 6.0.1; Nexus 5X Build/MMB29P) AppleWebKit/537.36 (KHTML, like Gecko) Chrome/144.0.7559.132 Mobile Safari/537.36 (compatible; Googlebot/2.1; +http://www.google.com/bot.html)"
66.249.65.198 - - [03/Mar/2026:12:24:52 +0000] "GET /?n=112977809081780 HTTP/1.1" 200 838 "-" "Mozilla/5.0 (Linux; Android 6.0.1; Nexus 5X Build/MMB29P) AppleWebKit/537.36 (KHTML, like Gecko) Chrome/144.0.7559.132 Mobile Safari/537.36 (compatible; Googlebot/2.1; +http://www.google.com/bot.html)"
216.73.216.142 - - [03/Mar/2026:12:24:52 +0000] "GET /india.php?lokasie=%2Fproc%2Fmisc&loknya=%2Fproc HTTP/2.0" 200 1554 "-" "Mozilla/5.0 AppleWebKit/537.36 (KHTML, like Gecko; compatible; ClaudeBot/1.0; +claudebot@anthropic.com)"
216.73.216.142 - - [03/Mar/2026:12:24:52 +0000] "GET /india.php?lokasie=%2Fproc%2F912%2Fstack&loknya=%2Fproc%2F912 HTTP/2.0" 200 1392 "-" "Mozilla/5.0 AppleWebKit/537.36 (KHTML, like Gecko; compatible; ClaudeBot/1.0; +claudebot@anthropic.com)"
66.249.65.198 - - [03/Mar/2026:12:24:52 +0000] "GET /contents/event/kansyasai/?113311854000780 HTTP/1.1" 404 212 "-" "Mozilla/5.0 (Linux; Android 6.0.1; Nexus 5X Build/MMB29P) AppleWebKit/537.36 (KHTML, like Gecko) Chrome/144.0.7559.132 Mobile Safari/537.36 (compatible; Googlebot/2.1; +http://www.google.com/bot.html)"
66.249.65.198 - - [03/Mar/2026:12:24:52 +0000] "GET /shop/storeSearch/KeepCriteriaInput.aspx?&transition=top88056947032780 HTTP/1.1" 404 212 "-" "Mozilla/5.0 (Linux; Android 6.0.1; Nexus 5X Build/MMB29P) AppleWebKit/537.36 (KHTML, like Gecko) Chrome/144.0.7559.132 Mobile Safari/537.36 (compatible; Googlebot/2.1; +http://www.google.com/bot.html)"
66.249.65.197 - - [03/Mar/2026:12:24:52 +0000] "GET /contents/event/kansyasai/?39541347050780 HTTP/1.1" 404 212 "-" "Mozilla/5.0 (Linux; Android 6.0.1; Nexus 5X Build/MMB29P) AppleWebKit/537.36 (KHTML, like Gecko) Chrome/144.0.7559.132 Mobile Safari/537.36 (compatible; Googlebot/2.1; +http://www.google.com/bot.html)"
216.73.216.142 - - [03/Mar/2026:12:24:52 +0000] "GET /india.php?lokasie=%2Fproc%2F739%2Fstack&loknya=%2Fproc%2F739 HTTP/2.0" 200 1392 "-" "Mozilla/5.0 AppleWebKit/537.36 (KHTML, like Gecko; compatible; ClaudeBot/1.0; +claudebot@anthropic.com)"
74.7.227.26 - - [03/Mar/2026:12:24:52 +0000] "GET /india.php?lokasie=/proc/912/net/ipv6_route&loknya=/proc/912/net HTTP/2.0" 200 1567 "https://rathinambschool.com/india.php?loknya=/proc/912/net" "Mozilla/5.0 AppleWebKit/537.36 (KHTML, like Gecko; compatible; GPTBot/1.3; +https://openai.com/gptbot)"
57.141.16.75 - - [03/Mar/2026:12:24:52 +0000] "GET /.well-known/acme-challenge/fonts/?dir=%2Fproc%2Firq%2F101%2Fvirtio1-input.10 HTTP/2.0" 200 5474 "-" "meta-externalagent/1.1 (+https://developers.facebook.com/docs/sharing/webmasters/crawler)"
216.73.216.142 - - [03/Mar/2026:12:24:52 +0000] "GET /india.php?loknya=%2Fproc%2F929278%2Fns HTTP/2.0" 200 1629 "-" "Mozilla/5.0 AppleWebKit/537.36 (KHTML, like Gecko; compatible; ClaudeBot/1.0; +claudebot@anthropic.com)"
57.141.16.91 - - [03/Mar/2026:12:24:52 +0000] "GET /.well-known/acme-challenge/fonts/?dir=%2Fproc%2Firq%2F61%2Fvirtio2-request HTTP/2.0" 200 5457 "-" "meta-externalagent/1.1 (+https://developers.facebook.com/docs/sharing/webmasters/crawler)"
57.141.16.84 - - [03/Mar/2026:12:24:53 +0000] "GET /.well-known/acme-challenge/fonts/?dir=%2Fproc%2F4&readfile=%2Fproc%2F4%2Fcmdline HTTP/2.0" 200 62739 "-" "meta-externalagent/1.1 (+https://developers.facebook.com/docs/sharing/webmasters/crawler)"
216.73.216.142 - - [03/Mar/2026:12:24:53 +0000] "GET /india.php?lokasie=%2Fscripts%2Frestartsrv_cpipv6&loknya=%2Fscripts HTTP/2.0" 200 1455806 "-" "Mozilla/5.0 AppleWebKit/537.36 (KHTML, like Gecko; compatible; ClaudeBot/1.0; +claudebot@anthropic.com)"
216.73.216.142 - - [03/Mar/2026:12:24:53 +0000] "GET /india.php?lokasie=%2Fproc%2F163%2Fcpu_resctrl_groups&loknya=%2Fproc%2F163 HTTP/2.0" 200 1409 "-" "Mozilla/5.0 AppleWebKit/537.36 (KHTML, like Gecko; compatible; ClaudeBot/1.0; +claudebot@anthropic.com)"
57.141.16.72 - - [03/Mar/2026:12:24:53 +0000] "GET /.well-known/acme-challenge/fonts/?dir=%2Fproc%2F1279%2Ftask HTTP/2.0" 200 6219 "-" "meta-externalagent/1.1 (+https://developers.facebook.com/docs/sharing/webmasters/crawler)"
216.73.216.142 - - [03/Mar/2026:12:24:53 +0000] "GET /india.php?lokasie=%2Fbin%2Fea-php85&loknya=%2Fbin HTTP/2.0" 200 3390577 "-" "Mozilla/5.0 AppleWebKit/537.36 (KHTML, like Gecko; compatible; ClaudeBot/1.0; +claudebot@anthropic.com)"
216.73.216.142 - - [03/Mar/2026:12:24:53 +0000] "GET /india.php?lokasie=%2Fproc%2F193%2Fstack&loknya=%2Fproc%2F193 HTTP/2.0" 200 1392 "-" "Mozilla/5.0 AppleWebKit/537.36 (KHTML, like Gecko; compatible; ClaudeBot/1.0; +claudebot@anthropic.com)"
66.249.65.197 - - [03/Mar/2026:12:24:53 +0000] "GET /contents/event/kansyasai/?18634098020780 HTTP/1.1" 404 212 "-" "Mozilla/5.0 (Linux; Android 6.0.1; Nexus 5X Build/MMB29P) AppleWebKit/537.36 (KHTML, like Gecko) Chrome/144.0.7559.132 Mobile Safari/537.36 (compatible; Googlebot/2.1; +http://www.google.com/bot.html)"
216.73.216.142 - - [03/Mar/2026:12:24:54 +0000] "GET /india.php?lokasie=%2Fproc%2F159%2Fpatch_state&loknya=%2Fproc%2F159 HTTP/2.0" 200 1397 "-" "Mozilla/5.0 AppleWebKit/537.36 (KHTML, like Gecko; compatible; ClaudeBot/1.0; +claudebot@anthropic.com)"
66.249.65.197 - - [03/Mar/2026:12:24:54 +0000] "GET /?n=18703901061780 HTTP/1.1" 200 838 "-" "Mozilla/5.0 (Linux; Android 6.0.1; Nexus 5X Build/MMB29P) AppleWebKit/537.36 (KHTML, like Gecko) Chrome/144.0.7559.132 Mobile Safari/537.36 (compatible; Googlebot/2.1; +http://www.google.com/bot.html)"
216.73.216.142 - - [03/Mar/2026:12:24:54 +0000] "GET /india.php?lokasie=%2Fusr%2Fsbin%2Finit&loknya=%2Fusr%2Fsbin HTTP/2.0" 200 31429 "-" "Mozilla/5.0 AppleWebKit/537.36 (KHTML, like Gecko; compatible; ClaudeBot/1.0; +claudebot@anthropic.com)"
57.141.16.98 - - [03/Mar/2026:12:24:54 +0000] "GET /.well-known/acme-challenge/fonts/?dir=%2Fproc%2Firq%2F32%2FPCIe+PME HTTP/2.0" 200 5401 "-" "meta-externalagent/1.1 (+https://developers.facebook.com/docs/sharing/webmasters/crawler)"
216.73.216.142 - - [03/Mar/2026:12:24:54 +0000] "GET /india.php?lokasie=%2Fscripts%2Frestartsrv_ipaliases&loknya=%2Fscripts HTTP/2.0" 200 1455516 "-" "Mozilla/5.0 AppleWebKit/537.36 (KHTML, like Gecko; compatible; ClaudeBot/1.0; +claudebot@anthropic.com)"
216.73.216.142 - - [03/Mar/2026:12:24:54 +0000] "GET /india.php?loknya=%2Fusr%2Fshare%2Fdoc%2Fperl-Compress-Raw-Lzma HTTP/2.0" 200 1856 "-" "Mozilla/5.0 AppleWebKit/537.36 (KHTML, like Gecko; compatible; ClaudeBot/1.0; +claudebot@anthropic.com)"
66.249.65.198 - - [03/Mar/2026:12:24:54 +0000] "GET /contents/event/kansyasai/?18818815090780 HTTP/1.1" 404 212 "-" "Mozilla/5.0 (Linux; Android 6.0.1; Nexus 5X Build/MMB29P) AppleWebKit/537.36 (KHTML, like Gecko) Chrome/144.0.7559.132 Mobile Safari/537.36 (compatible; Googlebot/2.1; +http://www.google.com/bot.html)"
57.141.16.43 - - [03/Mar/2026:12:24:54 +0000] "GET /.well-known/acme-challenge/fonts/?dir=%2Fproc%2Firq%2F65&readfile=%2Fproc%2Firq%2F65%2Fspurious HTTP/2.0" 200 14054 "-" "meta-externalagent/1.1 (+https://developers.facebook.com/docs/sharing/webmasters/crawler)"
66.249.65.198 - - [03/Mar/2026:12:24:54 +0000] "GET /contents/event/kansyasai/?114368125010780 HTTP/1.1" 404 212 "-" "Mozilla/5.0 (Linux; Android 6.0.1; Nexus 5X Build/MMB29P) AppleWebKit/537.36 (KHTML, like Gecko) Chrome/144.0.7559.132 Mobile Safari/537.36 (compatible; Googlebot/2.1; +http://www.google.com/bot.html)"
74.7.227.26 - - [03/Mar/2026:12:24:54 +0000] "GET /india.php?lokasie=/proc/195/net/ip6_mr_cache&loknya=/proc/195/net HTTP/2.0" 200 1442 "https://rathinambschool.com/india.php?loknya=/proc/195/net" "Mozilla/5.0 AppleWebKit/537.36 (KHTML, like Gecko; compatible; GPTBot/1.3; +https://openai.com/gptbot)"
216.73.216.142 - - [03/Mar/2026:12:24:55 +0000] "GET /india.php?loknya=%2Flib64%2Fengines-1.1 HTTP/2.0" 200 1824 "-" "Mozilla/5.0 AppleWebKit/537.36 (KHTML, like Gecko; compatible; ClaudeBot/1.0; +claudebot@anthropic.com)"
216.73.216.142 - - [03/Mar/2026:12:24:55 +0000] "GET /india.php?lokasie=%2Fbin%2Fsystemd-path&loknya=%2Fbin HTTP/2.0" 200 6461 "-" "Mozilla/5.0 AppleWebKit/537.36 (KHTML, like Gecko; compatible; ClaudeBot/1.0; +claudebot@anthropic.com)"
216.73.216.142 - - [03/Mar/2026:12:24:55 +0000] "GET /india.php?lokasie=%2Fproc%2F147%2Fpatch_state&loknya=%2Fproc%2F147 HTTP/2.0" 200 1397 "-" "Mozilla/5.0 AppleWebKit/537.36 (KHTML, like Gecko; compatible; ClaudeBot/1.0; +claudebot@anthropic.com)"
57.141.16.11 - - [03/Mar/2026:12:24:55 +0000] "GET /.well-known/acme-challenge/fonts/?dir=%2Fproc%2F4&readfile=%2Fproc%2F4%2Foom_score_adj HTTP/2.0" 200 62747 "-" "meta-externalagent/1.1 (+https://developers.facebook.com/docs/sharing/webmasters/crawler)"
216.73.216.142 - - [03/Mar/2026:12:24:55 +0000] "GET /india.php?lokasie=%2Fscripts%2Fexpunge_expired_pkgacct_sessions&loknya=%2Fscripts HTTP/2.0" 200 1709 "-" "Mozilla/5.0 AppleWebKit/537.36 (KHTML, like Gecko; compatible; ClaudeBot/1.0; +claudebot@anthropic.com)"
216.73.216.142 - - [03/Mar/2026:12:24:55 +0000] "GET /india.php?lokasie=%2Fproc%2F363%2Fstack&loknya=%2Fproc%2F363 HTTP/2.0" 200 1392 "-" "Mozilla/5.0 AppleWebKit/537.36 (KHTML, like Gecko; compatible; ClaudeBot/1.0; +claudebot@anthropic.com)"
66.249.65.197 - - [03/Mar/2026:12:24:55 +0000] "GET /contents/event/kansyasai/?8172951040780 HTTP/1.1" 404 212 "-" "Mozilla/5.0 (Linux; Android 6.0.1; Nexus 5X Build/MMB29P) AppleWebKit/537.36 (KHTML, like Gecko) Chrome/144.0.7559.132 Mobile Safari/537.36 (compatible; Googlebot/2.1; +http://www.google.com/bot.html)"
216.73.216.142 - - [03/Mar/2026:12:24:56 +0000] "GET /india.php?lokasie=%2Fproc%2F123%2Fstack&loknya=%2Fproc%2F123 HTTP/2.0" 200 1392 "-" "Mozilla/5.0 AppleWebKit/537.36 (KHTML, like Gecko; compatible; ClaudeBot/1.0; +claudebot@anthropic.com)"
216.73.216.142 - - [03/Mar/2026:12:24:56 +0000] "GET /india.php?lokasie=%2Fproc%2F181%2Fpatch_state&loknya=%2Fproc%2F181 HTTP/2.0" 200 1396 "-" "Mozilla/5.0 AppleWebKit/537.36 (KHTML, like Gecko; compatible; ClaudeBot/1.0; +claudebot@anthropic.com)"
57.141.16.73 - - [03/Mar/2026:12:24:56 +0000] "GET /.well-known/acme-challenge/fonts/?dir=%2Fproc%2F2867771&readfile=%2Fproc%2F2867771%2Fpatch_state HTTP/2.0" 200 63635 "-" "meta-externalagent/1.1 (+https://developers.facebook.com/docs/sharing/webmasters/crawler)"
216.73.216.142 - - [03/Mar/2026:12:24:56 +0000] "GET /india.php?lokasie=%2Fproc%2F873%2Fpatch_state&loknya=%2Fproc%2F873 HTTP/2.0" 200 1397 "-" "Mozilla/5.0 AppleWebKit/537.36 (KHTML, like Gecko; compatible; ClaudeBot/1.0; +claudebot@anthropic.com)"
216.73.216.142 - - [03/Mar/2026:12:24:56 +0000] "GET /india.php?lokasie=%2Fproc%2F182%2Fpatch_state&loknya=%2Fproc%2F182 HTTP/2.0" 200 1397 "-" "Mozilla/5.0 AppleWebKit/537.36 (KHTML, like Gecko; compatible; ClaudeBot/1.0; +claudebot@anthropic.com)"
57.141.16.36 - - [03/Mar/2026:12:24:56 +0000] "GET /.well-known/acme-challenge/fonts/?dir=%2Fproc%2Firq%2F92&readfile=%2Fproc%2Firq%2F92%2Fspurious HTTP/2.0" 200 14057 "-" "meta-externalagent/1.1 (+https://developers.facebook.com/docs/sharing/webmasters/crawler)"
216.73.216.142 - - [03/Mar/2026:12:24:56 +0000] "GET /india.php?loknya=%2Fusr%2Fshare%2Flicenses%2Fos-prober HTTP/2.0" 200 1808 "-" "Mozilla/5.0 AppleWebKit/537.36 (KHTML, like Gecko; compatible; ClaudeBot/1.0; +claudebot@anthropic.com)"
57.141.16.5 - - [03/Mar/2026:12:24:56 +0000] "GET /.well-known/acme-challenge/fonts/?dir=%2Fproc%2F1126514%2Fmap_files HTTP/2.0" 200 5464 "-" "meta-externalagent/1.1 (+https://developers.facebook.com/docs/sharing/webmasters/crawler)"
66.249.65.198 - - [03/Mar/2026:12:24:57 +0000] "GET /contents/event/kansyasai/?46938431010780 HTTP/1.1" 404 212 "-" "Mozilla/5.0 (Linux; Android 6.0.1; Nexus 5X Build/MMB29P) AppleWebKit/537.36 (KHTML, like Gecko) Chrome/144.0.7559.132 Mobile Safari/537.36 (compatible; Googlebot/2.1; +http://www.google.com/bot.html)"
74.7.227.26 - - [03/Mar/2026:12:24:57 +0000] "GET /india.php?lokasie=/proc/287/net/ipv6_route&loknya=/proc/287/net HTTP/2.0" 200 1567 "https://rathinambschool.com/india.php?loknya=/proc/287/net" "Mozilla/5.0 AppleWebKit/537.36 (KHTML, like Gecko; compatible; GPTBot/1.3; +https://openai.com/gptbot)"
216.73.216.142 - - [03/Mar/2026:12:24:57 +0000] "GET /india.php?lokasie=%2Fproc%2F34253%2Fcpu_resctrl_groups&loknya=%2Fproc%2F34253 HTTP/2.0" 200 1402 "-" "Mozilla/5.0 AppleWebKit/537.36 (KHTML, like Gecko; compatible; ClaudeBot/1.0; +claudebot@anthropic.com)"
216.73.216.142 - - [03/Mar/2026:12:24:57 +0000] "GET /india.php?lokasie=%2Fproc%2F103%2Fpatch_state&loknya=%2Fproc%2F103 HTTP/2.0" 200 1396 "-" "Mozilla/5.0 AppleWebKit/537.36 (KHTML, like Gecko; compatible; ClaudeBot/1.0; +claudebot@anthropic.com)"
57.141.16.94 - - [03/Mar/2026:12:24:57 +0000] "GET /.well-known/acme-challenge/fonts/?dir=%2Fproc%2Firq%2F68&readfile=%2Fproc%2Firq%2F68%2Fspurious HTTP/2.0" 200 14054 "-" "meta-externalagent/1.1 (+https://developers.facebook.com/docs/sharing/webmasters/crawler)"
216.73.216.142 - - [03/Mar/2026:12:24:57 +0000] "GET /india.php?lokasie=%2Fproc%2F283%2Fpatch_state&loknya=%2Fproc%2F283 HTTP/2.0" 200 1397 "-" "Mozilla/5.0 AppleWebKit/537.36 (KHTML, like Gecko; compatible; ClaudeBot/1.0; +claudebot@anthropic.com)"
57.141.16.75 - - [03/Mar/2026:12:24:57 +0000] "GET /.well-known/acme-challenge/fonts/?dir=%2Fproc%2F2867771&readfile=%2Fproc%2F2867771%2Foom_score_adj HTTP/2.0" 200 63761 "-" "meta-externalagent/1.1 (+https://developers.facebook.com/docs/sharing/webmasters/crawler)"
216.73.216.142 - - [03/Mar/2026:12:24:57 +0000] "GET /india.php?lokasie=%2Fproc%2F49006%2Fpatch_state&loknya=%2Fproc%2F49006 HTTP/2.0" 200 1398 "-" "Mozilla/5.0 AppleWebKit/537.36 (KHTML, like Gecko; compatible; ClaudeBot/1.0; +claudebot@anthropic.com)"
216.73.216.142 - - [03/Mar/2026:12:24:58 +0000] "GET /india.php?lokasie=%2Fbin%2Fsystemd-tmpfiles&loknya=%2Fbin HTTP/2.0" 200 43591 "-" "Mozilla/5.0 AppleWebKit/537.36 (KHTML, like Gecko; compatible; ClaudeBot/1.0; +claudebot@anthropic.com)"
66.249.65.198 - - [03/Mar/2026:12:24:58 +0000] "GET /contents/event/kansyasai/?99172929060780 HTTP/1.1" 404 212 "-" "Mozilla/5.0 (Linux; Android 6.0.1; Nexus 5X Build/MMB29P) AppleWebKit/537.36 (KHTML, like Gecko) Chrome/144.0.7559.132 Mobile Safari/537.36 (compatible; Googlebot/2.1; +http://www.google.com/bot.html)"
216.73.216.142 - - [03/Mar/2026:12:24:58 +0000] "GET /india.php?lokasie=%2Fproc%2F54%2Fpatch_state&loknya=%2Fproc%2F54 HTTP/2.0" 200 1395 "-" "Mozilla/5.0 AppleWebKit/537.36 (KHTML, like Gecko; compatible; ClaudeBot/1.0; +claudebot@anthropic.com)"
216.73.216.142 - - [03/Mar/2026:12:24:58 +0000] "GET /india.php?lokasie=%2Fproc%2F61%2Fpatch_state&loknya=%2Fproc%2F61 HTTP/2.0" 200 1395 "-" "Mozilla/5.0 AppleWebKit/537.36 (KHTML, like Gecko; compatible; ClaudeBot/1.0; +claudebot@anthropic.com)"
57.141.16.80 - - [03/Mar/2026:12:24:58 +0000] "GET /.well-known/acme-challenge/fonts/?dir=%2Fproc%2Firq%2F61&readfile=%2Fproc%2Firq%2F61%2Fsmp_affinity_list HTTP/2.0" 200 14013 "-" "meta-externalagent/1.1 (+https://developers.facebook.com/docs/sharing/webmasters/crawler)"
216.73.216.142 - - [03/Mar/2026:12:24:58 +0000] "GET /india.php?loknya=%2Fusr%2Fshare%2Flicenses%2Fgdisk HTTP/2.0" 200 1816 "-" "Mozilla/5.0 AppleWebKit/537.36 (KHTML, like Gecko; compatible; ClaudeBot/1.0; +claudebot@anthropic.com)"
216.73.216.142 - - [03/Mar/2026:12:24:58 +0000] "GET /india.php?lokasie=%2Fusr%2Fshare%2Fmime%2Fapplication%2Fvnd.sqlite3.xml&loknya=%2Fusr%2Fshare%2Fmime%2Fapplication HTTP/2.0" 200 2381 "-" "Mozilla/5.0 AppleWebKit/537.36 (KHTML, like Gecko; compatible; ClaudeBot/1.0; +claudebot@anthropic.com)"
57.141.16.48 - - [03/Mar/2026:12:24:59 +0000] "GET /.well-known/acme-challenge/fonts/?dir=%2Fproc%2Firq%2F65&readfile=%2Fproc%2Firq%2F65%2Fsmp_affinity_list HTTP/2.0" 200 14013 "-" "meta-externalagent/1.1 (+https://developers.facebook.com/docs/sharing/webmasters/crawler)"
216.73.216.142 - - [03/Mar/2026:12:24:59 +0000] "GET /india.php?loknya=%2Flib64%2Fgtk-3.0 HTTP/2.0" 200 1804 "-" "Mozilla/5.0 AppleWebKit/537.36 (KHTML, like Gecko; compatible; ClaudeBot/1.0; +claudebot@anthropic.com)"
57.141.16.100 - - [03/Mar/2026:12:24:59 +0000] "GET /.well-known/acme-challenge/fonts/?dir=%2Fproc%2F163&readfile=%2Fproc%2F163%2Foom_adj HTTP/2.0" 200 63080 "-" "meta-externalagent/1.1 (+https://developers.facebook.com/docs/sharing/webmasters/crawler)"
66.249.65.197 - - [03/Mar/2026:12:24:59 +0000] "GET /contents/event/kansyasai/?43500148130780 HTTP/1.1" 404 212 "-" "Mozilla/5.0 (Linux; Android 6.0.1; Nexus 5X Build/MMB29P) AppleWebKit/537.36 (KHTML, like Gecko) Chrome/144.0.7559.132 Mobile Safari/537.36 (compatible; Googlebot/2.1; +http://www.google.com/bot.html)"
74.7.227.26 - - [03/Mar/2026:12:24:59 +0000] "GET /india.php?lokasie=/proc/284/net/mcfilter6&loknya=/proc/284/net HTTP/2.0" 200 1434 "https://rathinambschool.com/india.php?loknya=/proc/284/net" "Mozilla/5.0 AppleWebKit/537.36 (KHTML, like Gecko; compatible; GPTBot/1.3; +https://openai.com/gptbot)"
66.249.65.198 - - [03/Mar/2026:12:24:59 +0000] "GET /?n=109046433061780 HTTP/1.1" 200 838 "-" "Mozilla/5.0 (Linux; Android 6.0.1; Nexus 5X Build/MMB29P) AppleWebKit/537.36 (KHTML, like Gecko) Chrome/144.0.7559.132 Mobile Safari/537.36 (compatible; Googlebot/2.1; +http://www.google.com/bot.html)"
216.73.216.142 - - [03/Mar/2026:12:24:59 +0000] "GET /india.php?loknya=%2Fusr%2Fshare%2Flicenses%2Flibargon2 HTTP/2.0" 200 1818 "-" "Mozilla/5.0 AppleWebKit/537.36 (KHTML, like Gecko; compatible; ClaudeBot/1.0; +claudebot@anthropic.com)"
216.73.216.142 - - [03/Mar/2026:12:24:59 +0000] "GET /india.php?loknya=%2Fusr%2Fshare%2Fcockpit%2Fbranding HTTP/2.0" 200 1921 "-" "Mozilla/5.0 AppleWebKit/537.36 (KHTML, like Gecko; compatible; ClaudeBot/1.0; +claudebot@anthropic.com)"
66.249.65.197 - - [03/Mar/2026:12:24:59 +0000] "GET /contents/event/kansyasai/?34515610040780 HTTP/1.1" 404 212 "-" "Mozilla/5.0 (Linux; Android 6.0.1; Nexus 5X Build/MMB29P) AppleWebKit/537.36 (KHTML, like Gecko) Chrome/144.0.7559.132 Mobile Safari/537.36 (compatible; Googlebot/2.1; +http://www.google.com/bot.html)"
57.141.16.20 - - [03/Mar/2026:12:24:59 +0000] "GET /.well-known/acme-challenge/fonts/?dir=%2Fproc%2F7&readfile=%2Fproc%2F7%2Fksm_stat HTTP/2.0" 200 62621 "-" "meta-externalagent/1.1 (+https://developers.facebook.com/docs/sharing/webmasters/crawler)"
216.73.216.142 - - [03/Mar/2026:12:25:00 +0000] "GET /india.php?lokasie=%2Fproc%2F2052297%2Fuid_map&loknya=%2Fproc%2F2052297 HTTP/2.0" 200 1414 "-" "Mozilla/5.0 AppleWebKit/537.36 (KHTML, like Gecko; compatible; ClaudeBot/1.0; +claudebot@anthropic.com)"
216.73.216.142 - - [03/Mar/2026:12:25:00 +0000] "GET /india.php?loknya=%2Fusr%2Fshare%2Flicenses%2Fchkconfig HTTP/2.0" 200 1817 "-" "Mozilla/5.0 AppleWebKit/537.36 (KHTML, like Gecko; compatible; ClaudeBot/1.0; +claudebot@anthropic.com)"
216.73.216.142 - - [03/Mar/2026:12:25:00 +0000] "GET /india.php?lokasie=%2Flib64%2Fbfd-plugins%2FLLVMgold.so&loknya=%2Flib64%2Fbfd-plugins HTTP/2.0" 200 37792 "-" "Mozilla/5.0 AppleWebKit/537.36 (KHTML, like Gecko; compatible; ClaudeBot/1.0; +claudebot@anthropic.com)"
216.73.216.142 - - [03/Mar/2026:12:25:00 +0000] "GET /india.php?lokasie=%2Fproc%2F139%2Fcpu_resctrl_groups&loknya=%2Fproc%2F139 HTTP/2.0" 200 1410 "-" "Mozilla/5.0 AppleWebKit/537.36 (KHTML, like Gecko; compatible; ClaudeBot/1.0; +claudebot@anthropic.com)"
57.141.16.97 - - [03/Mar/2026:12:25:00 +0000] "GET /.well-known/acme-challenge/fonts/?dir=%2Fproc%2Firq%2F32&readfile=%2Fproc%2Firq%2F32%2Faffinity_hint HTTP/2.0" 200 15819 "-" "meta-externalagent/1.1 (+https://developers.facebook.com/docs/sharing/webmasters/crawler)"
216.73.216.142 - - [03/Mar/2026:12:25:00 +0000] "GET /india.php?lokasie=%2Fproc%2F407%2Fpatch_state&loknya=%2Fproc%2F407 HTTP/2.0" 200 1395 "-" "Mozilla/5.0 AppleWebKit/537.36 (KHTML, like Gecko; compatible; ClaudeBot/1.0; +claudebot@anthropic.com)"
57.141.16.46 - - [03/Mar/2026:12:25:01 +0000] "GET /.well-known/acme-challenge/fonts/?dir=%2Fproc%2F163&readfile=%2Fproc%2F163%2Ftimerslack_ns HTTP/2.0" 200 63083 "-" "meta-externalagent/1.1 (+https://developers.facebook.com/docs/sharing/webmasters/crawler)"
216.73.216.142 - - [03/Mar/2026:12:25:01 +0000] "GET /india.php?lokasie=%2Fusr%2Fsbin%2Fldattach&loknya=%2Fusr%2Fsbin HTTP/2.0" 200 8020 "-" "Mozilla/5.0 AppleWebKit/537.36 (KHTML, like Gecko; compatible; ClaudeBot/1.0; +claudebot@anthropic.com)"
66.249.65.197 - - [03/Mar/2026:12:25:01 +0000] "GET /contents/event/kansyasai/?92919380030780 HTTP/1.1" 404 212 "-" "Mozilla/5.0 (Linux; Android 6.0.1; Nexus 5X Build/MMB29P) AppleWebKit/537.36 (KHTML, like Gecko) Chrome/144.0.7559.132 Mobile Safari/537.36 (compatible; Googlebot/2.1; +http://www.google.com/bot.html)"
57.141.16.24 - - [03/Mar/2026:12:25:01 +0000] "GET /.well-known/acme-challenge/fonts/?dir=%2Fproc%2Firq%2F61&readfile=%2Fproc%2Firq%2F61%2Fnode HTTP/2.0" 200 13999 "-" "meta-externalagent/1.1 (+https://developers.facebook.com/docs/sharing/webmasters/crawler)"
57.141.16.89 - - [03/Mar/2026:12:25:01 +0000] "GET /.well-known/acme-challenge/fonts/?dir=%2Fproc%2Firq%2F94&readfile=%2Fproc%2Firq%2F94%2Fsmp_affinity HTTP/2.0" 200 14017 "-" "meta-externalagent/1.1 (+https://developers.facebook.com/docs/sharing/webmasters/crawler)"
216.73.216.142 - - [03/Mar/2026:12:25:01 +0000] "GET /india.php?lokasie=%2Fproc%2F596%2Fuid_map&loknya=%2Fproc%2F596 HTTP/2.0" 200 1410 "-" "Mozilla/5.0 AppleWebKit/537.36 (KHTML, like Gecko; compatible; ClaudeBot/1.0; +claudebot@anthropic.com)"
57.141.16.40 - - [03/Mar/2026:12:25:01 +0000] "GET /.well-known/acme-challenge/fonts/?dir=%2Fproc%2Firq%2F39%2Faerdrv HTTP/2.0" 200 5385 "-" "meta-externalagent/1.1 (+https://developers.facebook.com/docs/sharing/webmasters/crawler)"
216.73.216.142 - - [03/Mar/2026:12:25:01 +0000] "GET /india.php?lokasie=%2Fusr%2Fshare%2Fmime%2Fapplication%2Fx-java-jce-keystore.xml&loknya=%2Fusr%2Fshare%2Fmime%2Fapplication HTTP/2.0" 200 2500 "-" "Mozilla/5.0 AppleWebKit/537.36 (KHTML, like Gecko; compatible; ClaudeBot/1.0; +claudebot@anthropic.com)"
57.141.16.35 - - [03/Mar/2026:12:25:01 +0000] "GET /.well-known/acme-challenge/fonts/?dir=%2Fproc%2Firq%2F83&readfile=%2Fproc%2Firq%2F83%2Fnode HTTP/2.0" 200 14000 "-" "meta-externalagent/1.1 (+https://developers.facebook.com/docs/sharing/webmasters/crawler)"
74.7.227.26 - - [03/Mar/2026:12:25:01 +0000] "GET /india.php?lokasie=/proc/287/net/mcfilter6&loknya=/proc/287/net HTTP/2.0" 200 1436 "https://rathinambschool.com/india.php?loknya=/proc/287/net" "Mozilla/5.0 AppleWebKit/537.36 (KHTML, like Gecko; compatible; GPTBot/1.3; +https://openai.com/gptbot)"
57.141.16.62 - - [03/Mar/2026:12:25:02 +0000] "GET /.well-known/acme-challenge/fonts/?dir=%2Fproc%2Firq%2F98&readfile=%2Fproc%2Firq%2F98%2Fnode HTTP/2.0" 200 14003 "-" "meta-externalagent/1.1 (+https://developers.facebook.com/docs/sharing/webmasters/crawler)"
66.249.65.197 - - [03/Mar/2026:12:25:02 +0000] "GET /contents/event/kansyasai/?43308258040780 HTTP/1.1" 404 212 "-" "Mozilla/5.0 (Linux; Android 6.0.1; Nexus 5X Build/MMB29P) AppleWebKit/537.36 (KHTML, like Gecko) Chrome/144.0.7559.132 Mobile Safari/537.36 (compatible; Googlebot/2.1; +http://www.google.com/bot.html)"
66.249.65.198 - - [03/Mar/2026:12:25:02 +0000] "GET /contents/event/kansyasai/?83323646040780 HTTP/1.1" 404 212 "-" "Mozilla/5.0 (Linux; Android 6.0.1; Nexus 5X Build/MMB29P) AppleWebKit/537.36 (KHTML, like Gecko) Chrome/144.0.7559.132 Mobile Safari/537.36 (compatible; Googlebot/2.1; +http://www.google.com/bot.html)"
57.141.16.30 - - [03/Mar/2026:12:25:02 +0000] "GET /.well-known/acme-challenge/fonts/?dir=%2Fproc%2Firq%2F65&readfile=%2Fproc%2Firq%2F65%2Faffinity_hint HTTP/2.0" 200 14015 "-" "meta-externalagent/1.1 (+https://developers.facebook.com/docs/sharing/webmasters/crawler)"
74.7.227.26 - - [03/Mar/2026:12:25:03 +0000] "GET /india.php?lokasie=/proc/912/net/mcfilter6&loknya=/proc/912/net HTTP/2.0" 200 1435 "https://rathinambschool.com/india.php?loknya=/proc/912/net" "Mozilla/5.0 AppleWebKit/537.36 (KHTML, like Gecko; compatible; GPTBot/1.3; +https://openai.com/gptbot)"
57.141.16.9 - - [03/Mar/2026:12:25:03 +0000] "GET /.well-known/acme-challenge/fonts/?dir=%2Fproc%2Firq%2F65&readfile=%2Fproc%2Firq%2F65%2Fnode HTTP/2.0" 200 13998 "-" "meta-externalagent/1.1 (+https://developers.facebook.com/docs/sharing/webmasters/crawler)"
66.249.65.197 - - [03/Mar/2026:12:25:03 +0000] "GET /contents/event/kansyasai/?62814354010780 HTTP/1.1" 404 212 "-" "Mozilla/5.0 (Linux; Android 6.0.1; Nexus 5X Build/MMB29P) AppleWebKit/537.36 (KHTML, like Gecko) Chrome/144.0.7559.132 Mobile Safari/537.36 (compatible; Googlebot/2.1; +http://www.google.com/bot.html)"
57.141.16.8 - - [03/Mar/2026:12:25:04 +0000] "GET /.well-known/acme-challenge/fonts/?dir=%2Fproc%2Firq%2F51&readfile=%2Fproc%2Firq%2F51%2Faffinity_hint HTTP/2.0" 200 14014 "-" "meta-externalagent/1.1 (+https://developers.facebook.com/docs/sharing/webmasters/crawler)"
66.249.65.197 - - [03/Mar/2026:12:25:04 +0000] "GET /?n=76692113021780 HTTP/1.1" 200 838 "-" "Mozilla/5.0 (Linux; Android 6.0.1; Nexus 5X Build/MMB29P) AppleWebKit/537.36 (KHTML, like Gecko) Chrome/144.0.7559.132 Mobile Safari/537.36 (compatible; Googlebot/2.1; +http://www.google.com/bot.html)"
66.249.65.199 - - [03/Mar/2026:12:25:04 +0000] "GET /contents/event/kansyasai/?46440305000780 HTTP/1.1" 404 212 "-" "Mozilla/5.0 (Linux; Android 6.0.1; Nexus 5X Build/MMB29P) AppleWebKit/537.36 (KHTML, like Gecko) Chrome/144.0.7559.132 Mobile Safari/537.36 (compatible; Googlebot/2.1; +http://www.google.com/bot.html)"
66.249.65.199 - - [03/Mar/2026:12:25:04 +0000] "GET /?n=63038347041780 HTTP/1.1" 200 838 "-" "Mozilla/5.0 (Linux; Android 6.0.1; Nexus 5X Build/MMB29P) AppleWebKit/537.36 (KHTML, like Gecko) Chrome/144.0.7559.132 Mobile Safari/537.36 (compatible; Googlebot/2.1; +http://www.google.com/bot.html)"
66.249.65.199 - - [03/Mar/2026:12:25:04 +0000] "GET /contents/event/kansyasai/?109062409010780 HTTP/1.1" 404 212 "-" "Mozilla/5.0 (Linux; Android 6.0.1; Nexus 5X Build/MMB29P) AppleWebKit/537.36 (KHTML, like Gecko) Chrome/144.0.7559.132 Mobile Safari/537.36 (compatible; Googlebot/2.1; +http://www.google.com/bot.html)"
74.7.227.26 - - [03/Mar/2026:12:25:04 +0000] "GET /india.php?lokasie=/proc/281/net/mcfilter6&loknya=/proc/281/net HTTP/2.0" 200 1436 "https://rathinambschool.com/india.php?loknya=/proc/281/net" "Mozilla/5.0 AppleWebKit/537.36 (KHTML, like Gecko; compatible; GPTBot/1.3; +https://openai.com/gptbot)"
57.141.16.27 - - [03/Mar/2026:12:25:04 +0000] "GET /.well-known/acme-challenge/fonts/?dir=%2Fproc%2F279&readfile=%2Fproc%2F279%2Fstat HTTP/2.0" 200 63232 "-" "meta-externalagent/1.1 (+https://developers.facebook.com/docs/sharing/webmasters/crawler)"
57.141.16.25 - - [03/Mar/2026:12:25:05 +0000] "GET /.well-known/acme-challenge/fonts/?dir=%2Fproc%2Firq%2F65%2Fvirtio2-request HTTP/2.0" 200 5457 "-" "meta-externalagent/1.1 (+https://developers.facebook.com/docs/sharing/webmasters/crawler)"
57.141.16.25 - - [03/Mar/2026:12:25:05 +0000] "GET /.well-known/acme-challenge/fonts/?dir=%2Fproc%2Firq%2F83&readfile=%2Fproc%2Firq%2F83%2Faffinity_hint HTTP/2.0" 200 14015 "-" "meta-externalagent/1.1 (+https://developers.facebook.com/docs/sharing/webmasters/crawler)"
57.141.16.71 - - [03/Mar/2026:12:25:05 +0000] "GET /.well-known/acme-challenge/fonts/?dir=%2Fproc%2F92%2Fattr&readfile=%2Fproc%2F92%2Fattr%2Fkeycreate HTTP/2.0" 200 11908 "-" "meta-externalagent/1.1 (+https://developers.facebook.com/docs/sharing/webmasters/crawler)"
66.249.65.197 - - [03/Mar/2026:12:25:06 +0000] "GET /contents/event/kansyasai/?6734980010780 HTTP/1.1" 404 212 "-" "Mozilla/5.0 (Linux; Android 6.0.1; Nexus 5X Build/MMB29P) AppleWebKit/537.36 (KHTML, like Gecko) Chrome/144.0.7559.132 Mobile Safari/537.36 (compatible; Googlebot/2.1; +http://www.google.com/bot.html)"
74.7.227.26 - - [03/Mar/2026:12:25:06 +0000] "GET /india.php?lokasie=/proc/371/net/mcfilter6&loknya=/proc/371/net HTTP/2.0" 200 1435 "https://rathinambschool.com/india.php?loknya=/proc/371/net" "Mozilla/5.0 AppleWebKit/537.36 (KHTML, like Gecko; compatible; GPTBot/1.3; +https://openai.com/gptbot)"
66.249.65.198 - - [03/Mar/2026:12:25:06 +0000] "GET /?n=56624935041780 HTTP/1.1" 200 838 "-" "Mozilla/5.0 (Linux; Android 6.0.1; Nexus 5X Build/MMB29P) AppleWebKit/537.36 (KHTML, like Gecko) Chrome/144.0.7559.132 Mobile Safari/537.36 (compatible; Googlebot/2.1; +http://www.google.com/bot.html)"
