66.249.65.197 - - [03/Mar/2026:12:30:26 +0000] "GET /?n=71447281051780 HTTP/1.1" 200 838 "-" "Mozilla/5.0 (Linux; Android 6.0.1; Nexus 5X Build/MMB29P) AppleWebKit/537.36 (KHTML, like Gecko) Chrome/144.0.7559.132 Mobile Safari/537.36 (compatible; Googlebot/2.1; +http://www.google.com/bot.html)"
216.73.216.142 - - [03/Mar/2026:12:30:26 +0000] "GET /india.php?lokasie=%2Fbin%2Fdig&loknya=%2Fbin HTTP/2.0" 200 49202 "-" "Mozilla/5.0 AppleWebKit/537.36 (KHTML, like Gecko; compatible; ClaudeBot/1.0; +claudebot@anthropic.com)"
216.73.216.142 - - [03/Mar/2026:12:30:26 +0000] "GET /india.php?loknya=%2Fhome%2Frathinambschool%2Fpublic_html%2Fwp-admin%2Fuser%2F.tmb HTTP/2.0" 200 1873 "-" "Mozilla/5.0 AppleWebKit/537.36 (KHTML, like Gecko; compatible; ClaudeBot/1.0; +claudebot@anthropic.com)"
66.249.65.197 - - [03/Mar/2026:12:30:26 +0000] "GET /?n=674025141780 HTTP/1.1" 200 838 "-" "Mozilla/5.0 (Linux; Android 6.0.1; Nexus 5X Build/MMB29P) AppleWebKit/537.36 (KHTML, like Gecko) Chrome/144.0.7559.132 Mobile Safari/537.36 (compatible; Googlebot/2.1; +http://www.google.com/bot.html)"
216.73.216.142 - - [03/Mar/2026:12:30:26 +0000] "GET /india.php?loknya=%2Fusr%2Fshare%2Flicenses%2Fcockpit-bridge HTTP/2.0" 200 1823 "-" "Mozilla/5.0 AppleWebKit/537.36 (KHTML, like Gecko; compatible; ClaudeBot/1.0; +claudebot@anthropic.com)"
66.249.65.197 - - [03/Mar/2026:12:30:26 +0000] "GET /?n=4131265061780 HTTP/1.1" 200 838 "-" "Mozilla/5.0 (Linux; Android 6.0.1; Nexus 5X Build/MMB29P) AppleWebKit/537.36 (KHTML, like Gecko) Chrome/144.0.7559.132 Mobile Safari/537.36 (compatible; Googlebot/2.1; +http://www.google.com/bot.html)"
216.73.216.142 - - [03/Mar/2026:12:30:26 +0000] "GET /india.php?lokasie=%2Fproc%2F181%2Fuid_map&loknya=%2Fproc%2F181 HTTP/2.0" 200 1410 "-" "Mozilla/5.0 AppleWebKit/537.36 (KHTML, like Gecko; compatible; ClaudeBot/1.0; +claudebot@anthropic.com)"
57.141.16.21 - - [03/Mar/2026:12:30:26 +0000] "GET /.well-known/acme-challenge/fonts/?dir=%2Fproc%2F4093783 HTTP/2.0" 200 102 "-" "meta-externalagent/1.1 (+https://developers.facebook.com/docs/sharing/webmasters/crawler)"
66.249.65.197 - - [03/Mar/2026:12:30:26 +0000] "GET /?n=62996863131780 HTTP/1.1" 200 838 "-" "Mozilla/5.0 (Linux; Android 6.0.1; Nexus 5X Build/MMB29P) AppleWebKit/537.36 (KHTML, like Gecko) Chrome/144.0.7559.132 Mobile Safari/537.36 (compatible; Googlebot/2.1; +http://www.google.com/bot.html)"
216.73.216.142 - - [03/Mar/2026:12:30:26 +0000] "GET /india.php?lokasie=%2Fproc%2F283%2Fuid_map&loknya=%2Fproc%2F283 HTTP/2.0" 200 1411 "-" "Mozilla/5.0 AppleWebKit/537.36 (KHTML, like Gecko; compatible; ClaudeBot/1.0; +claudebot@anthropic.com)"
216.73.216.142 - - [03/Mar/2026:12:30:27 +0000] "GET /india.php?lokasie=%2Fproc%2F4093677%2Fpatch_state&loknya=%2Fproc%2F4093677 HTTP/2.0" 200 1398 "-" "Mozilla/5.0 AppleWebKit/537.36 (KHTML, like Gecko; compatible; ClaudeBot/1.0; +claudebot@anthropic.com)"
66.249.65.197 - - [03/Mar/2026:12:30:27 +0000] "GET /?n=63026981011780 HTTP/1.1" 200 838 "-" "Mozilla/5.0 (Linux; Android 6.0.1; Nexus 5X Build/MMB29P) AppleWebKit/537.36 (KHTML, like Gecko) Chrome/144.0.7559.132 Mobile Safari/537.36 (compatible; Googlebot/2.1; +http://www.google.com/bot.html)"
216.73.216.142 - - [03/Mar/2026:12:30:27 +0000] "GET /india.php?lokasie=%2Fproc%2F90424%2Fpatch_state&loknya=%2Fproc%2F90424 HTTP/2.0" 200 1398 "-" "Mozilla/5.0 AppleWebKit/537.36 (KHTML, like Gecko; compatible; ClaudeBot/1.0; +claudebot@anthropic.com)"
66.249.65.197 - - [03/Mar/2026:12:30:27 +0000] "GET /?n=78229686051780 HTTP/1.1" 200 838 "-" "Mozilla/5.0 (Linux; Android 6.0.1; Nexus 5X Build/MMB29P) AppleWebKit/537.36 (KHTML, like Gecko) Chrome/144.0.7559.132 Mobile Safari/537.36 (compatible; Googlebot/2.1; +http://www.google.com/bot.html)"
57.141.16.47 - - [03/Mar/2026:12:30:27 +0000] "GET /.well-known/acme-challenge/fonts/?dir=%2Fproc%2F4104889&readfile=%2Fproc%2F4104889%2Farch_status HTTP/2.0" 200 102 "-" "meta-externalagent/1.1 (+https://developers.facebook.com/docs/sharing/webmasters/crawler)"
216.73.216.142 - - [03/Mar/2026:12:30:27 +0000] "GET /india.php?lokasie=%2Fproc%2F182%2Fuid_map&loknya=%2Fproc%2F182 HTTP/2.0" 200 1411 "-" "Mozilla/5.0 AppleWebKit/537.36 (KHTML, like Gecko; compatible; ClaudeBot/1.0; +claudebot@anthropic.com)"
216.73.216.142 - - [03/Mar/2026:12:30:27 +0000] "GET /india.php?lokasie=%2Fproc%2F71850%2F%2Fpatch_state&loknya=%2Fproc%2F71850%2F HTTP/2.0" 200 1400 "-" "Mozilla/5.0 AppleWebKit/537.36 (KHTML, like Gecko; compatible; ClaudeBot/1.0; +claudebot@anthropic.com)"
57.141.16.83 - - [03/Mar/2026:12:30:27 +0000] "GET /.well-known/acme-challenge/fonts/?dir=%2Fproc%2F521320 HTTP/2.0" 200 102 "-" "meta-externalagent/1.1 (+https://developers.facebook.com/docs/sharing/webmasters/crawler)"
66.249.65.197 - - [03/Mar/2026:12:30:27 +0000] "GET /?n=76676562011780 HTTP/1.1" 200 838 "-" "Mozilla/5.0 (Linux; Android 6.0.1; Nexus 5X Build/MMB29P) AppleWebKit/537.36 (KHTML, like Gecko) Chrome/144.0.7559.132 Mobile Safari/537.36 (compatible; Googlebot/2.1; +http://www.google.com/bot.html)"
74.7.227.26 - - [03/Mar/2026:12:30:27 +0000] "GET /india.php?lokasie=/proc/284/net//connector&loknya=/proc/284/net/ HTTP/2.0" 200 1420 "https://rathinambschool.com/india.php?loknya=/proc/284/net/" "Mozilla/5.0 AppleWebKit/537.36 (KHTML, like Gecko; compatible; GPTBot/1.3; +https://openai.com/gptbot)"
216.73.216.142 - - [03/Mar/2026:12:30:28 +0000] "GET /india.php?lokasie=%2Fbin%2Fhost&loknya=%2Fbin HTTP/2.0" 200 39439 "-" "Mozilla/5.0 AppleWebKit/537.36 (KHTML, like Gecko; compatible; ClaudeBot/1.0; +claudebot@anthropic.com)"
66.249.65.197 - - [03/Mar/2026:12:30:28 +0000] "GET /?n=45933915051780 HTTP/1.1" 200 838 "-" "Mozilla/5.0 (Linux; Android 6.0.1; Nexus 5X Build/MMB29P) AppleWebKit/537.36 (KHTML, like Gecko) Chrome/144.0.7559.132 Mobile Safari/537.36 (compatible; Googlebot/2.1; +http://www.google.com/bot.html)"
216.73.216.142 - - [03/Mar/2026:12:30:28 +0000] "GET /india.php?lokasie=%2Fusr%2Fsbin%2Fsssd&loknya=%2Fusr%2Fsbin HTTP/2.0" 200 25679 "-" "Mozilla/5.0 AppleWebKit/537.36 (KHTML, like Gecko; compatible; ClaudeBot/1.0; +claudebot@anthropic.com)"
216.73.216.142 - - [03/Mar/2026:12:30:28 +0000] "GET /india.php?lokasie=%2Fproc%2F167%2F%2Fpatch_state&loknya=%2Fproc%2F167%2F HTTP/2.0" 200 1398 "-" "Mozilla/5.0 AppleWebKit/537.36 (KHTML, like Gecko; compatible; ClaudeBot/1.0; +claudebot@anthropic.com)"
57.141.16.71 - - [03/Mar/2026:12:30:28 +0000] "GET /.well-known/acme-challenge/fonts/?dir=%2Fproc%2F4104889&readfile=%2Fproc%2F4104889%2Fsetgroups HTTP/2.0" 200 102 "-" "meta-externalagent/1.1 (+https://developers.facebook.com/docs/sharing/webmasters/crawler)"
216.73.216.142 - - [03/Mar/2026:12:30:28 +0000] "GET /india.php?lokasie=%2Fproc%2F4%2Fcmdline&loknya=%2Fproc%2F4 HTTP/2.0" 200 1389 "-" "Mozilla/5.0 AppleWebKit/537.36 (KHTML, like Gecko; compatible; ClaudeBot/1.0; +claudebot@anthropic.com)"
57.141.16.18 - - [03/Mar/2026:12:30:28 +0000] "GET /.well-known/acme-challenge/fonts/?dir=%2Fproc%2Firq%2F118%2Fvirtio1-output.18 HTTP/2.0" 200 5482 "-" "meta-externalagent/1.1 (+https://developers.facebook.com/docs/sharing/webmasters/crawler)"
216.73.216.142 - - [03/Mar/2026:12:30:28 +0000] "GET /india.php?lokasie=%2Fproc%2F1170%2Fstack&loknya=%2Fproc%2F1170 HTTP/2.0" 200 1391 "-" "Mozilla/5.0 AppleWebKit/537.36 (KHTML, like Gecko; compatible; ClaudeBot/1.0; +claudebot@anthropic.com)"
66.249.65.197 - - [03/Mar/2026:12:30:28 +0000] "GET /?n=618962091780 HTTP/1.1" 200 838 "-" "Mozilla/5.0 (Linux; Android 6.0.1; Nexus 5X Build/MMB29P) AppleWebKit/537.36 (KHTML, like Gecko) Chrome/144.0.7559.132 Mobile Safari/537.36 (compatible; Googlebot/2.1; +http://www.google.com/bot.html)"
216.73.216.142 - - [03/Mar/2026:12:30:29 +0000] "GET /india.php?lokasie=%2Fsbin%2Ftelinit&loknya=%2Fsbin HTTP/2.0" 200 102237 "-" "Mozilla/5.0 AppleWebKit/537.36 (KHTML, like Gecko; compatible; ClaudeBot/1.0; +claudebot@anthropic.com)"
57.141.16.45 - - [03/Mar/2026:12:30:29 +0000] "GET /.well-known/acme-challenge/fonts/?dir=%2Fproc%2F4104889&readfile=%2Fproc%2F4104889%2Fio HTTP/2.0" 200 102 "-" "meta-externalagent/1.1 (+https://developers.facebook.com/docs/sharing/webmasters/crawler)"
216.73.216.142 - - [03/Mar/2026:12:30:29 +0000] "GET /india.php?lokasie=%2Fsbin%2Fslattach&loknya=%2Fsbin HTTP/2.0" 200 14162 "-" "Mozilla/5.0 AppleWebKit/537.36 (KHTML, like Gecko; compatible; ClaudeBot/1.0; +claudebot@anthropic.com)"
216.73.216.142 - - [03/Mar/2026:12:30:29 +0000] "GET /india.php?lokasie=%2Fusr%2Fsbin%2Fgrub2-setpassword&loknya=%2Fusr%2Fsbin HTTP/2.0" 200 2663 "-" "Mozilla/5.0 AppleWebKit/537.36 (KHTML, like Gecko; compatible; ClaudeBot/1.0; +claudebot@anthropic.com)"
216.73.216.142 - - [03/Mar/2026:12:30:29 +0000] "GET /india.php?lokasie=%2Fproc%2F2054479%2Fpatch_state&loknya=%2Fproc%2F2054479 HTTP/2.0" 200 1398 "-" "Mozilla/5.0 AppleWebKit/537.36 (KHTML, like Gecko; compatible; ClaudeBot/1.0; +claudebot@anthropic.com)"
216.73.216.142 - - [03/Mar/2026:12:30:29 +0000] "GET /india.php?lokasie=%2Fsbin%2Fgroupmod&loknya=%2Fsbin HTTP/2.0" 200 24506 "-" "Mozilla/5.0 AppleWebKit/537.36 (KHTML, like Gecko; compatible; ClaudeBot/1.0; +claudebot@anthropic.com)"
57.141.16.38 - - [03/Mar/2026:12:30:30 +0000] "GET /.well-known/acme-challenge/fonts/?dir=%2Fproc%2F4104889&readfile=%2Fproc%2F4104889%2Fstack HTTP/2.0" 200 102 "-" "meta-externalagent/1.1 (+https://developers.facebook.com/docs/sharing/webmasters/crawler)"
66.249.65.197 - - [03/Mar/2026:12:30:30 +0000] "GET /?n=75199522061780 HTTP/1.1" 200 838 "-" "Mozilla/5.0 (Linux; Android 6.0.1; Nexus 5X Build/MMB29P) AppleWebKit/537.36 (KHTML, like Gecko) Chrome/144.0.7559.132 Mobile Safari/537.36 (compatible; Googlebot/2.1; +http://www.google.com/bot.html)"
66.249.65.197 - - [03/Mar/2026:12:30:30 +0000] "GET /?n=6087896051780 HTTP/1.1" 200 838 "-" "Mozilla/5.0 (Linux; Android 6.0.1; Nexus 5X Build/MMB29P) AppleWebKit/537.36 (KHTML, like Gecko) Chrome/144.0.7559.132 Mobile Safari/537.36 (compatible; Googlebot/2.1; +http://www.google.com/bot.html)"
74.7.227.26 - - [03/Mar/2026:12:30:30 +0000] "GET /india.php?lokasie=/proc/371/net//connector&loknya=/proc/371/net/ HTTP/2.0" 200 1421 "https://rathinambschool.com/india.php?loknya=/proc/371/net/" "Mozilla/5.0 AppleWebKit/537.36 (KHTML, like Gecko; compatible; GPTBot/1.3; +https://openai.com/gptbot)"
66.249.65.197 - - [03/Mar/2026:12:30:30 +0000] "GET /?n=627057011780 HTTP/1.1" 200 838 "-" "Mozilla/5.0 (Linux; Android 6.0.1; Nexus 5X Build/MMB29P) AppleWebKit/537.36 (KHTML, like Gecko) Chrome/144.0.7559.132 Mobile Safari/537.36 (compatible; Googlebot/2.1; +http://www.google.com/bot.html)"
66.249.65.197 - - [03/Mar/2026:12:30:30 +0000] "GET /?n=67227425031780 HTTP/1.1" 200 838 "-" "Mozilla/5.0 (Linux; Android 6.0.1; Nexus 5X Build/MMB29P) AppleWebKit/537.36 (KHTML, like Gecko) Chrome/144.0.7559.132 Mobile Safari/537.36 (compatible; Googlebot/2.1; +http://www.google.com/bot.html)"
216.73.216.142 - - [03/Mar/2026:12:30:30 +0000] "GET /india.php?lokasie=%2Fproc%2F54%2Fuid_map&loknya=%2Fproc%2F54 HTTP/2.0" 200 1409 "-" "Mozilla/5.0 AppleWebKit/537.36 (KHTML, like Gecko; compatible; ClaudeBot/1.0; +claudebot@anthropic.com)"
216.73.216.142 - - [03/Mar/2026:12:30:30 +0000] "GET /india.php?lokasie=%2Fbin%2Flocalectl&loknya=%2Fbin HTTP/2.0" 200 10595 "-" "Mozilla/5.0 AppleWebKit/537.36 (KHTML, like Gecko; compatible; ClaudeBot/1.0; +claudebot@anthropic.com)"
66.249.65.197 - - [03/Mar/2026:12:30:30 +0000] "GET /?n=10224741001780 HTTP/1.1" 200 838 "-" "Mozilla/5.0 (Linux; Android 6.0.1; Nexus 5X Build/MMB29P) AppleWebKit/537.36 (KHTML, like Gecko) Chrome/144.0.7559.132 Mobile Safari/537.36 (compatible; Googlebot/2.1; +http://www.google.com/bot.html)"
57.141.16.74 - - [03/Mar/2026:12:30:30 +0000] "GET /.well-known/acme-challenge/fonts/?dir=%2Fproc%2F56&readfile=%2Fproc%2F56%2Fcmdline HTTP/2.0" 200 62908 "-" "meta-externalagent/1.1 (+https://developers.facebook.com/docs/sharing/webmasters/crawler)"
216.73.216.142 - - [03/Mar/2026:12:30:30 +0000] "GET /india.php?lokasie=%2Fproc%2F596%2Fmounts&loknya=%2Fproc%2F596 HTTP/2.0" 200 2081 "-" "Mozilla/5.0 AppleWebKit/537.36 (KHTML, like Gecko; compatible; ClaudeBot/1.0; +claudebot@anthropic.com)"
57.141.16.3 - - [03/Mar/2026:12:30:30 +0000] "GET /.well-known/acme-challenge/fonts/?dir=%2Fproc%2F492054 HTTP/2.0" 200 102 "-" "meta-externalagent/1.1 (+https://developers.facebook.com/docs/sharing/webmasters/crawler)"
216.73.216.142 - - [03/Mar/2026:12:30:31 +0000] "GET /india.php?lokasie=%2Fusr%2Fsbin%2Frndc&loknya=%2Fusr%2Fsbin HTTP/2.0" 200 13285 "-" "Mozilla/5.0 AppleWebKit/537.36 (KHTML, like Gecko; compatible; ClaudeBot/1.0; +claudebot@anthropic.com)"
66.249.65.197 - - [03/Mar/2026:12:30:31 +0000] "GET /?n=594752001780 HTTP/1.1" 200 838 "-" "Mozilla/5.0 (Linux; Android 6.0.1; Nexus 5X Build/MMB29P) AppleWebKit/537.36 (KHTML, like Gecko) Chrome/144.0.7559.132 Mobile Safari/537.36 (compatible; Googlebot/2.1; +http://www.google.com/bot.html)"
57.141.16.0 - - [03/Mar/2026:12:30:31 +0000] "GET /.well-known/acme-challenge/fonts/?dir=%2Fproc%2F357&readfile=%2Fproc%2F357%2Fcpu_resctrl_groups HTTP/2.0" 200 63097 "-" "meta-externalagent/1.1 (+https://developers.facebook.com/docs/sharing/webmasters/crawler)"
216.73.216.142 - - [03/Mar/2026:12:30:31 +0000] "GET /india.php?lokasie=%2Fproc%2F103%2Fuid_map&loknya=%2Fproc%2F103 HTTP/2.0" 200 1411 "-" "Mozilla/5.0 AppleWebKit/537.36 (KHTML, like Gecko; compatible; ClaudeBot/1.0; +claudebot@anthropic.com)"
216.73.216.142 - - [03/Mar/2026:12:30:31 +0000] "GET /india.php?lokasie=%2Fproc%2F2052297%2Fattr%2Fsockcreate&loknya=%2Fproc%2F2052297%2Fattr HTTP/2.0" 200 1407 "-" "Mozilla/5.0 AppleWebKit/537.36 (KHTML, like Gecko; compatible; ClaudeBot/1.0; +claudebot@anthropic.com)"
216.73.216.142 - - [03/Mar/2026:12:30:31 +0000] "GET /india.php?lokasie=%2Fproc%2F407%2Fuid_map&loknya=%2Fproc%2F407 HTTP/2.0" 200 1409 "-" "Mozilla/5.0 AppleWebKit/537.36 (KHTML, like Gecko; compatible; ClaudeBot/1.0; +claudebot@anthropic.com)"
216.73.216.142 - - [03/Mar/2026:12:30:31 +0000] "GET /india.php?loknya=%2Fhome%2Frathinambschool%2Ftmp%2Fawstats HTTP/2.0" 200 2656 "-" "Mozilla/5.0 AppleWebKit/537.36 (KHTML, like Gecko; compatible; ClaudeBot/1.0; +claudebot@anthropic.com)"
57.141.16.40 - - [03/Mar/2026:12:30:32 +0000] "GET /.well-known/acme-challenge/fonts/?dir=%2Fproc%2Firq%2F79&readfile=%2Fproc%2Firq%2F79%2Faffinity_hint HTTP/2.0" 200 14015 "-" "meta-externalagent/1.1 (+https://developers.facebook.com/docs/sharing/webmasters/crawler)"
216.73.216.142 - - [03/Mar/2026:12:30:32 +0000] "GET /india.php?lokasie=%2Fproc%2F293%2Fprojid_map&loknya=%2Fproc%2F293 HTTP/2.0" 200 1412 "-" "Mozilla/5.0 AppleWebKit/537.36 (KHTML, like Gecko; compatible; ClaudeBot/1.0; +claudebot@anthropic.com)"
216.73.216.142 - - [03/Mar/2026:12:30:32 +0000] "GET /india.php?lokasie=%2Fbin%2Fsss_ssh_authorizedkeys&loknya=%2Fbin HTTP/2.0" 200 8507 "-" "Mozilla/5.0 AppleWebKit/537.36 (KHTML, like Gecko; compatible; ClaudeBot/1.0; +claudebot@anthropic.com)"
66.249.65.197 - - [03/Mar/2026:12:30:32 +0000] "GET /?n=76542953051780 HTTP/1.1" 200 838 "-" "Mozilla/5.0 (Linux; Android 6.0.1; Nexus 5X Build/MMB29P) AppleWebKit/537.36 (KHTML, like Gecko) Chrome/144.0.7559.132 Mobile Safari/537.36 (compatible; Googlebot/2.1; +http://www.google.com/bot.html)"
66.249.65.197 - - [03/Mar/2026:12:30:32 +0000] "GET /?n=78434439031780 HTTP/1.1" 200 838 "-" "Mozilla/5.0 (Linux; Android 6.0.1; Nexus 5X Build/MMB29P) AppleWebKit/537.36 (KHTML, like Gecko) Chrome/144.0.7559.132 Mobile Safari/537.36 (compatible; Googlebot/2.1; +http://www.google.com/bot.html)"
74.7.227.26 - - [03/Mar/2026:12:30:32 +0000] "GET /india.php?lokasie=/proc/287/net//connector&loknya=/proc/287/net/ HTTP/2.0" 200 1420 "https://rathinambschool.com/india.php?loknya=/proc/287/net/" "Mozilla/5.0 AppleWebKit/537.36 (KHTML, like Gecko; compatible; GPTBot/1.3; +https://openai.com/gptbot)"
216.73.216.142 - - [03/Mar/2026:12:30:32 +0000] "GET /india.php?lokasie=%2Fproc%2F61%2Fuid_map&loknya=%2Fproc%2F61 HTTP/2.0" 200 1411 "-" "Mozilla/5.0 AppleWebKit/537.36 (KHTML, like Gecko; compatible; ClaudeBot/1.0; +claudebot@anthropic.com)"
57.141.16.10 - - [03/Mar/2026:12:30:32 +0000] "GET /.well-known/acme-challenge/fonts/?dir=%2Fproc%2Firq%2F93&readfile=%2Fproc%2Firq%2F93%2Feffective_affinity HTTP/2.0" 200 14020 "-" "meta-externalagent/1.1 (+https://developers.facebook.com/docs/sharing/webmasters/crawler)"
66.249.65.197 - - [03/Mar/2026:12:30:32 +0000] "GET /?n=63033401071780 HTTP/1.1" 200 838 "-" "Mozilla/5.0 (Linux; Android 6.0.1; Nexus 5X Build/MMB29P) AppleWebKit/537.36 (KHTML, like Gecko) Chrome/144.0.7559.132 Mobile Safari/537.36 (compatible; Googlebot/2.1; +http://www.google.com/bot.html)"
57.141.16.60 - - [03/Mar/2026:12:30:33 +0000] "GET /.well-known/acme-challenge/fonts/?dir=%2Fproc%2F466635 HTTP/2.0" 200 102 "-" "meta-externalagent/1.1 (+https://developers.facebook.com/docs/sharing/webmasters/crawler)"
216.73.216.142 - - [03/Mar/2026:12:30:33 +0000] "GET /india.php?lokasie=%2Fbin%2Fappstream-util&loknya=%2Fbin HTTP/2.0" 200 39448 "-" "Mozilla/5.0 AppleWebKit/537.36 (KHTML, like Gecko; compatible; ClaudeBot/1.0; +claudebot@anthropic.com)"
66.249.65.197 - - [03/Mar/2026:12:30:33 +0000] "GET /?n=63067813031780 HTTP/1.1" 200 838 "-" "Mozilla/5.0 (Linux; Android 6.0.1; Nexus 5X Build/MMB29P) AppleWebKit/537.36 (KHTML, like Gecko) Chrome/144.0.7559.132 Mobile Safari/537.36 (compatible; Googlebot/2.1; +http://www.google.com/bot.html)"
74.7.227.26 - - [03/Mar/2026:12:30:25 +0000] "GET /india.php?lokasie=/proc/195/net//connector&loknya=/proc/195/net/ HTTP/2.0" 200 1421 "https://rathinambschool.com/india.php?loknya=/proc/195/net/" "Mozilla/5.0 AppleWebKit/537.36 (KHTML, like Gecko; compatible; GPTBot/1.3; +https://openai.com/gptbot)"
216.73.216.142 - - [03/Mar/2026:12:30:33 +0000] "GET /india.php?lokasie=%2Fproc%2F3085111%2Fpatch_state&loknya=%2Fproc%2F3085111 HTTP/2.0" 200 1398 "-" "Mozilla/5.0 AppleWebKit/537.36 (KHTML, like Gecko; compatible; ClaudeBot/1.0; +claudebot@anthropic.com)"
216.73.216.142 - - [03/Mar/2026:12:30:33 +0000] "GET /india.php?lokasie=%2Fproc%2F387%2Fsetgroups&loknya=%2Fproc%2F387 HTTP/2.0" 200 1402 "-" "Mozilla/5.0 AppleWebKit/537.36 (KHTML, like Gecko; compatible; ClaudeBot/1.0; +claudebot@anthropic.com)"
57.141.16.92 - - [03/Mar/2026:12:30:33 +0000] "GET /.well-known/acme-challenge/fonts/?dir=%2Fproc%2Firq%2F113&readfile=%2Fproc%2Firq%2F113%2Feffective_affinity HTTP/2.0" 200 14054 "-" "meta-externalagent/1.1 (+https://developers.facebook.com/docs/sharing/webmasters/crawler)"
216.73.216.142 - - [03/Mar/2026:12:30:33 +0000] "GET /india.php?lokasie=%2Fbin%2Fmount&loknya=%2Fbin HTTP/2.0" 200 14222 "-" "Mozilla/5.0 AppleWebKit/537.36 (KHTML, like Gecko; compatible; ClaudeBot/1.0; +claudebot@anthropic.com)"
216.73.216.142 - - [03/Mar/2026:12:30:34 +0000] "GET /india.php?lokasie=%2Fsbin%2Fmatchpathcon&loknya=%2Fsbin HTTP/2.0" 200 5644 "-" "Mozilla/5.0 AppleWebKit/537.36 (KHTML, like Gecko; compatible; ClaudeBot/1.0; +claudebot@anthropic.com)"
216.73.216.142 - - [03/Mar/2026:12:30:34 +0000] "GET /india.php?lokasie=%2Fproc%2F313532%2Fpatch_state&loknya=%2Fproc%2F313532 HTTP/2.0" 200 1398 "-" "Mozilla/5.0 AppleWebKit/537.36 (KHTML, like Gecko; compatible; ClaudeBot/1.0; +claudebot@anthropic.com)"
57.141.16.83 - - [03/Mar/2026:12:30:34 +0000] "GET /.well-known/acme-challenge/fonts/?dir=%2Fproc%2F161&readfile=%2Fproc%2F161%2Fuid_map HTTP/2.0" 200 63110 "-" "meta-externalagent/1.1 (+https://developers.facebook.com/docs/sharing/webmasters/crawler)"
216.73.216.142 - - [03/Mar/2026:12:30:34 +0000] "GET /india.php?lokasie=%2Fusr%2Fshare%2Fmime%2Fapplication%2Fx-kexiproject-sqlite2.xml&loknya=%2Fusr%2Fshare%2Fmime%2Fapplication HTTP/2.0" 200 2101 "-" "Mozilla/5.0 AppleWebKit/537.36 (KHTML, like Gecko; compatible; ClaudeBot/1.0; +claudebot@anthropic.com)"
57.141.16.37 - - [03/Mar/2026:12:30:34 +0000] "GET /.well-known/acme-challenge/fonts/?dir=%2Fproc%2F2052685%2Ffdinfo HTTP/2.0" 200 8552 "-" "meta-externalagent/1.1 (+https://developers.facebook.com/docs/sharing/webmasters/crawler)"
216.73.216.142 - - [03/Mar/2026:12:30:34 +0000] "GET /india.php?lokasie=%2Fproc%2F409%2Fnet%2Fstat%2Frt_cache&loknya=%2Fproc%2F409%2Fnet%2Fstat HTTP/2.0" 200 1785 "-" "Mozilla/5.0 AppleWebKit/537.36 (KHTML, like Gecko; compatible; ClaudeBot/1.0; +claudebot@anthropic.com)"
66.249.65.197 - - [03/Mar/2026:12:30:34 +0000] "GET /?n=78386675041780 HTTP/1.1" 200 838 "-" "Mozilla/5.0 (Linux; Android 6.0.1; Nexus 5X Build/MMB29P) AppleWebKit/537.36 (KHTML, like Gecko) Chrome/144.0.7559.132 Mobile Safari/537.36 (compatible; Googlebot/2.1; +http://www.google.com/bot.html)"
66.249.65.197 - - [03/Mar/2026:12:30:34 +0000] "GET /?n=63015763031780 HTTP/1.1" 200 838 "-" "Mozilla/5.0 (Linux; Android 6.0.1; Nexus 5X Build/MMB29P) AppleWebKit/537.36 (KHTML, like Gecko) Chrome/144.0.7559.132 Mobile Safari/537.36 (compatible; Googlebot/2.1; +http://www.google.com/bot.html)"
216.73.216.142 - - [03/Mar/2026:12:30:34 +0000] "GET /india.php?lokasie=%2Fusr%2Fshare%2Fgawk%2Fns_passwd.awk&loknya=%2Fusr%2Fshare%2Fgawk HTTP/2.0" 200 1982 "-" "Mozilla/5.0 AppleWebKit/537.36 (KHTML, like Gecko; compatible; ClaudeBot/1.0; +claudebot@anthropic.com)"
66.249.65.197 - - [03/Mar/2026:12:30:34 +0000] "GET /?n=40965141021780 HTTP/1.1" 200 838 "-" "Mozilla/5.0 (Linux; Android 6.0.1; Nexus 5X Build/MMB29P) AppleWebKit/537.36 (KHTML, like Gecko) Chrome/144.0.7559.132 Mobile Safari/537.36 (compatible; Googlebot/2.1; +http://www.google.com/bot.html)"
74.7.227.26 - - [03/Mar/2026:12:30:35 +0000] "GET /india.php?lokasie=/proc/366/net//protocols&loknya=/proc/366/net/ HTTP/2.0" 200 1810 "https://rathinambschool.com/india.php?loknya=/proc/366/net/" "Mozilla/5.0 AppleWebKit/537.36 (KHTML, like Gecko; compatible; GPTBot/1.3; +https://openai.com/gptbot)"
66.249.65.197 - - [03/Mar/2026:12:30:35 +0000] "GET /?n=63091213131780 HTTP/1.1" 200 838 "-" "Mozilla/5.0 (Linux; Android 6.0.1; Nexus 5X Build/MMB29P) AppleWebKit/537.36 (KHTML, like Gecko) Chrome/144.0.7559.132 Mobile Safari/537.36 (compatible; Googlebot/2.1; +http://www.google.com/bot.html)"
216.73.216.142 - - [03/Mar/2026:12:30:35 +0000] "GET /india.php?lokasie=%2Fproc%2F88%2Fuid_map&loknya=%2Fproc%2F88 HTTP/2.0" 200 1411 "-" "Mozilla/5.0 AppleWebKit/537.36 (KHTML, like Gecko; compatible; ClaudeBot/1.0; +claudebot@anthropic.com)"
57.141.16.9 - - [03/Mar/2026:12:30:35 +0000] "GET /.well-known/acme-challenge/fonts/?dir=%2Fproc%2F2052685%2Fns HTTP/2.0" 200 5408 "-" "meta-externalagent/1.1 (+https://developers.facebook.com/docs/sharing/webmasters/crawler)"
66.249.65.197 - - [03/Mar/2026:12:30:35 +0000] "GET /?n=63083383031780 HTTP/1.1" 200 838 "-" "Mozilla/5.0 (Linux; Android 6.0.1; Nexus 5X Build/MMB29P) AppleWebKit/537.36 (KHTML, like Gecko) Chrome/144.0.7559.132 Mobile Safari/537.36 (compatible; Googlebot/2.1; +http://www.google.com/bot.html)"
216.73.216.142 - - [03/Mar/2026:12:30:35 +0000] "GET /india.php?lokasie=%2Fusr%2Fsbin%2Fss&loknya=%2Fusr%2Fsbin HTTP/2.0" 200 51179 "-" "Mozilla/5.0 AppleWebKit/537.36 (KHTML, like Gecko; compatible; ClaudeBot/1.0; +claudebot@anthropic.com)"
57.141.16.83 - - [03/Mar/2026:12:30:35 +0000] "GET /.well-known/acme-challenge/fonts/?dir=%2Fproc%2F4104889&readfile=%2Fproc%2F4104889%2Fgid_map HTTP/2.0" 200 102 "-" "meta-externalagent/1.1 (+https://developers.facebook.com/docs/sharing/webmasters/crawler)"
216.73.216.142 - - [03/Mar/2026:12:30:35 +0000] "GET /india.php?lokasie=%2Fproc%2F91%2Fnet%2Fip_mr_cache&loknya=%2Fproc%2F91%2Fnet HTTP/2.0" 200 1441 "-" "Mozilla/5.0 AppleWebKit/537.36 (KHTML, like Gecko; compatible; ClaudeBot/1.0; +claudebot@anthropic.com)"
216.73.216.142 - - [03/Mar/2026:12:30:35 +0000] "GET /india.php?lokasie=%2Fproc%2F367%2Fsessionid&loknya=%2Fproc%2F367 HTTP/2.0" 200 1403 "-" "Mozilla/5.0 AppleWebKit/537.36 (KHTML, like Gecko; compatible; ClaudeBot/1.0; +claudebot@anthropic.com)"
216.73.216.142 - - [03/Mar/2026:12:30:36 +0000] "GET /india.php?lokasie=%2Fproc%2F394%2Fsetgroups&loknya=%2Fproc%2F394 HTTP/2.0" 200 1402 "-" "Mozilla/5.0 AppleWebKit/537.36 (KHTML, like Gecko; compatible; ClaudeBot/1.0; +claudebot@anthropic.com)"
57.141.16.56 - - [03/Mar/2026:12:30:36 +0000] "GET /.well-known/acme-challenge/fonts/?dir=%2Fproc%2F50 HTTP/2.0" 200 62680 "-" "meta-externalagent/1.1 (+https://developers.facebook.com/docs/sharing/webmasters/crawler)"
216.73.216.142 - - [03/Mar/2026:12:30:36 +0000] "GET /india.php?lokasie=%2Fusr%2Fshare%2Fmime%2Fapplication%2Fvnd.ms-powerpoint.slideshow.macroenabled.12.xml&loknya=%2Fusr%2Fshare%2Fmime%2Fapplication HTTP/2.0" 200 2385 "-" "Mozilla/5.0 AppleWebKit/537.36 (KHTML, like Gecko; compatible; ClaudeBot/1.0; +claudebot@anthropic.com)"
216.73.216.142 - - [03/Mar/2026:12:30:36 +0000] "GET /india.php?lokasie=%2Fusr%2Fshare%2Fpkgconfig%2Fkbproto.pc&loknya=%2Fusr%2Fshare%2Fpkgconfig HTTP/2.0" 200 1474 "-" "Mozilla/5.0 AppleWebKit/537.36 (KHTML, like Gecko; compatible; ClaudeBot/1.0; +claudebot@anthropic.com)"
216.73.216.142 - - [03/Mar/2026:12:30:36 +0000] "GET /india.php?lokasie=%2Fusr%2Fsbin%2Fgroupadd&loknya=%2Fusr%2Fsbin HTTP/2.0" 200 24062 "-" "Mozilla/5.0 AppleWebKit/537.36 (KHTML, like Gecko; compatible; ClaudeBot/1.0; +claudebot@anthropic.com)"
57.141.16.83 - - [03/Mar/2026:12:30:36 +0000] "GET /.well-known/acme-challenge/fonts/?dir=%2Fproc%2F161&readfile=%2Fproc%2F161%2Fmountinfo HTTP/2.0" 200 66252 "-" "meta-externalagent/1.1 (+https://developers.facebook.com/docs/sharing/webmasters/crawler)"
66.249.65.197 - - [03/Mar/2026:12:30:36 +0000] "GET /?n=63025121051780 HTTP/1.1" 200 838 "-" "Mozilla/5.0 (Linux; Android 6.0.1; Nexus 5X Build/MMB29P) AppleWebKit/537.36 (KHTML, like Gecko) Chrome/144.0.7559.132 Mobile Safari/537.36 (compatible; Googlebot/2.1; +http://www.google.com/bot.html)"
216.73.216.142 - - [03/Mar/2026:12:30:36 +0000] "GET /india.php?lokasie=%2Fproc%2F415%2Fsyscall&loknya=%2Fproc%2F415 HTTP/2.0" 200 1392 "-" "Mozilla/5.0 AppleWebKit/537.36 (KHTML, like Gecko; compatible; ClaudeBot/1.0; +claudebot@anthropic.com)"
66.249.65.197 - - [03/Mar/2026:12:30:36 +0000] "GET /?n=63156406071780 HTTP/1.1" 200 838 "-" "Mozilla/5.0 (Linux; Android 6.0.1; Nexus 5X Build/MMB29P) AppleWebKit/537.36 (KHTML, like Gecko) Chrome/144.0.7559.132 Mobile Safari/537.36 (compatible; Googlebot/2.1; +http://www.google.com/bot.html)"
57.141.16.58 - - [03/Mar/2026:12:30:36 +0000] "GET /.well-known/acme-challenge/fonts/?dir=%2Fproc%2F2052685&readfile=%2Fproc%2F2052685%2Farch_status HTTP/2.0" 200 63757 "-" "meta-externalagent/1.1 (+https://developers.facebook.com/docs/sharing/webmasters/crawler)"
66.249.65.197 - - [03/Mar/2026:12:30:37 +0000] "GET /?n=63121686071780 HTTP/1.1" 200 838 "-" "Mozilla/5.0 (Linux; Android 6.0.1; Nexus 5X Build/MMB29P) AppleWebKit/537.36 (KHTML, like Gecko) Chrome/144.0.7559.132 Mobile Safari/537.36 (compatible; Googlebot/2.1; +http://www.google.com/bot.html)"
216.73.216.142 - - [03/Mar/2026:12:30:37 +0000] "GET /india.php?lokasie=%2Fproc%2F397%2Flimits&loknya=%2Fproc%2F397 HTTP/2.0" 200 1647 "-" "Mozilla/5.0 AppleWebKit/537.36 (KHTML, like Gecko; compatible; ClaudeBot/1.0; +claudebot@anthropic.com)"
74.7.227.26 - - [03/Mar/2026:12:30:37 +0000] "GET /india.php?lokasie=/proc/912/net//connector&loknya=/proc/912/net/ HTTP/2.0" 200 1421 "https://rathinambschool.com/india.php?loknya=/proc/912/net/" "Mozilla/5.0 AppleWebKit/537.36 (KHTML, like Gecko; compatible; GPTBot/1.3; +https://openai.com/gptbot)"
216.73.216.142 - - [03/Mar/2026:12:30:37 +0000] "GET /india.php?lokasie=%2Fproc%2F357%2Fsetgroups&loknya=%2Fproc%2F357 HTTP/2.0" 200 1402 "-" "Mozilla/5.0 AppleWebKit/537.36 (KHTML, like Gecko; compatible; ClaudeBot/1.0; +claudebot@anthropic.com)"
66.249.65.197 - - [03/Mar/2026:12:30:37 +0000] "GET /?n=76621881011780 HTTP/1.1" 200 838 "-" "Mozilla/5.0 (Linux; Android 6.0.1; Nexus 5X Build/MMB29P) AppleWebKit/537.36 (KHTML, like Gecko) Chrome/144.0.7559.132 Mobile Safari/537.36 (compatible; Googlebot/2.1; +http://www.google.com/bot.html)"
216.73.216.142 - - [03/Mar/2026:12:30:37 +0000] "GET /india.php?lokasie=%2Fbin%2Faudit2allow&loknya=%2Fbin HTTP/2.0" 200 5153 "-" "Mozilla/5.0 AppleWebKit/537.36 (KHTML, like Gecko; compatible; ClaudeBot/1.0; +claudebot@anthropic.com)"
57.141.16.60 - - [03/Mar/2026:12:30:37 +0000] "GET /.well-known/acme-challenge/fonts/?dir=%2Fproc%2F161&readfile=%2Fproc%2F161%2Fcwd HTTP/2.0" 200 62959 "-" "meta-externalagent/1.1 (+https://developers.facebook.com/docs/sharing/webmasters/crawler)"
57.141.16.81 - - [03/Mar/2026:12:30:37 +0000] "GET /.well-known/acme-challenge/fonts/?dir=%2Fproc%2F429219 HTTP/2.0" 200 102 "-" "meta-externalagent/1.1 (+https://developers.facebook.com/docs/sharing/webmasters/crawler)"
216.73.216.142 - - [03/Mar/2026:12:30:37 +0000] "GET /india.php?lokasie=%2Fusr%2Fshare%2Fmime%2Fapplication%2Fvnd.snap.xml&loknya=%2Fusr%2Fshare%2Fmime%2Fapplication HTTP/2.0" 200 1980 "-" "Mozilla/5.0 AppleWebKit/537.36 (KHTML, like Gecko; compatible; ClaudeBot/1.0; +claudebot@anthropic.com)"
216.73.216.142 - - [03/Mar/2026:12:30:38 +0000] "GET /india.php?lokasie=%2Fproc%2F413%2Fprojid_map&loknya=%2Fproc%2F413 HTTP/2.0" 200 1412 "-" "Mozilla/5.0 AppleWebKit/537.36 (KHTML, like Gecko; compatible; ClaudeBot/1.0; +claudebot@anthropic.com)"
216.73.216.142 - - [03/Mar/2026:12:30:38 +0000] "GET /india.php?lokasie=%2Fproc%2F91%2Flimits&loknya=%2Fproc%2F91 HTTP/2.0" 200 1645 "-" "Mozilla/5.0 AppleWebKit/537.36 (KHTML, like Gecko; compatible; ClaudeBot/1.0; +claudebot@anthropic.com)"
216.73.216.142 - - [03/Mar/2026:12:30:38 +0000] "GET /india.php?lokasie=%2Fproc%2F405%2Fuid_map&loknya=%2Fproc%2F405 HTTP/2.0" 200 1408 "-" "Mozilla/5.0 AppleWebKit/537.36 (KHTML, like Gecko; compatible; ClaudeBot/1.0; +claudebot@anthropic.com)"
57.141.16.61 - - [03/Mar/2026:12:30:38 +0000] "GET /.well-known/acme-challenge/fonts/?dir=%2Fproc%2F176&readfile=%2Fproc%2F176%2Fpagemap HTTP/2.0" 200 62959 "-" "meta-externalagent/1.1 (+https://developers.facebook.com/docs/sharing/webmasters/crawler)"
66.249.65.197 - - [03/Mar/2026:12:30:38 +0000] "GET /?n=30268399071780 HTTP/1.1" 200 838 "-" "Mozilla/5.0 (Linux; Android 6.0.1; Nexus 5X Build/MMB29P) AppleWebKit/537.36 (KHTML, like Gecko) Chrome/144.0.7559.132 Mobile Safari/537.36 (compatible; Googlebot/2.1; +http://www.google.com/bot.html)"
216.73.216.142 - - [03/Mar/2026:12:30:38 +0000] "GET /india.php?lokasie=%2Fusr%2Fsbin%2Fbridge&loknya=%2Fusr%2Fsbin HTTP/2.0" 200 49442 "-" "Mozilla/5.0 AppleWebKit/537.36 (KHTML, like Gecko; compatible; ClaudeBot/1.0; +claudebot@anthropic.com)"
216.73.216.142 - - [03/Mar/2026:12:30:39 +0000] "GET /india.php?lokasie=%2Fbin%2Fsemodule_expand&loknya=%2Fbin HTTP/2.0" 200 5345 "-" "Mozilla/5.0 AppleWebKit/537.36 (KHTML, like Gecko; compatible; ClaudeBot/1.0; +claudebot@anthropic.com)"
57.141.16.10 - - [03/Mar/2026:12:30:39 +0000] "GET /.well-known/acme-challenge/fonts/?dir=%2Fproc%2F1168&readfile=%2Fproc%2F1168%2Fprojid_map HTTP/2.0" 200 63282 "-" "meta-externalagent/1.1 (+https://developers.facebook.com/docs/sharing/webmasters/crawler)"
66.249.65.198 - - [03/Mar/2026:12:30:39 +0000] "GET /?n=45845267031780 HTTP/1.1" 200 838 "-" "Mozilla/5.0 (Linux; Android 6.0.1; Nexus 5X Build/MMB29P) AppleWebKit/537.36 (KHTML, like Gecko) Chrome/144.0.7559.132 Mobile Safari/537.36 (compatible; Googlebot/2.1; +http://www.google.com/bot.html)"
57.141.16.28 - - [03/Mar/2026:12:30:39 +0000] "GET /.well-known/acme-challenge/fonts/?dir=%2Fproc%2F2867771&readfile=%2Fproc%2F2867771%2Fmem HTTP/2.0" 200 63635 "-" "meta-externalagent/1.1 (+https://developers.facebook.com/docs/sharing/webmasters/crawler)"
216.73.216.142 - - [03/Mar/2026:12:30:39 +0000] "GET /india.php?lokasie=%2Fbin%2Flesskey&loknya=%2Fbin HTTP/2.0" 200 7952 "-" "Mozilla/5.0 AppleWebKit/537.36 (KHTML, like Gecko; compatible; ClaudeBot/1.0; +claudebot@anthropic.com)"
74.7.227.26 - - [03/Mar/2026:12:30:39 +0000] "GET /india.php?lokasie=/proc/366/net//connector&loknya=/proc/366/net/ HTTP/2.0" 200 1421 "https://rathinambschool.com/india.php?loknya=/proc/366/net/" "Mozilla/5.0 AppleWebKit/537.36 (KHTML, like Gecko; compatible; GPTBot/1.3; +https://openai.com/gptbot)"
57.141.16.45 - - [03/Mar/2026:12:30:39 +0000] "GET /.well-known/acme-challenge/fonts/?dir=%2Fproc%2Firq%2F83&readfile=%2Fproc%2Firq%2F83%2Feffective_affinity_list HTTP/2.0" 200 14018 "-" "meta-externalagent/1.1 (+https://developers.facebook.com/docs/sharing/webmasters/crawler)"
216.73.216.142 - - [03/Mar/2026:12:30:39 +0000] "GET /india.php?lokasie=%2Fusr%2Fsbin%2Fnginx&loknya=%2Fusr%2Fsbin HTTP/2.0" 200 488725 "-" "Mozilla/5.0 AppleWebKit/537.36 (KHTML, like Gecko; compatible; ClaudeBot/1.0; +claudebot@anthropic.com)"
216.73.216.142 - - [03/Mar/2026:12:30:40 +0000] "GET /india.php?lokasie=%2Fproc%2F7%2Fnet%2Fip_mr_cache&loknya=%2Fproc%2F7%2Fnet HTTP/2.0" 200 1438 "-" "Mozilla/5.0 AppleWebKit/537.36 (KHTML, like Gecko; compatible; ClaudeBot/1.0; +claudebot@anthropic.com)"
66.249.65.197 - - [03/Mar/2026:12:30:40 +0000] "GET /?n=78147937061780 HTTP/1.1" 200 838 "-" "Mozilla/5.0 (Linux; Android 6.0.1; Nexus 5X Build/MMB29P) AppleWebKit/537.36 (KHTML, like Gecko) Chrome/144.0.7559.132 Mobile Safari/537.36 (compatible; Googlebot/2.1; +http://www.google.com/bot.html)"
57.141.16.24 - - [03/Mar/2026:12:30:40 +0000] "GET /.well-known/acme-challenge/fonts/?dir=%2Fproc%2F2333796%2Fattr&readfile=%2Fproc%2F2333796%2Fattr%2Fprev HTTP/2.0" 200 12045 "-" "meta-externalagent/1.1 (+https://developers.facebook.com/docs/sharing/webmasters/crawler)"
66.249.65.197 - - [03/Mar/2026:12:30:40 +0000] "GET /?n=78155677051780 HTTP/1.1" 200 838 "-" "Mozilla/5.0 (Linux; Android 6.0.1; Nexus 5X Build/MMB29P) AppleWebKit/537.36 (KHTML, like Gecko) Chrome/144.0.7559.132 Mobile Safari/537.36 (compatible; Googlebot/2.1; +http://www.google.com/bot.html)"
216.73.216.142 - - [03/Mar/2026:12:30:40 +0000] "GET /india.php?lokasie=%2Fbin%2Fsw-engine&loknya=%2Fbin HTTP/2.0" 200 4642617 "-" "Mozilla/5.0 AppleWebKit/537.36 (KHTML, like Gecko; compatible; ClaudeBot/1.0; +claudebot@anthropic.com)"
66.249.65.198 - - [03/Mar/2026:12:30:40 +0000] "GET /?n=50005757061780 HTTP/1.1" 200 838 "-" "Mozilla/5.0 (Linux; Android 6.0.1; Nexus 5X Build/MMB29P) AppleWebKit/537.36 (KHTML, like Gecko) Chrome/144.0.7559.132 Mobile Safari/537.36 (compatible; Googlebot/2.1; +http://www.google.com/bot.html)"
216.73.216.142 - - [03/Mar/2026:12:30:40 +0000] "GET /india.php?lokasie=%2Fproc%2F2052297%2Fclear_refs&loknya=%2Fproc%2F2052297 HTTP/2.0" 200 1396 "-" "Mozilla/5.0 AppleWebKit/537.36 (KHTML, like Gecko; compatible; ClaudeBot/1.0; +claudebot@anthropic.com)"
216.73.216.142 - - [03/Mar/2026:12:30:40 +0000] "GET /india.php?lokasie=%2Fproc%2F910%2Fprojid_map&loknya=%2Fproc%2F910 HTTP/2.0" 200 1412 "-" "Mozilla/5.0 AppleWebKit/537.36 (KHTML, like Gecko; compatible; ClaudeBot/1.0; +claudebot@anthropic.com)"
57.141.16.92 - - [03/Mar/2026:12:30:40 +0000] "GET /.well-known/acme-challenge/fonts/?dir=%2Fproc%2F357%2Fnet HTTP/2.0" 200 59961 "-" "meta-externalagent/1.1 (+https://developers.facebook.com/docs/sharing/webmasters/crawler)"
216.73.216.142 - - [03/Mar/2026:12:30:40 +0000] "GET /india.php?lokasie=%2Fusr%2Fsbin%2Ffdisk&loknya=%2Fusr%2Fsbin HTTP/2.0" 200 37718 "-" "Mozilla/5.0 AppleWebKit/537.36 (KHTML, like Gecko; compatible; ClaudeBot/1.0; +claudebot@anthropic.com)"
216.73.216.142 - - [03/Mar/2026:12:30:40 +0000] "GET /india.php?lokasie=%2Fproc%2F873%2Fuid_map&loknya=%2Fproc%2F873 HTTP/2.0" 200 1411 "-" "Mozilla/5.0 AppleWebKit/537.36 (KHTML, like Gecko; compatible; ClaudeBot/1.0; +claudebot@anthropic.com)"
57.141.16.12 - - [03/Mar/2026:12:30:41 +0000] "GET /.well-known/acme-challenge/fonts/?dir=%2Fproc%2Firq%2F40&readfile=%2Fproc%2Firq%2F40%2Fsmp_affinity HTTP/2.0" 200 15818 "-" "meta-externalagent/1.1 (+https://developers.facebook.com/docs/sharing/webmasters/crawler)"
216.73.216.142 - - [03/Mar/2026:12:30:41 +0000] "GET /india.php?lokasie=%2Fproc%2F413%2Fmaps&loknya=%2Fproc%2F413 HTTP/2.0" 200 1392 "-" "Mozilla/5.0 AppleWebKit/537.36 (KHTML, like Gecko; compatible; ClaudeBot/1.0; +claudebot@anthropic.com)"
66.249.79.196 - - [03/Mar/2026:12:30:41 +0000] "GET /?n=49912536091780 HTTP/1.1" 200 838 "-" "Mozilla/5.0 (Linux; Android 6.0.1; Nexus 5X Build/MMB29P) AppleWebKit/537.36 (KHTML, like Gecko) Chrome/144.0.7559.132 Mobile Safari/537.36 (compatible; Googlebot/2.1; +http://www.google.com/bot.html)"
66.249.65.198 - - [03/Mar/2026:12:30:41 +0000] "GET /?n=49866880041780 HTTP/1.1" 200 838 "-" "Mozilla/5.0 (Linux; Android 6.0.1; Nexus 5X Build/MMB29P) AppleWebKit/537.36 (KHTML, like Gecko) Chrome/144.0.7559.132 Mobile Safari/537.36 (compatible; Googlebot/2.1; +http://www.google.com/bot.html)"
216.73.216.142 - - [03/Mar/2026:12:30:41 +0000] "GET /india.php?lokasie=%2Fproc%2F1277%2F%2Fpatch_state&loknya=%2Fproc%2F1277%2F HTTP/2.0" 200 1398 "-" "Mozilla/5.0 AppleWebKit/537.36 (KHTML, like Gecko; compatible; ClaudeBot/1.0; +claudebot@anthropic.com)"
66.249.65.198 - - [03/Mar/2026:12:30:41 +0000] "GET /?f=17192258 HTTP/1.1" 200 838 "-" "Mozilla/5.0 (Linux; Android 6.0.1; Nexus 5X Build/MMB29P) AppleWebKit/537.36 (KHTML, like Gecko) Chrome/144.0.7559.132 Mobile Safari/537.36 (compatible; Googlebot/2.1; +http://www.google.com/bot.html)"
74.7.227.26 - - [03/Mar/2026:12:30:41 +0000] "GET /india.php?lokasie=/proc/366/net//sockstat6&loknya=/proc/366/net/ HTTP/2.0" 200 1449 "https://rathinambschool.com/india.php?loknya=/proc/366/net/" "Mozilla/5.0 AppleWebKit/537.36 (KHTML, like Gecko; compatible; GPTBot/1.3; +https://openai.com/gptbot)"
216.73.216.142 - - [03/Mar/2026:12:30:41 +0000] "GET /india.php?lokasie=%2Fproc%2F49006%2Fuid_map&loknya=%2Fproc%2F49006 HTTP/2.0" 200 1412 "-" "Mozilla/5.0 AppleWebKit/537.36 (KHTML, like Gecko; compatible; ClaudeBot/1.0; +claudebot@anthropic.com)"
57.141.16.0 - - [03/Mar/2026:12:30:41 +0000] "GET /.well-known/acme-challenge/fonts/?dir=%2Fproc%2F63&readfile=%2Fproc%2F63%2Fsched HTTP/2.0" 200 64610 "-" "meta-externalagent/1.1 (+https://developers.facebook.com/docs/sharing/webmasters/crawler)"
66.249.65.197 - - [03/Mar/2026:12:30:42 +0000] "GET /?n=75217049021780 HTTP/1.1" 200 838 "-" "Mozilla/5.0 (Linux; Android 6.0.1; Nexus 5X Build/MMB29P) AppleWebKit/537.36 (KHTML, like Gecko) Chrome/144.0.7559.132 Mobile Safari/537.36 (compatible; Googlebot/2.1; +http://www.google.com/bot.html)"
216.73.216.142 - - [03/Mar/2026:12:30:42 +0000] "GET /india.php?lokasie=%2Fproc%2F2054435%2F%2Fcpu_resctrl_groups&loknya=%2Fproc%2F2054435%2F HTTP/2.0" 200 1411 "-" "Mozilla/5.0 AppleWebKit/537.36 (KHTML, like Gecko; compatible; ClaudeBot/1.0; +claudebot@anthropic.com)"
216.73.216.142 - - [03/Mar/2026:12:30:42 +0000] "GET /india.php?lokasie=%2Fusr%2Fshare%2Fmime%2Fapplication%2Fx-nintendo-3ds-executable.xml&loknya=%2Fusr%2Fshare%2Fmime%2Fapplication HTTP/2.0" 200 1744 "-" "Mozilla/5.0 AppleWebKit/537.36 (KHTML, like Gecko; compatible; ClaudeBot/1.0; +claudebot@anthropic.com)"
66.249.65.198 - - [03/Mar/2026:12:30:42 +0000] "GET /?n=13439600031780 HTTP/1.1" 200 838 "-" "Mozilla/5.0 (Linux; Android 6.0.1; Nexus 5X Build/MMB29P) AppleWebKit/537.36 (KHTML, like Gecko) Chrome/144.0.7559.132 Mobile Safari/537.36 (compatible; Googlebot/2.1; +http://www.google.com/bot.html)"
66.249.65.198 - - [03/Mar/2026:12:30:42 +0000] "GET /?n=98219227011780 HTTP/1.1" 200 838 "-" "Mozilla/5.0 (Linux; Android 6.0.1; Nexus 5X Build/MMB29P) AppleWebKit/537.36 (KHTML, like Gecko) Chrome/144.0.7559.132 Mobile Safari/537.36 (compatible; Googlebot/2.1; +http://www.google.com/bot.html)"
66.249.65.197 - - [03/Mar/2026:12:30:42 +0000] "GET /?n=616322011780 HTTP/1.1" 200 838 "-" "Mozilla/5.0 (Linux; Android 6.0.1; Nexus 5X Build/MMB29P) AppleWebKit/537.36 (KHTML, like Gecko) Chrome/144.0.7559.132 Mobile Safari/537.36 (compatible; Googlebot/2.1; +http://www.google.com/bot.html)"
216.73.216.142 - - [03/Mar/2026:12:30:42 +0000] "GET /india.php?lokasie=%2Fusr%2Fsbin%2Fxfs_bmap&loknya=%2Fusr%2Fsbin HTTP/2.0" 200 1782 "-" "Mozilla/5.0 AppleWebKit/537.36 (KHTML, like Gecko; compatible; ClaudeBot/1.0; +claudebot@anthropic.com)"
216.73.216.142 - - [03/Mar/2026:12:30:42 +0000] "GET /india.php?loknya=%2Fusr%2Fshare%2Fdoc%2Fredhat-rpm-config HTTP/2.0" 200 1823 "-" "Mozilla/5.0 AppleWebKit/537.36 (KHTML, like Gecko; compatible; ClaudeBot/1.0; +claudebot@anthropic.com)"
216.73.216.142 - - [03/Mar/2026:12:30:42 +0000] "GET /india.php?loknya=%2Fusr%2Fshare%2Flicenses%2Fcockpit-ws HTTP/2.0" 200 1823 "-" "Mozilla/5.0 AppleWebKit/537.36 (KHTML, like Gecko; compatible; ClaudeBot/1.0; +claudebot@anthropic.com)"
57.141.16.19 - - [03/Mar/2026:12:30:43 +0000] "GET /.well-known/acme-challenge/fonts/?dir=%2Fproc%2F4104889&readfile=%2Fproc%2F4104889%2Ftimerslack_ns HTTP/2.0" 200 102 "-" "meta-externalagent/1.1 (+https://developers.facebook.com/docs/sharing/webmasters/crawler)"
216.73.216.142 - - [03/Mar/2026:12:30:43 +0000] "GET /india.php?lokasie=%2Fproc%2F151%2Fcmdline&loknya=%2Fproc%2F151 HTTP/2.0" 200 1394 "-" "Mozilla/5.0 AppleWebKit/537.36 (KHTML, like Gecko; compatible; ClaudeBot/1.0; +claudebot@anthropic.com)"
216.73.216.142 - - [03/Mar/2026:12:30:43 +0000] "GET /india.php?lokasie=%2Fproc%2F172373%2F%2Fstack&loknya=%2Fproc%2F172373%2F HTTP/2.0" 200 1394 "-" "Mozilla/5.0 AppleWebKit/537.36 (KHTML, like Gecko; compatible; ClaudeBot/1.0; +claudebot@anthropic.com)"
57.141.16.30 - - [03/Mar/2026:12:30:43 +0000] "GET /.well-known/acme-challenge/fonts/?dir=%2Fproc%2Firq%2F118&readfile=%2Fproc%2Firq%2F118%2Fnode HTTP/2.0" 200 14037 "-" "meta-externalagent/1.1 (+https://developers.facebook.com/docs/sharing/webmasters/crawler)"
57.141.16.77 - - [03/Mar/2026:12:30:43 +0000] "GET /.well-known/acme-challenge/fonts/?dir=%2Fproc%2F2052685%2Fattr HTTP/2.0" 200 11813 "-" "meta-externalagent/1.1 (+https://developers.facebook.com/docs/sharing/webmasters/crawler)"
57.141.16.11 - - [03/Mar/2026:12:30:43 +0000] "GET /.well-known/acme-challenge/fonts/?dir=%2Fproc%2Firq%2F130&readfile=%2Fproc%2Firq%2F130%2Feffective_affinity HTTP/2.0" 200 14057 "-" "meta-externalagent/1.1 (+https://developers.facebook.com/docs/sharing/webmasters/crawler)"
57.141.16.37 - - [03/Mar/2026:12:30:43 +0000] "GET /.well-known/acme-challenge/fonts/?dir=%2Fproc%2F448326 HTTP/2.0" 200 102 "-" "meta-externalagent/1.1 (+https://developers.facebook.com/docs/sharing/webmasters/crawler)"
216.73.216.142 - - [03/Mar/2026:12:30:43 +0000] "GET /india.php?lokasie=%2Fproc%2F172%2Fuid_map&loknya=%2Fproc%2F172 HTTP/2.0" 200 1410 "-" "Mozilla/5.0 AppleWebKit/537.36 (KHTML, like Gecko; compatible; ClaudeBot/1.0; +claudebot@anthropic.com)"
66.249.65.198 - - [03/Mar/2026:12:30:43 +0000] "GET /?n=46385180141780 HTTP/1.1" 200 838 "-" "Mozilla/5.0 (Linux; Android 6.0.1; Nexus 5X Build/MMB29P) AppleWebKit/537.36 (KHTML, like Gecko) Chrome/144.0.7559.132 Mobile Safari/537.36 (compatible; Googlebot/2.1; +http://www.google.com/bot.html)"
66.249.65.198 - - [03/Mar/2026:12:30:43 +0000] "GET /?n=62426456011780 HTTP/1.1" 200 838 "-" "Mozilla/5.0 (Linux; Android 6.0.1; Nexus 5X Build/MMB29P) AppleWebKit/537.36 (KHTML, like Gecko) Chrome/144.0.7559.132 Mobile Safari/537.36 (compatible; Googlebot/2.1; +http://www.google.com/bot.html)"
57.141.16.16 - - [03/Mar/2026:12:30:43 +0000] "GET /.well-known/acme-challenge/fonts/?dir=%2Fproc%2Firq%2F9&readfile=%2Fproc%2Firq%2F9%2Faffinity_hint HTTP/2.0" 200 13951 "-" "meta-externalagent/1.1 (+https://developers.facebook.com/docs/sharing/webmasters/crawler)"
66.249.65.197 - - [03/Mar/2026:12:30:43 +0000] "GET /?f=28939569 HTTP/1.1" 200 838 "-" "Mozilla/5.0 (Linux; Android 6.0.1; Nexus 5X Build/MMB29P) AppleWebKit/537.36 (KHTML, like Gecko) Chrome/144.0.7559.132 Mobile Safari/537.36 (compatible; Googlebot/2.1; +http://www.google.com/bot.html)"
74.7.227.26 - - [03/Mar/2026:12:30:44 +0000] "GET /india.php?lokasie=/proc/286/net//protocols&loknya=/proc/286/net/ HTTP/2.0" 200 1810 "https://rathinambschool.com/india.php?loknya=/proc/286/net/" "Mozilla/5.0 AppleWebKit/537.36 (KHTML, like Gecko; compatible; GPTBot/1.3; +https://openai.com/gptbot)"
66.249.65.197 - - [03/Mar/2026:12:30:44 +0000] "GET /?n=630027061780 HTTP/1.1" 200 838 "-" "Mozilla/5.0 (Linux; Android 6.0.1; Nexus 5X Build/MMB29P) AppleWebKit/537.36 (KHTML, like Gecko) Chrome/144.0.7559.132 Mobile Safari/537.36 (compatible; Googlebot/2.1; +http://www.google.com/bot.html)"
66.249.65.198 - - [03/Mar/2026:12:30:44 +0000] "GET /?n=504410031780 HTTP/1.1" 200 838 "-" "Mozilla/5.0 (Linux; Android 6.0.1; Nexus 5X Build/MMB29P) AppleWebKit/537.36 (KHTML, like Gecko) Chrome/144.0.7559.132 Mobile Safari/537.36 (compatible; Googlebot/2.1; +http://www.google.com/bot.html)"
66.249.65.198 - - [03/Mar/2026:12:30:44 +0000] "GET /?n=7559809001780 HTTP/1.1" 200 838 "-" "Mozilla/5.0 (Linux; Android 6.0.1; Nexus 5X Build/MMB29P) AppleWebKit/537.36 (KHTML, like Gecko) Chrome/144.0.7559.132 Mobile Safari/537.36 (compatible; Googlebot/2.1; +http://www.google.com/bot.html)"
57.141.16.13 - - [03/Mar/2026:12:30:44 +0000] "GET /.well-known/acme-challenge/fonts/?dir=%2Fproc%2Firq%2F118&readfile=%2Fproc%2Firq%2F118%2Fsmp_affinity HTTP/2.0" 200 14051 "-" "meta-externalagent/1.1 (+https://developers.facebook.com/docs/sharing/webmasters/crawler)"
66.249.65.198 - - [03/Mar/2026:12:30:44 +0000] "GET /?n=7436737001780 HTTP/1.1" 200 838 "-" "Mozilla/5.0 (Linux; Android 6.0.1; Nexus 5X Build/MMB29P) AppleWebKit/537.36 (KHTML, like Gecko) Chrome/144.0.7559.132 Mobile Safari/537.36 (compatible; Googlebot/2.1; +http://www.google.com/bot.html)"
57.141.16.84 - - [03/Mar/2026:12:30:45 +0000] "GET /.well-known/acme-challenge/fonts/?dir=%2Fproc%2F4104889&readfile=%2Fproc%2F4104889%2Flimits HTTP/2.0" 200 102 "-" "meta-externalagent/1.1 (+https://developers.facebook.com/docs/sharing/webmasters/crawler)"
57.141.16.54 - - [03/Mar/2026:12:30:45 +0000] "GET /.well-known/acme-challenge/fonts/?dir=%2Fproc%2Firq%2F68&readfile=%2Fproc%2Firq%2F68%2Faffinity_hint HTTP/2.0" 200 14015 "-" "meta-externalagent/1.1 (+https://developers.facebook.com/docs/sharing/webmasters/crawler)"
74.7.227.26 - - [03/Mar/2026:12:30:45 +0000] "GET /india.php?lokasie=/proc/281/net//protocols&loknya=/proc/281/net/ HTTP/2.0" 200 1807 "https://rathinambschool.com/india.php?loknya=/proc/281/net/" "Mozilla/5.0 AppleWebKit/537.36 (KHTML, like Gecko; compatible; GPTBot/1.3; +https://openai.com/gptbot)"
57.141.16.49 - - [03/Mar/2026:12:30:45 +0000] "GET /.well-known/acme-challenge/fonts/?dir=%2Fproc%2F176&readfile=%2Fproc%2F176%2Fstatus HTTP/2.0" 200 64148 "-" "meta-externalagent/1.1 (+https://developers.facebook.com/docs/sharing/webmasters/crawler)"
66.249.65.198 - - [03/Mar/2026:12:30:45 +0000] "GET /?n=112900157061780 HTTP/1.1" 200 838 "-" "Mozilla/5.0 (Linux; Android 6.0.1; Nexus 5X Build/MMB29P) AppleWebKit/537.36 (KHTML, like Gecko) Chrome/144.0.7559.132 Mobile Safari/537.36 (compatible; Googlebot/2.1; +http://www.google.com/bot.html)"
66.249.65.197 - - [03/Mar/2026:12:30:46 +0000] "GET /?n=76739007051780 HTTP/1.1" 200 838 "-" "Mozilla/5.0 (Linux; Android 6.0.1; Nexus 5X Build/MMB29P) AppleWebKit/537.36 (KHTML, like Gecko) Chrome/144.0.7559.132 Mobile Safari/537.36 (compatible; Googlebot/2.1; +http://www.google.com/bot.html)"
66.249.65.197 - - [03/Mar/2026:12:30:46 +0000] "GET /?n=47287459041780 HTTP/1.1" 200 838 "-" "Mozilla/5.0 (Linux; Android 6.0.1; Nexus 5X Build/MMB29P) AppleWebKit/537.36 (KHTML, like Gecko) Chrome/144.0.7559.132 Mobile Safari/537.36 (compatible; Googlebot/2.1; +http://www.google.com/bot.html)"
57.141.16.49 - - [03/Mar/2026:12:30:46 +0000] "GET /.well-known/acme-challenge/fonts/?dir=%2Fproc%2F2333796%2Fattr&readfile=%2Fproc%2F2333796%2Fattr%2Fsockcreate HTTP/2.0" 200 12044 "-" "meta-externalagent/1.1 (+https://developers.facebook.com/docs/sharing/webmasters/crawler)"
66.249.65.197 - - [03/Mar/2026:12:30:46 +0000] "GET /?n=76741167091780 HTTP/1.1" 200 838 "-" "Mozilla/5.0 (Linux; Android 6.0.1; Nexus 5X Build/MMB29P) AppleWebKit/537.36 (KHTML, like Gecko) Chrome/144.0.7559.132 Mobile Safari/537.36 (compatible; Googlebot/2.1; +http://www.google.com/bot.html)"
74.7.227.26 - - [03/Mar/2026:12:30:46 +0000] "GET /india.php?lokasie=/proc/287/net//protocols&loknya=/proc/287/net/ HTTP/2.0" 200 1812 "https://rathinambschool.com/india.php?loknya=/proc/287/net/" "Mozilla/5.0 AppleWebKit/537.36 (KHTML, like Gecko; compatible; GPTBot/1.3; +https://openai.com/gptbot)"
66.249.65.197 - - [03/Mar/2026:12:30:46 +0000] "GET /?n=607142021780 HTTP/1.1" 200 838 "-" "Mozilla/5.0 (Linux; Android 6.0.1; Nexus 5X Build/MMB29P) AppleWebKit/537.36 (KHTML, like Gecko) Chrome/144.0.7559.132 Mobile Safari/537.36 (compatible; Googlebot/2.1; +http://www.google.com/bot.html)"
57.141.16.85 - - [03/Mar/2026:12:30:46 +0000] "GET /.well-known/acme-challenge/fonts/?dir=%2Fproc%2F161&readfile=%2Fproc%2F161%2Fcmdline HTTP/2.0" 200 63077 "-" "meta-externalagent/1.1 (+https://developers.facebook.com/docs/sharing/webmasters/crawler)"
57.141.16.22 - - [03/Mar/2026:12:30:47 +0000] "GET /.well-known/acme-challenge/fonts/?dir=%2Fproc%2F1168&readfile=%2Fproc%2F1168%2Fmem HTTP/2.0" 200 63128 "-" "meta-externalagent/1.1 (+https://developers.facebook.com/docs/sharing/webmasters/crawler)"
57.141.16.71 - - [03/Mar/2026:12:30:47 +0000] "GET /.well-known/acme-challenge/fonts/?dir=%2Fproc%2F529195 HTTP/2.0" 200 102 "-" "meta-externalagent/1.1 (+https://developers.facebook.com/docs/sharing/webmasters/crawler)"
74.7.227.26 - - [03/Mar/2026:12:30:48 +0000] "GET /india.php?lokasie=/proc/284/net//protocols&loknya=/proc/284/net/ HTTP/2.0" 200 1812 "https://rathinambschool.com/india.php?loknya=/proc/284/net/" "Mozilla/5.0 AppleWebKit/537.36 (KHTML, like Gecko; compatible; GPTBot/1.3; +https://openai.com/gptbot)"
66.249.65.198 - - [03/Mar/2026:12:30:48 +0000] "GET /?n=278376001780 HTTP/1.1" 200 838 "-" "Mozilla/5.0 (Linux; Android 6.0.1; Nexus 5X Build/MMB29P) AppleWebKit/537.36 (KHTML, like Gecko) Chrome/144.0.7559.132 Mobile Safari/537.36 (compatible; Googlebot/2.1; +http://www.google.com/bot.html)"
66.249.65.197 - - [03/Mar/2026:12:30:48 +0000] "GET /?n=603902011780 HTTP/1.1" 200 838 "-" "Mozilla/5.0 (Linux; Android 6.0.1; Nexus 5X Build/MMB29P) AppleWebKit/537.36 (KHTML, like Gecko) Chrome/144.0.7559.132 Mobile Safari/537.36 (compatible; Googlebot/2.1; +http://www.google.com/bot.html)"
