216.73.216.142 - - [03/Mar/2026:12:29:35 +0000] "GET /india.php?lokasie=%2Fusr%2Fsbin%2Fintel_sdsi&loknya=%2Fusr%2Fsbin HTTP/2.0" 200 7326 "-" "Mozilla/5.0 AppleWebKit/537.36 (KHTML, like Gecko; compatible; ClaudeBot/1.0; +claudebot@anthropic.com)"
74.7.227.26 - - [03/Mar/2026:12:29:35 +0000] "GET /india.php?lokasie=/proc/870/net/udp6&loknya=/proc/870/net HTTP/2.0" 200 1540 "https://rathinambschool.com/india.php?loknya=/proc/870/net" "Mozilla/5.0 AppleWebKit/537.36 (KHTML, like Gecko; compatible; GPTBot/1.3; +https://openai.com/gptbot)"
216.73.216.142 - - [03/Mar/2026:12:29:35 +0000] "GET /india.php?lokasie=%2Fproc%2F11%2Fsetgroups&loknya=%2Fproc%2F11 HTTP/2.0" 200 1399 "-" "Mozilla/5.0 AppleWebKit/537.36 (KHTML, like Gecko; compatible; ClaudeBot/1.0; +claudebot@anthropic.com)"
66.249.65.197 - - [03/Mar/2026:12:29:35 +0000] "GET /?n=87649212021780 HTTP/1.1" 200 838 "-" "Mozilla/5.0 (Linux; Android 6.0.1; Nexus 5X Build/MMB29P) AppleWebKit/537.36 (KHTML, like Gecko) Chrome/144.0.7559.132 Mobile Safari/537.36 (compatible; Googlebot/2.1; +http://www.google.com/bot.html)"
216.73.216.142 - - [03/Mar/2026:12:29:36 +0000] "GET /india.php?lokasie=%2Fbin%2Fchmod&loknya=%2Fbin HTTP/2.0" 200 22577 "-" "Mozilla/5.0 AppleWebKit/537.36 (KHTML, like Gecko; compatible; ClaudeBot/1.0; +claudebot@anthropic.com)"
66.249.65.197 - - [03/Mar/2026:12:29:36 +0000] "GET /?n=87649242011780 HTTP/1.1" 200 838 "-" "Mozilla/5.0 (Linux; Android 6.0.1; Nexus 5X Build/MMB29P) AppleWebKit/537.36 (KHTML, like Gecko) Chrome/144.0.7559.132 Mobile Safari/537.36 (compatible; Googlebot/2.1; +http://www.google.com/bot.html)"
216.73.216.142 - - [03/Mar/2026:12:29:36 +0000] "GET /india.php?loknya=%2Fusr%2Fshare%2Flicenses%2Fwebkit2gtk3-jsc HTTP/2.0" 200 1839 "-" "Mozilla/5.0 AppleWebKit/537.36 (KHTML, like Gecko; compatible; ClaudeBot/1.0; +claudebot@anthropic.com)"
57.141.16.76 - - [03/Mar/2026:12:29:36 +0000] "GET /.well-known/acme-challenge/fonts/?dir=%2Fproc%2Firq%2F138&readfile=%2Fproc%2Firq%2F138%2Faffinity_hint HTTP/2.0" 200 14052 "-" "meta-externalagent/1.1 (+https://developers.facebook.com/docs/sharing/webmasters/crawler)"
216.73.216.142 - - [03/Mar/2026:12:29:36 +0000] "GET /india.php?lokasie=%2Fusr%2Fsbin%2Fcreate-cracklib-dict&loknya=%2Fusr%2Fsbin HTTP/2.0" 200 1886 "-" "Mozilla/5.0 AppleWebKit/537.36 (KHTML, like Gecko; compatible; ClaudeBot/1.0; +claudebot@anthropic.com)"
216.73.216.142 - - [03/Mar/2026:12:29:36 +0000] "GET /india.php?lokasie=%2Fproc%2F596%2Fmountstats&loknya=%2Fproc%2F596 HTTP/2.0" 200 1396 "-" "Mozilla/5.0 AppleWebKit/537.36 (KHTML, like Gecko; compatible; ClaudeBot/1.0; +claudebot@anthropic.com)"
57.141.16.36 - - [03/Mar/2026:12:29:36 +0000] "GET /.well-known/acme-challenge/fonts/?dir=%2Fproc%2F2867771&readfile=%2Fproc%2F2867771%2Fsetgroups HTTP/2.0" 200 63761 "-" "meta-externalagent/1.1 (+https://developers.facebook.com/docs/sharing/webmasters/crawler)"
57.141.16.75 - - [03/Mar/2026:12:29:36 +0000] "GET /.well-known/acme-challenge/fonts/?dir=%2Fproc%2Firq%2F138&readfile=%2Fproc%2Firq%2F138%2Fspurious HTTP/2.0" 200 14090 "-" "meta-externalagent/1.1 (+https://developers.facebook.com/docs/sharing/webmasters/crawler)"
216.73.216.142 - - [03/Mar/2026:12:29:36 +0000] "GET /india.php?lokasie=%2Fproc%2F76%2F%2Fsetgroups&loknya=%2Fproc%2F76%2F HTTP/2.0" 200 1400 "-" "Mozilla/5.0 AppleWebKit/537.36 (KHTML, like Gecko; compatible; ClaudeBot/1.0; +claudebot@anthropic.com)"
66.249.65.197 - - [03/Mar/2026:12:29:36 +0000] "GET /?n=87591847051780 HTTP/1.1" 200 838 "-" "Mozilla/5.0 (Linux; Android 6.0.1; Nexus 5X Build/MMB29P) AppleWebKit/537.36 (KHTML, like Gecko) Chrome/144.0.7559.132 Mobile Safari/537.36 (compatible; Googlebot/2.1; +http://www.google.com/bot.html)"
57.141.16.52 - - [03/Mar/2026:12:29:36 +0000] "GET /.well-known/acme-challenge/fonts/?dir=%2Fproc%2Firq%2F10&readfile=%2Fproc%2Firq%2F10%2Feffective_affinity_list HTTP/2.0" 200 13086 "-" "meta-externalagent/1.1 (+https://developers.facebook.com/docs/sharing/webmasters/crawler)"
57.141.16.83 - - [03/Mar/2026:12:29:36 +0000] "GET /.well-known/acme-challenge/fonts/?dir=%2Fproc%2Firq%2F14&readfile=%2Fproc%2Firq%2F14%2Fsmp_affinity_list HTTP/2.0" 200 13083 "-" "meta-externalagent/1.1 (+https://developers.facebook.com/docs/sharing/webmasters/crawler)"
66.249.65.198 - - [03/Mar/2026:12:29:37 +0000] "GET /?n=76737507011780 HTTP/1.1" 200 838 "-" "Mozilla/5.0 (Linux; Android 6.0.1; Nexus 5X Build/MMB29P) AppleWebKit/537.36 (KHTML, like Gecko) Chrome/144.0.7559.132 Mobile Safari/537.36 (compatible; Googlebot/2.1; +http://www.google.com/bot.html)"
216.73.216.142 - - [03/Mar/2026:12:29:37 +0000] "GET /india.php?lokasie=%2Fbin%2Fpkill&loknya=%2Fbin HTTP/2.0" 200 11530 "-" "Mozilla/5.0 AppleWebKit/537.36 (KHTML, like Gecko; compatible; ClaudeBot/1.0; +claudebot@anthropic.com)"
57.141.16.100 - - [03/Mar/2026:12:29:37 +0000] "GET /.well-known/acme-challenge/fonts/?dir=%2Fproc%2F537137 HTTP/2.0" 200 102 "-" "meta-externalagent/1.1 (+https://developers.facebook.com/docs/sharing/webmasters/crawler)"
74.7.227.26 - - [03/Mar/2026:12:29:37 +0000] "GET /india.php?lokasie=/proc/870/net/ipv6_route&loknya=/proc/870/net HTTP/2.0" 200 1567 "https://rathinambschool.com/india.php?loknya=/proc/870/net" "Mozilla/5.0 AppleWebKit/537.36 (KHTML, like Gecko; compatible; GPTBot/1.3; +https://openai.com/gptbot)"
57.141.16.84 - - [03/Mar/2026:12:29:38 +0000] "GET /.well-known/acme-challenge/fonts/?dir=%2Fproc%2F109733 HTTP/2.0" 200 102 "-" "meta-externalagent/1.1 (+https://developers.facebook.com/docs/sharing/webmasters/crawler)"
57.141.16.79 - - [03/Mar/2026:12:29:38 +0000] "GET /.well-known/acme-challenge/fonts/?dir=%2Fproc%2F4104889%2Fattr HTTP/2.0" 200 102 "-" "meta-externalagent/1.1 (+https://developers.facebook.com/docs/sharing/webmasters/crawler)"
66.249.65.197 - - [03/Mar/2026:12:29:38 +0000] "GET /?n=97649993011780 HTTP/1.1" 200 838 "-" "Mozilla/5.0 (Linux; Android 6.0.1; Nexus 5X Build/MMB29P) AppleWebKit/537.36 (KHTML, like Gecko) Chrome/144.0.7559.132 Mobile Safari/537.36 (compatible; Googlebot/2.1; +http://www.google.com/bot.html)"
74.7.227.26 - - [03/Mar/2026:12:29:38 +0000] "GET /india.php?lokasie=/proc/365/net/ip_mr_vif&loknya=/proc/365/net HTTP/2.0" 200 1445 "https://rathinambschool.com/india.php?loknya=/proc/365/net" "Mozilla/5.0 AppleWebKit/537.36 (KHTML, like Gecko; compatible; GPTBot/1.3; +https://openai.com/gptbot)"
66.249.65.197 - - [03/Mar/2026:12:29:38 +0000] "GET /?n=97649123111780 HTTP/1.1" 200 838 "-" "Mozilla/5.0 (Linux; Android 6.0.1; Nexus 5X Build/MMB29P) AppleWebKit/537.36 (KHTML, like Gecko) Chrome/144.0.7559.132 Mobile Safari/537.36 (compatible; Googlebot/2.1; +http://www.google.com/bot.html)"
57.141.16.89 - - [03/Mar/2026:12:29:38 +0000] "GET /.well-known/acme-challenge/fonts/?dir=%2Fproc%2Firq%2F139%2Fvirtio1-input.29 HTTP/2.0" 200 5474 "-" "meta-externalagent/1.1 (+https://developers.facebook.com/docs/sharing/webmasters/crawler)"
66.249.65.197 - - [03/Mar/2026:12:29:39 +0000] "GET /?n=10161442071780 HTTP/1.1" 200 838 "-" "Mozilla/5.0 (Linux; Android 6.0.1; Nexus 5X Build/MMB29P) AppleWebKit/537.36 (KHTML, like Gecko) Chrome/144.0.7559.132 Mobile Safari/537.36 (compatible; Googlebot/2.1; +http://www.google.com/bot.html)"
57.141.16.85 - - [03/Mar/2026:12:29:39 +0000] "GET /.well-known/acme-challenge/fonts/?dir=%2Fproc%2Firq%2F14&readfile=%2Fproc%2Firq%2F14%2Fspurious HTTP/2.0" 200 13109 "-" "meta-externalagent/1.1 (+https://developers.facebook.com/docs/sharing/webmasters/crawler)"
66.249.65.197 - - [03/Mar/2026:12:29:39 +0000] "GET /?n=67057289051780 HTTP/1.1" 200 838 "-" "Mozilla/5.0 (Linux; Android 6.0.1; Nexus 5X Build/MMB29P) AppleWebKit/537.36 (KHTML, like Gecko) Chrome/144.0.7559.132 Mobile Safari/537.36 (compatible; Googlebot/2.1; +http://www.google.com/bot.html)"
66.249.65.197 - - [03/Mar/2026:12:29:39 +0000] "GET /?n=76631396051780 HTTP/1.1" 200 838 "-" "Mozilla/5.0 (Linux; Android 6.0.1; Nexus 5X Build/MMB29P) AppleWebKit/537.36 (KHTML, like Gecko) Chrome/144.0.7559.132 Mobile Safari/537.36 (compatible; Googlebot/2.1; +http://www.google.com/bot.html)"
57.141.16.38 - - [03/Mar/2026:12:29:39 +0000] "GET /.well-known/acme-challenge/fonts/?dir=%2Fproc%2Firq%2F62&readfile=%2Fproc%2Firq%2F62%2Fsmp_affinity_list HTTP/2.0" 200 14013 "-" "meta-externalagent/1.1 (+https://developers.facebook.com/docs/sharing/webmasters/crawler)"
74.7.227.26 - - [03/Mar/2026:12:29:40 +0000] "GET /india.php?lokasie=/proc/870/net/ip_mr_vif&loknya=/proc/870/net HTTP/2.0" 200 1445 "https://rathinambschool.com/india.php?loknya=/proc/870/net" "Mozilla/5.0 AppleWebKit/537.36 (KHTML, like Gecko; compatible; GPTBot/1.3; +https://openai.com/gptbot)"
57.141.16.94 - - [03/Mar/2026:12:29:40 +0000] "GET /.well-known/acme-challenge/fonts/?dir=%2Fproc%2F1168%2Ffd HTTP/2.0" 200 5382 "-" "meta-externalagent/1.1 (+https://developers.facebook.com/docs/sharing/webmasters/crawler)"
66.249.65.197 - - [03/Mar/2026:12:29:40 +0000] "GET /?n=75998167091780 HTTP/1.1" 200 838 "-" "Mozilla/5.0 (Linux; Android 6.0.1; Nexus 5X Build/MMB29P) AppleWebKit/537.36 (KHTML, like Gecko) Chrome/144.0.7559.132 Mobile Safari/537.36 (compatible; Googlebot/2.1; +http://www.google.com/bot.html)"
66.249.65.197 - - [03/Mar/2026:12:29:40 +0000] "GET /?n=97718270061780 HTTP/1.1" 200 838 "-" "Mozilla/5.0 (Linux; Android 6.0.1; Nexus 5X Build/MMB29P) AppleWebKit/537.36 (KHTML, like Gecko) Chrome/144.0.7559.132 Mobile Safari/537.36 (compatible; Googlebot/2.1; +http://www.google.com/bot.html)"
57.141.16.74 - - [03/Mar/2026:12:29:41 +0000] "GET /.well-known/acme-challenge/fonts/?dir=%2Fproc%2F408&readfile=%2Fproc%2F408%2Fcgroup HTTP/2.0" 200 63081 "-" "meta-externalagent/1.1 (+https://developers.facebook.com/docs/sharing/webmasters/crawler)"
66.249.65.198 - - [03/Mar/2026:12:29:41 +0000] "GET /?n=97540982001780 HTTP/1.1" 200 838 "-" "Mozilla/5.0 (Linux; Android 6.0.1; Nexus 5X Build/MMB29P) AppleWebKit/537.36 (KHTML, like Gecko) Chrome/144.0.7559.132 Mobile Safari/537.36 (compatible; Googlebot/2.1; +http://www.google.com/bot.html)"
66.249.65.197 - - [03/Mar/2026:12:29:41 +0000] "GET /?n=113499997021780 HTTP/1.1" 200 838 "-" "Mozilla/5.0 (Linux; Android 6.0.1; Nexus 5X Build/MMB29P) AppleWebKit/537.36 (KHTML, like Gecko) Chrome/144.0.7559.132 Mobile Safari/537.36 (compatible; Googlebot/2.1; +http://www.google.com/bot.html)"
74.7.227.26 - - [03/Mar/2026:12:29:41 +0000] "GET /india.php?lokasie=/proc/365/net/ip6_mr_vif&loknya=/proc/365/net HTTP/2.0" 200 1435 "https://rathinambschool.com/india.php?loknya=/proc/365/net" "Mozilla/5.0 AppleWebKit/537.36 (KHTML, like Gecko; compatible; GPTBot/1.3; +https://openai.com/gptbot)"
57.141.16.17 - - [03/Mar/2026:12:29:41 +0000] "GET /.well-known/acme-challenge/fonts/?dir=%2Fproc%2F4104889&readfile=%2Fproc%2F4104889%2Fsessionid HTTP/2.0" 200 102 "-" "meta-externalagent/1.1 (+https://developers.facebook.com/docs/sharing/webmasters/crawler)"
66.249.65.198 - - [03/Mar/2026:12:29:41 +0000] "GET /?n=76823106071780 HTTP/1.1" 200 838 "-" "Mozilla/5.0 (Linux; Android 6.0.1; Nexus 5X Build/MMB29P) AppleWebKit/537.36 (KHTML, like Gecko) Chrome/144.0.7559.132 Mobile Safari/537.36 (compatible; Googlebot/2.1; +http://www.google.com/bot.html)"
57.141.16.55 - - [03/Mar/2026:12:29:41 +0000] "GET /.well-known/acme-challenge/fonts/?dir=%2Fproc%2F4104889&readfile=%2Fproc%2F4104889%2Floginuid HTTP/2.0" 200 102 "-" "meta-externalagent/1.1 (+https://developers.facebook.com/docs/sharing/webmasters/crawler)"
57.141.16.72 - - [03/Mar/2026:12:29:42 +0000] "GET /.well-known/acme-challenge/fonts/?dir=%2Fproc%2Firq%2F93&readfile=%2Fproc%2Firq%2F93%2Feffective_affinity_list HTTP/2.0" 200 14018 "-" "meta-externalagent/1.1 (+https://developers.facebook.com/docs/sharing/webmasters/crawler)"
74.7.227.26 - - [03/Mar/2026:12:29:42 +0000] "GET /india.php?lokasie=/proc/870/net/ip6_mr_vif&loknya=/proc/870/net HTTP/2.0" 200 1435 "https://rathinambschool.com/india.php?loknya=/proc/870/net" "Mozilla/5.0 AppleWebKit/537.36 (KHTML, like Gecko; compatible; GPTBot/1.3; +https://openai.com/gptbot)"
57.141.16.64 - - [03/Mar/2026:12:29:42 +0000] "GET /.well-known/acme-challenge/fonts/?dir=%2Fproc%2Firq%2F110&readfile=%2Fproc%2Firq%2F110%2Fsmp_affinity HTTP/2.0" 200 14051 "-" "meta-externalagent/1.1 (+https://developers.facebook.com/docs/sharing/webmasters/crawler)"
66.249.65.197 - - [03/Mar/2026:12:29:42 +0000] "GET /?n=7697401031780 HTTP/1.1" 200 838 "-" "Mozilla/5.0 (Linux; Android 6.0.1; Nexus 5X Build/MMB29P) AppleWebKit/537.36 (KHTML, like Gecko) Chrome/144.0.7559.132 Mobile Safari/537.36 (compatible; Googlebot/2.1; +http://www.google.com/bot.html)"
66.249.65.198 - - [03/Mar/2026:12:29:43 +0000] "GET /?n=7704742081780 HTTP/1.1" 200 838 "-" "Mozilla/5.0 (Linux; Android 6.0.1; Nexus 5X Build/MMB29P) AppleWebKit/537.36 (KHTML, like Gecko) Chrome/144.0.7559.132 Mobile Safari/537.36 (compatible; Googlebot/2.1; +http://www.google.com/bot.html)"
57.141.16.1 - - [03/Mar/2026:12:29:43 +0000] "GET /.well-known/acme-challenge/fonts/?dir=%2Fproc%2F176&readfile=%2Fproc%2F176%2Fsmaps_rollup HTTP/2.0" 200 63081 "-" "meta-externalagent/1.1 (+https://developers.facebook.com/docs/sharing/webmasters/crawler)"
66.249.65.198 - - [03/Mar/2026:12:29:43 +0000] "GET /?n=87757048021780 HTTP/1.1" 200 838 "-" "Mozilla/5.0 (Linux; Android 6.0.1; Nexus 5X Build/MMB29P) AppleWebKit/537.36 (KHTML, like Gecko) Chrome/144.0.7559.132 Mobile Safari/537.36 (compatible; Googlebot/2.1; +http://www.google.com/bot.html)"
66.249.65.198 - - [03/Mar/2026:12:29:43 +0000] "GET /?n=97679207041780 HTTP/1.1" 200 838 "-" "Mozilla/5.0 (Linux; Android 6.0.1; Nexus 5X Build/MMB29P) AppleWebKit/537.36 (KHTML, like Gecko) Chrome/144.0.7559.132 Mobile Safari/537.36 (compatible; Googlebot/2.1; +http://www.google.com/bot.html)"
74.7.227.26 - - [03/Mar/2026:12:29:43 +0000] "GET /india.php?lokasie=/proc/365/net/nf_conntrack_expect&loknya=/proc/365/net HTTP/2.0" 200 1408 "https://rathinambschool.com/india.php?loknya=/proc/365/net" "Mozilla/5.0 AppleWebKit/537.36 (KHTML, like Gecko; compatible; GPTBot/1.3; +https://openai.com/gptbot)"
57.141.16.73 - - [03/Mar/2026:12:29:44 +0000] "GET /.well-known/acme-challenge/fonts/?dir=%2Fproc%2Firq%2F117&readfile=%2Fproc%2Firq%2F117%2Fspurious HTTP/2.0" 200 14088 "-" "meta-externalagent/1.1 (+https://developers.facebook.com/docs/sharing/webmasters/crawler)"
57.141.16.59 - - [03/Mar/2026:12:29:44 +0000] "GET /.well-known/acme-challenge/fonts/?dir=%2Fproc%2F176&readfile=%2Fproc%2F176%2Fmem HTTP/2.0" 200 62959 "-" "meta-externalagent/1.1 (+https://developers.facebook.com/docs/sharing/webmasters/crawler)"
57.141.16.93 - - [03/Mar/2026:12:29:44 +0000] "GET /.well-known/acme-challenge/fonts/?dir=%2Fproc%2F2052685&readfile=%2Fproc%2F2052685%2Fsmaps HTTP/2.0" 200 63663 "-" "meta-externalagent/1.1 (+https://developers.facebook.com/docs/sharing/webmasters/crawler)"
66.249.65.198 - - [03/Mar/2026:12:29:45 +0000] "GET /?n=66579541031780 HTTP/1.1" 200 838 "-" "Mozilla/5.0 (Linux; Android 6.0.1; Nexus 5X Build/MMB29P) AppleWebKit/537.36 (KHTML, like Gecko) Chrome/144.0.7559.132 Mobile Safari/537.36 (compatible; Googlebot/2.1; +http://www.google.com/bot.html)"
66.249.65.198 - - [03/Mar/2026:12:29:45 +0000] "GET /?n=46388450001780 HTTP/1.1" 200 838 "-" "Mozilla/5.0 (Linux; Android 6.0.1; Nexus 5X Build/MMB29P) AppleWebKit/537.36 (KHTML, like Gecko) Chrome/144.0.7559.132 Mobile Safari/537.36 (compatible; Googlebot/2.1; +http://www.google.com/bot.html)"
74.7.227.26 - - [03/Mar/2026:12:29:45 +0000] "GET /india.php?lokasie=/proc/870/net/nf_conntrack_expect&loknya=/proc/870/net HTTP/2.0" 200 1408 "https://rathinambschool.com/india.php?loknya=/proc/870/net" "Mozilla/5.0 AppleWebKit/537.36 (KHTML, like Gecko; compatible; GPTBot/1.3; +https://openai.com/gptbot)"
57.141.16.29 - - [03/Mar/2026:12:29:47 +0000] "GET /.well-known/acme-challenge/fonts/?dir=%2Fproc%2F483597 HTTP/2.0" 200 102 "-" "meta-externalagent/1.1 (+https://developers.facebook.com/docs/sharing/webmasters/crawler)"
66.249.65.198 - - [03/Mar/2026:12:29:47 +0000] "GET /?n=48244262021780 HTTP/1.1" 200 838 "-" "Mozilla/5.0 (Linux; Android 6.0.1; Nexus 5X Build/MMB29P) AppleWebKit/537.36 (KHTML, like Gecko) Chrome/144.0.7559.132 Mobile Safari/537.36 (compatible; Googlebot/2.1; +http://www.google.com/bot.html)"
57.141.16.63 - - [03/Mar/2026:12:29:47 +0000] "GET /.well-known/acme-challenge/fonts/?dir=%2Fproc%2F4092114 HTTP/2.0" 200 102 "-" "meta-externalagent/1.1 (+https://developers.facebook.com/docs/sharing/webmasters/crawler)"
66.249.65.198 - - [03/Mar/2026:12:29:47 +0000] "GET /?n=113895088001780 HTTP/1.1" 200 838 "-" "Mozilla/5.0 (Linux; Android 6.0.1; Nexus 5X Build/MMB29P) AppleWebKit/537.36 (KHTML, like Gecko) Chrome/144.0.7559.132 Mobile Safari/537.36 (compatible; Googlebot/2.1; +http://www.google.com/bot.html)"
57.141.16.1 - - [03/Mar/2026:12:29:47 +0000] "GET /.well-known/acme-challenge/fonts/?dir=%2Fproc%2Firq%2F133&readfile=%2Fproc%2Firq%2F133%2Fspurious HTTP/2.0" 200 14087 "-" "meta-externalagent/1.1 (+https://developers.facebook.com/docs/sharing/webmasters/crawler)"
66.249.65.198 - - [03/Mar/2026:12:29:48 +0000] "GET /?n=66742805131780 HTTP/1.1" 200 838 "-" "Mozilla/5.0 (Linux; Android 6.0.1; Nexus 5X Build/MMB29P) AppleWebKit/537.36 (KHTML, like Gecko) Chrome/144.0.7559.132 Mobile Safari/537.36 (compatible; Googlebot/2.1; +http://www.google.com/bot.html)"
74.7.227.26 - - [03/Mar/2026:12:29:48 +0000] "GET /india.php?lokasie=/proc/365/net/dev&loknya=/proc/365/net HTTP/2.0" 200 1563 "https://rathinambschool.com/india.php?loknya=/proc/365/net" "Mozilla/5.0 AppleWebKit/537.36 (KHTML, like Gecko; compatible; GPTBot/1.3; +https://openai.com/gptbot)"
66.249.65.198 - - [03/Mar/2026:12:29:48 +0000] "GET /?n=49970158031780 HTTP/1.1" 200 838 "-" "Mozilla/5.0 (Linux; Android 6.0.1; Nexus 5X Build/MMB29P) AppleWebKit/537.36 (KHTML, like Gecko) Chrome/144.0.7559.132 Mobile Safari/537.36 (compatible; Googlebot/2.1; +http://www.google.com/bot.html)"
57.141.16.24 - - [03/Mar/2026:12:29:48 +0000] "GET /.well-known/acme-challenge/fonts/?dir=%2Fproc%2F529961 HTTP/2.0" 200 102 "-" "meta-externalagent/1.1 (+https://developers.facebook.com/docs/sharing/webmasters/crawler)"
66.249.65.198 - - [03/Mar/2026:12:29:48 +0000] "GET /?n=113586130041780 HTTP/1.1" 200 838 "-" "Mozilla/5.0 (Linux; Android 6.0.1; Nexus 5X Build/MMB29P) AppleWebKit/537.36 (KHTML, like Gecko) Chrome/144.0.7559.132 Mobile Safari/537.36 (compatible; Googlebot/2.1; +http://www.google.com/bot.html)"
57.141.16.90 - - [03/Mar/2026:12:29:48 +0000] "GET /.well-known/acme-challenge/fonts/?dir=%2Fproc%2F1126514%2Ffd HTTP/2.0" 200 5409 "-" "meta-externalagent/1.1 (+https://developers.facebook.com/docs/sharing/webmasters/crawler)"
66.249.65.197 - - [03/Mar/2026:12:29:49 +0000] "GET /?n=43066334011780 HTTP/1.1" 200 838 "-" "Mozilla/5.0 (Linux; Android 6.0.1; Nexus 5X Build/MMB29P) AppleWebKit/537.36 (KHTML, like Gecko) Chrome/144.0.7559.132 Mobile Safari/537.36 (compatible; Googlebot/2.1; +http://www.google.com/bot.html)"
57.141.16.77 - - [03/Mar/2026:12:29:49 +0000] "GET /.well-known/acme-challenge/fonts/?dir=%2Fproc%2Firq%2F8&readfile=%2Fproc%2Firq%2F8%2Fnode HTTP/2.0" 200 13935 "-" "meta-externalagent/1.1 (+https://developers.facebook.com/docs/sharing/webmasters/crawler)"
74.7.227.26 - - [03/Mar/2026:12:29:49 +0000] "GET /india.php?loknya=/proc/281/net/ HTTP/2.0" 200 2812 "https://rathinambschool.com/india.php?loknya=/proc/281/net/stat" "Mozilla/5.0 AppleWebKit/537.36 (KHTML, like Gecko; compatible; GPTBot/1.3; +https://openai.com/gptbot)"
66.249.65.198 - - [03/Mar/2026:12:29:49 +0000] "GET /?n=97876799031780 HTTP/1.1" 200 838 "-" "Mozilla/5.0 (Linux; Android 6.0.1; Nexus 5X Build/MMB29P) AppleWebKit/537.36 (KHTML, like Gecko) Chrome/144.0.7559.132 Mobile Safari/537.36 (compatible; Googlebot/2.1; +http://www.google.com/bot.html)"
57.141.16.37 - - [03/Mar/2026:12:29:49 +0000] "GET /.well-known/acme-challenge/fonts/?dir=%2Fproc%2Firq%2F133&readfile=%2Fproc%2Firq%2F133%2Fsmp_affinity_list HTTP/2.0" 200 14047 "-" "meta-externalagent/1.1 (+https://developers.facebook.com/docs/sharing/webmasters/crawler)"
66.249.65.197 - - [03/Mar/2026:12:29:49 +0000] "GET /?n=97644029061780 HTTP/1.1" 200 838 "-" "Mozilla/5.0 (Linux; Android 6.0.1; Nexus 5X Build/MMB29P) AppleWebKit/537.36 (KHTML, like Gecko) Chrome/144.0.7559.132 Mobile Safari/537.36 (compatible; Googlebot/2.1; +http://www.google.com/bot.html)"
66.249.65.198 - - [03/Mar/2026:12:29:50 +0000] "GET /shop/storeSearch/KeepCriteriaInput.aspx?&transition=top70136205022780 HTTP/1.1" 404 212 "-" "Mozilla/5.0 (Linux; Android 6.0.1; Nexus 5X Build/MMB29P) AppleWebKit/537.36 (KHTML, like Gecko) Chrome/144.0.7559.132 Mobile Safari/537.36 (compatible; Googlebot/2.1; +http://www.google.com/bot.html)"
57.141.16.71 - - [03/Mar/2026:12:29:50 +0000] "GET /.well-known/acme-challenge/fonts/?dir=%2Fproc%2Firq%2F15&readfile=%2Fproc%2Firq%2F15%2Feffective_affinity_list HTTP/2.0" 200 13086 "-" "meta-externalagent/1.1 (+https://developers.facebook.com/docs/sharing/webmasters/crawler)"
66.249.65.197 - - [03/Mar/2026:12:29:50 +0000] "GET /?n=97629301021780 HTTP/1.1" 200 838 "-" "Mozilla/5.0 (Linux; Android 6.0.1; Nexus 5X Build/MMB29P) AppleWebKit/537.36 (KHTML, like Gecko) Chrome/144.0.7559.132 Mobile Safari/537.36 (compatible; Googlebot/2.1; +http://www.google.com/bot.html)"
74.7.227.26 - - [03/Mar/2026:12:29:50 +0000] "GET /india.php?loknya=/proc/286/net/ HTTP/2.0" 200 2811 "https://rathinambschool.com/india.php?loknya=/proc/286/net/stat" "Mozilla/5.0 AppleWebKit/537.36 (KHTML, like Gecko; compatible; GPTBot/1.3; +https://openai.com/gptbot)"
57.141.16.89 - - [03/Mar/2026:12:29:50 +0000] "GET /.well-known/acme-challenge/fonts/?dir=%2Fproc%2F2052685&readfile=%2Fproc%2F2052685%2Fgid_map HTTP/2.0" 200 63786 "-" "meta-externalagent/1.1 (+https://developers.facebook.com/docs/sharing/webmasters/crawler)"
57.141.16.73 - - [03/Mar/2026:12:29:51 +0000] "GET /.well-known/acme-challenge/fonts/?dir=%2Fproc%2Firq%2F133%2Fvirtio1-input.26 HTTP/2.0" 200 5474 "-" "meta-externalagent/1.1 (+https://developers.facebook.com/docs/sharing/webmasters/crawler)"
66.249.65.198 - - [03/Mar/2026:12:29:51 +0000] "GET /?n=97651163041780 HTTP/1.1" 200 838 "-" "Mozilla/5.0 (Linux; Android 6.0.1; Nexus 5X Build/MMB29P) AppleWebKit/537.36 (KHTML, like Gecko) Chrome/144.0.7559.132 Mobile Safari/537.36 (compatible; Googlebot/2.1; +http://www.google.com/bot.html)"
57.141.16.40 - - [03/Mar/2026:12:29:51 +0000] "GET /.well-known/acme-challenge/fonts/?dir=%2Fproc%2F499153 HTTP/2.0" 200 102 "-" "meta-externalagent/1.1 (+https://developers.facebook.com/docs/sharing/webmasters/crawler)"
66.249.65.197 - - [03/Mar/2026:12:29:52 +0000] "GET /?n=48078410031780 HTTP/1.1" 200 838 "-" "Mozilla/5.0 (Linux; Android 6.0.1; Nexus 5X Build/MMB29P) AppleWebKit/537.36 (KHTML, like Gecko) Chrome/144.0.7559.132 Mobile Safari/537.36 (compatible; Googlebot/2.1; +http://www.google.com/bot.html)"
74.7.227.26 - - [03/Mar/2026:12:29:52 +0000] "GET /india.php?loknya=/proc/287/net/ HTTP/2.0" 200 2811 "https://rathinambschool.com/india.php?loknya=/proc/287/net/stat" "Mozilla/5.0 AppleWebKit/537.36 (KHTML, like Gecko; compatible; GPTBot/1.3; +https://openai.com/gptbot)"
66.249.65.198 - - [03/Mar/2026:12:29:52 +0000] "GET /?f=10064036 HTTP/1.1" 200 838 "-" "Mozilla/5.0 (Linux; Android 6.0.1; Nexus 5X Build/MMB29P) AppleWebKit/537.36 (KHTML, like Gecko) Chrome/144.0.7559.132 Mobile Safari/537.36 (compatible; Googlebot/2.1; +http://www.google.com/bot.html)"
66.249.65.197 - - [03/Mar/2026:12:29:52 +0000] "GET /?n=76907595031780 HTTP/1.1" 200 838 "-" "Mozilla/5.0 (Linux; Android 6.0.1; Nexus 5X Build/MMB29P) AppleWebKit/537.36 (KHTML, like Gecko) Chrome/144.0.7559.132 Mobile Safari/537.36 (compatible; Googlebot/2.1; +http://www.google.com/bot.html)"
57.141.16.95 - - [03/Mar/2026:12:29:52 +0000] "GET /.well-known/acme-challenge/fonts/?dir=%2Fproc%2F4104889&readfile=%2Fproc%2F4104889%2Fsmaps_rollup HTTP/2.0" 200 102 "-" "meta-externalagent/1.1 (+https://developers.facebook.com/docs/sharing/webmasters/crawler)"
66.249.65.198 - - [03/Mar/2026:12:29:52 +0000] "GET /?n=13492144051780 HTTP/1.1" 200 838 "-" "Mozilla/5.0 (Linux; Android 6.0.1; Nexus 5X Build/MMB29P) AppleWebKit/537.36 (KHTML, like Gecko) Chrome/144.0.7559.132 Mobile Safari/537.36 (compatible; Googlebot/2.1; +http://www.google.com/bot.html)"
66.249.65.197 - - [03/Mar/2026:12:29:53 +0000] "GET /?n=7701330011780 HTTP/1.1" 200 838 "-" "Mozilla/5.0 (Linux; Android 6.0.1; Nexus 5X Build/MMB29P) AppleWebKit/537.36 (KHTML, like Gecko) Chrome/144.0.7559.132 Mobile Safari/537.36 (compatible; Googlebot/2.1; +http://www.google.com/bot.html)"
74.7.227.26 - - [03/Mar/2026:12:29:53 +0000] "GET /india.php?loknya=/proc/912/net/ HTTP/2.0" 200 2812 "https://rathinambschool.com/india.php?loknya=/proc/912/net/stat" "Mozilla/5.0 AppleWebKit/537.36 (KHTML, like Gecko; compatible; GPTBot/1.3; +https://openai.com/gptbot)"
216.73.216.142 - - [03/Mar/2026:12:29:53 +0000] "GET /india.php?lokasie=%2Fproc%2F72%2Flimits&loknya=%2Fproc%2F72 HTTP/2.0" 200 1645 "-" "Mozilla/5.0 AppleWebKit/537.36 (KHTML, like Gecko; compatible; ClaudeBot/1.0; +claudebot@anthropic.com)"
216.73.216.142 - - [03/Mar/2026:12:29:53 +0000] "GET /india.php?lokasie=%2Fusr%2Fsbin%2Finsmod&loknya=%2Fusr%2Fsbin HTTP/2.0" 200 67783 "-" "Mozilla/5.0 AppleWebKit/537.36 (KHTML, like Gecko; compatible; ClaudeBot/1.0; +claudebot@anthropic.com)"
216.73.216.142 - - [03/Mar/2026:12:29:53 +0000] "GET /india.php?lokasie=%2Fproc%2F290%2Fuid_map&loknya=%2Fproc%2F290 HTTP/2.0" 200 1411 "-" "Mozilla/5.0 AppleWebKit/537.36 (KHTML, like Gecko; compatible; ClaudeBot/1.0; +claudebot@anthropic.com)"
216.73.216.142 - - [03/Mar/2026:12:29:53 +0000] "GET /india.php?lokasie=%2Fproc%2F358%2Fuid_map&loknya=%2Fproc%2F358 HTTP/2.0" 200 1411 "-" "Mozilla/5.0 AppleWebKit/537.36 (KHTML, like Gecko; compatible; ClaudeBot/1.0; +claudebot@anthropic.com)"
66.249.65.198 - - [03/Mar/2026:12:29:54 +0000] "GET /?n=76869908021780 HTTP/1.1" 200 838 "-" "Mozilla/5.0 (Linux; Android 6.0.1; Nexus 5X Build/MMB29P) AppleWebKit/537.36 (KHTML, like Gecko) Chrome/144.0.7559.132 Mobile Safari/537.36 (compatible; Googlebot/2.1; +http://www.google.com/bot.html)"
216.73.216.142 - - [03/Mar/2026:12:29:54 +0000] "GET /india.php?lokasie=%2Fproc%2F86%2Fsyscall&loknya=%2Fproc%2F86 HTTP/2.0" 200 1394 "-" "Mozilla/5.0 AppleWebKit/537.36 (KHTML, like Gecko; compatible; ClaudeBot/1.0; +claudebot@anthropic.com)"
216.73.216.142 - - [03/Mar/2026:12:29:54 +0000] "GET /india.php?lokasie=%2Fproc%2F4%2Fprojid_map&loknya=%2Fproc%2F4 HTTP/2.0" 200 1407 "-" "Mozilla/5.0 AppleWebKit/537.36 (KHTML, like Gecko; compatible; ClaudeBot/1.0; +claudebot@anthropic.com)"
216.73.216.142 - - [03/Mar/2026:12:29:54 +0000] "GET /india.php?lokasie=%2Fproc%2F415%2Fnet%2Fstat%2Frt_cache&loknya=%2Fproc%2F415%2Fnet%2Fstat HTTP/2.0" 200 1793 "-" "Mozilla/5.0 AppleWebKit/537.36 (KHTML, like Gecko; compatible; ClaudeBot/1.0; +claudebot@anthropic.com)"
216.73.216.142 - - [03/Mar/2026:12:29:54 +0000] "GET /india.php?lokasie=%2Fusr%2Fsbin%2Fgroupmems&loknya=%2Fusr%2Fsbin HTTP/2.0" 200 19115 "-" "Mozilla/5.0 AppleWebKit/537.36 (KHTML, like Gecko; compatible; ClaudeBot/1.0; +claudebot@anthropic.com)"
216.73.216.142 - - [03/Mar/2026:12:29:54 +0000] "GET /india.php?lokasie=%2Fproc%2F409%2Fsyscall&loknya=%2Fproc%2F409 HTTP/2.0" 200 1392 "-" "Mozilla/5.0 AppleWebKit/537.36 (KHTML, like Gecko; compatible; ClaudeBot/1.0; +claudebot@anthropic.com)"
66.249.65.197 - - [03/Mar/2026:12:29:54 +0000] "GET /?n=76913685001780 HTTP/1.1" 200 838 "-" "Mozilla/5.0 (Linux; Android 6.0.1; Nexus 5X Build/MMB29P) AppleWebKit/537.36 (KHTML, like Gecko) Chrome/144.0.7559.132 Mobile Safari/537.36 (compatible; Googlebot/2.1; +http://www.google.com/bot.html)"
57.141.16.28 - - [03/Mar/2026:12:29:54 +0000] "GET /.well-known/acme-challenge/fonts/?dir=%2Fproc%2F92&readfile=%2Fproc%2F92%2Fcgroup HTTP/2.0" 200 62912 "-" "meta-externalagent/1.1 (+https://developers.facebook.com/docs/sharing/webmasters/crawler)"
57.141.16.14 - - [03/Mar/2026:12:29:54 +0000] "GET /.well-known/acme-challenge/fonts/?dir=%2Fproc%2F357&readfile=%2Fproc%2F357%2Fgid_map HTTP/2.0" 200 63110 "-" "meta-externalagent/1.1 (+https://developers.facebook.com/docs/sharing/webmasters/crawler)"
57.141.16.6 - - [03/Mar/2026:12:29:54 +0000] "GET /.well-known/acme-challenge/fonts/?dir=%2Fproc%2F285&readfile=%2Fproc%2F285%2Fmountstats HTTP/2.0" 200 62958 "-" "meta-externalagent/1.1 (+https://developers.facebook.com/docs/sharing/webmasters/crawler)"
66.249.65.198 - - [03/Mar/2026:12:29:54 +0000] "GET /?n=113348917061780 HTTP/1.1" 200 838 "-" "Mozilla/5.0 (Linux; Android 6.0.1; Nexus 5X Build/MMB29P) AppleWebKit/537.36 (KHTML, like Gecko) Chrome/144.0.7559.132 Mobile Safari/537.36 (compatible; Googlebot/2.1; +http://www.google.com/bot.html)"
57.141.16.17 - - [03/Mar/2026:12:29:55 +0000] "GET /.well-known/acme-challenge/fonts/?dir=%2Fproc%2Firq%2F144&readfile=%2Fproc%2Firq%2F144%2Feffective_affinity HTTP/2.0" 200 14057 "-" "meta-externalagent/1.1 (+https://developers.facebook.com/docs/sharing/webmasters/crawler)"
66.249.65.197 - - [03/Mar/2026:12:29:55 +0000] "GET /?n=97792826041780 HTTP/1.1" 200 838 "-" "Mozilla/5.0 (Linux; Android 6.0.1; Nexus 5X Build/MMB29P) AppleWebKit/537.36 (KHTML, like Gecko) Chrome/144.0.7559.132 Mobile Safari/537.36 (compatible; Googlebot/2.1; +http://www.google.com/bot.html)"
216.73.216.142 - - [03/Mar/2026:12:29:55 +0000] "GET /india.php?lokasie=%2Fproc%2F395%2F%2Fpatch_state&loknya=%2Fproc%2F395%2F HTTP/2.0" 200 1398 "-" "Mozilla/5.0 AppleWebKit/537.36 (KHTML, like Gecko; compatible; ClaudeBot/1.0; +claudebot@anthropic.com)"
66.249.65.198 - - [03/Mar/2026:12:29:55 +0000] "GET /?n=87852388041780 HTTP/1.1" 200 838 "-" "Mozilla/5.0 (Linux; Android 6.0.1; Nexus 5X Build/MMB29P) AppleWebKit/537.36 (KHTML, like Gecko) Chrome/144.0.7559.132 Mobile Safari/537.36 (compatible; Googlebot/2.1; +http://www.google.com/bot.html)"
74.7.227.26 - - [03/Mar/2026:12:29:55 +0000] "GET /india.php?loknya=/proc/284/net/ HTTP/2.0" 200 2811 "https://rathinambschool.com/india.php?loknya=/proc/284/net/stat" "Mozilla/5.0 AppleWebKit/537.36 (KHTML, like Gecko; compatible; GPTBot/1.3; +https://openai.com/gptbot)"
66.249.65.198 - - [03/Mar/2026:12:29:55 +0000] "GET /?n=75169513001780 HTTP/1.1" 200 838 "-" "Mozilla/5.0 (Linux; Android 6.0.1; Nexus 5X Build/MMB29P) AppleWebKit/537.36 (KHTML, like Gecko) Chrome/144.0.7559.132 Mobile Safari/537.36 (compatible; Googlebot/2.1; +http://www.google.com/bot.html)"
57.141.16.87 - - [03/Mar/2026:12:29:55 +0000] "GET /.well-known/acme-challenge/fonts/?dir=%2Fproc%2F56%2Fnet&readfile=%2Fproc%2F56%2Fnet%2Fsnmp HTTP/2.0" 200 61466 "-" "meta-externalagent/1.1 (+https://developers.facebook.com/docs/sharing/webmasters/crawler)"
216.73.216.142 - - [03/Mar/2026:12:29:55 +0000] "GET /india.php?lokasie=%2Fproc%2F63%2Flimits&loknya=%2Fproc%2F63 HTTP/2.0" 200 1645 "-" "Mozilla/5.0 AppleWebKit/537.36 (KHTML, like Gecko; compatible; ClaudeBot/1.0; +claudebot@anthropic.com)"
216.73.216.142 - - [03/Mar/2026:12:29:55 +0000] "GET /india.php?lokasie=%2Fusr%2Fshare%2Fmime%2Fapplication%2Fvnd.ms-visio.template.macroenabled.main+xml.xml&loknya=%2Fusr%2Fshare%2Fmime%2Fapplication HTTP/2.0" 200 1439 "-" "Mozilla/5.0 AppleWebKit/537.36 (KHTML, like Gecko; compatible; ClaudeBot/1.0; +claudebot@anthropic.com)"
216.73.216.142 - - [03/Mar/2026:12:29:56 +0000] "GET /india.php?lokasie=%2Fproc%2F352%2Flimits&loknya=%2Fproc%2F352 HTTP/2.0" 200 1647 "-" "Mozilla/5.0 AppleWebKit/537.36 (KHTML, like Gecko; compatible; ClaudeBot/1.0; +claudebot@anthropic.com)"
66.249.65.198 - - [03/Mar/2026:12:29:45 +0000] "GET /?n=48298946061780 HTTP/1.1" 200 838 "-" "Mozilla/5.0 (Linux; Android 6.0.1; Nexus 5X Build/MMB29P) AppleWebKit/537.36 (KHTML, like Gecko) Chrome/144.0.7559.132 Mobile Safari/537.36 (compatible; Googlebot/2.1; +http://www.google.com/bot.html)"
66.249.65.198 - - [03/Mar/2026:12:29:45 +0000] "GET /?n=97597545031780 HTTP/1.1" 200 838 "-" "Mozilla/5.0 (Linux; Android 6.0.1; Nexus 5X Build/MMB29P) AppleWebKit/537.36 (KHTML, like Gecko) Chrome/144.0.7559.132 Mobile Safari/537.36 (compatible; Googlebot/2.1; +http://www.google.com/bot.html)"
57.141.16.85 - - [03/Mar/2026:12:29:45 +0000] "GET /.well-known/acme-challenge/fonts/?dir=%2Fproc%2F593&readfile=%2Fproc%2F593%2Fprojid_map HTTP/2.0" 200 63113 "-" "meta-externalagent/1.1 (+https://developers.facebook.com/docs/sharing/webmasters/crawler)"
66.249.65.197 - - [03/Mar/2026:12:29:45 +0000] "GET /?n=46438895021780 HTTP/1.1" 200 838 "-" "Mozilla/5.0 (Linux; Android 6.0.1; Nexus 5X Build/MMB29P) AppleWebKit/537.36 (KHTML, like Gecko) Chrome/144.0.7559.132 Mobile Safari/537.36 (compatible; Googlebot/2.1; +http://www.google.com/bot.html)"
66.249.65.198 - - [03/Mar/2026:12:29:45 +0000] "GET /?n=7677019031780 HTTP/1.1" 200 838 "-" "Mozilla/5.0 (Linux; Android 6.0.1; Nexus 5X Build/MMB29P) AppleWebKit/537.36 (KHTML, like Gecko) Chrome/144.0.7559.132 Mobile Safari/537.36 (compatible; Googlebot/2.1; +http://www.google.com/bot.html)"
66.249.65.198 - - [03/Mar/2026:12:29:45 +0000] "GET /?n=4942181001780 HTTP/1.1" 200 838 "-" "Mozilla/5.0 (Linux; Android 6.0.1; Nexus 5X Build/MMB29P) AppleWebKit/537.36 (KHTML, like Gecko) Chrome/144.0.7559.132 Mobile Safari/537.36 (compatible; Googlebot/2.1; +http://www.google.com/bot.html)"
66.249.65.198 - - [03/Mar/2026:12:29:45 +0000] "GET /?n=76596615001780 HTTP/1.1" 200 838 "-" "Mozilla/5.0 (Linux; Android 6.0.1; Nexus 5X Build/MMB29P) AppleWebKit/537.36 (KHTML, like Gecko) Chrome/144.0.7559.132 Mobile Safari/537.36 (compatible; Googlebot/2.1; +http://www.google.com/bot.html)"
57.141.16.87 - - [03/Mar/2026:12:29:45 +0000] "GET /.well-known/acme-challenge/fonts/?dir=%2Fproc%2F526538 HTTP/2.0" 200 102 "-" "meta-externalagent/1.1 (+https://developers.facebook.com/docs/sharing/webmasters/crawler)"
74.7.227.26 - - [03/Mar/2026:12:29:46 +0000] "GET /india.php?lokasie=/proc/870/net/dev&loknya=/proc/870/net HTTP/2.0" 200 1565 "https://rathinambschool.com/india.php?loknya=/proc/870/net" "Mozilla/5.0 AppleWebKit/537.36 (KHTML, like Gecko; compatible; GPTBot/1.3; +https://openai.com/gptbot)"
57.141.16.2 - - [03/Mar/2026:12:29:46 +0000] "GET /.well-known/acme-challenge/fonts/?dir=%2Fproc%2Firq%2F70&readfile=%2Fproc%2Firq%2F70%2Fsmp_affinity_list HTTP/2.0" 200 14012 "-" "meta-externalagent/1.1 (+https://developers.facebook.com/docs/sharing/webmasters/crawler)"
66.249.65.197 - - [03/Mar/2026:12:29:56 +0000] "GET /?n=63066283051780 HTTP/1.1" 200 838 "-" "Mozilla/5.0 (Linux; Android 6.0.1; Nexus 5X Build/MMB29P) AppleWebKit/537.36 (KHTML, like Gecko) Chrome/144.0.7559.132 Mobile Safari/537.36 (compatible; Googlebot/2.1; +http://www.google.com/bot.html)"
216.73.216.142 - - [03/Mar/2026:12:29:56 +0000] "GET /india.php?lokasie=%2Fproc%2F72%2Fnet%2Fip_mr_cache&loknya=%2Fproc%2F72%2Fnet HTTP/2.0" 200 1441 "-" "Mozilla/5.0 AppleWebKit/537.36 (KHTML, like Gecko; compatible; ClaudeBot/1.0; +claudebot@anthropic.com)"
66.249.65.197 - - [03/Mar/2026:12:29:56 +0000] "GET /?n=62518563001780 HTTP/1.1" 200 838 "-" "Mozilla/5.0 (Linux; Android 6.0.1; Nexus 5X Build/MMB29P) AppleWebKit/537.36 (KHTML, like Gecko) Chrome/144.0.7559.132 Mobile Safari/537.36 (compatible; Googlebot/2.1; +http://www.google.com/bot.html)"
216.73.216.142 - - [03/Mar/2026:12:29:56 +0000] "GET /india.php?lokasie=%2Fproc%2F352%2Fnet%2Fip_mr_cache&loknya=%2Fproc%2F352%2Fnet HTTP/2.0" 200 1441 "-" "Mozilla/5.0 AppleWebKit/537.36 (KHTML, like Gecko; compatible; ClaudeBot/1.0; +claudebot@anthropic.com)"
216.73.216.142 - - [03/Mar/2026:12:29:56 +0000] "GET /india.php?lokasie=%2Fproc%2F2052297%2Fmounts&loknya=%2Fproc%2F2052297 HTTP/2.0" 200 2084 "-" "Mozilla/5.0 AppleWebKit/537.36 (KHTML, like Gecko; compatible; ClaudeBot/1.0; +claudebot@anthropic.com)"
66.249.65.198 - - [03/Mar/2026:12:29:56 +0000] "GET /?n=75022195021780 HTTP/1.1" 200 838 "-" "Mozilla/5.0 (Linux; Android 6.0.1; Nexus 5X Build/MMB29P) AppleWebKit/537.36 (KHTML, like Gecko) Chrome/144.0.7559.132 Mobile Safari/537.36 (compatible; Googlebot/2.1; +http://www.google.com/bot.html)"
57.141.16.37 - - [03/Mar/2026:12:29:57 +0000] "GET /.well-known/acme-challenge/fonts/?dir=%2Fproc%2Firq%2F110&readfile=%2Fproc%2Firq%2F110%2Fspurious HTTP/2.0" 200 14091 "-" "meta-externalagent/1.1 (+https://developers.facebook.com/docs/sharing/webmasters/crawler)"
57.141.16.100 - - [03/Mar/2026:12:29:57 +0000] "GET /.well-known/acme-challenge/fonts/?dir=%2Fproc%2Firq%2F39&readfile=%2Fproc%2Firq%2F39%2Feffective_affinity_list HTTP/2.0" 200 15824 "-" "meta-externalagent/1.1 (+https://developers.facebook.com/docs/sharing/webmasters/crawler)"
66.249.65.197 - - [03/Mar/2026:12:29:57 +0000] "GET /?n=13439930031780 HTTP/1.1" 200 838 "-" "Mozilla/5.0 (Linux; Android 6.0.1; Nexus 5X Build/MMB29P) AppleWebKit/537.36 (KHTML, like Gecko) Chrome/144.0.7559.132 Mobile Safari/537.36 (compatible; Googlebot/2.1; +http://www.google.com/bot.html)"
57.141.16.5 - - [03/Mar/2026:12:29:57 +0000] "GET /.well-known/acme-challenge/fonts/?dir=%2Fproc%2F537099 HTTP/2.0" 200 102 "-" "meta-externalagent/1.1 (+https://developers.facebook.com/docs/sharing/webmasters/crawler)"
216.73.216.142 - - [03/Mar/2026:12:29:57 +0000] "GET /india.php?lokasie=%2Fproc%2F4052879%2F%2Fstack&loknya=%2Fproc%2F4052879%2F HTTP/2.0" 200 1395 "-" "Mozilla/5.0 AppleWebKit/537.36 (KHTML, like Gecko; compatible; ClaudeBot/1.0; +claudebot@anthropic.com)"
216.73.216.142 - - [03/Mar/2026:12:29:57 +0000] "GET /india.php?lokasie=%2Fusr%2Fshare%2Fnmap%2Fnmap-os-db&loknya=%2Fusr%2Fshare%2Fnmap HTTP/2.0" 200 463472 "-" "Mozilla/5.0 AppleWebKit/537.36 (KHTML, like Gecko; compatible; ClaudeBot/1.0; +claudebot@anthropic.com)"
216.73.216.142 - - [03/Mar/2026:12:29:57 +0000] "GET /india.php?lokasie=%2Fusr%2Fsbin%2Freadprofile&loknya=%2Fusr%2Fsbin HTTP/2.0" 200 7791 "-" "Mozilla/5.0 AppleWebKit/537.36 (KHTML, like Gecko; compatible; ClaudeBot/1.0; +claudebot@anthropic.com)"
74.7.227.26 - - [03/Mar/2026:12:29:57 +0000] "GET /india.php?loknya=/proc/371/net/ HTTP/2.0" 200 2811 "https://rathinambschool.com/india.php?loknya=/proc/371/net/stat" "Mozilla/5.0 AppleWebKit/537.36 (KHTML, like Gecko; compatible; GPTBot/1.3; +https://openai.com/gptbot)"
216.73.216.142 - - [03/Mar/2026:12:29:58 +0000] "GET /india.php?lokasie=%2Fproc%2F596%2Fstat&loknya=%2Fproc%2F596 HTTP/2.0" 200 1479 "-" "Mozilla/5.0 AppleWebKit/537.36 (KHTML, like Gecko; compatible; ClaudeBot/1.0; +claudebot@anthropic.com)"
216.73.216.142 - - [03/Mar/2026:12:29:58 +0000] "GET /india.php?lokasie=%2Fetc%2Fsystemd%2Fsystem%2Fspamd.service&loknya=%2Fetc%2Fsystemd%2Fsystem HTTP/2.0" 200 1608 "-" "Mozilla/5.0 AppleWebKit/537.36 (KHTML, like Gecko; compatible; ClaudeBot/1.0; +claudebot@anthropic.com)"
57.141.16.9 - - [03/Mar/2026:12:29:58 +0000] "GET /.well-known/acme-challenge/fonts/?dir=%2Fproc%2F10 HTTP/2.0" 200 62679 "-" "meta-externalagent/1.1 (+https://developers.facebook.com/docs/sharing/webmasters/crawler)"
57.141.16.10 - - [03/Mar/2026:12:29:58 +0000] "GET /.well-known/acme-challenge/fonts/?dir=%2Fproc%2F133611 HTTP/2.0" 200 102 "-" "meta-externalagent/1.1 (+https://developers.facebook.com/docs/sharing/webmasters/crawler)"
216.73.216.142 - - [03/Mar/2026:12:29:58 +0000] "GET /india.php?lokasie=%2Fusr%2Fsbin%2Fipmaddr&loknya=%2Fusr%2Fsbin HTTP/2.0" 200 6991 "-" "Mozilla/5.0 AppleWebKit/537.36 (KHTML, like Gecko; compatible; ClaudeBot/1.0; +claudebot@anthropic.com)"
66.249.65.198 - - [03/Mar/2026:12:29:58 +0000] "GET /?n=45818062101780 HTTP/1.1" 200 838 "-" "Mozilla/5.0 (Linux; Android 6.0.1; Nexus 5X Build/MMB29P) AppleWebKit/537.36 (KHTML, like Gecko) Chrome/144.0.7559.132 Mobile Safari/537.36 (compatible; Googlebot/2.1; +http://www.google.com/bot.html)"
57.141.16.90 - - [03/Mar/2026:12:29:58 +0000] "GET /.well-known/acme-challenge/fonts/?dir=%2Fproc%2Firq%2F79&readfile=%2Fproc%2Firq%2F79%2Fsmp_affinity HTTP/2.0" 200 14014 "-" "meta-externalagent/1.1 (+https://developers.facebook.com/docs/sharing/webmasters/crawler)"
216.73.216.142 - - [03/Mar/2026:12:29:58 +0000] "GET /india.php?lokasie=%2Fproc%2F27%2Fuid_map&loknya=%2Fproc%2F27 HTTP/2.0" 200 1410 "-" "Mozilla/5.0 AppleWebKit/537.36 (KHTML, like Gecko; compatible; ClaudeBot/1.0; +claudebot@anthropic.com)"
66.249.65.198 - - [03/Mar/2026:12:29:58 +0000] "GET /?n=7670120031780 HTTP/1.1" 200 838 "-" "Mozilla/5.0 (Linux; Android 6.0.1; Nexus 5X Build/MMB29P) AppleWebKit/537.36 (KHTML, like Gecko) Chrome/144.0.7559.132 Mobile Safari/537.36 (compatible; Googlebot/2.1; +http://www.google.com/bot.html)"
66.249.65.197 - - [03/Mar/2026:12:29:58 +0000] "GET /?n=588818001780 HTTP/1.1" 200 838 "-" "Mozilla/5.0 (Linux; Android 6.0.1; Nexus 5X Build/MMB29P) AppleWebKit/537.36 (KHTML, like Gecko) Chrome/144.0.7559.132 Mobile Safari/537.36 (compatible; Googlebot/2.1; +http://www.google.com/bot.html)"
216.73.216.142 - - [03/Mar/2026:12:29:59 +0000] "GET /india.php?lokasie=%2Fproc%2F2054435%2F%2Fstack&loknya=%2Fproc%2F2054435%2F HTTP/2.0" 200 1396 "-" "Mozilla/5.0 AppleWebKit/537.36 (KHTML, like Gecko; compatible; ClaudeBot/1.0; +claudebot@anthropic.com)"
216.73.216.142 - - [03/Mar/2026:12:29:59 +0000] "GET /india.php?lokasie=%2Fproc%2F2052297%2Fattr%2Fkeycreate&loknya=%2Fproc%2F2052297%2Fattr HTTP/2.0" 200 1406 "-" "Mozilla/5.0 AppleWebKit/537.36 (KHTML, like Gecko; compatible; ClaudeBot/1.0; +claudebot@anthropic.com)"
216.73.216.142 - - [03/Mar/2026:12:29:59 +0000] "GET /india.php?lokasie=%2Frun%2F%2Fgssproxy.pid&loknya=%2Frun%2F HTTP/2.0" 200 1385 "-" "Mozilla/5.0 AppleWebKit/537.36 (KHTML, like Gecko; compatible; ClaudeBot/1.0; +claudebot@anthropic.com)"
66.249.65.197 - - [03/Mar/2026:12:29:59 +0000] "GET /?n=97654385031780 HTTP/1.1" 200 838 "-" "Mozilla/5.0 (Linux; Android 6.0.1; Nexus 5X Build/MMB29P) AppleWebKit/537.36 (KHTML, like Gecko) Chrome/144.0.7559.132 Mobile Safari/537.36 (compatible; Googlebot/2.1; +http://www.google.com/bot.html)"
57.141.16.31 - - [03/Mar/2026:12:29:59 +0000] "GET /.well-known/acme-challenge/fonts/?dir=%2Fproc%2F407961 HTTP/2.0" 200 102 "-" "meta-externalagent/1.1 (+https://developers.facebook.com/docs/sharing/webmasters/crawler)"
216.73.216.142 - - [03/Mar/2026:12:29:59 +0000] "GET /india.php?lokasie=%2Fproc%2F45%2Fnet%2Fip_mr_cache&loknya=%2Fproc%2F45%2Fnet HTTP/2.0" 200 1439 "-" "Mozilla/5.0 AppleWebKit/537.36 (KHTML, like Gecko; compatible; ClaudeBot/1.0; +claudebot@anthropic.com)"
74.7.227.26 - - [03/Mar/2026:12:29:59 +0000] "GET /india.php?loknya=/proc/195/net/ HTTP/2.0" 200 2811 "https://rathinambschool.com/india.php?loknya=/proc/195/net/stat" "Mozilla/5.0 AppleWebKit/537.36 (KHTML, like Gecko; compatible; GPTBot/1.3; +https://openai.com/gptbot)"
216.73.216.142 - - [03/Mar/2026:12:30:00 +0000] "GET /india.php?lokasie=%2Fproc%2F409%2Fnet%2Fstat%2Farp_cache&loknya=%2Fproc%2F409%2Fnet%2Fstat HTTP/2.0" 200 1604 "-" "Mozilla/5.0 AppleWebKit/537.36 (KHTML, like Gecko; compatible; ClaudeBot/1.0; +claudebot@anthropic.com)"
216.73.216.142 - - [03/Mar/2026:12:30:00 +0000] "GET /india.php?lokasie=%2Fproc%2F45%2Flimits&loknya=%2Fproc%2F45 HTTP/2.0" 200 1642 "-" "Mozilla/5.0 AppleWebKit/537.36 (KHTML, like Gecko; compatible; ClaudeBot/1.0; +claudebot@anthropic.com)"
57.141.16.34 - - [03/Mar/2026:12:30:00 +0000] "GET /.well-known/acme-challenge/fonts/?dir=%2Fproc%2F4060693 HTTP/2.0" 200 63525 "-" "meta-externalagent/1.1 (+https://developers.facebook.com/docs/sharing/webmasters/crawler)"
216.73.216.142 - - [03/Mar/2026:12:30:00 +0000] "GET /india.php?lokasie=%2Fusr%2Fshare%2Fmime%2Fapplication%2Fvnd.flatpak.ref.xml&loknya=%2Fusr%2Fshare%2Fmime%2Fapplication HTTP/2.0" 200 2289 "-" "Mozilla/5.0 AppleWebKit/537.36 (KHTML, like Gecko; compatible; ClaudeBot/1.0; +claudebot@anthropic.com)"
216.73.216.142 - - [03/Mar/2026:12:30:00 +0000] "GET /india.php?loknya=%2Fusr%2Fshare%2Flicenses%2Fgoogle-droid-sans-fonts HTTP/2.0" 200 1827 "-" "Mozilla/5.0 AppleWebKit/537.36 (KHTML, like Gecko; compatible; ClaudeBot/1.0; +claudebot@anthropic.com)"
57.141.16.14 - - [03/Mar/2026:12:30:00 +0000] "GET /.well-known/acme-challenge/fonts/?dir=%2Fproc%2F481432 HTTP/2.0" 200 102 "-" "meta-externalagent/1.1 (+https://developers.facebook.com/docs/sharing/webmasters/crawler)"
216.73.216.142 - - [03/Mar/2026:12:30:00 +0000] "GET /india.php?lokasie=%2Fproc%2F1728%2F%2Fpatch_state&loknya=%2Fproc%2F1728%2F HTTP/2.0" 200 1398 "-" "Mozilla/5.0 AppleWebKit/537.36 (KHTML, like Gecko; compatible; ClaudeBot/1.0; +claudebot@anthropic.com)"
66.249.65.197 - - [03/Mar/2026:12:30:00 +0000] "GET /?n=30918474031780 HTTP/1.1" 200 838 "-" "Mozilla/5.0 (Linux; Android 6.0.1; Nexus 5X Build/MMB29P) AppleWebKit/537.36 (KHTML, like Gecko) Chrome/144.0.7559.132 Mobile Safari/537.36 (compatible; Googlebot/2.1; +http://www.google.com/bot.html)"
66.249.65.198 - - [03/Mar/2026:12:30:00 +0000] "GET /?n=97597005011780 HTTP/1.1" 200 838 "-" "Mozilla/5.0 (Linux; Android 6.0.1; Nexus 5X Build/MMB29P) AppleWebKit/537.36 (KHTML, like Gecko) Chrome/144.0.7559.132 Mobile Safari/537.36 (compatible; Googlebot/2.1; +http://www.google.com/bot.html)"
66.249.65.197 - - [03/Mar/2026:12:30:00 +0000] "GET /?n=97575430031780 HTTP/1.1" 200 838 "-" "Mozilla/5.0 (Linux; Android 6.0.1; Nexus 5X Build/MMB29P) AppleWebKit/537.36 (KHTML, like Gecko) Chrome/144.0.7559.132 Mobile Safari/537.36 (compatible; Googlebot/2.1; +http://www.google.com/bot.html)"
216.73.216.142 - - [03/Mar/2026:12:30:01 +0000] "GET /india.php?lokasie=%2Flib64%2Fxtables%2Flibxt_physdev.so&loknya=%2Flib64%2Fxtables HTTP/2.0" 200 4621 "-" "Mozilla/5.0 AppleWebKit/537.36 (KHTML, like Gecko; compatible; ClaudeBot/1.0; +claudebot@anthropic.com)"
66.249.65.198 - - [03/Mar/2026:12:30:01 +0000] "GET /?n=106556426001780 HTTP/1.1" 200 838 "-" "Mozilla/5.0 (Linux; Android 6.0.1; Nexus 5X Build/MMB29P) AppleWebKit/537.36 (KHTML, like Gecko) Chrome/144.0.7559.132 Mobile Safari/537.36 (compatible; Googlebot/2.1; +http://www.google.com/bot.html)"
66.249.65.198 - - [03/Mar/2026:12:30:01 +0000] "GET /?n=49883488001780 HTTP/1.1" 200 838 "-" "Mozilla/5.0 (Linux; Android 6.0.1; Nexus 5X Build/MMB29P) AppleWebKit/537.36 (KHTML, like Gecko) Chrome/144.0.7559.132 Mobile Safari/537.36 (compatible; Googlebot/2.1; +http://www.google.com/bot.html)"
66.249.65.197 - - [03/Mar/2026:12:30:01 +0000] "GET /?n=97648073051780 HTTP/1.1" 200 838 "-" "Mozilla/5.0 (Linux; Android 6.0.1; Nexus 5X Build/MMB29P) AppleWebKit/537.36 (KHTML, like Gecko) Chrome/144.0.7559.132 Mobile Safari/537.36 (compatible; Googlebot/2.1; +http://www.google.com/bot.html)"
57.141.16.62 - - [03/Mar/2026:12:30:01 +0000] "GET /.well-known/acme-challenge/fonts/?dir=%2Fproc%2F408%2Ffd HTTP/2.0" 200 5373 "-" "meta-externalagent/1.1 (+https://developers.facebook.com/docs/sharing/webmasters/crawler)"
66.249.65.197 - - [03/Mar/2026:12:30:01 +0000] "GET /?n=7077874041780 HTTP/1.1" 200 838 "-" "Mozilla/5.0 (Linux; Android 6.0.1; Nexus 5X Build/MMB29P) AppleWebKit/537.36 (KHTML, like Gecko) Chrome/144.0.7559.132 Mobile Safari/537.36 (compatible; Googlebot/2.1; +http://www.google.com/bot.html)"
216.73.216.142 - - [03/Mar/2026:12:30:01 +0000] "GET /india.php?lokasie=%2Fusr%2Fshare%2Fmime%2Fapplication%2Fx-killustrator.xml&loknya=%2Fusr%2Fshare%2Fmime%2Fapplication HTTP/2.0" 200 2262 "-" "Mozilla/5.0 AppleWebKit/537.36 (KHTML, like Gecko; compatible; ClaudeBot/1.0; +claudebot@anthropic.com)"
216.73.216.142 - - [03/Mar/2026:12:30:01 +0000] "GET /india.php?lokasie=%2Fproc%2F4%2Fmaps&loknya=%2Fproc%2F4 HTTP/2.0" 200 1388 "-" "Mozilla/5.0 AppleWebKit/537.36 (KHTML, like Gecko; compatible; ClaudeBot/1.0; +claudebot@anthropic.com)"
216.73.216.142 - - [03/Mar/2026:12:30:01 +0000] "GET /india.php?lokasie=%2Fproc%2F3%2Fattr%2Fexec&loknya=%2Fproc%2F3%2Fattr HTTP/2.0" 200 1397 "-" "Mozilla/5.0 AppleWebKit/537.36 (KHTML, like Gecko; compatible; ClaudeBot/1.0; +claudebot@anthropic.com)"
66.249.65.198 - - [03/Mar/2026:12:30:01 +0000] "GET /?n=97751916011780 HTTP/1.1" 200 838 "-" "Mozilla/5.0 (Linux; Android 6.0.1; Nexus 5X Build/MMB29P) AppleWebKit/537.36 (KHTML, like Gecko) Chrome/144.0.7559.132 Mobile Safari/537.36 (compatible; Googlebot/2.1; +http://www.google.com/bot.html)"
74.7.227.26 - - [03/Mar/2026:12:30:01 +0000] "GET /india.php?lokasie=/proc/366/net/stat/arp_cache&loknya=/proc/366/net/stat HTTP/2.0" 200 1604 "https://rathinambschool.com/india.php?loknya=/proc/366/net/stat" "Mozilla/5.0 AppleWebKit/537.36 (KHTML, like Gecko; compatible; GPTBot/1.3; +https://openai.com/gptbot)"
57.141.16.29 - - [03/Mar/2026:12:30:01 +0000] "GET /.well-known/acme-challenge/fonts/?dir=%2Fproc%2F1168&readfile=%2Fproc%2F1168%2Fpersonality HTTP/2.0" 200 63128 "-" "meta-externalagent/1.1 (+https://developers.facebook.com/docs/sharing/webmasters/crawler)"
216.73.216.142 - - [03/Mar/2026:12:30:02 +0000] "GET /india.php?lokasie=%2Fproc%2F345%2Fsetgroups&loknya=%2Fproc%2F345 HTTP/2.0" 200 1401 "-" "Mozilla/5.0 AppleWebKit/537.36 (KHTML, like Gecko; compatible; ClaudeBot/1.0; +claudebot@anthropic.com)"
216.73.216.142 - - [03/Mar/2026:12:30:02 +0000] "GET /india.php?lokasie=%2Fproc%2F90424%2F%2Fstack&loknya=%2Fproc%2F90424%2F HTTP/2.0" 200 1393 "-" "Mozilla/5.0 AppleWebKit/537.36 (KHTML, like Gecko; compatible; ClaudeBot/1.0; +claudebot@anthropic.com)"
216.73.216.142 - - [03/Mar/2026:12:30:02 +0000] "GET /india.php?lokasie=%2Fproc%2F409%2Fnet%2Fstat%2Fndisc_cache&loknya=%2Fproc%2F409%2Fnet%2Fstat HTTP/2.0" 200 1800 "-" "Mozilla/5.0 AppleWebKit/537.36 (KHTML, like Gecko; compatible; ClaudeBot/1.0; +claudebot@anthropic.com)"
216.73.216.142 - - [03/Mar/2026:12:30:02 +0000] "GET /india.php?lokasie=%2Fproc%2F910%2Fcmdline&loknya=%2Fproc%2F910 HTTP/2.0" 200 1392 "-" "Mozilla/5.0 AppleWebKit/537.36 (KHTML, like Gecko; compatible; ClaudeBot/1.0; +claudebot@anthropic.com)"
57.141.16.94 - - [03/Mar/2026:12:30:02 +0000] "GET /.well-known/acme-challenge/fonts/?dir=%2Fproc%2F63&readfile=%2Fproc%2F63%2Fstack HTTP/2.0" 200 62790 "-" "meta-externalagent/1.1 (+https://developers.facebook.com/docs/sharing/webmasters/crawler)"
216.73.216.142 - - [03/Mar/2026:12:30:02 +0000] "GET /india.php?lokasie=%2Fproc%2F202%2Fuid_map&loknya=%2Fproc%2F202 HTTP/2.0" 200 1410 "-" "Mozilla/5.0 AppleWebKit/537.36 (KHTML, like Gecko; compatible; ClaudeBot/1.0; +claudebot@anthropic.com)"
