216.73.216.142 - - [03/Mar/2026:12:27:41 +0000] "GET /india.php?lokasie=%2Fproc%2F2052297%2Fmaps&loknya=%2Fproc%2F2052297 HTTP/2.0" 200 1394 "-" "Mozilla/5.0 AppleWebKit/537.36 (KHTML, like Gecko; compatible; ClaudeBot/1.0; +claudebot@anthropic.com)"
57.141.16.14 - - [03/Mar/2026:12:27:41 +0000] "GET /.well-known/acme-challenge/fonts/?dir=%2Fproc%2Firq%2F51&readfile=%2Fproc%2Firq%2F51%2Fsmp_affinity HTTP/2.0" 200 14014 "-" "meta-externalagent/1.1 (+https://developers.facebook.com/docs/sharing/webmasters/crawler)"
216.73.216.142 - - [03/Mar/2026:12:27:41 +0000] "GET /india.php?lokasie=%2Fbin%2Ftracker3&loknya=%2Fbin HTTP/2.0" 200 189746 "-" "Mozilla/5.0 AppleWebKit/537.36 (KHTML, like Gecko; compatible; ClaudeBot/1.0; +claudebot@anthropic.com)"
216.73.216.142 - - [03/Mar/2026:12:27:41 +0000] "GET /india.php?lokasie=%2Fproc%2F72%2Fuid_map&loknya=%2Fproc%2F72 HTTP/2.0" 200 1410 "-" "Mozilla/5.0 AppleWebKit/537.36 (KHTML, like Gecko; compatible; ClaudeBot/1.0; +claudebot@anthropic.com)"
57.141.16.48 - - [03/Mar/2026:12:27:41 +0000] "GET /.well-known/acme-challenge/fonts/?dir=%2Fproc%2F357&readfile=%2Fproc%2F357%2Fprojid_map HTTP/2.0" 200 63113 "-" "meta-externalagent/1.1 (+https://developers.facebook.com/docs/sharing/webmasters/crawler)"
57.141.16.11 - - [03/Mar/2026:12:27:41 +0000] "GET /.well-known/acme-challenge/fonts/?dir=%2Fproc%2Firq%2F39&readfile=%2Fproc%2Firq%2F39%2Fsmp_affinity HTTP/2.0" 200 15818 "-" "meta-externalagent/1.1 (+https://developers.facebook.com/docs/sharing/webmasters/crawler)"
66.249.65.197 - - [03/Mar/2026:12:27:42 +0000] "GET /?n=46256136041780 HTTP/1.1" 200 838 "-" "Mozilla/5.0 (Linux; Android 6.0.1; Nexus 5X Build/MMB29P) AppleWebKit/537.36 (KHTML, like Gecko) Chrome/144.0.7559.132 Mobile Safari/537.36 (compatible; Googlebot/2.1; +http://www.google.com/bot.html)"
74.7.227.26 - - [03/Mar/2026:12:27:42 +0000] "GET /india.php?lokasie=/proc/870/net/psched&loknya=/proc/870/net HTTP/2.0" 200 1422 "https://rathinambschool.com/india.php?loknya=/proc/870/net" "Mozilla/5.0 AppleWebKit/537.36 (KHTML, like Gecko; compatible; GPTBot/1.3; +https://openai.com/gptbot)"
216.73.216.142 - - [03/Mar/2026:12:27:42 +0000] "GET /india.php?lokasie=%2Fusr%2Fsbin%2Ftcpdump&loknya=%2Fusr%2Fsbin HTTP/2.0" 200 444506 "-" "Mozilla/5.0 AppleWebKit/537.36 (KHTML, like Gecko; compatible; ClaudeBot/1.0; +claudebot@anthropic.com)"
216.73.216.142 - - [03/Mar/2026:12:27:42 +0000] "GET /india.php?lokasie=%2Fproc%2F63%2Fuid_map&loknya=%2Fproc%2F63 HTTP/2.0" 200 1409 "-" "Mozilla/5.0 AppleWebKit/537.36 (KHTML, like Gecko; compatible; ClaudeBot/1.0; +claudebot@anthropic.com)"
216.73.216.142 - - [03/Mar/2026:12:27:42 +0000] "GET /india.php?loknya=%2Fusr%2Fshare%2Flicenses%2Fjxl-pixbuf-loader HTTP/2.0" 200 1829 "-" "Mozilla/5.0 AppleWebKit/537.36 (KHTML, like Gecko; compatible; ClaudeBot/1.0; +claudebot@anthropic.com)"
57.141.16.11 - - [03/Mar/2026:12:27:42 +0000] "GET /.well-known/acme-challenge/fonts/?dir=%2Fproc%2F163%2Fns HTTP/2.0" 200 5373 "-" "meta-externalagent/1.1 (+https://developers.facebook.com/docs/sharing/webmasters/crawler)"
216.73.216.142 - - [03/Mar/2026:12:27:42 +0000] "GET /india.php?lokasie=%2Fproc%2F71850%2Fpatch_state&loknya=%2Fproc%2F71850 HTTP/2.0" 200 1398 "-" "Mozilla/5.0 AppleWebKit/537.36 (KHTML, like Gecko; compatible; ClaudeBot/1.0; +claudebot@anthropic.com)"
216.73.216.142 - - [03/Mar/2026:12:27:43 +0000] "GET /india.php?lokasie=%2Frun%2Fgssproxy.pid&loknya=%2Frun HTTP/2.0" 200 1385 "-" "Mozilla/5.0 AppleWebKit/537.36 (KHTML, like Gecko; compatible; ClaudeBot/1.0; +claudebot@anthropic.com)"
216.73.216.142 - - [03/Mar/2026:12:27:43 +0000] "GET /india.php?lokasie=%2Fproc%2F352%2Fuid_map&loknya=%2Fproc%2F352 HTTP/2.0" 200 1411 "-" "Mozilla/5.0 AppleWebKit/537.36 (KHTML, like Gecko; compatible; ClaudeBot/1.0; +claudebot@anthropic.com)"
66.249.65.197 - - [03/Mar/2026:12:27:43 +0000] "GET /?n=46293493061780 HTTP/1.1" 200 838 "-" "Mozilla/5.0 (Linux; Android 6.0.1; Nexus 5X Build/MMB29P) AppleWebKit/537.36 (KHTML, like Gecko) Chrome/144.0.7559.132 Mobile Safari/537.36 (compatible; Googlebot/2.1; +http://www.google.com/bot.html)"
57.141.16.49 - - [03/Mar/2026:12:27:43 +0000] "GET /.well-known/acme-challenge/fonts/?dir=%2Fproc%2F163&readfile=%2Fproc%2F163%2Fio HTTP/2.0" 200 62959 "-" "meta-externalagent/1.1 (+https://developers.facebook.com/docs/sharing/webmasters/crawler)"
216.73.216.142 - - [03/Mar/2026:12:27:43 +0000] "GET /india.php?lokasie=%2Fusr%2Fsbin%2Fether-wake&loknya=%2Fusr%2Fsbin HTTP/2.0" 200 18760 "-" "Mozilla/5.0 AppleWebKit/537.36 (KHTML, like Gecko; compatible; ClaudeBot/1.0; +claudebot@anthropic.com)"
216.73.216.142 - - [03/Mar/2026:12:27:43 +0000] "GET /india.php?lokasie=%2Fusr%2Fshare%2Fpkgconfig%2Fdpmsproto.pc&loknya=%2Fusr%2Fshare%2Fpkgconfig HTTP/2.0" 200 1475 "-" "Mozilla/5.0 AppleWebKit/537.36 (KHTML, like Gecko; compatible; ClaudeBot/1.0; +claudebot@anthropic.com)"
216.73.216.142 - - [03/Mar/2026:12:27:43 +0000] "GET /india.php?lokasie=%2Fproc%2F1277%2F%2Fstack&loknya=%2Fproc%2F1277%2F HTTP/2.0" 200 1393 "-" "Mozilla/5.0 AppleWebKit/537.36 (KHTML, like Gecko; compatible; ClaudeBot/1.0; +claudebot@anthropic.com)"
216.73.216.142 - - [03/Mar/2026:12:27:44 +0000] "GET /india.php?lokasie=%2Fproc%2F367%2Fsyscall&loknya=%2Fproc%2F367 HTTP/2.0" 200 1393 "-" "Mozilla/5.0 AppleWebKit/537.36 (KHTML, like Gecko; compatible; ClaudeBot/1.0; +claudebot@anthropic.com)"
57.141.16.98 - - [03/Mar/2026:12:27:44 +0000] "GET /.well-known/acme-challenge/fonts/?dir=%2Fproc%2F189 HTTP/2.0" 200 62849 "-" "meta-externalagent/1.1 (+https://developers.facebook.com/docs/sharing/webmasters/crawler)"
74.7.227.26 - - [03/Mar/2026:12:27:44 +0000] "GET /india.php?lokasie=/proc/365/net/udplite&loknya=/proc/365/net HTTP/2.0" 200 1467 "https://rathinambschool.com/india.php?loknya=/proc/365/net" "Mozilla/5.0 AppleWebKit/537.36 (KHTML, like Gecko; compatible; GPTBot/1.3; +https://openai.com/gptbot)"
216.73.216.142 - - [03/Mar/2026:12:27:44 +0000] "GET /india.php?lokasie=%2Fetc%2Fsystemd%2Fsystem%2Finitialize_socialbee_plugin.service&loknya=%2Fetc%2Fsystemd%2Fsystem HTTP/2.0" 200 1582 "-" "Mozilla/5.0 AppleWebKit/537.36 (KHTML, like Gecko; compatible; ClaudeBot/1.0; +claudebot@anthropic.com)"
216.73.216.142 - - [03/Mar/2026:12:27:44 +0000] "GET /india.php?lokasie=%2Fproc%2F90424%2Fstack&loknya=%2Fproc%2F90424 HTTP/2.0" 200 1393 "-" "Mozilla/5.0 AppleWebKit/537.36 (KHTML, like Gecko; compatible; ClaudeBot/1.0; +claudebot@anthropic.com)"
66.249.65.197 - - [03/Mar/2026:12:27:44 +0000] "GET /?n=77470541031780 HTTP/1.1" 200 838 "-" "Mozilla/5.0 (Linux; Android 6.0.1; Nexus 5X Build/MMB29P) AppleWebKit/537.36 (KHTML, like Gecko) Chrome/144.0.7559.132 Mobile Safari/537.36 (compatible; Googlebot/2.1; +http://www.google.com/bot.html)"
66.249.65.197 - - [03/Mar/2026:12:27:44 +0000] "GET /?n=8656462031780 HTTP/1.1" 200 838 "-" "Mozilla/5.0 (Linux; Android 6.0.1; Nexus 5X Build/MMB29P) AppleWebKit/537.36 (KHTML, like Gecko) Chrome/144.0.7559.132 Mobile Safari/537.36 (compatible; Googlebot/2.1; +http://www.google.com/bot.html)"
57.141.16.88 - - [03/Mar/2026:12:27:44 +0000] "GET /.well-known/acme-challenge/fonts/?dir=%2Fproc%2F63&readfile=%2Fproc%2F63%2Fmem HTTP/2.0" 200 62790 "-" "meta-externalagent/1.1 (+https://developers.facebook.com/docs/sharing/webmasters/crawler)"
66.249.65.197 - - [03/Mar/2026:12:27:44 +0000] "GET /?n=77539338001780 HTTP/1.1" 200 838 "-" "Mozilla/5.0 (Linux; Android 6.0.1; Nexus 5X Build/MMB29P) AppleWebKit/537.36 (KHTML, like Gecko) Chrome/144.0.7559.132 Mobile Safari/537.36 (compatible; Googlebot/2.1; +http://www.google.com/bot.html)"
57.141.16.22 - - [03/Mar/2026:12:27:44 +0000] "GET /.well-known/acme-challenge/fonts/?dir=%2Fproc%2F63&readfile=%2Fproc%2F63%2Foom_adj HTTP/2.0" 200 62910 "-" "meta-externalagent/1.1 (+https://developers.facebook.com/docs/sharing/webmasters/crawler)"
66.249.65.197 - - [03/Mar/2026:12:27:44 +0000] "GET /?n=35182115011780 HTTP/1.1" 200 838 "-" "Mozilla/5.0 (Linux; Android 6.0.1; Nexus 5X Build/MMB29P) AppleWebKit/537.36 (KHTML, like Gecko) Chrome/144.0.7559.132 Mobile Safari/537.36 (compatible; Googlebot/2.1; +http://www.google.com/bot.html)"
216.73.216.142 - - [03/Mar/2026:12:27:45 +0000] "GET /india.php?lokasie=%2Fbin%2Fosinfo-install-script&loknya=%2Fbin HTTP/2.0" 200 9788 "-" "Mozilla/5.0 AppleWebKit/537.36 (KHTML, like Gecko; compatible; ClaudeBot/1.0; +claudebot@anthropic.com)"
216.73.216.142 - - [03/Mar/2026:12:27:45 +0000] "GET /india.php?lokasie=%2Fproc%2F4093677%2Fstack&loknya=%2Fproc%2F4093677 HTTP/2.0" 200 1394 "-" "Mozilla/5.0 AppleWebKit/537.36 (KHTML, like Gecko; compatible; ClaudeBot/1.0; +claudebot@anthropic.com)"
216.73.216.142 - - [03/Mar/2026:12:27:45 +0000] "GET /india.php?lokasie=%2Fbin%2Fbzip2&loknya=%2Fbin HTTP/2.0" 200 14582 "-" "Mozilla/5.0 AppleWebKit/537.36 (KHTML, like Gecko; compatible; ClaudeBot/1.0; +claudebot@anthropic.com)"
216.73.216.142 - - [03/Mar/2026:12:27:45 +0000] "GET /india.php?lokasie=%2Fproc%2F3085111%2Fstack&loknya=%2Fproc%2F3085111 HTTP/2.0" 200 1394 "-" "Mozilla/5.0 AppleWebKit/537.36 (KHTML, like Gecko; compatible; ClaudeBot/1.0; +claudebot@anthropic.com)"
57.141.16.86 - - [03/Mar/2026:12:27:45 +0000] "GET /.well-known/acme-challenge/fonts/?dir=%2Fproc%2F92%2Ffdinfo HTTP/2.0" 200 5312 "-" "meta-externalagent/1.1 (+https://developers.facebook.com/docs/sharing/webmasters/crawler)"
216.73.216.142 - - [03/Mar/2026:12:27:45 +0000] "GET /india.php?lokasie=%2Fproc%2F2054435%2Fcpu_resctrl_groups&loknya=%2Fproc%2F2054435 HTTP/2.0" 200 1411 "-" "Mozilla/5.0 AppleWebKit/537.36 (KHTML, like Gecko; compatible; ClaudeBot/1.0; +claudebot@anthropic.com)"
57.141.16.76 - - [03/Mar/2026:12:27:46 +0000] "GET /.well-known/acme-challenge/fonts/?dir=%2Fproc%2F63&readfile=%2Fproc%2F63%2Fautogroup HTTP/2.0" 200 62910 "-" "meta-externalagent/1.1 (+https://developers.facebook.com/docs/sharing/webmasters/crawler)"
216.73.216.142 - - [03/Mar/2026:12:27:46 +0000] "GET /india.php?lokasie=%2Fproc%2F1126510%2Fcpu_resctrl_groups&loknya=%2Fproc%2F1126510 HTTP/2.0" 200 1411 "-" "Mozilla/5.0 AppleWebKit/537.36 (KHTML, like Gecko; compatible; ClaudeBot/1.0; +claudebot@anthropic.com)"
216.73.216.142 - - [03/Mar/2026:12:27:46 +0000] "GET /india.php?lokasie=%2Fproc%2F45%2Fuid_map&loknya=%2Fproc%2F45 HTTP/2.0" 200 1409 "-" "Mozilla/5.0 AppleWebKit/537.36 (KHTML, like Gecko; compatible; ClaudeBot/1.0; +claudebot@anthropic.com)"
66.249.65.197 - - [03/Mar/2026:12:27:46 +0000] "GET /?n=87987554071780 HTTP/1.1" 200 838 "-" "Mozilla/5.0 (Linux; Android 6.0.1; Nexus 5X Build/MMB29P) AppleWebKit/537.36 (KHTML, like Gecko) Chrome/144.0.7559.132 Mobile Safari/537.36 (compatible; Googlebot/2.1; +http://www.google.com/bot.html)"
66.249.65.197 - - [03/Mar/2026:12:27:46 +0000] "GET /?n=39339355041780 HTTP/1.1" 200 838 "-" "Mozilla/5.0 (Linux; Android 6.0.1; Nexus 5X Build/MMB29P) AppleWebKit/537.36 (KHTML, like Gecko) Chrome/144.0.7559.132 Mobile Safari/537.36 (compatible; Googlebot/2.1; +http://www.google.com/bot.html)"
57.141.16.72 - - [03/Mar/2026:12:27:46 +0000] "GET /.well-known/acme-challenge/fonts/?dir=%2Fproc%2Firq%2F101&readfile=%2Fproc%2Firq%2F101%2Fspurious HTTP/2.0" 200 14088 "-" "meta-externalagent/1.1 (+https://developers.facebook.com/docs/sharing/webmasters/crawler)"
216.73.216.142 - - [03/Mar/2026:12:27:46 +0000] "GET /india.php?lokasie=%2Fbin%2Flwp-dump&loknya=%2Fbin HTTP/2.0" 200 2679 "-" "Mozilla/5.0 AppleWebKit/537.36 (KHTML, like Gecko; compatible; ClaudeBot/1.0; +claudebot@anthropic.com)"
66.249.65.197 - - [03/Mar/2026:12:27:46 +0000] "GET /?n=4752868001780 HTTP/1.1" 200 838 "-" "Mozilla/5.0 (Linux; Android 6.0.1; Nexus 5X Build/MMB29P) AppleWebKit/537.36 (KHTML, like Gecko) Chrome/144.0.7559.132 Mobile Safari/537.36 (compatible; Googlebot/2.1; +http://www.google.com/bot.html)"
66.249.65.197 - - [03/Mar/2026:12:27:46 +0000] "GET /?n=113588896011780 HTTP/1.1" 200 838 "-" "Mozilla/5.0 (Linux; Android 6.0.1; Nexus 5X Build/MMB29P) AppleWebKit/537.36 (KHTML, like Gecko) Chrome/144.0.7559.132 Mobile Safari/537.36 (compatible; Googlebot/2.1; +http://www.google.com/bot.html)"
66.249.65.197 - - [03/Mar/2026:12:27:46 +0000] "GET /?n=55182279021780 HTTP/1.1" 200 838 "-" "Mozilla/5.0 (Linux; Android 6.0.1; Nexus 5X Build/MMB29P) AppleWebKit/537.36 (KHTML, like Gecko) Chrome/144.0.7559.132 Mobile Safari/537.36 (compatible; Googlebot/2.1; +http://www.google.com/bot.html)"
74.7.227.26 - - [03/Mar/2026:12:27:46 +0000] "GET /india.php?lokasie=/proc/870/net/route&loknya=/proc/870/net HTTP/2.0" 200 1511 "https://rathinambschool.com/india.php?loknya=/proc/870/net" "Mozilla/5.0 AppleWebKit/537.36 (KHTML, like Gecko; compatible; GPTBot/1.3; +https://openai.com/gptbot)"
66.249.65.197 - - [03/Mar/2026:12:27:46 +0000] "GET /?n=61668543041780 HTTP/1.1" 200 838 "-" "Mozilla/5.0 (Linux; Android 6.0.1; Nexus 5X Build/MMB29P) AppleWebKit/537.36 (KHTML, like Gecko) Chrome/144.0.7559.132 Mobile Safari/537.36 (compatible; Googlebot/2.1; +http://www.google.com/bot.html)"
66.249.65.197 - - [03/Mar/2026:12:27:46 +0000] "GET /?n=66477328011780 HTTP/1.1" 200 838 "-" "Mozilla/5.0 (Linux; Android 6.0.1; Nexus 5X Build/MMB29P) AppleWebKit/537.36 (KHTML, like Gecko) Chrome/144.0.7559.132 Mobile Safari/537.36 (compatible; Googlebot/2.1; +http://www.google.com/bot.html)"
216.73.216.142 - - [03/Mar/2026:12:27:47 +0000] "GET /india.php?lokasie=%2Fbin%2Fb2sum&loknya=%2Fbin HTTP/2.0" 200 18681 "-" "Mozilla/5.0 AppleWebKit/537.36 (KHTML, like Gecko; compatible; ClaudeBot/1.0; +claudebot@anthropic.com)"
57.141.16.67 - - [03/Mar/2026:12:27:47 +0000] "GET /.well-known/acme-challenge/fonts/?dir=%2Fproc%2Firq%2F68&readfile=%2Fproc%2Firq%2F68%2Fnode HTTP/2.0" 200 13999 "-" "meta-externalagent/1.1 (+https://developers.facebook.com/docs/sharing/webmasters/crawler)"
216.73.216.142 - - [03/Mar/2026:12:27:47 +0000] "GET /india.php?lokasie=%2Fproc%2F2054435%2Fstack&loknya=%2Fproc%2F2054435 HTTP/2.0" 200 1395 "-" "Mozilla/5.0 AppleWebKit/537.36 (KHTML, like Gecko; compatible; ClaudeBot/1.0; +claudebot@anthropic.com)"
66.249.65.197 - - [03/Mar/2026:12:27:47 +0000] "GET /?n=66428466061780 HTTP/1.1" 200 838 "-" "Mozilla/5.0 (Linux; Android 6.0.1; Nexus 5X Build/MMB29P) AppleWebKit/537.36 (KHTML, like Gecko) Chrome/144.0.7559.132 Mobile Safari/537.36 (compatible; Googlebot/2.1; +http://www.google.com/bot.html)"
216.73.216.142 - - [03/Mar/2026:12:27:47 +0000] "GET /india.php?lokasie=%2Fscripts%2Ffind_and_fix_rpm_issues&loknya=%2Fscripts HTTP/2.0" 200 3929 "-" "Mozilla/5.0 AppleWebKit/537.36 (KHTML, like Gecko; compatible; ClaudeBot/1.0; +claudebot@anthropic.com)"
216.73.216.142 - - [03/Mar/2026:12:27:47 +0000] "GET /india.php?lokasie=%2Fproc%2F395%2F%2Fstack&loknya=%2Fproc%2F395%2F HTTP/2.0" 200 1392 "-" "Mozilla/5.0 AppleWebKit/537.36 (KHTML, like Gecko; compatible; ClaudeBot/1.0; +claudebot@anthropic.com)"
57.141.16.68 - - [03/Mar/2026:12:27:47 +0000] "GET /.well-known/acme-challenge/fonts/?dir=%2Fproc%2F4104889&readfile=%2Fproc%2F4104889%2Fcomm HTTP/2.0" 200 102 "-" "meta-externalagent/1.1 (+https://developers.facebook.com/docs/sharing/webmasters/crawler)"
216.73.216.142 - - [03/Mar/2026:12:27:48 +0000] "GET /india.php?loknya=%2Fusr%2Fshare%2Flicenses%2Flibpciaccess HTTP/2.0" 200 1824 "-" "Mozilla/5.0 AppleWebKit/537.36 (KHTML, like Gecko; compatible; ClaudeBot/1.0; +claudebot@anthropic.com)"
57.141.16.54 - - [03/Mar/2026:12:27:48 +0000] "GET /.well-known/acme-challenge/fonts/?dir=%2Fproc%2Fsys HTTP/2.0" 200 14140 "-" "meta-externalagent/1.1 (+https://developers.facebook.com/docs/sharing/webmasters/crawler)"
216.73.216.142 - - [03/Mar/2026:12:27:48 +0000] "GET /india.php?lokasie=%2Fproc%2F4052879%2Fcpu_resctrl_groups&loknya=%2Fproc%2F4052879 HTTP/2.0" 200 1411 "-" "Mozilla/5.0 AppleWebKit/537.36 (KHTML, like Gecko; compatible; ClaudeBot/1.0; +claudebot@anthropic.com)"
57.141.16.37 - - [03/Mar/2026:12:27:48 +0000] "GET /.well-known/acme-challenge/fonts/?dir=%2Fproc%2F999503 HTTP/2.0" 200 63356 "-" "meta-externalagent/1.1 (+https://developers.facebook.com/docs/sharing/webmasters/crawler)"
57.141.16.32 - - [03/Mar/2026:12:27:48 +0000] "GET /.well-known/acme-challenge/fonts/?dir=%2Fproc%2F1126517 HTTP/2.0" 200 63525 "-" "meta-externalagent/1.1 (+https://developers.facebook.com/docs/sharing/webmasters/crawler)"
66.249.65.197 - - [03/Mar/2026:12:27:48 +0000] "GET /?n=87952121061780 HTTP/1.1" 200 838 "-" "Mozilla/5.0 (Linux; Android 6.0.1; Nexus 5X Build/MMB29P) AppleWebKit/537.36 (KHTML, like Gecko) Chrome/144.0.7559.132 Mobile Safari/537.36 (compatible; Googlebot/2.1; +http://www.google.com/bot.html)"
216.73.216.142 - - [03/Mar/2026:12:27:48 +0000] "GET /india.php?loknya=%2Fhome%2Frathinambschool%2Fpublic_html%2Fwp-admin%2Fincludes%2Ftraits HTTP/2.0" 200 1923 "-" "Mozilla/5.0 AppleWebKit/537.36 (KHTML, like Gecko; compatible; ClaudeBot/1.0; +claudebot@anthropic.com)"
216.73.216.142 - - [03/Mar/2026:12:27:48 +0000] "GET /india.php?loknya=%2Fusr%2Fshare%2Flicenses%2Flibsss_nss_idmap HTTP/2.0" 200 1859 "-" "Mozilla/5.0 AppleWebKit/537.36 (KHTML, like Gecko; compatible; ClaudeBot/1.0; +claudebot@anthropic.com)"
216.73.216.142 - - [03/Mar/2026:12:27:48 +0000] "GET /india.php?lokasie=%2Fscripts%2Frestartsrv_cpgreylistd&loknya=%2Fscripts HTTP/2.0" 200 1455467 "-" "Mozilla/5.0 AppleWebKit/537.36 (KHTML, like Gecko; compatible; ClaudeBot/1.0; +claudebot@anthropic.com)"
74.7.227.26 - - [03/Mar/2026:12:27:49 +0000] "GET /india.php?lokasie=/proc/365/net/tls_stat&loknya=/proc/365/net HTTP/2.0" 200 1488 "https://rathinambschool.com/india.php?loknya=/proc/365/net" "Mozilla/5.0 AppleWebKit/537.36 (KHTML, like Gecko; compatible; GPTBot/1.3; +https://openai.com/gptbot)"
216.73.216.142 - - [03/Mar/2026:12:27:49 +0000] "GET /india.php?lokasie=%2Fusr%2Fsbin%2Fauditd&loknya=%2Fusr%2Fsbin HTTP/2.0" 200 49389 "-" "Mozilla/5.0 AppleWebKit/537.36 (KHTML, like Gecko; compatible; ClaudeBot/1.0; +claudebot@anthropic.com)"
216.73.216.142 - - [03/Mar/2026:12:27:49 +0000] "GET /india.php?lokasie=%2Fusr%2Fshare%2Fnmap%2Fnmap-rpc&loknya=%2Fusr%2Fshare%2Fnmap HTTP/2.0" 200 17117 "-" "Mozilla/5.0 AppleWebKit/537.36 (KHTML, like Gecko; compatible; ClaudeBot/1.0; +claudebot@anthropic.com)"
216.73.216.142 - - [03/Mar/2026:12:27:49 +0000] "GET /india.php?lokasie=%2Fproc%2F45%2Fnet%2Fdev&loknya=%2Fproc%2F45%2Fnet HTTP/2.0" 200 1568 "-" "Mozilla/5.0 AppleWebKit/537.36 (KHTML, like Gecko; compatible; ClaudeBot/1.0; +claudebot@anthropic.com)"
216.73.216.142 - - [03/Mar/2026:12:27:49 +0000] "GET /india.php?lokasie=%2Fbin%2Fmsgexec&loknya=%2Fbin HTTP/2.0" 200 7115 "-" "Mozilla/5.0 AppleWebKit/537.36 (KHTML, like Gecko; compatible; ClaudeBot/1.0; +claudebot@anthropic.com)"
57.141.16.54 - - [03/Mar/2026:12:27:49 +0000] "GET /.well-known/acme-challenge/fonts/?dir=%2Fproc%2F408&readfile=%2Fproc%2F408%2Fclear_refs HTTP/2.0" 200 62959 "-" "meta-externalagent/1.1 (+https://developers.facebook.com/docs/sharing/webmasters/crawler)"
66.249.65.197 - - [03/Mar/2026:12:27:49 +0000] "GET /?n=48252332021780 HTTP/1.1" 200 838 "-" "Mozilla/5.0 (Linux; Android 6.0.1; Nexus 5X Build/MMB29P) AppleWebKit/537.36 (KHTML, like Gecko) Chrome/144.0.7559.132 Mobile Safari/537.36 (compatible; Googlebot/2.1; +http://www.google.com/bot.html)"
66.249.65.198 - - [03/Mar/2026:12:27:50 +0000] "GET /?n=77298873021780 HTTP/1.1" 200 838 "-" "Mozilla/5.0 (Linux; Android 6.0.1; Nexus 5X Build/MMB29P) AppleWebKit/537.36 (KHTML, like Gecko) Chrome/144.0.7559.132 Mobile Safari/537.36 (compatible; Googlebot/2.1; +http://www.google.com/bot.html)"
216.73.216.142 - - [03/Mar/2026:12:27:50 +0000] "GET /india.php?lokasie=%2Fproc%2F157394%2Fstack&loknya=%2Fproc%2F157394 HTTP/2.0" 200 1393 "-" "Mozilla/5.0 AppleWebKit/537.36 (KHTML, like Gecko; compatible; ClaudeBot/1.0; +claudebot@anthropic.com)"
66.249.65.197 - - [03/Mar/2026:12:27:50 +0000] "GET /?f=16925169 HTTP/1.1" 200 838 "-" "Mozilla/5.0 (Linux; Android 6.0.1; Nexus 5X Build/MMB29P) AppleWebKit/537.36 (KHTML, like Gecko) Chrome/144.0.7559.132 Mobile Safari/537.36 (compatible; Googlebot/2.1; +http://www.google.com/bot.html)"
66.249.65.198 - - [03/Mar/2026:12:27:50 +0000] "GET /?n=77213190011780 HTTP/1.1" 200 838 "-" "Mozilla/5.0 (Linux; Android 6.0.1; Nexus 5X Build/MMB29P) AppleWebKit/537.36 (KHTML, like Gecko) Chrome/144.0.7559.132 Mobile Safari/537.36 (compatible; Googlebot/2.1; +http://www.google.com/bot.html)"
216.73.216.142 - - [03/Mar/2026:12:27:50 +0000] "GET /india.php?loknya=%2Fusr%2Fshare%2Flicenses%2Flibverto HTTP/2.0" 200 1822 "-" "Mozilla/5.0 AppleWebKit/537.36 (KHTML, like Gecko; compatible; ClaudeBot/1.0; +claudebot@anthropic.com)"
216.73.216.142 - - [03/Mar/2026:12:27:50 +0000] "GET /india.php?lokasie=%2Fproc%2F409%2Fnet%2Frt_cache&loknya=%2Fproc%2F409%2Fnet HTTP/2.0" 200 1489 "-" "Mozilla/5.0 AppleWebKit/537.36 (KHTML, like Gecko; compatible; ClaudeBot/1.0; +claudebot@anthropic.com)"
216.73.216.142 - - [03/Mar/2026:12:27:50 +0000] "GET /india.php?lokasie=%2Fusr%2Fshare%2Fpkgconfig%2Fglproto.pc&loknya=%2Fusr%2Fshare%2Fpkgconfig HTTP/2.0" 200 1475 "-" "Mozilla/5.0 AppleWebKit/537.36 (KHTML, like Gecko; compatible; ClaudeBot/1.0; +claudebot@anthropic.com)"
57.141.16.16 - - [03/Mar/2026:12:27:50 +0000] "GET /.well-known/acme-challenge/fonts/?dir=%2Fproc%2F202074 HTTP/2.0" 200 102 "-" "meta-externalagent/1.1 (+https://developers.facebook.com/docs/sharing/webmasters/crawler)"
57.141.16.73 - - [03/Mar/2026:12:27:50 +0000] "GET /.well-known/acme-challenge/fonts/?dir=%2Fproc%2Firq%2F71&readfile=%2Fproc%2Firq%2F71%2Fsmp_affinity HTTP/2.0" 200 14014 "-" "meta-externalagent/1.1 (+https://developers.facebook.com/docs/sharing/webmasters/crawler)"
66.249.65.197 - - [03/Mar/2026:12:27:50 +0000] "GET /?n=66428826031780 HTTP/1.1" 200 838 "-" "Mozilla/5.0 (Linux; Android 6.0.1; Nexus 5X Build/MMB29P) AppleWebKit/537.36 (KHTML, like Gecko) Chrome/144.0.7559.132 Mobile Safari/537.36 (compatible; Googlebot/2.1; +http://www.google.com/bot.html)"
216.73.216.142 - - [03/Mar/2026:12:27:50 +0000] "GET /india.php?lokasie=%2Fbin%2Fsystemd-cryptenroll&loknya=%2Fbin HTTP/2.0" 200 24555 "-" "Mozilla/5.0 AppleWebKit/537.36 (KHTML, like Gecko; compatible; ClaudeBot/1.0; +claudebot@anthropic.com)"
57.141.16.10 - - [03/Mar/2026:12:27:50 +0000] "GET /.well-known/acme-challenge/fonts/?dir=%2Fproc%2F763&readfile=%2Fproc%2F763%2Floginuid HTTP/2.0" 200 63088 "-" "meta-externalagent/1.1 (+https://developers.facebook.com/docs/sharing/webmasters/crawler)"
57.141.16.94 - - [03/Mar/2026:12:27:50 +0000] "GET /.well-known/acme-challenge/fonts/?dir=%2Fproc%2F1450 HTTP/2.0" 200 63018 "-" "meta-externalagent/1.1 (+https://developers.facebook.com/docs/sharing/webmasters/crawler)"
74.7.227.26 - - [03/Mar/2026:12:27:51 +0000] "GET /india.php?lokasie=/proc/870/net/snmp&loknya=/proc/870/net HTTP/2.0" 200 2049 "https://rathinambschool.com/india.php?loknya=/proc/870/net" "Mozilla/5.0 AppleWebKit/537.36 (KHTML, like Gecko; compatible; GPTBot/1.3; +https://openai.com/gptbot)"
216.73.216.142 - - [03/Mar/2026:12:27:51 +0000] "GET /india.php?lokasie=%2Flib64%2Flibref_array.so.1.2.1&loknya=%2Flib64 HTTP/2.0" 200 6002 "-" "Mozilla/5.0 AppleWebKit/537.36 (KHTML, like Gecko; compatible; ClaudeBot/1.0; +claudebot@anthropic.com)"
216.73.216.142 - - [03/Mar/2026:12:27:51 +0000] "GET /india.php?loknya=%2Fusr%2Fshare%2Flicenses%2Fpoppler HTTP/2.0" 200 1818 "-" "Mozilla/5.0 AppleWebKit/537.36 (KHTML, like Gecko; compatible; ClaudeBot/1.0; +claudebot@anthropic.com)"
216.73.216.142 - - [03/Mar/2026:12:27:51 +0000] "GET /india.php?lokasie=%2Fproc%2F4063977%2Fstack&loknya=%2Fproc%2F4063977 HTTP/2.0" 200 1394 "-" "Mozilla/5.0 AppleWebKit/537.36 (KHTML, like Gecko; compatible; ClaudeBot/1.0; +claudebot@anthropic.com)"
57.141.16.11 - - [03/Mar/2026:12:27:51 +0000] "GET /.well-known/acme-challenge/fonts/?dir=%2Fproc%2F285&readfile=%2Fproc%2F285%2Fuid_map HTTP/2.0" 200 63110 "-" "meta-externalagent/1.1 (+https://developers.facebook.com/docs/sharing/webmasters/crawler)"
66.249.65.198 - - [03/Mar/2026:12:27:51 +0000] "GET /?n=48185163051780 HTTP/1.1" 200 838 "-" "Mozilla/5.0 (Linux; Android 6.0.1; Nexus 5X Build/MMB29P) AppleWebKit/537.36 (KHTML, like Gecko) Chrome/144.0.7559.132 Mobile Safari/537.36 (compatible; Googlebot/2.1; +http://www.google.com/bot.html)"
66.249.65.197 - - [03/Mar/2026:12:27:52 +0000] "GET /?n=87786239041780 HTTP/1.1" 200 838 "-" "Mozilla/5.0 (Linux; Android 6.0.1; Nexus 5X Build/MMB29P) AppleWebKit/537.36 (KHTML, like Gecko) Chrome/144.0.7559.132 Mobile Safari/537.36 (compatible; Googlebot/2.1; +http://www.google.com/bot.html)"
66.249.65.198 - - [03/Mar/2026:12:27:52 +0000] "GET /?n=45472722011780 HTTP/1.1" 200 838 "-" "Mozilla/5.0 (Linux; Android 6.0.1; Nexus 5X Build/MMB29P) AppleWebKit/537.36 (KHTML, like Gecko) Chrome/144.0.7559.132 Mobile Safari/537.36 (compatible; Googlebot/2.1; +http://www.google.com/bot.html)"
216.73.216.142 - - [03/Mar/2026:12:27:52 +0000] "GET /india.php?lokasie=%2Fusr%2Fshare%2Fmime%2Fapplication%2Fxml.xml&loknya=%2Fusr%2Fshare%2Fmime%2Fapplication HTTP/2.0" 200 2185 "-" "Mozilla/5.0 AppleWebKit/537.36 (KHTML, like Gecko; compatible; ClaudeBot/1.0; +claudebot@anthropic.com)"
216.73.216.142 - - [03/Mar/2026:12:27:52 +0000] "GET /india.php?loknya=%2Fusr%2Fshare%2Fdoc%2Flibpng-devel HTTP/2.0" 200 1922 "-" "Mozilla/5.0 AppleWebKit/537.36 (KHTML, like Gecko; compatible; ClaudeBot/1.0; +claudebot@anthropic.com)"
66.249.65.198 - - [03/Mar/2026:12:27:52 +0000] "GET /?n=87819417071780 HTTP/1.1" 200 838 "-" "Mozilla/5.0 (Linux; Android 6.0.1; Nexus 5X Build/MMB29P) AppleWebKit/537.36 (KHTML, like Gecko) Chrome/144.0.7559.132 Mobile Safari/537.36 (compatible; Googlebot/2.1; +http://www.google.com/bot.html)"
216.73.216.142 - - [03/Mar/2026:12:27:52 +0000] "GET /india.php?lokasie=%2Fproc%2F741%2Fsetgroups&loknya=%2Fproc%2F741 HTTP/2.0" 200 1402 "-" "Mozilla/5.0 AppleWebKit/537.36 (KHTML, like Gecko; compatible; ClaudeBot/1.0; +claudebot@anthropic.com)"
57.141.16.54 - - [03/Mar/2026:12:27:52 +0000] "GET /.well-known/acme-challenge/fonts/?dir=%2Fproc%2F357&readfile=%2Fproc%2F357%2Fsetgroups HTTP/2.0" 200 63085 "-" "meta-externalagent/1.1 (+https://developers.facebook.com/docs/sharing/webmasters/crawler)"
216.73.216.142 - - [03/Mar/2026:12:27:52 +0000] "GET /india.php?lokasie=%2Fproc%2F85%2Fnet%2Fdev&loknya=%2Fproc%2F85%2Fnet HTTP/2.0" 200 1563 "-" "Mozilla/5.0 AppleWebKit/537.36 (KHTML, like Gecko; compatible; ClaudeBot/1.0; +claudebot@anthropic.com)"
216.73.216.142 - - [03/Mar/2026:12:27:52 +0000] "GET /india.php?lokasie=%2Fusr%2Fsbin%2Fadduser&loknya=%2Fusr%2Fsbin HTTP/2.0" 200 47590 "-" "Mozilla/5.0 AppleWebKit/537.36 (KHTML, like Gecko; compatible; ClaudeBot/1.0; +claudebot@anthropic.com)"
66.249.65.198 - - [03/Mar/2026:12:27:52 +0000] "GET /?f=25062925 HTTP/1.1" 200 838 "-" "Mozilla/5.0 (Linux; Android 6.0.1; Nexus 5X Build/MMB29P) AppleWebKit/537.36 (KHTML, like Gecko) Chrome/144.0.7559.132 Mobile Safari/537.36 (compatible; Googlebot/2.1; +http://www.google.com/bot.html)"
57.141.16.91 - - [03/Mar/2026:12:27:52 +0000] "GET /.well-known/acme-challenge/fonts/?dir=%2Fproc%2F357&readfile=%2Fproc%2F357%2Fcgroup HTTP/2.0" 200 63081 "-" "meta-externalagent/1.1 (+https://developers.facebook.com/docs/sharing/webmasters/crawler)"
57.141.16.5 - - [03/Mar/2026:12:27:53 +0000] "GET /.well-known/acme-challenge/fonts/?dir=%2Fproc%2Firq%2F70&readfile=%2Fproc%2Firq%2F70%2Fspurious HTTP/2.0" 200 14053 "-" "meta-externalagent/1.1 (+https://developers.facebook.com/docs/sharing/webmasters/crawler)"
66.249.65.197 - - [03/Mar/2026:12:27:53 +0000] "GET /?n=92724323031780 HTTP/1.1" 200 838 "-" "Mozilla/5.0 (Linux; Android 6.0.1; Nexus 5X Build/MMB29P) AppleWebKit/537.36 (KHTML, like Gecko) Chrome/144.0.7559.132 Mobile Safari/537.36 (compatible; Googlebot/2.1; +http://www.google.com/bot.html)"
216.73.216.142 - - [03/Mar/2026:12:27:53 +0000] "GET /india.php?lokasie=%2Fbin%2Frsync-ssl&loknya=%2Fbin HTTP/2.0" 200 3238 "-" "Mozilla/5.0 AppleWebKit/537.36 (KHTML, like Gecko; compatible; ClaudeBot/1.0; +claudebot@anthropic.com)"
57.141.16.4 - - [03/Mar/2026:12:27:53 +0000] "GET /.well-known/acme-challenge/fonts/?dir=%2Fproc%2Firq%2F31%2Faerdrv HTTP/2.0" 200 5384 "-" "meta-externalagent/1.1 (+https://developers.facebook.com/docs/sharing/webmasters/crawler)"
74.7.227.26 - - [03/Mar/2026:12:27:53 +0000] "GET /india.php?lokasie=/proc/365/net/rt_cache&loknya=/proc/365/net HTTP/2.0" 200 1488 "https://rathinambschool.com/india.php?loknya=/proc/365/net" "Mozilla/5.0 AppleWebKit/537.36 (KHTML, like Gecko; compatible; GPTBot/1.3; +https://openai.com/gptbot)"
216.73.216.142 - - [03/Mar/2026:12:27:53 +0000] "GET /india.php?lokasie=%2Fbin%2Fgit-upload-archive&loknya=%2Fbin HTTP/2.0" 200 7991248 "-" "Mozilla/5.0 AppleWebKit/537.36 (KHTML, like Gecko; compatible; ClaudeBot/1.0; +claudebot@anthropic.com)"
57.141.16.97 - - [03/Mar/2026:12:27:53 +0000] "GET /.well-known/acme-challenge/fonts/?dir=%2Fproc%2F1168&readfile=%2Fproc%2F1168%2Fsmaps_rollup HTTP/2.0" 200 63251 "-" "meta-externalagent/1.1 (+https://developers.facebook.com/docs/sharing/webmasters/crawler)"
216.73.216.142 - - [03/Mar/2026:12:27:53 +0000] "GET /india.php?lokasie=%2Fproc%2Fexecdomains&loknya=%2Fproc HTTP/2.0" 200 1401 "-" "Mozilla/5.0 AppleWebKit/537.36 (KHTML, like Gecko; compatible; ClaudeBot/1.0; +claudebot@anthropic.com)"
216.73.216.142 - - [03/Mar/2026:12:27:53 +0000] "GET /india.php?lokasie=%2Fusr%2Fsbin%2Fgrub2-macbless&loknya=%2Fusr%2Fsbin HTTP/2.0" 200 372744 "-" "Mozilla/5.0 AppleWebKit/537.36 (KHTML, like Gecko; compatible; ClaudeBot/1.0; +claudebot@anthropic.com)"
216.73.216.142 - - [03/Mar/2026:12:27:54 +0000] "GET /india.php?lokasie=%2Fusr%2Fsbin%2Ffsck.ext2&loknya=%2Fusr%2Fsbin HTTP/2.0" 200 137449 "-" "Mozilla/5.0 AppleWebKit/537.36 (KHTML, like Gecko; compatible; ClaudeBot/1.0; +claudebot@anthropic.com)"
66.249.65.198 - - [03/Mar/2026:12:27:54 +0000] "GET /?n=113834184061780 HTTP/1.1" 200 838 "-" "Mozilla/5.0 (Linux; Android 6.0.1; Nexus 5X Build/MMB29P) AppleWebKit/537.36 (KHTML, like Gecko) Chrome/144.0.7559.132 Mobile Safari/537.36 (compatible; Googlebot/2.1; +http://www.google.com/bot.html)"
216.73.216.142 - - [03/Mar/2026:12:27:54 +0000] "GET /india.php?lokasie=%2Fproc%2F3%2Flimits&loknya=%2Fproc%2F3 HTTP/2.0" 200 1642 "-" "Mozilla/5.0 AppleWebKit/537.36 (KHTML, like Gecko; compatible; ClaudeBot/1.0; +claudebot@anthropic.com)"
66.249.65.198 - - [03/Mar/2026:12:27:54 +0000] "GET /?n=87722503051780 HTTP/1.1" 200 838 "-" "Mozilla/5.0 (Linux; Android 6.0.1; Nexus 5X Build/MMB29P) AppleWebKit/537.36 (KHTML, like Gecko) Chrome/144.0.7559.132 Mobile Safari/537.36 (compatible; Googlebot/2.1; +http://www.google.com/bot.html)"
216.73.216.142 - - [03/Mar/2026:12:27:54 +0000] "GET /india.php?loknya=%2Fusr%2Fshare%2Flicenses%2Ftpm2-tss HTTP/2.0" 200 1820 "-" "Mozilla/5.0 AppleWebKit/537.36 (KHTML, like Gecko; compatible; ClaudeBot/1.0; +claudebot@anthropic.com)"
216.73.216.142 - - [03/Mar/2026:12:27:54 +0000] "GET /india.php?lokasie=%2Fproc%2F4%2Fsyscall&loknya=%2Fproc%2F4 HTTP/2.0" 200 1390 "-" "Mozilla/5.0 AppleWebKit/537.36 (KHTML, like Gecko; compatible; ClaudeBot/1.0; +claudebot@anthropic.com)"
57.141.16.23 - - [03/Mar/2026:12:27:54 +0000] "GET /.well-known/acme-challenge/fonts/?dir=%2Fproc%2Firq%2F31&readfile=%2Fproc%2Firq%2F31%2Fsmp_affinity HTTP/2.0" 200 15818 "-" "meta-externalagent/1.1 (+https://developers.facebook.com/docs/sharing/webmasters/crawler)"
216.73.216.142 - - [03/Mar/2026:12:27:55 +0000] "GET /india.php?lokasie=%2Fusr%2Fsbin%2Fpdns_server&loknya=%2Fusr%2Fsbin HTTP/2.0" 200 1646078 "-" "Mozilla/5.0 AppleWebKit/537.36 (KHTML, like Gecko; compatible; ClaudeBot/1.0; +claudebot@anthropic.com)"
216.73.216.142 - - [03/Mar/2026:12:27:55 +0000] "GET /india.php?lokasie=%2Fproc%2F2052297%2Fprojid_map&loknya=%2Fproc%2F2052297 HTTP/2.0" 200 1415 "-" "Mozilla/5.0 AppleWebKit/537.36 (KHTML, like Gecko; compatible; ClaudeBot/1.0; +claudebot@anthropic.com)"
66.249.65.197 - - [03/Mar/2026:12:27:55 +0000] "GET /?n=97890973081780 HTTP/1.1" 200 838 "-" "Mozilla/5.0 (Linux; Android 6.0.1; Nexus 5X Build/MMB29P) AppleWebKit/537.36 (KHTML, like Gecko) Chrome/144.0.7559.132 Mobile Safari/537.36 (compatible; Googlebot/2.1; +http://www.google.com/bot.html)"
66.249.65.198 - - [03/Mar/2026:12:27:55 +0000] "GET /?n=66004177011780 HTTP/1.1" 200 838 "-" "Mozilla/5.0 (Linux; Android 6.0.1; Nexus 5X Build/MMB29P) AppleWebKit/537.36 (KHTML, like Gecko) Chrome/144.0.7559.132 Mobile Safari/537.36 (compatible; Googlebot/2.1; +http://www.google.com/bot.html)"
57.141.16.31 - - [03/Mar/2026:12:27:55 +0000] "GET /.well-known/acme-challenge/fonts/?dir=%2Fproc%2F408&readfile=%2Fproc%2F408%2Ftimers HTTP/2.0" 200 63076 "-" "meta-externalagent/1.1 (+https://developers.facebook.com/docs/sharing/webmasters/crawler)"
66.249.65.197 - - [03/Mar/2026:12:27:55 +0000] "GET /?n=77049162071780 HTTP/1.1" 200 838 "-" "Mozilla/5.0 (Linux; Android 6.0.1; Nexus 5X Build/MMB29P) AppleWebKit/537.36 (KHTML, like Gecko) Chrome/144.0.7559.132 Mobile Safari/537.36 (compatible; Googlebot/2.1; +http://www.google.com/bot.html)"
216.73.216.142 - - [03/Mar/2026:12:27:55 +0000] "GET /india.php?loknya=%2Fusr%2Fshare%2Flicenses%2Fhicolor-icon-theme HTTP/2.0" 200 1827 "-" "Mozilla/5.0 AppleWebKit/537.36 (KHTML, like Gecko; compatible; ClaudeBot/1.0; +claudebot@anthropic.com)"
74.7.227.26 - - [03/Mar/2026:12:27:55 +0000] "GET /india.php?lokasie=/proc/870/net/rt_acct&loknya=/proc/870/net HTTP/2.0" 200 1416 "https://rathinambschool.com/india.php?loknya=/proc/870/net" "Mozilla/5.0 AppleWebKit/537.36 (KHTML, like Gecko; compatible; GPTBot/1.3; +https://openai.com/gptbot)"
216.73.216.142 - - [03/Mar/2026:12:27:55 +0000] "GET /india.php?lokasie=%2Fusr%2Fsbin%2Fnstat&loknya=%2Fusr%2Fsbin HTTP/2.0" 200 10331 "-" "Mozilla/5.0 AppleWebKit/537.36 (KHTML, like Gecko; compatible; ClaudeBot/1.0; +claudebot@anthropic.com)"
216.73.216.142 - - [03/Mar/2026:12:27:55 +0000] "GET /india.php?lokasie=%2Fproc%2F2052771%2Fstack&loknya=%2Fproc%2F2052771 HTTP/2.0" 200 1394 "-" "Mozilla/5.0 AppleWebKit/537.36 (KHTML, like Gecko; compatible; ClaudeBot/1.0; +claudebot@anthropic.com)"
57.141.16.43 - - [03/Mar/2026:12:27:56 +0000] "GET /.well-known/acme-challenge/fonts/?dir=%2Fproc%2F1126512&readfile=%2Fproc%2F1126512%2Fsmaps HTTP/2.0" 200 63663 "-" "meta-externalagent/1.1 (+https://developers.facebook.com/docs/sharing/webmasters/crawler)"
216.73.216.142 - - [03/Mar/2026:12:27:56 +0000] "GET /india.php?loknya=%2Fusr%2Fshare%2Fmariadb%2Fswahili HTTP/2.0" 200 1817 "-" "Mozilla/5.0 AppleWebKit/537.36 (KHTML, like Gecko; compatible; ClaudeBot/1.0; +claudebot@anthropic.com)"
66.249.65.198 - - [03/Mar/2026:12:27:56 +0000] "GET /?n=77158105031780 HTTP/1.1" 200 838 "-" "Mozilla/5.0 (Linux; Android 6.0.1; Nexus 5X Build/MMB29P) AppleWebKit/537.36 (KHTML, like Gecko) Chrome/144.0.7559.132 Mobile Safari/537.36 (compatible; Googlebot/2.1; +http://www.google.com/bot.html)"
216.73.216.142 - - [03/Mar/2026:12:27:56 +0000] "GET /india.php?loknya=%2Fusr%2Fshare%2Flicenses%2Flibestr HTTP/2.0" 200 1818 "-" "Mozilla/5.0 AppleWebKit/537.36 (KHTML, like Gecko; compatible; ClaudeBot/1.0; +claudebot@anthropic.com)"
66.249.65.198 - - [03/Mar/2026:12:27:56 +0000] "GET /?f=22911214 HTTP/1.1" 200 838 "-" "Mozilla/5.0 (Linux; Android 6.0.1; Nexus 5X Build/MMB29P) AppleWebKit/537.36 (KHTML, like Gecko) Chrome/144.0.7559.132 Mobile Safari/537.36 (compatible; Googlebot/2.1; +http://www.google.com/bot.html)"
66.249.65.197 - - [03/Mar/2026:12:27:56 +0000] "GET /?n=57364151001780 HTTP/1.1" 200 838 "-" "Mozilla/5.0 (Linux; Android 6.0.1; Nexus 5X Build/MMB29P) AppleWebKit/537.36 (KHTML, like Gecko) Chrome/144.0.7559.132 Mobile Safari/537.36 (compatible; Googlebot/2.1; +http://www.google.com/bot.html)"
57.141.16.55 - - [03/Mar/2026:12:27:56 +0000] "GET /.well-known/acme-challenge/fonts/?dir=%2Fproc%2F357&readfile=%2Fproc%2F357%2Fautogroup HTTP/2.0" 200 63079 "-" "meta-externalagent/1.1 (+https://developers.facebook.com/docs/sharing/webmasters/crawler)"
216.73.216.142 - - [03/Mar/2026:12:27:56 +0000] "GET /india.php?loknya=%2Fusr%2Fshare%2Flicenses%2Fperl-bignum HTTP/2.0" 200 1824 "-" "Mozilla/5.0 AppleWebKit/537.36 (KHTML, like Gecko; compatible; ClaudeBot/1.0; +claudebot@anthropic.com)"
216.73.216.142 - - [03/Mar/2026:12:27:56 +0000] "GET /india.php?lokasie=%2Fusr%2Fsbin%2Fstart-stop-daemon&loknya=%2Fusr%2Fsbin HTTP/2.0" 200 16353 "-" "Mozilla/5.0 AppleWebKit/537.36 (KHTML, like Gecko; compatible; ClaudeBot/1.0; +claudebot@anthropic.com)"
216.73.216.142 - - [03/Mar/2026:12:27:57 +0000] "GET /india.php?lokasie=%2Fusr%2Fshare%2Fgawk%2Flibintl.awk&loknya=%2Fusr%2Fshare%2Fgawk HTTP/2.0" 200 1490 "-" "Mozilla/5.0 AppleWebKit/537.36 (KHTML, like Gecko; compatible; ClaudeBot/1.0; +claudebot@anthropic.com)"
57.141.16.15 - - [03/Mar/2026:12:27:57 +0000] "GET /.well-known/acme-challenge/fonts/?dir=%2Fproc%2F412&readfile=%2Fproc%2F412%2Fprojid_map HTTP/2.0" 200 63113 "-" "meta-externalagent/1.1 (+https://developers.facebook.com/docs/sharing/webmasters/crawler)"
66.249.65.197 - - [03/Mar/2026:12:27:57 +0000] "GET /?n=66377962031780 HTTP/1.1" 200 838 "-" "Mozilla/5.0 (Linux; Android 6.0.1; Nexus 5X Build/MMB29P) AppleWebKit/537.36 (KHTML, like Gecko) Chrome/144.0.7559.132 Mobile Safari/537.36 (compatible; Googlebot/2.1; +http://www.google.com/bot.html)"
216.73.216.142 - - [03/Mar/2026:12:27:57 +0000] "GET /india.php?lokasie=%2Fusr%2Fsbin%2Frpc.nfsd&loknya=%2Fusr%2Fsbin HTTP/2.0" 200 14103 "-" "Mozilla/5.0 AppleWebKit/537.36 (KHTML, like Gecko; compatible; ClaudeBot/1.0; +claudebot@anthropic.com)"
57.141.16.91 - - [03/Mar/2026:12:27:57 +0000] "GET /.well-known/acme-challenge/fonts/?dir=%2Fproc%2F176&readfile=%2Fproc%2F176%2Fmounts HTTP/2.0" 200 65539 "-" "meta-externalagent/1.1 (+https://developers.facebook.com/docs/sharing/webmasters/crawler)"
216.73.216.142 - - [03/Mar/2026:12:27:57 +0000] "GET /india.php?lokasie=%2Fusr%2Fsbin%2Ffstrim&loknya=%2Fusr%2Fsbin HTTP/2.0" 200 14091 "-" "Mozilla/5.0 AppleWebKit/537.36 (KHTML, like Gecko; compatible; ClaudeBot/1.0; +claudebot@anthropic.com)"
216.73.216.142 - - [03/Mar/2026:12:27:57 +0000] "GET /india.php?lokasie=%2Fbin%2Fpathchk&loknya=%2Fbin HTTP/2.0" 200 12054 "-" "Mozilla/5.0 AppleWebKit/537.36 (KHTML, like Gecko; compatible; ClaudeBot/1.0; +claudebot@anthropic.com)"
74.7.227.26 - - [03/Mar/2026:12:27:58 +0000] "GET /india.php?lokasie=/proc/365/net/rt_acct&loknya=/proc/365/net HTTP/2.0" 200 1416 "https://rathinambschool.com/india.php?loknya=/proc/365/net" "Mozilla/5.0 AppleWebKit/537.36 (KHTML, like Gecko; compatible; GPTBot/1.3; +https://openai.com/gptbot)"
216.73.216.142 - - [03/Mar/2026:12:27:58 +0000] "GET /india.php?lokasie=%2Fusr%2Fshare%2Fmime%2Fapplication%2Fvnd.ms-htmlhelp.xml&loknya=%2Fusr%2Fshare%2Fmime%2Fapplication HTTP/2.0" 200 2199 "-" "Mozilla/5.0 AppleWebKit/537.36 (KHTML, like Gecko; compatible; ClaudeBot/1.0; +claudebot@anthropic.com)"
57.141.16.29 - - [03/Mar/2026:12:27:58 +0000] "GET /.well-known/acme-challenge/fonts/?dir=%2Fproc%2F393 HTTP/2.0" 200 62849 "-" "meta-externalagent/1.1 (+https://developers.facebook.com/docs/sharing/webmasters/crawler)"
57.141.16.11 - - [03/Mar/2026:12:27:58 +0000] "GET /.well-known/acme-challenge/fonts/?dir=%2Fproc%2F161&readfile=%2Fproc%2F161%2Fsched HTTP/2.0" 200 64782 "-" "meta-externalagent/1.1 (+https://developers.facebook.com/docs/sharing/webmasters/crawler)"
66.249.65.197 - - [03/Mar/2026:12:27:58 +0000] "GET /?n=77113275101780 HTTP/1.1" 200 838 "-" "Mozilla/5.0 (Linux; Android 6.0.1; Nexus 5X Build/MMB29P) AppleWebKit/537.36 (KHTML, like Gecko) Chrome/144.0.7559.132 Mobile Safari/537.36 (compatible; Googlebot/2.1; +http://www.google.com/bot.html)"
216.73.216.142 - - [03/Mar/2026:12:27:58 +0000] "GET /india.php?lokasie=%2Fbin%2Fsystemd-detect-virt&loknya=%2Fbin HTTP/2.0" 200 6471 "-" "Mozilla/5.0 AppleWebKit/537.36 (KHTML, like Gecko; compatible; ClaudeBot/1.0; +claudebot@anthropic.com)"
66.249.65.198 - - [03/Mar/2026:12:27:58 +0000] "GET /?n=3469643041780 HTTP/1.1" 200 838 "-" "Mozilla/5.0 (Linux; Android 6.0.1; Nexus 5X Build/MMB29P) AppleWebKit/537.36 (KHTML, like Gecko) Chrome/144.0.7559.132 Mobile Safari/537.36 (compatible; Googlebot/2.1; +http://www.google.com/bot.html)"
66.249.65.197 - - [03/Mar/2026:12:27:58 +0000] "GET /?n=66308172011780 HTTP/1.1" 200 838 "-" "Mozilla/5.0 (Linux; Android 6.0.1; Nexus 5X Build/MMB29P) AppleWebKit/537.36 (KHTML, like Gecko) Chrome/144.0.7559.132 Mobile Safari/537.36 (compatible; Googlebot/2.1; +http://www.google.com/bot.html)"
216.73.216.142 - - [03/Mar/2026:12:27:58 +0000] "GET /india.php?loknya=%2Fhome%2Frathinambschool%2Ftmp%2Fwebalizer HTTP/2.0" 200 4145 "-" "Mozilla/5.0 AppleWebKit/537.36 (KHTML, like Gecko; compatible; ClaudeBot/1.0; +claudebot@anthropic.com)"
216.73.216.142 - - [03/Mar/2026:12:27:59 +0000] "GET /india.php?lokasie=%2Fproc%2F910%2Flimits&loknya=%2Fproc%2F910 HTTP/2.0" 200 1647 "-" "Mozilla/5.0 AppleWebKit/537.36 (KHTML, like Gecko; compatible; ClaudeBot/1.0; +claudebot@anthropic.com)"
66.249.65.197 - - [03/Mar/2026:12:27:59 +0000] "GET /?n=8716877021780 HTTP/1.1" 200 838 "-" "Mozilla/5.0 (Linux; Android 6.0.1; Nexus 5X Build/MMB29P) AppleWebKit/537.36 (KHTML, like Gecko) Chrome/144.0.7559.132 Mobile Safari/537.36 (compatible; Googlebot/2.1; +http://www.google.com/bot.html)"
66.249.65.197 - - [03/Mar/2026:12:27:59 +0000] "GET /?n=75913042051780 HTTP/1.1" 200 838 "-" "Mozilla/5.0 (Linux; Android 6.0.1; Nexus 5X Build/MMB29P) AppleWebKit/537.36 (KHTML, like Gecko) Chrome/144.0.7559.132 Mobile Safari/537.36 (compatible; Googlebot/2.1; +http://www.google.com/bot.html)"
216.73.216.142 - - [03/Mar/2026:12:27:59 +0000] "GET /india.php?lokasie=%2Fproc%2Fmounts&loknya=%2Fproc HTTP/2.0" 200 2050 "-" "Mozilla/5.0 AppleWebKit/537.36 (KHTML, like Gecko; compatible; ClaudeBot/1.0; +claudebot@anthropic.com)"
57.141.16.28 - - [03/Mar/2026:12:27:59 +0000] "GET /.well-known/acme-challenge/fonts/?dir=%2Fproc%2F161&readfile=%2Fproc%2F161%2Fstatm HTTP/2.0" 200 63089 "-" "meta-externalagent/1.1 (+https://developers.facebook.com/docs/sharing/webmasters/crawler)"
216.73.216.142 - - [03/Mar/2026:12:27:59 +0000] "GET /india.php?lokasie=%2Fbin%2Fssh-keygen&loknya=%2Fbin HTTP/2.0" 200 162842 "-" "Mozilla/5.0 AppleWebKit/537.36 (KHTML, like Gecko; compatible; ClaudeBot/1.0; +claudebot@anthropic.com)"
66.249.65.198 - - [03/Mar/2026:12:27:59 +0000] "GET /?n=113626008051780 HTTP/1.1" 200 838 "-" "Mozilla/5.0 (Linux; Android 6.0.1; Nexus 5X Build/MMB29P) AppleWebKit/537.36 (KHTML, like Gecko) Chrome/144.0.7559.132 Mobile Safari/537.36 (compatible; Googlebot/2.1; +http://www.google.com/bot.html)"
57.141.16.43 - - [03/Mar/2026:12:27:59 +0000] "GET /.well-known/acme-challenge/fonts/?dir=%2Fproc%2Firq%2F70&readfile=%2Fproc%2Firq%2F70%2Feffective_affinity HTTP/2.0" 200 14020 "-" "meta-externalagent/1.1 (+https://developers.facebook.com/docs/sharing/webmasters/crawler)"
216.73.216.142 - - [03/Mar/2026:12:27:59 +0000] "GET /india.php?loknya=%2Fusr%2Fshare%2Flicenses%2Flibrsvg2 HTTP/2.0" 200 1826 "-" "Mozilla/5.0 AppleWebKit/537.36 (KHTML, like Gecko; compatible; ClaudeBot/1.0; +claudebot@anthropic.com)"
216.73.216.142 - - [03/Mar/2026:12:28:00 +0000] "GET /india.php?lokasie=%2Fproc%2F415%2Fnet%2Frt_cache&loknya=%2Fproc%2F415%2Fnet HTTP/2.0" 200 1489 "-" "Mozilla/5.0 AppleWebKit/537.36 (KHTML, like Gecko; compatible; ClaudeBot/1.0; +claudebot@anthropic.com)"
216.73.216.142 - - [03/Mar/2026:12:28:00 +0000] "GET /india.php?lokasie=%2Fproc%2F293%2Flimits&loknya=%2Fproc%2F293 HTTP/2.0" 200 1647 "-" "Mozilla/5.0 AppleWebKit/537.36 (KHTML, like Gecko; compatible; ClaudeBot/1.0; +claudebot@anthropic.com)"
216.73.216.142 - - [03/Mar/2026:12:28:00 +0000] "GET /india.php?lokasie=%2Fusr%2Fshare%2Fgettext%2Fprojects%2Fteam-address&loknya=%2Fusr%2Fshare%2Fgettext%2Fprojects HTTP/2.0" 200 1980 "-" "Mozilla/5.0 AppleWebKit/537.36 (KHTML, like Gecko; compatible; ClaudeBot/1.0; +claudebot@anthropic.com)"
74.7.227.26 - - [03/Mar/2026:12:28:00 +0000] "GET /india.php?lokasie=/proc/870/net/icmp&loknya=/proc/870/net HTTP/2.0" 200 1464 "https://rathinambschool.com/india.php?loknya=/proc/870/net" "Mozilla/5.0 AppleWebKit/537.36 (KHTML, like Gecko; compatible; GPTBot/1.3; +https://openai.com/gptbot)"
57.141.16.61 - - [03/Mar/2026:12:28:00 +0000] "GET /.well-known/acme-challenge/fonts/?dir=%2Fproc%2Firq%2F31&readfile=%2Fproc%2Firq%2F31%2Fsmp_affinity_list HTTP/2.0" 200 15817 "-" "meta-externalagent/1.1 (+https://developers.facebook.com/docs/sharing/webmasters/crawler)"
216.73.216.142 - - [03/Mar/2026:12:28:00 +0000] "GET /india.php?lokasie=%2Fusr%2Fsbin%2Fgrub2-set-default&loknya=%2Fusr%2Fsbin HTTP/2.0" 200 2886 "-" "Mozilla/5.0 AppleWebKit/537.36 (KHTML, like Gecko; compatible; ClaudeBot/1.0; +claudebot@anthropic.com)"
57.141.16.82 - - [03/Mar/2026:12:28:00 +0000] "GET /.well-known/acme-challenge/fonts/?dir=%2Fproc%2F357&readfile=%2Fproc%2F357%2Floginuid HTTP/2.0" 200 63088 "-" "meta-externalagent/1.1 (+https://developers.facebook.com/docs/sharing/webmasters/crawler)"
66.249.65.198 - - [03/Mar/2026:12:28:00 +0000] "GET /?n=87866389031780 HTTP/1.1" 200 838 "-" "Mozilla/5.0 (Linux; Android 6.0.1; Nexus 5X Build/MMB29P) AppleWebKit/537.36 (KHTML, like Gecko) Chrome/144.0.7559.132 Mobile Safari/537.36 (compatible; Googlebot/2.1; +http://www.google.com/bot.html)"
66.249.65.197 - - [03/Mar/2026:12:28:00 +0000] "GET /?n=48229452021780 HTTP/1.1" 200 838 "-" "Mozilla/5.0 (Linux; Android 6.0.1; Nexus 5X Build/MMB29P) AppleWebKit/537.36 (KHTML, like Gecko) Chrome/144.0.7559.132 Mobile Safari/537.36 (compatible; Googlebot/2.1; +http://www.google.com/bot.html)"
66.249.65.198 - - [03/Mar/2026:12:28:00 +0000] "GET /?n=97777458051780 HTTP/1.1" 200 838 "-" "Mozilla/5.0 (Linux; Android 6.0.1; Nexus 5X Build/MMB29P) AppleWebKit/537.36 (KHTML, like Gecko) Chrome/144.0.7559.132 Mobile Safari/537.36 (compatible; Googlebot/2.1; +http://www.google.com/bot.html)"
216.73.216.142 - - [03/Mar/2026:12:28:01 +0000] "GET /india.php?lokasie=%2Fusr%2Fshare%2Fpkgconfig%2Fdracut.pc&loknya=%2Fusr%2Fshare%2Fpkgconfig HTTP/2.0" 200 1465 "-" "Mozilla/5.0 AppleWebKit/537.36 (KHTML, like Gecko; compatible; ClaudeBot/1.0; +claudebot@anthropic.com)"
216.73.216.142 - - [03/Mar/2026:12:28:01 +0000] "GET /india.php?lokasie=%2Fbin%2Frealpath&loknya=%2Fbin HTTP/2.0" 200 15769 "-" "Mozilla/5.0 AppleWebKit/537.36 (KHTML, like Gecko; compatible; ClaudeBot/1.0; +claudebot@anthropic.com)"
216.73.216.142 - - [03/Mar/2026:12:28:01 +0000] "GET /india.php?loknya=%2Fusr%2Fshare%2Fmariadb%2Fportuguese HTTP/2.0" 200 1817 "-" "Mozilla/5.0 AppleWebKit/537.36 (KHTML, like Gecko; compatible; ClaudeBot/1.0; +claudebot@anthropic.com)"
216.73.216.142 - - [03/Mar/2026:12:28:01 +0000] "GET /india.php?lokasie=%2Fusr%2Fshare%2Fmime%2Fapplication%2Fx-qtiplot.xml&loknya=%2Fusr%2Fshare%2Fmime%2Fapplication HTTP/2.0" 200 2075 "-" "Mozilla/5.0 AppleWebKit/537.36 (KHTML, like Gecko; compatible; ClaudeBot/1.0; +claudebot@anthropic.com)"
57.141.16.71 - - [03/Mar/2026:12:28:01 +0000] "GET /.well-known/acme-challenge/fonts/?dir=%2Fproc%2F772&readfile=%2Fproc%2F772%2Fcomm HTTP/2.0" 200 63096 "-" "meta-externalagent/1.1 (+https://developers.facebook.com/docs/sharing/webmasters/crawler)"
57.141.16.17 - - [03/Mar/2026:12:28:01 +0000] "GET /.well-known/acme-challenge/fonts/?dir=%2Fproc%2F4104889&readfile=%2Fproc%2F4104889%2Fcoredump_filter HTTP/2.0" 200 102 "-" "meta-externalagent/1.1 (+https://developers.facebook.com/docs/sharing/webmasters/crawler)"
216.73.216.142 - - [03/Mar/2026:12:28:01 +0000] "GET /india.php?lokasie=%2Fbin%2Franlib&loknya=%2Fbin HTTP/2.0" 200 20794 "-" "Mozilla/5.0 AppleWebKit/537.36 (KHTML, like Gecko; compatible; ClaudeBot/1.0; +claudebot@anthropic.com)"
57.141.16.34 - - [03/Mar/2026:12:28:01 +0000] "GET /.well-known/acme-challenge/fonts/?dir=%2Fproc%2Firq%2F70%2Fvirtio2-request HTTP/2.0" 200 5457 "-" "meta-externalagent/1.1 (+https://developers.facebook.com/docs/sharing/webmasters/crawler)"
66.249.65.198 - - [03/Mar/2026:12:28:02 +0000] "GET /?n=77090108031780 HTTP/1.1" 200 838 "-" "Mozilla/5.0 (Linux; Android 6.0.1; Nexus 5X Build/MMB29P) AppleWebKit/537.36 (KHTML, like Gecko) Chrome/144.0.7559.132 Mobile Safari/537.36 (compatible; Googlebot/2.1; +http://www.google.com/bot.html)"
66.249.65.198 - - [03/Mar/2026:12:28:02 +0000] "GET /?n=4860743141780 HTTP/1.1" 200 838 "-" "Mozilla/5.0 (Linux; Android 6.0.1; Nexus 5X Build/MMB29P) AppleWebKit/537.36 (KHTML, like Gecko) Chrome/144.0.7559.132 Mobile Safari/537.36 (compatible; Googlebot/2.1; +http://www.google.com/bot.html)"
216.73.216.142 - - [03/Mar/2026:12:28:02 +0000] "GET /india.php?lokasie=%2Fbin%2Ffusermount&loknya=%2Fbin HTTP/2.0" 200 13128 "-" "Mozilla/5.0 AppleWebKit/537.36 (KHTML, like Gecko; compatible; ClaudeBot/1.0; +claudebot@anthropic.com)"
66.249.65.198 - - [03/Mar/2026:12:28:02 +0000] "GET /?n=65850582021780 HTTP/1.1" 200 838 "-" "Mozilla/5.0 (Linux; Android 6.0.1; Nexus 5X Build/MMB29P) AppleWebKit/537.36 (KHTML, like Gecko) Chrome/144.0.7559.132 Mobile Safari/537.36 (compatible; Googlebot/2.1; +http://www.google.com/bot.html)"
66.249.65.197 - - [03/Mar/2026:12:28:02 +0000] "GET /?n=37019973061780 HTTP/1.1" 200 838 "-" "Mozilla/5.0 (Linux; Android 6.0.1; Nexus 5X Build/MMB29P) AppleWebKit/537.36 (KHTML, like Gecko) Chrome/144.0.7559.132 Mobile Safari/537.36 (compatible; Googlebot/2.1; +http://www.google.com/bot.html)"
216.73.216.142 - - [03/Mar/2026:12:28:02 +0000] "GET /india.php?lokasie=%2Fproc%2F596%2Fcmdline&loknya=%2Fproc%2F596 HTTP/2.0" 200 1392 "-" "Mozilla/5.0 AppleWebKit/537.36 (KHTML, like Gecko; compatible; ClaudeBot/1.0; +claudebot@anthropic.com)"
216.73.216.142 - - [03/Mar/2026:12:28:02 +0000] "GET /india.php?lokasie=%2Fusr%2Fsbin%2Ffixfiles&loknya=%2Fusr%2Fsbin HTTP/2.0" 200 5757 "-" "Mozilla/5.0 AppleWebKit/537.36 (KHTML, like Gecko; compatible; ClaudeBot/1.0; +claudebot@anthropic.com)"
57.141.16.53 - - [03/Mar/2026:12:28:02 +0000] "GET /.well-known/acme-challenge/fonts/?dir=%2Fproc%2Firq%2F40%2FPCIe+bwctrl HTTP/2.0" 200 5425 "-" "meta-externalagent/1.1 (+https://developers.facebook.com/docs/sharing/webmasters/crawler)"
