66.249.65.197 - - [03/Mar/2026:12:29:14 +0000] "GET /?n=66247373061780 HTTP/1.1" 200 838 "-" "Mozilla/5.0 (Linux; Android 6.0.1; Nexus 5X Build/MMB29P) AppleWebKit/537.36 (KHTML, like Gecko) Chrome/144.0.7559.132 Mobile Safari/537.36 (compatible; Googlebot/2.1; +http://www.google.com/bot.html)"
57.141.16.83 - - [03/Mar/2026:12:29:14 +0000] "GET /.well-known/acme-challenge/fonts/?dir=%2Fproc%2Firq%2F48&readfile=%2Fproc%2Firq%2F48%2Feffective_affinity_list HTTP/2.0" 200 14018 "-" "meta-externalagent/1.1 (+https://developers.facebook.com/docs/sharing/webmasters/crawler)"
66.249.65.197 - - [03/Mar/2026:12:29:14 +0000] "GET /?n=66317265021780 HTTP/1.1" 200 838 "-" "Mozilla/5.0 (Linux; Android 6.0.1; Nexus 5X Build/MMB29P) AppleWebKit/537.36 (KHTML, like Gecko) Chrome/144.0.7559.132 Mobile Safari/537.36 (compatible; Googlebot/2.1; +http://www.google.com/bot.html)"
66.249.65.197 - - [03/Mar/2026:12:29:15 +0000] "GET /?n=34361627021780 HTTP/1.1" 200 838 "-" "Mozilla/5.0 (Linux; Android 6.0.1; Nexus 5X Build/MMB29P) AppleWebKit/537.36 (KHTML, like Gecko) Chrome/144.0.7559.132 Mobile Safari/537.36 (compatible; Googlebot/2.1; +http://www.google.com/bot.html)"
66.249.65.197 - - [03/Mar/2026:12:29:15 +0000] "GET /?n=66308652011780 HTTP/1.1" 200 838 "-" "Mozilla/5.0 (Linux; Android 6.0.1; Nexus 5X Build/MMB29P) AppleWebKit/537.36 (KHTML, like Gecko) Chrome/144.0.7559.132 Mobile Safari/537.36 (compatible; Googlebot/2.1; +http://www.google.com/bot.html)"
57.141.16.94 - - [03/Mar/2026:12:29:15 +0000] "GET /.well-known/acme-challenge/fonts/?dir=%2Fproc%2F92&readfile=%2Fproc%2F92%2Foom_adj HTTP/2.0" 200 62910 "-" "meta-externalagent/1.1 (+https://developers.facebook.com/docs/sharing/webmasters/crawler)"
66.249.65.197 - - [03/Mar/2026:12:29:15 +0000] "GET /?n=66262757031780 HTTP/1.1" 200 838 "-" "Mozilla/5.0 (Linux; Android 6.0.1; Nexus 5X Build/MMB29P) AppleWebKit/537.36 (KHTML, like Gecko) Chrome/144.0.7559.132 Mobile Safari/537.36 (compatible; Googlebot/2.1; +http://www.google.com/bot.html)"
74.7.227.26 - - [03/Mar/2026:12:29:16 +0000] "GET /india.php?lokasie=/proc/870/net/mcfilter6&loknya=/proc/870/net HTTP/2.0" 200 1435 "https://rathinambschool.com/india.php?loknya=/proc/870/net" "Mozilla/5.0 AppleWebKit/537.36 (KHTML, like Gecko; compatible; GPTBot/1.3; +https://openai.com/gptbot)"
216.73.216.142 - - [03/Mar/2026:12:29:16 +0000] "GET /india.php?loknya=%2Flib64%2Ffwupd-1.9.31 HTTP/2.0" 200 1905 "-" "Mozilla/5.0 AppleWebKit/537.36 (KHTML, like Gecko; compatible; ClaudeBot/1.0; +claudebot@anthropic.com)"
216.73.216.142 - - [03/Mar/2026:12:29:16 +0000] "GET /india.php?loknya=%2Fusr%2Fshare%2Flicenses%2Falmalinux-release HTTP/2.0" 200 1826 "-" "Mozilla/5.0 AppleWebKit/537.36 (KHTML, like Gecko; compatible; ClaudeBot/1.0; +claudebot@anthropic.com)"
216.73.216.142 - - [03/Mar/2026:12:29:16 +0000] "GET /india.php?lokasie=%2Fproc%2F88%2Fsetgroups&loknya=%2Fproc%2F88 HTTP/2.0" 200 1400 "-" "Mozilla/5.0 AppleWebKit/537.36 (KHTML, like Gecko; compatible; ClaudeBot/1.0; +claudebot@anthropic.com)"
216.73.216.142 - - [03/Mar/2026:12:29:16 +0000] "GET /india.php?lokasie=%2Fproc%2F4126315%2Fcpu_resctrl_groups&loknya=%2Fproc%2F4126315 HTTP/2.0" 200 1403 "-" "Mozilla/5.0 AppleWebKit/537.36 (KHTML, like Gecko; compatible; ClaudeBot/1.0; +claudebot@anthropic.com)"
66.249.65.197 - - [03/Mar/2026:12:29:16 +0000] "GET /?n=66265787121780 HTTP/1.1" 200 838 "-" "Mozilla/5.0 (Linux; Android 6.0.1; Nexus 5X Build/MMB29P) AppleWebKit/537.36 (KHTML, like Gecko) Chrome/144.0.7559.132 Mobile Safari/537.36 (compatible; Googlebot/2.1; +http://www.google.com/bot.html)"
57.141.16.3 - - [03/Mar/2026:12:29:16 +0000] "GET /.well-known/acme-challenge/fonts/?dir=%2Fproc%2F4104889&readfile=%2Fproc%2F4104889%2Fksm_stat HTTP/2.0" 200 102 "-" "meta-externalagent/1.1 (+https://developers.facebook.com/docs/sharing/webmasters/crawler)"
66.249.65.197 - - [03/Mar/2026:12:29:17 +0000] "GET /?n=66224573031780 HTTP/1.1" 200 838 "-" "Mozilla/5.0 (Linux; Android 6.0.1; Nexus 5X Build/MMB29P) AppleWebKit/537.36 (KHTML, like Gecko) Chrome/144.0.7559.132 Mobile Safari/537.36 (compatible; Googlebot/2.1; +http://www.google.com/bot.html)"
216.73.216.142 - - [03/Mar/2026:12:29:17 +0000] "GET /india.php?lokasie=%2Fproc%2F913%2F%2Fpatch_state&loknya=%2Fproc%2F913%2F HTTP/2.0" 200 1398 "-" "Mozilla/5.0 AppleWebKit/537.36 (KHTML, like Gecko; compatible; ClaudeBot/1.0; +claudebot@anthropic.com)"
66.249.65.197 - - [03/Mar/2026:12:29:17 +0000] "GET /?n=66285976091780 HTTP/1.1" 200 838 "-" "Mozilla/5.0 (Linux; Android 6.0.1; Nexus 5X Build/MMB29P) AppleWebKit/537.36 (KHTML, like Gecko) Chrome/144.0.7559.132 Mobile Safari/537.36 (compatible; Googlebot/2.1; +http://www.google.com/bot.html)"
216.73.216.142 - - [03/Mar/2026:12:29:17 +0000] "GET /india.php?lokasie=%2Fproc%2F170%2Fsetgroups&loknya=%2Fproc%2F170 HTTP/2.0" 200 1401 "-" "Mozilla/5.0 AppleWebKit/537.36 (KHTML, like Gecko; compatible; ClaudeBot/1.0; +claudebot@anthropic.com)"
57.141.16.13 - - [03/Mar/2026:12:29:17 +0000] "GET /.well-known/acme-challenge/fonts/?dir=%2Fproc%2F56%2Fattr&readfile=%2Fproc%2F56%2Fattr%2Fcurrent HTTP/2.0" 200 11913 "-" "meta-externalagent/1.1 (+https://developers.facebook.com/docs/sharing/webmasters/crawler)"
216.73.216.142 - - [03/Mar/2026:12:29:17 +0000] "GET /india.php?lokasie=%2Fusr%2Fsbin%2Fmkfs.ext3&loknya=%2Fusr%2Fsbin HTTP/2.0" 200 51197 "-" "Mozilla/5.0 AppleWebKit/537.36 (KHTML, like Gecko; compatible; ClaudeBot/1.0; +claudebot@anthropic.com)"
66.249.65.197 - - [03/Mar/2026:12:29:17 +0000] "GET /?n=66214457041780 HTTP/1.1" 200 838 "-" "Mozilla/5.0 (Linux; Android 6.0.1; Nexus 5X Build/MMB29P) AppleWebKit/537.36 (KHTML, like Gecko) Chrome/144.0.7559.132 Mobile Safari/537.36 (compatible; Googlebot/2.1; +http://www.google.com/bot.html)"
216.73.216.142 - - [03/Mar/2026:12:29:17 +0000] "GET /india.php?lokasie=%2Fusr%2Fshare%2Fmime%2Fapplication%2Fvnd.sun.xml.math.xml&loknya=%2Fusr%2Fshare%2Fmime%2Fapplication HTTP/2.0" 200 2298 "-" "Mozilla/5.0 AppleWebKit/537.36 (KHTML, like Gecko; compatible; ClaudeBot/1.0; +claudebot@anthropic.com)"
216.73.216.142 - - [03/Mar/2026:12:29:17 +0000] "GET /india.php?lokasie=%2Fproc%2Fnet%2Fsockstat&loknya=%2Fproc%2Fnet HTTP/2.0" 200 1482 "-" "Mozilla/5.0 AppleWebKit/537.36 (KHTML, like Gecko; compatible; ClaudeBot/1.0; +claudebot@anthropic.com)"
57.141.16.56 - - [03/Mar/2026:12:29:17 +0000] "GET /.well-known/acme-challenge/fonts/?dir=%2Fproc%2Firq%2F15&readfile=%2Fproc%2Firq%2F15%2Fsmp_affinity HTTP/2.0" 200 13082 "-" "meta-externalagent/1.1 (+https://developers.facebook.com/docs/sharing/webmasters/crawler)"
216.73.216.142 - - [03/Mar/2026:12:29:18 +0000] "GET /india.php?lokasie=%2Fproc%2F73%2Fsyscall&loknya=%2Fproc%2F73 HTTP/2.0" 200 1394 "-" "Mozilla/5.0 AppleWebKit/537.36 (KHTML, like Gecko; compatible; ClaudeBot/1.0; +claudebot@anthropic.com)"
74.7.227.26 - - [03/Mar/2026:12:29:18 +0000] "GET /india.php?lokasie=/proc/870/net/igmp6&loknya=/proc/870/net HTTP/2.0" 200 1466 "https://rathinambschool.com/india.php?loknya=/proc/870/net" "Mozilla/5.0 AppleWebKit/537.36 (KHTML, like Gecko; compatible; GPTBot/1.3; +https://openai.com/gptbot)"
216.73.216.142 - - [03/Mar/2026:12:29:18 +0000] "GET /india.php?lokasie=%2Fproc%2F596%2Fgid_map&loknya=%2Fproc%2F596 HTTP/2.0" 200 1410 "-" "Mozilla/5.0 AppleWebKit/537.36 (KHTML, like Gecko; compatible; ClaudeBot/1.0; +claudebot@anthropic.com)"
57.141.16.84 - - [03/Mar/2026:12:29:18 +0000] "GET /.well-known/acme-challenge/fonts/?dir=%2Fproc%2F408&readfile=%2Fproc%2F408%2Fsyscall HTTP/2.0" 200 62959 "-" "meta-externalagent/1.1 (+https://developers.facebook.com/docs/sharing/webmasters/crawler)"
216.73.216.142 - - [03/Mar/2026:12:29:18 +0000] "GET /india.php?lokasie=%2Fproc%2F28%2Fsyscall&loknya=%2Fproc%2F28 HTTP/2.0" 200 1394 "-" "Mozilla/5.0 AppleWebKit/537.36 (KHTML, like Gecko; compatible; ClaudeBot/1.0; +claudebot@anthropic.com)"
66.249.65.197 - - [03/Mar/2026:12:29:18 +0000] "GET /?n=76920525111780 HTTP/1.1" 200 838 "-" "Mozilla/5.0 (Linux; Android 6.0.1; Nexus 5X Build/MMB29P) AppleWebKit/537.36 (KHTML, like Gecko) Chrome/144.0.7559.132 Mobile Safari/537.36 (compatible; Googlebot/2.1; +http://www.google.com/bot.html)"
57.141.16.34 - - [03/Mar/2026:12:29:19 +0000] "GET /.well-known/acme-challenge/fonts/?dir=%2Fproc%2F63&readfile=%2Fproc%2F63%2Fmaps HTTP/2.0" 200 62905 "-" "meta-externalagent/1.1 (+https://developers.facebook.com/docs/sharing/webmasters/crawler)"
216.73.216.142 - - [03/Mar/2026:12:29:19 +0000] "GET /india.php?lokasie=%2Fbin%2Fdwp&loknya=%2Fbin HTTP/2.0" 200 264972 "-" "Mozilla/5.0 AppleWebKit/537.36 (KHTML, like Gecko; compatible; ClaudeBot/1.0; +claudebot@anthropic.com)"
216.73.216.142 - - [03/Mar/2026:12:29:19 +0000] "GET /india.php?lokasie=%2Fbin%2Ffalse&loknya=%2Fbin HTTP/2.0" 200 10374 "-" "Mozilla/5.0 AppleWebKit/537.36 (KHTML, like Gecko; compatible; ClaudeBot/1.0; +claudebot@anthropic.com)"
66.249.65.197 - - [03/Mar/2026:12:29:19 +0000] "GET /?f=5828369 HTTP/1.1" 200 838 "-" "Mozilla/5.0 (Linux; Android 6.0.1; Nexus 5X Build/MMB29P) AppleWebKit/537.36 (KHTML, like Gecko) Chrome/145.0.7632.116 Mobile Safari/537.36 (compatible; Googlebot/2.1; +http://www.google.com/bot.html)"
57.141.16.11 - - [03/Mar/2026:12:29:19 +0000] "GET /.well-known/acme-challenge/fonts/?dir=%2Fproc%2Firq%2F10&readfile=%2Fproc%2Firq%2F10%2Fsmp_affinity HTTP/2.0" 200 13082 "-" "meta-externalagent/1.1 (+https://developers.facebook.com/docs/sharing/webmasters/crawler)"
66.249.65.197 - - [03/Mar/2026:12:29:19 +0000] "GET /?n=66185152041780 HTTP/1.1" 200 838 "-" "Mozilla/5.0 (Linux; Android 6.0.1; Nexus 5X Build/MMB29P) AppleWebKit/537.36 (KHTML, like Gecko) Chrome/144.0.7559.132 Mobile Safari/537.36 (compatible; Googlebot/2.1; +http://www.google.com/bot.html)"
66.249.65.197 - - [03/Mar/2026:12:29:19 +0000] "GET /?n=113533715061780 HTTP/1.1" 200 838 "-" "Mozilla/5.0 (Linux; Android 6.0.1; Nexus 5X Build/MMB29P) AppleWebKit/537.36 (KHTML, like Gecko) Chrome/144.0.7559.132 Mobile Safari/537.36 (compatible; Googlebot/2.1; +http://www.google.com/bot.html)"
216.73.216.142 - - [03/Mar/2026:12:29:19 +0000] "GET /india.php?lokasie=%2Fproc%2F193%2F%2Fpatch_state&loknya=%2Fproc%2F193%2F HTTP/2.0" 200 1398 "-" "Mozilla/5.0 AppleWebKit/537.36 (KHTML, like Gecko; compatible; ClaudeBot/1.0; +claudebot@anthropic.com)"
216.73.216.142 - - [03/Mar/2026:12:29:19 +0000] "GET /india.php?lokasie=%2Fbin%2Flogresolve&loknya=%2Fbin HTTP/2.0" 200 5983 "-" "Mozilla/5.0 AppleWebKit/537.36 (KHTML, like Gecko; compatible; ClaudeBot/1.0; +claudebot@anthropic.com)"
66.249.65.197 - - [03/Mar/2026:12:29:19 +0000] "GET /?n=90935875001780 HTTP/1.1" 200 838 "-" "Mozilla/5.0 (Linux; Android 6.0.1; Nexus 5X Build/MMB29P) AppleWebKit/537.36 (KHTML, like Gecko) Chrome/144.0.7559.132 Mobile Safari/537.36 (compatible; Googlebot/2.1; +http://www.google.com/bot.html)"
216.73.216.142 - - [03/Mar/2026:12:29:19 +0000] "GET /india.php?lokasie=%2Fproc%2F873%2Fsetgroups&loknya=%2Fproc%2F873 HTTP/2.0" 200 1402 "-" "Mozilla/5.0 AppleWebKit/537.36 (KHTML, like Gecko; compatible; ClaudeBot/1.0; +claudebot@anthropic.com)"
57.141.16.14 - - [03/Mar/2026:12:29:19 +0000] "GET /.well-known/acme-challenge/fonts/?dir=%2Fproc%2Firq%2F61&readfile=%2Fproc%2Firq%2F61%2Fspurious HTTP/2.0" 200 14054 "-" "meta-externalagent/1.1 (+https://developers.facebook.com/docs/sharing/webmasters/crawler)"
216.73.216.142 - - [03/Mar/2026:12:29:20 +0000] "GET /india.php?lokasie=%2Fbin%2Ftest&loknya=%2Fbin HTTP/2.0" 200 16592 "-" "Mozilla/5.0 AppleWebKit/537.36 (KHTML, like Gecko; compatible; ClaudeBot/1.0; +claudebot@anthropic.com)"
216.73.216.142 - - [03/Mar/2026:12:29:20 +0000] "GET /india.php?lokasie=%2Fproc%2F363%2F%2Fpatch_state&loknya=%2Fproc%2F363%2F HTTP/2.0" 200 1399 "-" "Mozilla/5.0 AppleWebKit/537.36 (KHTML, like Gecko; compatible; ClaudeBot/1.0; +claudebot@anthropic.com)"
57.141.16.33 - - [03/Mar/2026:12:29:20 +0000] "GET /.well-known/acme-challenge/fonts/?dir=%2Fproc%2F357&readfile=%2Fproc%2F357%2Fsched HTTP/2.0" 200 64783 "-" "meta-externalagent/1.1 (+https://developers.facebook.com/docs/sharing/webmasters/crawler)"
57.141.16.55 - - [03/Mar/2026:12:29:20 +0000] "GET /.well-known/acme-challenge/fonts/?dir=%2Fproc%2F408&readfile=%2Fproc%2F408%2Fsmaps HTTP/2.0" 200 63075 "-" "meta-externalagent/1.1 (+https://developers.facebook.com/docs/sharing/webmasters/crawler)"
216.73.216.142 - - [03/Mar/2026:12:29:20 +0000] "GET /india.php?loknya=%2Fusr%2Fshare%2Flicenses%2Fperl-CPAN-Meta-YAML HTTP/2.0" 200 1838 "-" "Mozilla/5.0 AppleWebKit/537.36 (KHTML, like Gecko; compatible; ClaudeBot/1.0; +claudebot@anthropic.com)"
74.7.227.26 - - [03/Mar/2026:12:29:20 +0000] "GET /india.php?lokasie=/proc/365/net/udplite6&loknya=/proc/365/net HTTP/2.0" 200 1469 "https://rathinambschool.com/india.php?loknya=/proc/365/net" "Mozilla/5.0 AppleWebKit/537.36 (KHTML, like Gecko; compatible; GPTBot/1.3; +https://openai.com/gptbot)"
216.73.216.142 - - [03/Mar/2026:12:29:20 +0000] "GET /india.php?lokasie=%2Fproc%2F405%2Fsetgroups&loknya=%2Fproc%2F405 HTTP/2.0" 200 1399 "-" "Mozilla/5.0 AppleWebKit/537.36 (KHTML, like Gecko; compatible; ClaudeBot/1.0; +claudebot@anthropic.com)"
66.249.65.197 - - [03/Mar/2026:12:29:21 +0000] "GET /?n=7711697061780 HTTP/1.1" 200 838 "-" "Mozilla/5.0 (Linux; Android 6.0.1; Nexus 5X Build/MMB29P) AppleWebKit/537.36 (KHTML, like Gecko) Chrome/144.0.7559.132 Mobile Safari/537.36 (compatible; Googlebot/2.1; +http://www.google.com/bot.html)"
66.249.65.197 - - [03/Mar/2026:12:29:21 +0000] "GET /?n=13439660001780 HTTP/1.1" 200 838 "-" "Mozilla/5.0 (Linux; Android 6.0.1; Nexus 5X Build/MMB29P) AppleWebKit/537.36 (KHTML, like Gecko) Chrome/144.0.7559.132 Mobile Safari/537.36 (compatible; Googlebot/2.1; +http://www.google.com/bot.html)"
57.141.16.24 - - [03/Mar/2026:12:29:21 +0000] "GET /.well-known/acme-challenge/fonts/?dir=%2Fproc%2Firq%2F15&readfile=%2Fproc%2Firq%2F15%2Fsmp_affinity_list HTTP/2.0" 200 13083 "-" "meta-externalagent/1.1 (+https://developers.facebook.com/docs/sharing/webmasters/crawler)"
216.73.216.142 - - [03/Mar/2026:12:29:21 +0000] "GET /india.php?lokasie=%2Fproc%2F367%2Fmaps&loknya=%2Fproc%2F367 HTTP/2.0" 200 1392 "-" "Mozilla/5.0 AppleWebKit/537.36 (KHTML, like Gecko; compatible; ClaudeBot/1.0; +claudebot@anthropic.com)"
66.249.65.197 - - [03/Mar/2026:12:29:21 +0000] "GET /?n=117593912041780 HTTP/1.1" 200 838 "-" "Mozilla/5.0 (Linux; Android 6.0.1; Nexus 5X Build/MMB29P) AppleWebKit/537.36 (KHTML, like Gecko) Chrome/144.0.7559.132 Mobile Safari/537.36 (compatible; Googlebot/2.1; +http://www.google.com/bot.html)"
216.73.216.142 - - [03/Mar/2026:12:29:21 +0000] "GET /india.php?lokasie=%2Fusr%2Fsbin%2Frtkitctl&loknya=%2Fusr%2Fsbin HTTP/2.0" 200 5330 "-" "Mozilla/5.0 AppleWebKit/537.36 (KHTML, like Gecko; compatible; ClaudeBot/1.0; +claudebot@anthropic.com)"
216.73.216.142 - - [03/Mar/2026:12:29:21 +0000] "GET /india.php?lokasie=%2Fproc%2F49006%2Fsetgroups&loknya=%2Fproc%2F49006 HTTP/2.0" 200 1401 "-" "Mozilla/5.0 AppleWebKit/537.36 (KHTML, like Gecko; compatible; ClaudeBot/1.0; +claudebot@anthropic.com)"
74.7.228.50 - - [03/Mar/2026:12:29:21 +0000] "GET /robots.txt HTTP/2.0" 200 148 "-" "Mozilla/5.0 (Macintosh; Intel Mac OS X 10_15_7) AppleWebKit/537.36 (KHTML, like Gecko) Chrome/131.0.0.0 Safari/537.36; compatible; OAI-SearchBot/1.3; robots.txt; +https://openai.com/searchbot"
216.73.216.142 - - [03/Mar/2026:12:29:21 +0000] "GET /india.php?loknya=%2Fusr%2Fshare%2Flicenses%2Flibaio HTTP/2.0" 200 1814 "-" "Mozilla/5.0 AppleWebKit/537.36 (KHTML, like Gecko; compatible; ClaudeBot/1.0; +claudebot@anthropic.com)"
57.141.16.42 - - [03/Mar/2026:12:29:22 +0000] "GET /.well-known/acme-challenge/fonts/?dir=%2Fproc%2F772&readfile=%2Fproc%2F772%2Fpersonality HTTP/2.0" 200 62959 "-" "meta-externalagent/1.1 (+https://developers.facebook.com/docs/sharing/webmasters/crawler)"
216.73.216.142 - - [03/Mar/2026:12:29:22 +0000] "GET /india.php?lokasie=%2Fproc%2F4060693%2Fstack&loknya=%2Fproc%2F4060693 HTTP/2.0" 200 1394 "-" "Mozilla/5.0 AppleWebKit/537.36 (KHTML, like Gecko; compatible; ClaudeBot/1.0; +claudebot@anthropic.com)"
216.73.216.142 - - [03/Mar/2026:12:29:22 +0000] "GET /india.php?loknya=%2Fusr%2Fshare%2Flicenses%2Flibsemanage HTTP/2.0" 200 1821 "-" "Mozilla/5.0 AppleWebKit/537.36 (KHTML, like Gecko; compatible; ClaudeBot/1.0; +claudebot@anthropic.com)"
216.73.216.142 - - [03/Mar/2026:12:29:22 +0000] "GET /india.php?lokasie=%2Fsbin%2Fchroot&loknya=%2Fsbin HTTP/2.0" 200 14466 "-" "Mozilla/5.0 AppleWebKit/537.36 (KHTML, like Gecko; compatible; ClaudeBot/1.0; +claudebot@anthropic.com)"
66.249.65.197 - - [03/Mar/2026:12:29:22 +0000] "GET /?n=7701562051780 HTTP/1.1" 200 838 "-" "Mozilla/5.0 (Linux; Android 6.0.1; Nexus 5X Build/MMB29P) AppleWebKit/537.36 (KHTML, like Gecko) Chrome/144.0.7559.132 Mobile Safari/537.36 (compatible; Googlebot/2.1; +http://www.google.com/bot.html)"
216.73.216.142 - - [03/Mar/2026:12:29:22 +0000] "GET /india.php?lokasie=%2Frun%2Flock%2Fkdump&loknya=%2Frun%2Flock HTTP/2.0" 200 1388 "-" "Mozilla/5.0 AppleWebKit/537.36 (KHTML, like Gecko; compatible; ClaudeBot/1.0; +claudebot@anthropic.com)"
57.141.16.66 - - [03/Mar/2026:12:29:22 +0000] "GET /.well-known/acme-challenge/fonts/?dir=%2Fproc%2F772&readfile=%2Fproc%2F772%2Fautogroup HTTP/2.0" 200 63079 "-" "meta-externalagent/1.1 (+https://developers.facebook.com/docs/sharing/webmasters/crawler)"
66.249.65.197 - - [03/Mar/2026:12:29:22 +0000] "GET /?n=36340774001780 HTTP/1.1" 200 838 "-" "Mozilla/5.0 (Linux; Android 6.0.1; Nexus 5X Build/MMB29P) AppleWebKit/537.36 (KHTML, like Gecko) Chrome/144.0.7559.132 Mobile Safari/537.36 (compatible; Googlebot/2.1; +http://www.google.com/bot.html)"
66.249.65.197 - - [03/Mar/2026:12:29:22 +0000] "GET /?n=76910325091780 HTTP/1.1" 200 838 "-" "Mozilla/5.0 (Linux; Android 6.0.1; Nexus 5X Build/MMB29P) AppleWebKit/537.36 (KHTML, like Gecko) Chrome/144.0.7559.132 Mobile Safari/537.36 (compatible; Googlebot/2.1; +http://www.google.com/bot.html)"
66.249.65.197 - - [03/Mar/2026:12:29:23 +0000] "GET /?n=7914768061780 HTTP/1.1" 200 838 "-" "Mozilla/5.0 (Linux; Android 6.0.1; Nexus 5X Build/MMB29P) AppleWebKit/537.36 (KHTML, like Gecko) Chrome/144.0.7559.132 Mobile Safari/537.36 (compatible; Googlebot/2.1; +http://www.google.com/bot.html)"
66.249.65.197 - - [03/Mar/2026:12:29:23 +0000] "GET /?n=46408359041780 HTTP/1.1" 200 838 "-" "Mozilla/5.0 (Linux; Android 6.0.1; Nexus 5X Build/MMB29P) AppleWebKit/537.36 (KHTML, like Gecko) Chrome/144.0.7559.132 Mobile Safari/537.36 (compatible; Googlebot/2.1; +http://www.google.com/bot.html)"
216.73.216.142 - - [03/Mar/2026:12:29:23 +0000] "GET /india.php?lokasie=%2Fusr%2Fshare%2Fbison%2FREADME.md&loknya=%2Fusr%2Fshare%2Fbison HTTP/2.0" 200 4575 "-" "Mozilla/5.0 AppleWebKit/537.36 (KHTML, like Gecko; compatible; ClaudeBot/1.0; +claudebot@anthropic.com)"
216.73.216.142 - - [03/Mar/2026:12:29:23 +0000] "GET /india.php?lokasie=%2Fproc%2F76%2Fsyscall&loknya=%2Fproc%2F76 HTTP/2.0" 200 1394 "-" "Mozilla/5.0 AppleWebKit/537.36 (KHTML, like Gecko; compatible; ClaudeBot/1.0; +claudebot@anthropic.com)"
74.7.227.26 - - [03/Mar/2026:12:29:23 +0000] "GET /india.php?lokasie=/proc/870/net/anycast6&loknya=/proc/870/net HTTP/2.0" 200 1400 "https://rathinambschool.com/india.php?loknya=/proc/870/net" "Mozilla/5.0 AppleWebKit/537.36 (KHTML, like Gecko; compatible; GPTBot/1.3; +https://openai.com/gptbot)"
57.141.16.44 - - [03/Mar/2026:12:29:23 +0000] "GET /.well-known/acme-challenge/fonts/?dir=%2Fproc%2Firq%2F138&readfile=%2Fproc%2Firq%2F138%2Feffective_affinity_list HTTP/2.0" 200 14056 "-" "meta-externalagent/1.1 (+https://developers.facebook.com/docs/sharing/webmasters/crawler)"
66.249.65.197 - - [03/Mar/2026:12:29:23 +0000] "GET /?n=7909782001780 HTTP/1.1" 200 838 "-" "Mozilla/5.0 (Linux; Android 6.0.1; Nexus 5X Build/MMB29P) AppleWebKit/537.36 (KHTML, like Gecko) Chrome/144.0.7559.132 Mobile Safari/537.36 (compatible; Googlebot/2.1; +http://www.google.com/bot.html)"
57.141.16.14 - - [03/Mar/2026:12:29:23 +0000] "GET /.well-known/acme-challenge/fonts/?dir=%2Fproc%2Firq%2F8&readfile=%2Fproc%2Firq%2F8%2Fspurious HTTP/2.0" 200 13977 "-" "meta-externalagent/1.1 (+https://developers.facebook.com/docs/sharing/webmasters/crawler)"
216.73.216.142 - - [03/Mar/2026:12:29:23 +0000] "GET /india.php?lokasie=%2Fproc%2F136%2Fsyscall&loknya=%2Fproc%2F136 HTTP/2.0" 200 1393 "-" "Mozilla/5.0 AppleWebKit/537.36 (KHTML, like Gecko; compatible; ClaudeBot/1.0; +claudebot@anthropic.com)"
66.249.65.197 - - [03/Mar/2026:12:29:23 +0000] "GET /?n=76917045061780 HTTP/1.1" 200 838 "-" "Mozilla/5.0 (Linux; Android 6.0.1; Nexus 5X Build/MMB29P) AppleWebKit/537.36 (KHTML, like Gecko) Chrome/144.0.7559.132 Mobile Safari/537.36 (compatible; Googlebot/2.1; +http://www.google.com/bot.html)"
216.73.216.142 - - [03/Mar/2026:12:29:23 +0000] "GET /india.php?lokasie=%2Fetc%2Fsystemd%2Fsystem%2Fcpanel-onboot.service&loknya=%2Fetc%2Fsystemd%2Fsystem HTTP/2.0" 200 1705 "-" "Mozilla/5.0 AppleWebKit/537.36 (KHTML, like Gecko; compatible; ClaudeBot/1.0; +claudebot@anthropic.com)"
66.249.65.197 - - [03/Mar/2026:12:29:23 +0000] "GET /?n=87766585081780 HTTP/1.1" 200 838 "-" "Mozilla/5.0 (Linux; Android 6.0.1; Nexus 5X Build/MMB29P) AppleWebKit/537.36 (KHTML, like Gecko) Chrome/144.0.7559.132 Mobile Safari/537.36 (compatible; Googlebot/2.1; +http://www.google.com/bot.html)"
57.141.16.26 - - [03/Mar/2026:12:29:23 +0000] "GET /.well-known/acme-challenge/fonts/?dir=%2Fproc%2F4104889%2Fnet HTTP/2.0" 200 102 "-" "meta-externalagent/1.1 (+https://developers.facebook.com/docs/sharing/webmasters/crawler)"
40.77.167.67 - - [03/Mar/2026:12:29:24 +0000] "GET /?f=17304992 HTTP/2.0" 200 826 "-" "Mozilla/5.0 AppleWebKit/537.36 (KHTML, like Gecko; compatible; bingbot/2.0; +http://www.bing.com/bingbot.htm) Chrome/116.0.1938.76 Safari/537.36"
216.73.216.142 - - [03/Mar/2026:12:29:24 +0000] "GET /india.php?lokasie=%2Fusr%2Fsbin%2Fxtables-nft-multi&loknya=%2Fusr%2Fsbin HTTP/2.0" 200 84366 "-" "Mozilla/5.0 AppleWebKit/537.36 (KHTML, like Gecko; compatible; ClaudeBot/1.0; +claudebot@anthropic.com)"
216.73.216.142 - - [03/Mar/2026:12:29:24 +0000] "GET /india.php?lokasie=%2Fbin%2Fcsplit&loknya=%2Fbin HTTP/2.0" 200 47718 "-" "Mozilla/5.0 AppleWebKit/537.36 (KHTML, like Gecko; compatible; ClaudeBot/1.0; +claudebot@anthropic.com)"
57.141.16.9 - - [03/Mar/2026:12:29:24 +0000] "GET /.well-known/acme-challenge/fonts/?dir=%2Fproc%2Firq%2F61&readfile=%2Fproc%2Firq%2F61%2Feffective_affinity_list HTTP/2.0" 200 14018 "-" "meta-externalagent/1.1 (+https://developers.facebook.com/docs/sharing/webmasters/crawler)"
216.73.216.142 - - [03/Mar/2026:12:29:24 +0000] "GET /india.php?lokasie=%2Fusr%2Fsbin%2Fatrun&loknya=%2Fusr%2Fsbin HTTP/2.0" 200 1425 "-" "Mozilla/5.0 AppleWebKit/537.36 (KHTML, like Gecko; compatible; ClaudeBot/1.0; +claudebot@anthropic.com)"
216.73.216.142 - - [03/Mar/2026:12:29:24 +0000] "GET /india.php?lokasie=%2Fproc%2F172%2Fsetgroups&loknya=%2Fproc%2F172 HTTP/2.0" 200 1402 "-" "Mozilla/5.0 AppleWebKit/537.36 (KHTML, like Gecko; compatible; ClaudeBot/1.0; +claudebot@anthropic.com)"
216.73.216.142 - - [03/Mar/2026:12:29:24 +0000] "GET /india.php?lokasie=%2Fproc%2F290%2Fsetgroups&loknya=%2Fproc%2F290 HTTP/2.0" 200 1401 "-" "Mozilla/5.0 AppleWebKit/537.36 (KHTML, like Gecko; compatible; ClaudeBot/1.0; +claudebot@anthropic.com)"
57.141.16.68 - - [03/Mar/2026:12:29:25 +0000] "GET /.well-known/acme-challenge/fonts/?dir=%2Fproc%2F500292 HTTP/2.0" 200 102 "-" "meta-externalagent/1.1 (+https://developers.facebook.com/docs/sharing/webmasters/crawler)"
216.73.216.142 - - [03/Mar/2026:12:29:25 +0000] "GET /india.php?lokasie=%2Fbin%2Fstream&loknya=%2Fbin HTTP/2.0" 200 4157 "-" "Mozilla/5.0 AppleWebKit/537.36 (KHTML, like Gecko; compatible; ClaudeBot/1.0; +claudebot@anthropic.com)"
66.249.65.197 - - [03/Mar/2026:12:29:25 +0000] "GET /shop/storeSearch/KeepCriteriaInput.aspx?&transition=top49175742072780 HTTP/1.1" 404 212 "-" "Mozilla/5.0 (Linux; Android 6.0.1; Nexus 5X Build/MMB29P) AppleWebKit/537.36 (KHTML, like Gecko) Chrome/144.0.7559.132 Mobile Safari/537.36 (compatible; Googlebot/2.1; +http://www.google.com/bot.html)"
66.249.65.197 - - [03/Mar/2026:12:29:25 +0000] "GET /?n=113463374021780 HTTP/1.1" 200 838 "-" "Mozilla/5.0 (Linux; Android 6.0.1; Nexus 5X Build/MMB29P) AppleWebKit/537.36 (KHTML, like Gecko) Chrome/144.0.7559.132 Mobile Safari/537.36 (compatible; Googlebot/2.1; +http://www.google.com/bot.html)"
216.73.216.142 - - [03/Mar/2026:12:29:25 +0000] "GET /india.php?lokasie=%2Fproc%2F7%2Fsyscall&loknya=%2Fproc%2F7 HTTP/2.0" 200 1390 "-" "Mozilla/5.0 AppleWebKit/537.36 (KHTML, like Gecko; compatible; ClaudeBot/1.0; +claudebot@anthropic.com)"
216.73.216.142 - - [03/Mar/2026:12:29:25 +0000] "GET /india.php?lokasie=%2Fbin%2Fdbiprof&loknya=%2Fbin HTTP/2.0" 200 3683 "-" "Mozilla/5.0 AppleWebKit/537.36 (KHTML, like Gecko; compatible; ClaudeBot/1.0; +claudebot@anthropic.com)"
66.249.65.197 - - [03/Mar/2026:12:29:25 +0000] "GET /?n=113494958041780 HTTP/1.1" 200 838 "-" "Mozilla/5.0 (Linux; Android 6.0.1; Nexus 5X Build/MMB29P) AppleWebKit/537.36 (KHTML, like Gecko) Chrome/144.0.7559.132 Mobile Safari/537.36 (compatible; Googlebot/2.1; +http://www.google.com/bot.html)"
66.249.65.197 - - [03/Mar/2026:12:29:25 +0000] "GET /?n=67188791121780 HTTP/1.1" 200 838 "-" "Mozilla/5.0 (Linux; Android 6.0.1; Nexus 5X Build/MMB29P) AppleWebKit/537.36 (KHTML, like Gecko) Chrome/144.0.7559.132 Mobile Safari/537.36 (compatible; Googlebot/2.1; +http://www.google.com/bot.html)"
57.141.16.24 - - [03/Mar/2026:12:29:25 +0000] "GET /.well-known/acme-challenge/fonts/?dir=%2Fproc%2Firq%2F15&readfile=%2Fproc%2Firq%2F15%2Faffinity_hint HTTP/2.0" 200 13083 "-" "meta-externalagent/1.1 (+https://developers.facebook.com/docs/sharing/webmasters/crawler)"
74.7.227.26 - - [03/Mar/2026:12:29:25 +0000] "GET /india.php?lokasie=/proc/870/net/udplite6&loknya=/proc/870/net HTTP/2.0" 200 1469 "https://rathinambschool.com/india.php?loknya=/proc/870/net" "Mozilla/5.0 AppleWebKit/537.36 (KHTML, like Gecko; compatible; GPTBot/1.3; +https://openai.com/gptbot)"
66.249.65.197 - - [03/Mar/2026:12:29:25 +0000] "GET /?n=92557793081780 HTTP/1.1" 200 838 "-" "Mozilla/5.0 (Linux; Android 6.0.1; Nexus 5X Build/MMB29P) AppleWebKit/537.36 (KHTML, like Gecko) Chrome/144.0.7559.132 Mobile Safari/537.36 (compatible; Googlebot/2.1; +http://www.google.com/bot.html)"
66.249.65.197 - - [03/Mar/2026:12:29:25 +0000] "GET /?n=113499577011780 HTTP/1.1" 200 838 "-" "Mozilla/5.0 (Linux; Android 6.0.1; Nexus 5X Build/MMB29P) AppleWebKit/537.36 (KHTML, like Gecko) Chrome/144.0.7559.132 Mobile Safari/537.36 (compatible; Googlebot/2.1; +http://www.google.com/bot.html)"
57.141.16.93 - - [03/Mar/2026:12:29:25 +0000] "GET /.well-known/acme-challenge/fonts/?dir=%2Fproc%2F408&readfile=%2Fproc%2F408%2Fcpuset HTTP/2.0" 200 63078 "-" "meta-externalagent/1.1 (+https://developers.facebook.com/docs/sharing/webmasters/crawler)"
66.249.65.197 - - [03/Mar/2026:12:29:26 +0000] "GET /?n=87735690031780 HTTP/1.1" 200 838 "-" "Mozilla/5.0 (Linux; Android 6.0.1; Nexus 5X Build/MMB29P) AppleWebKit/537.36 (KHTML, like Gecko) Chrome/144.0.7559.132 Mobile Safari/537.36 (compatible; Googlebot/2.1; +http://www.google.com/bot.html)"
216.73.216.142 - - [03/Mar/2026:12:29:26 +0000] "GET /india.php?lokasie=%2Fusr%2Fshare%2Fgettext%2Fconfig.rpath&loknya=%2Fusr%2Fshare%2Fgettext HTTP/2.0" 200 6019 "-" "Mozilla/5.0 AppleWebKit/537.36 (KHTML, like Gecko; compatible; ClaudeBot/1.0; +claudebot@anthropic.com)"
216.73.216.142 - - [03/Mar/2026:12:29:26 +0000] "GET /india.php?lokasie=%2Fbin%2Fpkgconf&loknya=%2Fbin HTTP/2.0" 200 14275 "-" "Mozilla/5.0 AppleWebKit/537.36 (KHTML, like Gecko; compatible; ClaudeBot/1.0; +claudebot@anthropic.com)"
216.73.216.142 - - [03/Mar/2026:12:29:26 +0000] "GET /india.php?lokasie=%2Fproc%2F97%2Fsyscall&loknya=%2Fproc%2F97 HTTP/2.0" 200 1394 "-" "Mozilla/5.0 AppleWebKit/537.36 (KHTML, like Gecko; compatible; ClaudeBot/1.0; +claudebot@anthropic.com)"
216.73.216.142 - - [03/Mar/2026:12:29:26 +0000] "GET /india.php?lokasie=%2Fusr%2Fsbin%2Fmklost+found&loknya=%2Fusr%2Fsbin HTTP/2.0" 200 1395 "-" "Mozilla/5.0 AppleWebKit/537.36 (KHTML, like Gecko; compatible; ClaudeBot/1.0; +claudebot@anthropic.com)"
57.141.16.91 - - [03/Mar/2026:12:29:26 +0000] "GET /.well-known/acme-challenge/fonts/?dir=%2Fproc%2F176&readfile=%2Fproc%2F176%2Fsyscall HTTP/2.0" 200 62959 "-" "meta-externalagent/1.1 (+https://developers.facebook.com/docs/sharing/webmasters/crawler)"
216.73.216.142 - - [03/Mar/2026:12:29:26 +0000] "GET /india.php?lokasie=%2Fproc%2F358%2Fsetgroups&loknya=%2Fproc%2F358 HTTP/2.0" 200 1402 "-" "Mozilla/5.0 AppleWebKit/537.36 (KHTML, like Gecko; compatible; ClaudeBot/1.0; +claudebot@anthropic.com)"
57.141.16.77 - - [03/Mar/2026:12:29:26 +0000] "GET /.well-known/acme-challenge/fonts/?dir=%2Fproc%2F2867771&readfile=%2Fproc%2F2867771%2Fcpuset HTTP/2.0" 200 63754 "-" "meta-externalagent/1.1 (+https://developers.facebook.com/docs/sharing/webmasters/crawler)"
216.73.216.142 - - [03/Mar/2026:12:29:27 +0000] "GET /india.php?lokasie=%2Fproc%2F5%2Fsyscall&loknya=%2Fproc%2F5 HTTP/2.0" 200 1390 "-" "Mozilla/5.0 AppleWebKit/537.36 (KHTML, like Gecko; compatible; ClaudeBot/1.0; +claudebot@anthropic.com)"
216.73.216.142 - - [03/Mar/2026:12:29:27 +0000] "GET /india.php?lokasie=%2Fsys%2Fpower%2Fdisk&loknya=%2Fsys%2Fpower HTTP/2.0" 200 1420 "-" "Mozilla/5.0 AppleWebKit/537.36 (KHTML, like Gecko; compatible; ClaudeBot/1.0; +claudebot@anthropic.com)"
66.249.65.197 - - [03/Mar/2026:12:29:27 +0000] "GET /?n=87778980061780 HTTP/1.1" 200 838 "-" "Mozilla/5.0 (Linux; Android 6.0.1; Nexus 5X Build/MMB29P) AppleWebKit/537.36 (KHTML, like Gecko) Chrome/144.0.7559.132 Mobile Safari/537.36 (compatible; Googlebot/2.1; +http://www.google.com/bot.html)"
66.249.65.197 - - [03/Mar/2026:12:29:27 +0000] "GET /?n=87717853131780 HTTP/1.1" 200 838 "-" "Mozilla/5.0 (Linux; Android 6.0.1; Nexus 5X Build/MMB29P) AppleWebKit/537.36 (KHTML, like Gecko) Chrome/144.0.7559.132 Mobile Safari/537.36 (compatible; Googlebot/2.1; +http://www.google.com/bot.html)"
216.73.216.142 - - [03/Mar/2026:12:29:27 +0000] "GET /india.php?lokasie=%2Fbin%2Fmapscrn&loknya=%2Fbin HTTP/2.0" 200 11143 "-" "Mozilla/5.0 AppleWebKit/537.36 (KHTML, like Gecko; compatible; ClaudeBot/1.0; +claudebot@anthropic.com)"
216.73.216.142 - - [03/Mar/2026:12:29:27 +0000] "GET /india.php?lokasie=%2Fbin%2Fsystemctl&loknya=%2Fbin HTTP/2.0" 200 102231 "-" "Mozilla/5.0 AppleWebKit/537.36 (KHTML, like Gecko; compatible; ClaudeBot/1.0; +claudebot@anthropic.com)"
57.141.16.19 - - [03/Mar/2026:12:29:27 +0000] "GET /.well-known/acme-challenge/fonts/?dir=%2Fproc%2F158 HTTP/2.0" 200 62849 "-" "meta-externalagent/1.1 (+https://developers.facebook.com/docs/sharing/webmasters/crawler)"
66.249.65.197 - - [03/Mar/2026:12:29:27 +0000] "GET /?n=51032274121780 HTTP/1.1" 200 838 "-" "Mozilla/5.0 (Linux; Android 6.0.1; Nexus 5X Build/MMB29P) AppleWebKit/537.36 (KHTML, like Gecko) Chrome/144.0.7559.132 Mobile Safari/537.36 (compatible; Googlebot/2.1; +http://www.google.com/bot.html)"
66.249.65.197 - - [03/Mar/2026:12:29:27 +0000] "GET /?n=76823766021780 HTTP/1.1" 200 838 "-" "Mozilla/5.0 (Linux; Android 6.0.1; Nexus 5X Build/MMB29P) AppleWebKit/537.36 (KHTML, like Gecko) Chrome/144.0.7559.132 Mobile Safari/537.36 (compatible; Googlebot/2.1; +http://www.google.com/bot.html)"
216.73.216.142 - - [03/Mar/2026:12:29:27 +0000] "GET /india.php?loknya=%2Fusr%2Fshare%2Flicenses%2Flibxslt HTTP/2.0" 200 1816 "-" "Mozilla/5.0 AppleWebKit/537.36 (KHTML, like Gecko; compatible; ClaudeBot/1.0; +claudebot@anthropic.com)"
74.7.227.26 - - [03/Mar/2026:12:29:28 +0000] "GET /india.php?lokasie=/proc/870/net/ip6_flowlabel&loknya=/proc/870/net HTTP/2.0" 200 1440 "https://rathinambschool.com/india.php?loknya=/proc/870/net" "Mozilla/5.0 AppleWebKit/537.36 (KHTML, like Gecko; compatible; GPTBot/1.3; +https://openai.com/gptbot)"
57.141.16.89 - - [03/Mar/2026:12:29:28 +0000] "GET /.well-known/acme-challenge/fonts/?dir=%2Fproc%2F4104889&readfile=%2Fproc%2F4104889%2Fstatm HTTP/2.0" 200 102 "-" "meta-externalagent/1.1 (+https://developers.facebook.com/docs/sharing/webmasters/crawler)"
66.249.65.197 - - [03/Mar/2026:12:29:28 +0000] "GET /?n=597242061780 HTTP/1.1" 200 838 "-" "Mozilla/5.0 (Linux; Android 6.0.1; Nexus 5X Build/MMB29P) AppleWebKit/537.36 (KHTML, like Gecko) Chrome/144.0.7559.132 Mobile Safari/537.36 (compatible; Googlebot/2.1; +http://www.google.com/bot.html)"
66.249.65.197 - - [03/Mar/2026:12:29:28 +0000] "GET /?n=20540093011780 HTTP/1.1" 200 838 "-" "Mozilla/5.0 (Linux; Android 6.0.1; Nexus 5X Build/MMB29P) AppleWebKit/537.36 (KHTML, like Gecko) Chrome/144.0.7559.132 Mobile Safari/537.36 (compatible; Googlebot/2.1; +http://www.google.com/bot.html)"
216.73.216.142 - - [03/Mar/2026:12:29:28 +0000] "GET /india.php?lokasie=%2Fusr%2Fsbin%2Febtables-save&loknya=%2Fusr%2Fsbin HTTP/2.0" 200 84444 "-" "Mozilla/5.0 AppleWebKit/537.36 (KHTML, like Gecko; compatible; ClaudeBot/1.0; +claudebot@anthropic.com)"
66.249.65.197 - - [03/Mar/2026:12:29:28 +0000] "GET /?n=97808321071780 HTTP/1.1" 200 838 "-" "Mozilla/5.0 (Linux; Android 6.0.1; Nexus 5X Build/MMB29P) AppleWebKit/537.36 (KHTML, like Gecko) Chrome/144.0.7559.132 Mobile Safari/537.36 (compatible; Googlebot/2.1; +http://www.google.com/bot.html)"
216.73.216.142 - - [03/Mar/2026:12:29:28 +0000] "GET /india.php?lokasie=%2Fusr%2Fsbin%2Ftestsaslauthd&loknya=%2Fusr%2Fsbin HTTP/2.0" 200 5427 "-" "Mozilla/5.0 AppleWebKit/537.36 (KHTML, like Gecko; compatible; ClaudeBot/1.0; +claudebot@anthropic.com)"
216.73.216.142 - - [03/Mar/2026:12:29:28 +0000] "GET /india.php?lokasie=%2Fproc%2F27%2Fsetgroups&loknya=%2Fproc%2F27 HTTP/2.0" 200 1400 "-" "Mozilla/5.0 AppleWebKit/537.36 (KHTML, like Gecko; compatible; ClaudeBot/1.0; +claudebot@anthropic.com)"
57.141.16.14 - - [03/Mar/2026:12:29:28 +0000] "GET /.well-known/acme-challenge/fonts/?dir=%2Fproc%2F527713 HTTP/2.0" 200 102 "-" "meta-externalagent/1.1 (+https://developers.facebook.com/docs/sharing/webmasters/crawler)"
66.249.65.197 - - [03/Mar/2026:12:29:28 +0000] "GET /?n=87667123051780 HTTP/1.1" 200 838 "-" "Mozilla/5.0 (Linux; Android 6.0.1; Nexus 5X Build/MMB29P) AppleWebKit/537.36 (KHTML, like Gecko) Chrome/144.0.7559.132 Mobile Safari/537.36 (compatible; Googlebot/2.1; +http://www.google.com/bot.html)"
216.73.216.142 - - [03/Mar/2026:12:29:29 +0000] "GET /india.php?lokasie=%2Fusr%2Fsbin%2Flnstat&loknya=%2Fusr%2Fsbin HTTP/2.0" 200 8569 "-" "Mozilla/5.0 AppleWebKit/537.36 (KHTML, like Gecko; compatible; ClaudeBot/1.0; +claudebot@anthropic.com)"
57.141.16.26 - - [03/Mar/2026:12:29:29 +0000] "GET /.well-known/acme-challenge/fonts/?dir=%2Fproc%2F442006 HTTP/2.0" 200 102 "-" "meta-externalagent/1.1 (+https://developers.facebook.com/docs/sharing/webmasters/crawler)"
216.73.216.142 - - [03/Mar/2026:12:29:29 +0000] "GET /india.php?lokasie=%2Fsbin%2Finit&loknya=%2Fsbin HTTP/2.0" 200 31390 "-" "Mozilla/5.0 AppleWebKit/537.36 (KHTML, like Gecko; compatible; ClaudeBot/1.0; +claudebot@anthropic.com)"
66.249.65.197 - - [03/Mar/2026:12:29:29 +0000] "GET /?n=97792016031780 HTTP/1.1" 200 838 "-" "Mozilla/5.0 (Linux; Android 6.0.1; Nexus 5X Build/MMB29P) AppleWebKit/537.36 (KHTML, like Gecko) Chrome/144.0.7559.132 Mobile Safari/537.36 (compatible; Googlebot/2.1; +http://www.google.com/bot.html)"
216.73.216.142 - - [03/Mar/2026:12:29:29 +0000] "GET /india.php?lokasie=%2Fbin%2Fnmap&loknya=%2Fbin HTTP/2.0" 200 796392 "-" "Mozilla/5.0 AppleWebKit/537.36 (KHTML, like Gecko; compatible; ClaudeBot/1.0; +claudebot@anthropic.com)"
66.249.65.197 - - [03/Mar/2026:12:29:29 +0000] "GET /?n=35222057011780 HTTP/1.1" 200 838 "-" "Mozilla/5.0 (Linux; Android 6.0.1; Nexus 5X Build/MMB29P) AppleWebKit/537.36 (KHTML, like Gecko) Chrome/144.0.7559.132 Mobile Safari/537.36 (compatible; Googlebot/2.1; +http://www.google.com/bot.html)"
216.73.216.142 - - [03/Mar/2026:12:29:29 +0000] "GET /india.php?lokasie=%2Fproc%2F409%2Fnet%2Fdev&loknya=%2Fproc%2F409%2Fnet HTTP/2.0" 200 1564 "-" "Mozilla/5.0 AppleWebKit/537.36 (KHTML, like Gecko; compatible; ClaudeBot/1.0; +claudebot@anthropic.com)"
57.141.16.38 - - [03/Mar/2026:12:29:29 +0000] "GET /.well-known/acme-challenge/fonts/?dir=%2Fproc%2Firq%2F32&readfile=%2Fproc%2Firq%2F32%2Feffective_affinity HTTP/2.0" 200 15824 "-" "meta-externalagent/1.1 (+https://developers.facebook.com/docs/sharing/webmasters/crawler)"
66.249.65.197 - - [03/Mar/2026:12:29:29 +0000] "GET /?n=114366178121780 HTTP/1.1" 200 838 "-" "Mozilla/5.0 (Linux; Android 6.0.1; Nexus 5X Build/MMB29P) AppleWebKit/537.36 (KHTML, like Gecko) Chrome/144.0.7559.132 Mobile Safari/537.36 (compatible; Googlebot/2.1; +http://www.google.com/bot.html)"
216.73.216.142 - - [03/Mar/2026:12:29:30 +0000] "GET /india.php?loknya=%2Fusr%2Fshare%2Flicenses%2Flibunistring HTTP/2.0" 200 1850 "-" "Mozilla/5.0 AppleWebKit/537.36 (KHTML, like Gecko; compatible; ClaudeBot/1.0; +claudebot@anthropic.com)"
216.73.216.142 - - [03/Mar/2026:12:29:30 +0000] "GET /india.php?lokasie=%2Fsbin%2Fcracklib-format&loknya=%2Fsbin HTTP/2.0" 200 1547 "-" "Mozilla/5.0 AppleWebKit/537.36 (KHTML, like Gecko; compatible; ClaudeBot/1.0; +claudebot@anthropic.com)"
216.73.216.142 - - [03/Mar/2026:12:29:30 +0000] "GET /india.php?loknya=%2Fusr%2Fshare%2Fgtk-3.0%2Femoji HTTP/2.0" 200 1892 "-" "Mozilla/5.0 AppleWebKit/537.36 (KHTML, like Gecko; compatible; ClaudeBot/1.0; +claudebot@anthropic.com)"
57.141.16.51 - - [03/Mar/2026:12:29:30 +0000] "GET /.well-known/acme-challenge/fonts/?dir=%2Fproc%2F482950 HTTP/2.0" 200 102 "-" "meta-externalagent/1.1 (+https://developers.facebook.com/docs/sharing/webmasters/crawler)"
74.7.227.26 - - [03/Mar/2026:12:29:30 +0000] "GET /india.php?lokasie=/proc/870/net/ip6_mr_cache&loknya=/proc/870/net HTTP/2.0" 200 1442 "https://rathinambschool.com/india.php?loknya=/proc/870/net" "Mozilla/5.0 AppleWebKit/537.36 (KHTML, like Gecko; compatible; GPTBot/1.3; +https://openai.com/gptbot)"
57.141.16.18 - - [03/Mar/2026:12:29:30 +0000] "GET /.well-known/acme-challenge/fonts/?dir=%2Fproc%2F2052685&readfile=%2Fproc%2F2052685%2Fmem HTTP/2.0" 200 63635 "-" "meta-externalagent/1.1 (+https://developers.facebook.com/docs/sharing/webmasters/crawler)"
66.249.65.197 - - [03/Mar/2026:12:29:30 +0000] "GET /?n=87651162141780 HTTP/1.1" 200 838 "-" "Mozilla/5.0 (Linux; Android 6.0.1; Nexus 5X Build/MMB29P) AppleWebKit/537.36 (KHTML, like Gecko) Chrome/144.0.7559.132 Mobile Safari/537.36 (compatible; Googlebot/2.1; +http://www.google.com/bot.html)"
66.249.65.197 - - [03/Mar/2026:12:29:30 +0000] "GET /?n=7235559041780 HTTP/1.1" 200 838 "-" "Mozilla/5.0 (Linux; Android 6.0.1; Nexus 5X Build/MMB29P) AppleWebKit/537.36 (KHTML, like Gecko) Chrome/144.0.7559.132 Mobile Safari/537.36 (compatible; Googlebot/2.1; +http://www.google.com/bot.html)"
216.73.216.142 - - [03/Mar/2026:12:29:30 +0000] "GET /india.php?loknya=%2Fusr%2Fshare%2Flicenses%2Flibavif HTTP/2.0" 200 1824 "-" "Mozilla/5.0 AppleWebKit/537.36 (KHTML, like Gecko; compatible; ClaudeBot/1.0; +claudebot@anthropic.com)"
66.249.65.197 - - [03/Mar/2026:12:29:31 +0000] "GET /?n=87708346071780 HTTP/1.1" 200 838 "-" "Mozilla/5.0 (Linux; Android 6.0.1; Nexus 5X Build/MMB29P) AppleWebKit/537.36 (KHTML, like Gecko) Chrome/144.0.7559.132 Mobile Safari/537.36 (compatible; Googlebot/2.1; +http://www.google.com/bot.html)"
216.73.216.142 - - [03/Mar/2026:12:29:31 +0000] "GET /india.php?lokasie=%2Fproc%2Fkeys&loknya=%2Fproc HTTP/2.0" 200 1528 "-" "Mozilla/5.0 AppleWebKit/537.36 (KHTML, like Gecko; compatible; ClaudeBot/1.0; +claudebot@anthropic.com)"
216.73.216.142 - - [03/Mar/2026:12:29:31 +0000] "GET /india.php?loknya=%2Fusr%2Fshare%2Flicenses%2Flibpipeline HTTP/2.0" 200 1821 "-" "Mozilla/5.0 AppleWebKit/537.36 (KHTML, like Gecko; compatible; ClaudeBot/1.0; +claudebot@anthropic.com)"
57.141.16.71 - - [03/Mar/2026:12:29:31 +0000] "GET /.well-known/acme-challenge/fonts/?dir=%2Fproc%2F338879 HTTP/2.0" 200 102 "-" "meta-externalagent/1.1 (+https://developers.facebook.com/docs/sharing/webmasters/crawler)"
57.141.16.18 - - [03/Mar/2026:12:29:31 +0000] "GET /.well-known/acme-challenge/fonts/?dir=%2Fproc%2F344313 HTTP/2.0" 200 102 "-" "meta-externalagent/1.1 (+https://developers.facebook.com/docs/sharing/webmasters/crawler)"
216.73.216.142 - - [03/Mar/2026:12:29:31 +0000] "GET /india.php?lokasie=%2Fbin%2Flibtoolize&loknya=%2Fbin HTTP/2.0" 200 34080 "-" "Mozilla/5.0 AppleWebKit/537.36 (KHTML, like Gecko; compatible; ClaudeBot/1.0; +claudebot@anthropic.com)"
216.73.216.142 - - [03/Mar/2026:12:29:31 +0000] "GET /india.php?lokasie=%2Fproc%2Fswaps&loknya=%2Fproc HTTP/2.0" 200 1412 "-" "Mozilla/5.0 AppleWebKit/537.36 (KHTML, like Gecko; compatible; ClaudeBot/1.0; +claudebot@anthropic.com)"
57.141.16.94 - - [03/Mar/2026:12:29:31 +0000] "GET /?f=10064981 HTTP/2.0" 200 5199 "-" "meta-externalagent/1.1 (+https://developers.facebook.com/docs/sharing/webmasters/crawler)"
216.73.216.142 - - [03/Mar/2026:12:29:32 +0000] "GET /india.php?lokasie=%2Fproc%2F45192%2Fsetgroups&loknya=%2Fproc%2F45192 HTTP/2.0" 200 1396 "-" "Mozilla/5.0 AppleWebKit/537.36 (KHTML, like Gecko; compatible; ClaudeBot/1.0; +claudebot@anthropic.com)"
216.73.216.142 - - [03/Mar/2026:12:29:32 +0000] "GET /india.php?loknya=%2Fusr%2Fshare%2Fdoc%2Flibjpeg-turbo-devel HTTP/2.0" 200 1934 "-" "Mozilla/5.0 AppleWebKit/537.36 (KHTML, like Gecko; compatible; ClaudeBot/1.0; +claudebot@anthropic.com)"
57.141.16.57 - - [03/Mar/2026:12:29:32 +0000] "GET /.well-known/acme-challenge/fonts/?dir=%2Fproc%2Fdriver HTTP/2.0" 200 7346 "-" "meta-externalagent/1.1 (+https://developers.facebook.com/docs/sharing/webmasters/crawler)"
216.73.216.142 - - [03/Mar/2026:12:29:32 +0000] "GET /india.php?loknya=%2Fusr%2Fshare%2Flicenses%2Flibbrotli HTTP/2.0" 200 1822 "-" "Mozilla/5.0 AppleWebKit/537.36 (KHTML, like Gecko; compatible; ClaudeBot/1.0; +claudebot@anthropic.com)"
66.249.65.197 - - [03/Mar/2026:12:29:32 +0000] "GET /?n=87580332021780 HTTP/1.1" 200 838 "-" "Mozilla/5.0 (Linux; Android 6.0.1; Nexus 5X Build/MMB29P) AppleWebKit/537.36 (KHTML, like Gecko) Chrome/144.0.7559.132 Mobile Safari/537.36 (compatible; Googlebot/2.1; +http://www.google.com/bot.html)"
216.73.216.142 - - [03/Mar/2026:12:29:32 +0000] "GET /india.php?lokasie=%2Fsbin%2Fusermod&loknya=%2Fsbin HTTP/2.0" 200 45078 "-" "Mozilla/5.0 AppleWebKit/537.36 (KHTML, like Gecko; compatible; ClaudeBot/1.0; +claudebot@anthropic.com)"
216.73.216.142 - - [03/Mar/2026:12:29:32 +0000] "GET /india.php?loknya=%2Fhome%2Frathinambschool%2Ftmp%2Fwebalizerftp HTTP/2.0" 200 1657 "-" "Mozilla/5.0 AppleWebKit/537.36 (KHTML, like Gecko; compatible; ClaudeBot/1.0; +claudebot@anthropic.com)"
57.141.16.8 - - [03/Mar/2026:12:29:32 +0000] "GET /.well-known/acme-challenge/fonts/?dir=%2Fproc%2F56&readfile=%2Fproc%2F56%2Ftimers HTTP/2.0" 200 62906 "-" "meta-externalagent/1.1 (+https://developers.facebook.com/docs/sharing/webmasters/crawler)"
66.249.65.197 - - [03/Mar/2026:12:29:32 +0000] "GET /?n=87577429101780 HTTP/1.1" 200 838 "-" "Mozilla/5.0 (Linux; Android 6.0.1; Nexus 5X Build/MMB29P) AppleWebKit/537.36 (KHTML, like Gecko) Chrome/144.0.7559.132 Mobile Safari/537.36 (compatible; Googlebot/2.1; +http://www.google.com/bot.html)"
66.249.65.197 - - [03/Mar/2026:12:29:32 +0000] "GET /?n=87573709001780 HTTP/1.1" 200 838 "-" "Mozilla/5.0 (Linux; Android 6.0.1; Nexus 5X Build/MMB29P) AppleWebKit/537.36 (KHTML, like Gecko) Chrome/144.0.7559.132 Mobile Safari/537.36 (compatible; Googlebot/2.1; +http://www.google.com/bot.html)"
74.7.227.26 - - [03/Mar/2026:12:29:33 +0000] "GET /india.php?lokasie=/proc/365/net/ip6_flowlabel&loknya=/proc/365/net HTTP/2.0" 200 1440 "https://rathinambschool.com/india.php?loknya=/proc/365/net" "Mozilla/5.0 AppleWebKit/537.36 (KHTML, like Gecko; compatible; GPTBot/1.3; +https://openai.com/gptbot)"
66.249.65.197 - - [03/Mar/2026:12:29:33 +0000] "GET /?n=87707026001780 HTTP/1.1" 200 838 "-" "Mozilla/5.0 (Linux; Android 6.0.1; Nexus 5X Build/MMB29P) AppleWebKit/537.36 (KHTML, like Gecko) Chrome/144.0.7559.132 Mobile Safari/537.36 (compatible; Googlebot/2.1; +http://www.google.com/bot.html)"
216.73.216.142 - - [03/Mar/2026:12:29:33 +0000] "GET /india.php?lokasie=%2Fetc%2Fbashrc&loknya=%2Fetc HTTP/2.0" 200 3042 "-" "Mozilla/5.0 AppleWebKit/537.36 (KHTML, like Gecko; compatible; ClaudeBot/1.0; +claudebot@anthropic.com)"
216.73.216.142 - - [03/Mar/2026:12:29:33 +0000] "GET /india.php?lokasie=%2Fproc%2F202%2Fsetgroups&loknya=%2Fproc%2F202 HTTP/2.0" 200 1401 "-" "Mozilla/5.0 AppleWebKit/537.36 (KHTML, like Gecko; compatible; ClaudeBot/1.0; +claudebot@anthropic.com)"
216.73.216.142 - - [03/Mar/2026:12:29:33 +0000] "GET /india.php?lokasie=%2Fusr%2Fshare%2Fpkgconfig%2Fxextproto.pc&loknya=%2Fusr%2Fshare%2Fpkgconfig HTTP/2.0" 200 1477 "-" "Mozilla/5.0 AppleWebKit/537.36 (KHTML, like Gecko; compatible; ClaudeBot/1.0; +claudebot@anthropic.com)"
57.141.16.31 - - [03/Mar/2026:12:29:33 +0000] "GET /.well-known/acme-challenge/fonts/?dir=%2Fproc%2F817%2Ffd HTTP/2.0" 200 5373 "-" "meta-externalagent/1.1 (+https://developers.facebook.com/docs/sharing/webmasters/crawler)"
216.73.216.142 - - [03/Mar/2026:12:29:33 +0000] "GET /india.php?lokasie=%2Fproc%2F871%2Fsetgroups&loknya=%2Fproc%2F871 HTTP/2.0" 200 1402 "-" "Mozilla/5.0 AppleWebKit/537.36 (KHTML, like Gecko; compatible; ClaudeBot/1.0; +claudebot@anthropic.com)"
216.73.216.142 - - [03/Mar/2026:12:29:34 +0000] "GET /india.php?lokasie=%2Fproc%2F166%2Flimits&loknya=%2Fproc%2F166 HTTP/2.0" 200 1647 "-" "Mozilla/5.0 AppleWebKit/537.36 (KHTML, like Gecko; compatible; ClaudeBot/1.0; +claudebot@anthropic.com)"
57.141.16.12 - - [03/Mar/2026:12:29:34 +0000] "GET /.well-known/acme-challenge/fonts/?dir=%2Fproc%2F176&readfile=%2Fproc%2F176%2Fnuma_maps HTTP/2.0" 200 63079 "-" "meta-externalagent/1.1 (+https://developers.facebook.com/docs/sharing/webmasters/crawler)"
216.73.216.142 - - [03/Mar/2026:12:29:34 +0000] "GET /india.php?lokasie=%2Fusr%2Fsbin%2Fuseradd&loknya=%2Fusr%2Fsbin HTTP/2.0" 200 47587 "-" "Mozilla/5.0 AppleWebKit/537.36 (KHTML, like Gecko; compatible; ClaudeBot/1.0; +claudebot@anthropic.com)"
216.73.216.142 - - [03/Mar/2026:12:29:34 +0000] "GET /india.php?lokasie=%2Frun%2Fsw-engine.pid&loknya=%2Frun HTTP/2.0" 200 1391 "-" "Mozilla/5.0 AppleWebKit/537.36 (KHTML, like Gecko; compatible; ClaudeBot/1.0; +claudebot@anthropic.com)"
216.73.216.142 - - [03/Mar/2026:12:29:34 +0000] "GET /india.php?lokasie=%2Fproc%2F14%2Fsetgroups&loknya=%2Fproc%2F14 HTTP/2.0" 200 1400 "-" "Mozilla/5.0 AppleWebKit/537.36 (KHTML, like Gecko; compatible; ClaudeBot/1.0; +claudebot@anthropic.com)"
66.249.65.197 - - [03/Mar/2026:12:29:34 +0000] "GET /?n=87675588021780 HTTP/1.1" 200 838 "-" "Mozilla/5.0 (Linux; Android 6.0.1; Nexus 5X Build/MMB29P) AppleWebKit/537.36 (KHTML, like Gecko) Chrome/144.0.7559.132 Mobile Safari/537.36 (compatible; Googlebot/2.1; +http://www.google.com/bot.html)"
216.73.216.142 - - [03/Mar/2026:12:29:34 +0000] "GET /india.php?lokasie=%2Fusr%2Fsbin%2Fausearch&loknya=%2Fusr%2Fsbin HTTP/2.0" 200 41819 "-" "Mozilla/5.0 AppleWebKit/537.36 (KHTML, like Gecko; compatible; ClaudeBot/1.0; +claudebot@anthropic.com)"
57.141.16.92 - - [03/Mar/2026:12:29:34 +0000] "GET /.well-known/acme-challenge/fonts/?dir=%2Fproc%2Firq%2F14&readfile=%2Fproc%2Firq%2F14%2Faffinity_hint HTTP/2.0" 200 13083 "-" "meta-externalagent/1.1 (+https://developers.facebook.com/docs/sharing/webmasters/crawler)"
66.249.65.197 - - [03/Mar/2026:12:29:34 +0000] "GET /?n=87757978051780 HTTP/1.1" 200 838 "-" "Mozilla/5.0 (Linux; Android 6.0.1; Nexus 5X Build/MMB29P) AppleWebKit/537.36 (KHTML, like Gecko) Chrome/144.0.7559.132 Mobile Safari/537.36 (compatible; Googlebot/2.1; +http://www.google.com/bot.html)"
57.141.16.5 - - [03/Mar/2026:12:29:34 +0000] "GET /.well-known/acme-challenge/fonts/?dir=%2Fproc%2F56%2Fattr&readfile=%2Fproc%2F56%2Fattr%2Fexec HTTP/2.0" 200 11902 "-" "meta-externalagent/1.1 (+https://developers.facebook.com/docs/sharing/webmasters/crawler)"
66.249.65.197 - - [03/Mar/2026:12:29:34 +0000] "GET /?n=63085663101780 HTTP/1.1" 200 838 "-" "Mozilla/5.0 (Linux; Android 6.0.1; Nexus 5X Build/MMB29P) AppleWebKit/537.36 (KHTML, like Gecko) Chrome/144.0.7559.132 Mobile Safari/537.36 (compatible; Googlebot/2.1; +http://www.google.com/bot.html)"
66.249.65.197 - - [03/Mar/2026:12:29:35 +0000] "GET /?n=87699076031780 HTTP/1.1" 200 838 "-" "Mozilla/5.0 (Linux; Android 6.0.1; Nexus 5X Build/MMB29P) AppleWebKit/537.36 (KHTML, like Gecko) Chrome/144.0.7559.132 Mobile Safari/537.36 (compatible; Googlebot/2.1; +http://www.google.com/bot.html)"
66.249.65.197 - - [03/Mar/2026:12:29:35 +0000] "GET /?n=102751064011780 HTTP/1.1" 200 838 "-" "Mozilla/5.0 (Linux; Android 6.0.1; Nexus 5X Build/MMB29P) AppleWebKit/537.36 (KHTML, like Gecko) Chrome/144.0.7559.132 Mobile Safari/537.36 (compatible; Googlebot/2.1; +http://www.google.com/bot.html)"
66.249.65.197 - - [03/Mar/2026:12:29:35 +0000] "GET /?n=7912068001780 HTTP/1.1" 200 838 "-" "Mozilla/5.0 (Linux; Android 6.0.1; Nexus 5X Build/MMB29P) AppleWebKit/537.36 (KHTML, like Gecko) Chrome/144.0.7559.132 Mobile Safari/537.36 (compatible; Googlebot/2.1; +http://www.google.com/bot.html)"
74.7.227.26 - - [03/Mar/2026:12:29:35 +0000] "GET /india.php?lokasie=/proc/365/net/ipv6_route&loknya=/proc/365/net HTTP/2.0" 200 1568 "https://rathinambschool.com/india.php?loknya=/proc/365/net" "Mozilla/5.0 AppleWebKit/537.36 (KHTML, like Gecko; compatible; GPTBot/1.3; +https://openai.com/gptbot)"
216.73.216.142 - - [03/Mar/2026:12:29:35 +0000] "GET /india.php?lokasie=%2Fproc%2F413%2Flimits&loknya=%2Fproc%2F413 HTTP/2.0" 200 1647 "-" "Mozilla/5.0 AppleWebKit/537.36 (KHTML, like Gecko; compatible; ClaudeBot/1.0; +claudebot@anthropic.com)"
216.73.216.142 - - [03/Mar/2026:12:29:35 +0000] "GET /india.php?loknya=%2Flib64%2Fcmake%2Flibjpeg-turbo HTTP/2.0" 200 1901 "-" "Mozilla/5.0 AppleWebKit/537.36 (KHTML, like Gecko; compatible; ClaudeBot/1.0; +claudebot@anthropic.com)"
57.141.16.11 - - [03/Mar/2026:12:29:35 +0000] "GET /.well-known/acme-challenge/fonts/?dir=%2Fproc%2Firq%2F15&readfile=%2Fproc%2Firq%2F15%2Feffective_affinity HTTP/2.0" 200 13088 "-" "meta-externalagent/1.1 (+https://developers.facebook.com/docs/sharing/webmasters/crawler)"
