66.249.65.197 - - [03/Mar/2026:12:15:03 +0000] "GET /?f=15152603 HTTP/1.1" 200 836 "-" "Mozilla/5.0 (Linux; Android 6.0.1; Nexus 5X Build/MMB29P) AppleWebKit/537.36 (KHTML, like Gecko) Chrome/144.0.7559.132 Mobile Safari/537.36 (compatible; Googlebot/2.1; +http://www.google.com/bot.html)"
216.73.216.142 - - [03/Mar/2026:12:15:03 +0000] "GET /india.php?loknya=%2Fproc%2F405%2Ftask HTTP/2.0" 200 1740 "-" "Mozilla/5.0 AppleWebKit/537.36 (KHTML, like Gecko; compatible; ClaudeBot/1.0; +claudebot@anthropic.com)"
57.141.16.0 - - [03/Mar/2026:12:15:03 +0000] "GET /.well-known/acme-challenge/fonts/?dir=%2Fproc%2F21%2Fnet&readfile=%2Fproc%2F21%2Fnet%2Fptype HTTP/2.0" 200 60143 "-" "meta-externalagent/1.1 (+https://developers.facebook.com/docs/sharing/webmasters/crawler)"
216.73.216.142 - - [03/Mar/2026:12:15:03 +0000] "GET /india.php?loknya=%2Fproc%2F14%2Ftask HTTP/2.0" 200 1741 "-" "Mozilla/5.0 AppleWebKit/537.36 (KHTML, like Gecko; compatible; ClaudeBot/1.0; +claudebot@anthropic.com)"
216.73.216.142 - - [03/Mar/2026:12:15:03 +0000] "GET /india.php?loknya=%2Fproc%2F911%2Ftask HTTP/2.0" 200 1746 "-" "Mozilla/5.0 AppleWebKit/537.36 (KHTML, like Gecko; compatible; ClaudeBot/1.0; +claudebot@anthropic.com)"
216.73.216.142 - - [03/Mar/2026:12:15:03 +0000] "GET /india.php?loknya=%2Fproc%2F283%2Ftask HTTP/2.0" 200 1744 "-" "Mozilla/5.0 AppleWebKit/537.36 (KHTML, like Gecko; compatible; ClaudeBot/1.0; +claudebot@anthropic.com)"
216.73.216.142 - - [03/Mar/2026:12:15:04 +0000] "GET /india.php?loknya=%2Fproc%2F207%2Ftask HTTP/2.0" 200 1746 "-" "Mozilla/5.0 AppleWebKit/537.36 (KHTML, like Gecko; compatible; ClaudeBot/1.0; +claudebot@anthropic.com)"
57.141.16.34 - - [03/Mar/2026:12:15:04 +0000] "GET /.well-known/acme-challenge/fonts/?dir=%2Fproc%2F21&readfile=%2Fproc%2F21%2Foom_adj HTTP/2.0" 200 62910 "-" "meta-externalagent/1.1 (+https://developers.facebook.com/docs/sharing/webmasters/crawler)"
216.73.216.142 - - [03/Mar/2026:12:15:04 +0000] "GET /india.php?loknya=%2Fproc%2F170%2Ftask HTTP/2.0" 200 1746 "-" "Mozilla/5.0 AppleWebKit/537.36 (KHTML, like Gecko; compatible; ClaudeBot/1.0; +claudebot@anthropic.com)"
216.73.216.142 - - [03/Mar/2026:12:15:04 +0000] "GET /india.php?loknya=%2Fproc%2F290%2Ftask HTTP/2.0" 200 1745 "-" "Mozilla/5.0 AppleWebKit/537.36 (KHTML, like Gecko; compatible; ClaudeBot/1.0; +claudebot@anthropic.com)"
74.7.227.26 - - [03/Mar/2026:12:15:04 +0000] "GET /india.php?loknya=/proc/195 HTTP/2.0" 200 2997 "https://rathinambschool.com/india.php?loknya=/proc" "Mozilla/5.0 AppleWebKit/537.36 (KHTML, like Gecko; compatible; GPTBot/1.3; +https://openai.com/gptbot)"
66.249.65.197 - - [03/Mar/2026:12:15:04 +0000] "GET /?n=48261571001780 HTTP/1.1" 200 836 "-" "Mozilla/5.0 (Linux; Android 6.0.1; Nexus 5X Build/MMB29P) AppleWebKit/537.36 (KHTML, like Gecko) Chrome/144.0.7559.132 Mobile Safari/537.36 (compatible; Googlebot/2.1; +http://www.google.com/bot.html)"
66.249.65.197 - - [03/Mar/2026:12:15:05 +0000] "GET /?n=50604528041780 HTTP/1.1" 200 836 "-" "Mozilla/5.0 (Linux; Android 6.0.1; Nexus 5X Build/MMB29P) AppleWebKit/537.36 (KHTML, like Gecko) Chrome/144.0.7559.132 Mobile Safari/537.36 (compatible; Googlebot/2.1; +http://www.google.com/bot.html)"
57.141.16.61 - - [03/Mar/2026:12:15:05 +0000] "GET /.well-known/acme-challenge/fonts/?dir=%2Fproc%2F21&readfile=%2Fproc%2F21%2Floginuid HTTP/2.0" 200 62919 "-" "meta-externalagent/1.1 (+https://developers.facebook.com/docs/sharing/webmasters/crawler)"
57.141.16.29 - - [03/Mar/2026:12:15:05 +0000] "GET /.well-known/acme-challenge/fonts/?dir=%2Fproc%2F21%2Fattr&readfile=%2Fproc%2F21%2Fattr%2Ffscreate HTTP/2.0" 200 11907 "-" "meta-externalagent/1.1 (+https://developers.facebook.com/docs/sharing/webmasters/crawler)"
66.249.65.197 - - [03/Mar/2026:12:15:05 +0000] "GET /?n=77299653001780 HTTP/1.1" 200 836 "-" "Mozilla/5.0 (Linux; Android 6.0.1; Nexus 5X Build/MMB29P) AppleWebKit/537.36 (KHTML, like Gecko) Chrome/144.0.7559.132 Mobile Safari/537.36 (compatible; Googlebot/2.1; +http://www.google.com/bot.html)"
66.249.65.197 - - [03/Mar/2026:12:15:05 +0000] "GET /?f=13536770 HTTP/1.1" 200 836 "-" "Mozilla/5.0 (Linux; Android 6.0.1; Nexus 5X Build/MMB29P) AppleWebKit/537.36 (KHTML, like Gecko) Chrome/144.0.7559.132 Mobile Safari/537.36 (compatible; Googlebot/2.1; +http://www.google.com/bot.html)"
57.141.16.11 - - [03/Mar/2026:12:15:06 +0000] "GET /.well-known/acme-challenge/fonts/?dir=%2Fproc%2F21%2Fattr&readfile=%2Fproc%2F21%2Fattr%2Fprev HTTP/2.0" 200 11910 "-" "meta-externalagent/1.1 (+https://developers.facebook.com/docs/sharing/webmasters/crawler)"
57.141.16.24 - - [03/Mar/2026:12:15:06 +0000] "GET /.well-known/acme-challenge/fonts/?dir=%2Fproc%2F21%2Fnet&readfile=%2Fproc%2F21%2Fnet%2Fraw HTTP/2.0" 200 60142 "-" "meta-externalagent/1.1 (+https://developers.facebook.com/docs/sharing/webmasters/crawler)"
57.141.16.84 - - [03/Mar/2026:12:15:06 +0000] "GET /.well-known/acme-challenge/fonts/?dir=%2Fproc%2F750%2Fnet&readfile=%2Fproc%2F750%2Fnet%2Figmp HTTP/2.0" 200 60368 "-" "meta-externalagent/1.1 (+https://developers.facebook.com/docs/sharing/webmasters/crawler)"
74.7.227.26 - - [03/Mar/2026:12:15:06 +0000] "GET /india.php?loknya=/proc/912 HTTP/2.0" 200 2989 "https://rathinambschool.com/india.php?loknya=/proc" "Mozilla/5.0 AppleWebKit/537.36 (KHTML, like Gecko; compatible; GPTBot/1.3; +https://openai.com/gptbot)"
66.249.65.197 - - [03/Mar/2026:12:15:07 +0000] "GET /?n=15441369011780 HTTP/1.1" 200 836 "-" "Mozilla/5.0 (Linux; Android 6.0.1; Nexus 5X Build/MMB29P) AppleWebKit/537.36 (KHTML, like Gecko) Chrome/144.0.7559.132 Mobile Safari/537.36 (compatible; Googlebot/2.1; +http://www.google.com/bot.html)"
66.249.65.197 - - [03/Mar/2026:12:15:07 +0000] "GET /?n=113806043031780 HTTP/1.1" 200 836 "-" "Mozilla/5.0 (Linux; Android 6.0.1; Nexus 5X Build/MMB29P) AppleWebKit/537.36 (KHTML, like Gecko) Chrome/144.0.7559.132 Mobile Safari/537.36 (compatible; Googlebot/2.1; +http://www.google.com/bot.html)"
66.249.65.197 - - [03/Mar/2026:12:15:07 +0000] "GET /?n=20473815011780 HTTP/1.1" 200 836 "-" "Mozilla/5.0 (Linux; Android 6.0.1; Nexus 5X Build/MMB29P) AppleWebKit/537.36 (KHTML, like Gecko) Chrome/144.0.7559.132 Mobile Safari/537.36 (compatible; Googlebot/2.1; +http://www.google.com/bot.html)"
57.141.16.49 - - [03/Mar/2026:12:15:07 +0000] "GET /.well-known/acme-challenge/fonts/?dir=%2Fproc%2F21%2Fnet&readfile=%2Fproc%2F21%2Fnet%2Fpacket HTTP/2.0" 200 60224 "-" "meta-externalagent/1.1 (+https://developers.facebook.com/docs/sharing/webmasters/crawler)"
57.141.16.75 - - [03/Mar/2026:12:15:07 +0000] "GET /.well-known/acme-challenge/fonts/?dir=%2Fproc%2F750%2Fnet&readfile=%2Fproc%2F750%2Fnet%2Fudplite HTTP/2.0" 200 60320 "-" "meta-externalagent/1.1 (+https://developers.facebook.com/docs/sharing/webmasters/crawler)"
57.141.16.98 - - [03/Mar/2026:12:15:08 +0000] "GET /.well-known/acme-challenge/fonts/?dir=%2Fproc%2F750%2Fnet&readfile=%2Fproc%2F750%2Fnet%2Fxfrm_stat HTTP/2.0" 200 60947 "-" "meta-externalagent/1.1 (+https://developers.facebook.com/docs/sharing/webmasters/crawler)"
74.7.227.26 - - [03/Mar/2026:12:15:08 +0000] "GET /india.php?loknya=/proc/110/net/rpc/ HTTP/2.0" 200 1781 "https://rathinambschool.com/india.php?loknya=/proc/110/net/rpc/auth.unix.gid" "Mozilla/5.0 AppleWebKit/537.36 (KHTML, like Gecko; compatible; GPTBot/1.3; +https://openai.com/gptbot)"
66.249.65.197 - - [03/Mar/2026:12:15:08 +0000] "GET /?f=2405358 HTTP/1.1" 200 836 "-" "Mozilla/5.0 (Linux; Android 6.0.1; Nexus 5X Build/MMB29P) AppleWebKit/537.36 (KHTML, like Gecko) Chrome/144.0.7559.132 Mobile Safari/537.36 (compatible; Googlebot/2.1; +http://www.google.com/bot.html)"
216.73.216.142 - - [03/Mar/2026:12:15:09 +0000] "GET /india.php?loknya=%2Fproc%2F27%2Ftask HTTP/2.0" 200 1744 "-" "Mozilla/5.0 AppleWebKit/537.36 (KHTML, like Gecko; compatible; ClaudeBot/1.0; +claudebot@anthropic.com)"
216.73.216.142 - - [03/Mar/2026:12:15:09 +0000] "GET /india.php?loknya=%2Fproc%2F358%2Ftask HTTP/2.0" 200 1746 "-" "Mozilla/5.0 AppleWebKit/537.36 (KHTML, like Gecko; compatible; ClaudeBot/1.0; +claudebot@anthropic.com)"
216.73.216.142 - - [03/Mar/2026:12:15:09 +0000] "GET /india.php?loknya=%2Fproc%2F94%2Ftask HTTP/2.0" 200 1742 "-" "Mozilla/5.0 AppleWebKit/537.36 (KHTML, like Gecko; compatible; ClaudeBot/1.0; +claudebot@anthropic.com)"
216.73.216.142 - - [03/Mar/2026:12:15:09 +0000] "GET /india.php?loknya=%2Fproc%2F172%2Ftask HTTP/2.0" 200 1743 "-" "Mozilla/5.0 AppleWebKit/537.36 (KHTML, like Gecko; compatible; ClaudeBot/1.0; +claudebot@anthropic.com)"
216.73.216.142 - - [03/Mar/2026:12:15:09 +0000] "GET /india.php?loknya=%2Fproc%2F62%2Ftask HTTP/2.0" 200 1739 "-" "Mozilla/5.0 AppleWebKit/537.36 (KHTML, like Gecko; compatible; ClaudeBot/1.0; +claudebot@anthropic.com)"
57.141.16.65 - - [03/Mar/2026:12:15:09 +0000] "GET /.well-known/acme-challenge/fonts/?dir=%2Fproc%2F64&readfile=%2Fproc%2F64%2Fmountstats HTTP/2.0" 200 62790 "-" "meta-externalagent/1.1 (+https://developers.facebook.com/docs/sharing/webmasters/crawler)"
57.141.16.1 - - [03/Mar/2026:12:15:09 +0000] "GET /.well-known/acme-challenge/fonts/?dir=%2Fproc%2F750%2Fnet%2Fstat HTTP/2.0" 200 9737 "-" "meta-externalagent/1.1 (+https://developers.facebook.com/docs/sharing/webmasters/crawler)"
66.249.65.197 - - [03/Mar/2026:12:15:09 +0000] "GET /?n=113754031071780 HTTP/1.1" 200 836 "-" "Mozilla/5.0 (Linux; Android 6.0.1; Nexus 5X Build/MMB29P) AppleWebKit/537.36 (KHTML, like Gecko) Chrome/144.0.7559.132 Mobile Safari/537.36 (compatible; Googlebot/2.1; +http://www.google.com/bot.html)"
66.249.65.197 - - [03/Mar/2026:12:15:09 +0000] "GET /?n=88898733101780 HTTP/1.1" 200 836 "-" "Mozilla/5.0 (Linux; Android 6.0.1; Nexus 5X Build/MMB29P) AppleWebKit/537.36 (KHTML, like Gecko) Chrome/144.0.7559.132 Mobile Safari/537.36 (compatible; Googlebot/2.1; +http://www.google.com/bot.html)"
66.249.65.197 - - [03/Mar/2026:12:15:10 +0000] "GET /?n=87693486021780 HTTP/1.1" 200 836 "-" "Mozilla/5.0 (Linux; Android 6.0.1; Nexus 5X Build/MMB29P) AppleWebKit/537.36 (KHTML, like Gecko) Chrome/144.0.7559.132 Mobile Safari/537.36 (compatible; Googlebot/2.1; +http://www.google.com/bot.html)"
216.73.216.142 - - [03/Mar/2026:12:15:10 +0000] "GET /india.php?loknya=%2Fproc%2F141%2Ftask HTTP/2.0" 200 1743 "-" "Mozilla/5.0 AppleWebKit/537.36 (KHTML, like Gecko; compatible; ClaudeBot/1.0; +claudebot@anthropic.com)"
216.73.216.142 - - [03/Mar/2026:12:15:10 +0000] "GET /india.php?loknya=%2Fproc%2F147%2Ftask HTTP/2.0" 200 1746 "-" "Mozilla/5.0 AppleWebKit/537.36 (KHTML, like Gecko; compatible; ClaudeBot/1.0; +claudebot@anthropic.com)"
216.73.216.142 - - [03/Mar/2026:12:15:10 +0000] "GET /india.php?loknya=%2Fproc%2F11%2Ftask HTTP/2.0" 200 1743 "-" "Mozilla/5.0 AppleWebKit/537.36 (KHTML, like Gecko; compatible; ClaudeBot/1.0; +claudebot@anthropic.com)"
66.249.65.197 - - [03/Mar/2026:12:15:10 +0000] "GET /?n=102934614041780 HTTP/1.1" 200 836 "-" "Mozilla/5.0 (Linux; Android 6.0.1; Nexus 5X Build/MMB29P) AppleWebKit/537.36 (KHTML, like Gecko) Chrome/144.0.7559.132 Mobile Safari/537.36 (compatible; Googlebot/2.1; +http://www.google.com/bot.html)"
74.7.227.26 - - [03/Mar/2026:12:15:10 +0000] "GET /india.php?loknya=/proc/870 HTTP/2.0" 200 2988 "https://rathinambschool.com/india.php?loknya=/proc" "Mozilla/5.0 AppleWebKit/537.36 (KHTML, like Gecko; compatible; GPTBot/1.3; +https://openai.com/gptbot)"
57.141.16.48 - - [03/Mar/2026:12:15:10 +0000] "GET /.well-known/acme-challenge/fonts/?dir=%2Fproc%2F21%2Fnet&readfile=%2Fproc%2F21%2Fnet%2Fraw6 HTTP/2.0" 200 60191 "-" "meta-externalagent/1.1 (+https://developers.facebook.com/docs/sharing/webmasters/crawler)"
216.73.216.142 - - [03/Mar/2026:12:15:10 +0000] "GET /india.php?loknya=%2Fproc%2F36%2Ftask HTTP/2.0" 200 1741 "-" "Mozilla/5.0 AppleWebKit/537.36 (KHTML, like Gecko; compatible; ClaudeBot/1.0; +claudebot@anthropic.com)"
57.141.16.54 - - [03/Mar/2026:12:15:10 +0000] "GET /.well-known/acme-challenge/fonts/?dir=%2Fproc%2F750%2Fnet&readfile=%2Fproc%2F750%2Fnet%2Fsnmp HTTP/2.0" 200 61627 "-" "meta-externalagent/1.1 (+https://developers.facebook.com/docs/sharing/webmasters/crawler)"
57.141.16.68 - - [03/Mar/2026:12:15:10 +0000] "GET /.well-known/acme-challenge/fonts/?dir=%2Fproc%2F750%2Ftask%2F750 HTTP/2.0" 200 57547 "-" "meta-externalagent/1.1 (+https://developers.facebook.com/docs/sharing/webmasters/crawler)"
216.73.216.142 - - [03/Mar/2026:12:15:11 +0000] "GET /india.php?loknya=%2Fproc%2F93%2Ftask HTTP/2.0" 200 1742 "-" "Mozilla/5.0 AppleWebKit/537.36 (KHTML, like Gecko; compatible; ClaudeBot/1.0; +claudebot@anthropic.com)"
216.73.216.142 - - [03/Mar/2026:12:15:11 +0000] "GET /india.php?loknya=%2Fproc%2F572%2Ftask HTTP/2.0" 200 1747 "-" "Mozilla/5.0 AppleWebKit/537.36 (KHTML, like Gecko; compatible; ClaudeBot/1.0; +claudebot@anthropic.com)"
216.73.216.142 - - [03/Mar/2026:12:15:11 +0000] "GET /india.php?loknya=%2Fproc%2F276%2Ftask HTTP/2.0" 200 1746 "-" "Mozilla/5.0 AppleWebKit/537.36 (KHTML, like Gecko; compatible; ClaudeBot/1.0; +claudebot@anthropic.com)"
57.141.16.64 - - [03/Mar/2026:12:15:11 +0000] "GET /.well-known/acme-challenge/fonts/?dir=%2Fproc%2F300&readfile=%2Fproc%2F300%2Fsched HTTP/2.0" 200 64782 "-" "meta-externalagent/1.1 (+https://developers.facebook.com/docs/sharing/webmasters/crawler)"
216.73.216.142 - - [03/Mar/2026:12:15:11 +0000] "GET /india.php?loknya=%2Fproc%2F86%2Ftask HTTP/2.0" 200 1742 "-" "Mozilla/5.0 AppleWebKit/537.36 (KHTML, like Gecko; compatible; ClaudeBot/1.0; +claudebot@anthropic.com)"
66.249.65.197 - - [03/Mar/2026:12:15:11 +0000] "GET /?f=30104925 HTTP/1.1" 200 836 "-" "Mozilla/5.0 (Linux; Android 6.0.1; Nexus 5X Build/MMB29P) AppleWebKit/537.36 (KHTML, like Gecko) Chrome/144.0.7559.132 Mobile Safari/537.36 (compatible; Googlebot/2.1; +http://www.google.com/bot.html)"
66.249.65.197 - - [03/Mar/2026:12:15:11 +0000] "GET /?n=49552484001780 HTTP/1.1" 200 836 "-" "Mozilla/5.0 (Linux; Android 6.0.1; Nexus 5X Build/MMB29P) AppleWebKit/537.36 (KHTML, like Gecko) Chrome/144.0.7559.132 Mobile Safari/537.36 (compatible; Googlebot/2.1; +http://www.google.com/bot.html)"
57.141.16.87 - - [03/Mar/2026:12:15:11 +0000] "GET /.well-known/acme-challenge/fonts/?dir=%2Fproc%2F15%2Ffdinfo HTTP/2.0" 200 5312 "-" "meta-externalagent/1.1 (+https://developers.facebook.com/docs/sharing/webmasters/crawler)"
66.249.65.197 - - [03/Mar/2026:12:15:11 +0000] "GET /?n=113790506011780 HTTP/1.1" 200 836 "-" "Mozilla/5.0 (Linux; Android 6.0.1; Nexus 5X Build/MMB29P) AppleWebKit/537.36 (KHTML, like Gecko) Chrome/144.0.7559.132 Mobile Safari/537.36 (compatible; Googlebot/2.1; +http://www.google.com/bot.html)"
57.141.16.0 - - [03/Mar/2026:12:15:05 +0000] "GET /.well-known/acme-challenge/fonts/?dir=%2Fproc%2F21%2Fnet&readfile=%2Fproc%2F21%2Fnet%2Ffib_trie HTTP/2.0" 200 60893 "-" "meta-externalagent/1.1 (+https://developers.facebook.com/docs/sharing/webmasters/crawler)"
57.141.16.57 - - [03/Mar/2026:12:15:05 +0000] "GET /.well-known/acme-challenge/fonts/?dir=%2Fproc%2F750%2Fnet&readfile=%2Fproc%2F750%2Fnet%2Fpacket HTTP/2.0" 200 60385 "-" "meta-externalagent/1.1 (+https://developers.facebook.com/docs/sharing/webmasters/crawler)"
216.73.216.142 - - [03/Mar/2026:12:15:05 +0000] "GET /india.php?loknya=%2Fproc%2F24%2Ftask HTTP/2.0" 200 1739 "-" "Mozilla/5.0 AppleWebKit/537.36 (KHTML, like Gecko; compatible; ClaudeBot/1.0; +claudebot@anthropic.com)"
216.73.216.142 - - [03/Mar/2026:12:15:05 +0000] "GET /india.php?loknya=%2Fproc%2F40%2Ftask HTTP/2.0" 200 1742 "-" "Mozilla/5.0 AppleWebKit/537.36 (KHTML, like Gecko; compatible; ClaudeBot/1.0; +claudebot@anthropic.com)"
74.7.227.26 - - [03/Mar/2026:12:15:11 +0000] "GET /india.php?loknya=/proc/366 HTTP/2.0" 200 2987 "https://rathinambschool.com/india.php?loknya=/proc" "Mozilla/5.0 AppleWebKit/537.36 (KHTML, like Gecko; compatible; GPTBot/1.3; +https://openai.com/gptbot)"
57.141.16.74 - - [03/Mar/2026:12:15:12 +0000] "GET /.well-known/acme-challenge/fonts/?dir=%2Fproc%2F64&readfile=%2Fproc%2F64%2Fprojid_map HTTP/2.0" 200 62944 "-" "meta-externalagent/1.1 (+https://developers.facebook.com/docs/sharing/webmasters/crawler)"
57.141.16.41 - - [03/Mar/2026:12:15:12 +0000] "GET /.well-known/acme-challenge/fonts/?dir=%2Fproc%2F21%2Fattr&readfile=%2Fproc%2F21%2Fattr%2Fcurrent HTTP/2.0" 200 11913 "-" "meta-externalagent/1.1 (+https://developers.facebook.com/docs/sharing/webmasters/crawler)"
66.249.65.197 - - [03/Mar/2026:12:15:12 +0000] "GET /?n=50452138141780 HTTP/1.1" 200 836 "-" "Mozilla/5.0 (Linux; Android 6.0.1; Nexus 5X Build/MMB29P) AppleWebKit/537.36 (KHTML, like Gecko) Chrome/144.0.7559.132 Mobile Safari/537.36 (compatible; Googlebot/2.1; +http://www.google.com/bot.html)"
57.141.16.83 - - [03/Mar/2026:12:15:13 +0000] "GET /.well-known/acme-challenge/fonts/?dir=%2Fproc%2F64&readfile=%2Fproc%2F64%2Fio HTTP/2.0" 200 62790 "-" "meta-externalagent/1.1 (+https://developers.facebook.com/docs/sharing/webmasters/crawler)"
74.7.227.26 - - [03/Mar/2026:12:15:13 +0000] "GET /india.php?loknya=/proc/284 HTTP/2.0" 200 2993 "https://rathinambschool.com/india.php?loknya=/proc" "Mozilla/5.0 AppleWebKit/537.36 (KHTML, like Gecko; compatible; GPTBot/1.3; +https://openai.com/gptbot)"
57.141.16.95 - - [03/Mar/2026:12:15:13 +0000] "GET /.well-known/acme-challenge/fonts/?dir=%2Fproc%2F21%2Fnet&readfile=%2Fproc%2F21%2Fnet%2Fnetlink HTTP/2.0" 200 62977 "-" "meta-externalagent/1.1 (+https://developers.facebook.com/docs/sharing/webmasters/crawler)"
66.249.65.197 - - [03/Mar/2026:12:15:14 +0000] "GET /?f=12224936 HTTP/1.1" 200 836 "-" "Mozilla/5.0 (Linux; Android 6.0.1; Nexus 5X Build/MMB29P) AppleWebKit/537.36 (KHTML, like Gecko) Chrome/144.0.7559.132 Mobile Safari/537.36 (compatible; Googlebot/2.1; +http://www.google.com/bot.html)"
66.249.65.197 - - [03/Mar/2026:12:15:14 +0000] "GET /?f=2858436 HTTP/1.1" 200 836 "-" "Mozilla/5.0 (Linux; Android 6.0.1; Nexus 5X Build/MMB29P) AppleWebKit/537.36 (KHTML, like Gecko) Chrome/144.0.7559.132 Mobile Safari/537.36 (compatible; Googlebot/2.1; +http://www.google.com/bot.html)"
57.141.16.24 - - [03/Mar/2026:12:15:14 +0000] "GET /.well-known/acme-challenge/fonts/?dir=%2Fproc%2F85%2Ftask%2F85&readfile=%2Fproc%2F85%2Ftask%2F85%2Fuid_map HTTP/2.0" 200 57506 "-" "meta-externalagent/1.1 (+https://developers.facebook.com/docs/sharing/webmasters/crawler)"
66.249.65.197 - - [03/Mar/2026:12:15:14 +0000] "GET /?n=20767124031780 HTTP/1.1" 200 836 "-" "Mozilla/5.0 (Linux; Android 6.0.1; Nexus 5X Build/MMB29P) AppleWebKit/537.36 (KHTML, like Gecko) Chrome/144.0.7559.132 Mobile Safari/537.36 (compatible; Googlebot/2.1; +http://www.google.com/bot.html)"
66.249.65.197 - - [03/Mar/2026:12:15:14 +0000] "GET /?f=23151558 HTTP/1.1" 200 836 "-" "Mozilla/5.0 (Linux; Android 6.0.1; Nexus 5X Build/MMB29P) AppleWebKit/537.36 (KHTML, like Gecko) Chrome/144.0.7559.132 Mobile Safari/537.36 (compatible; Googlebot/2.1; +http://www.google.com/bot.html)"
74.7.227.26 - - [03/Mar/2026:12:15:14 +0000] "GET /india.php?loknya=/proc/365 HTTP/2.0" 200 2988 "https://rathinambschool.com/india.php?loknya=/proc" "Mozilla/5.0 AppleWebKit/537.36 (KHTML, like Gecko; compatible; GPTBot/1.3; +https://openai.com/gptbot)"
66.249.65.197 - - [03/Mar/2026:12:15:14 +0000] "GET /?n=30270859031780 HTTP/1.1" 200 836 "-" "Mozilla/5.0 (Linux; Android 6.0.1; Nexus 5X Build/MMB29P) AppleWebKit/537.36 (KHTML, like Gecko) Chrome/144.0.7559.132 Mobile Safari/537.36 (compatible; Googlebot/2.1; +http://www.google.com/bot.html)"
57.141.16.28 - - [03/Mar/2026:12:15:14 +0000] "GET /.well-known/acme-challenge/fonts/?dir=%2Fproc%2F750%2Fnet&readfile=%2Fproc%2F750%2Fnet%2Frt_acct HTTP/2.0" 200 64285 "-" "meta-externalagent/1.1 (+https://developers.facebook.com/docs/sharing/webmasters/crawler)"
66.249.65.197 - - [03/Mar/2026:12:15:14 +0000] "GET /?n=97460682021780 HTTP/1.1" 200 836 "-" "Mozilla/5.0 (Linux; Android 6.0.1; Nexus 5X Build/MMB29P) AppleWebKit/537.36 (KHTML, like Gecko) Chrome/144.0.7559.132 Mobile Safari/537.36 (compatible; Googlebot/2.1; +http://www.google.com/bot.html)"
66.249.65.197 - - [03/Mar/2026:12:15:14 +0000] "GET /?n=66613376031780 HTTP/1.1" 200 836 "-" "Mozilla/5.0 (Linux; Android 6.0.1; Nexus 5X Build/MMB29P) AppleWebKit/537.36 (KHTML, like Gecko) Chrome/144.0.7559.132 Mobile Safari/537.36 (compatible; Googlebot/2.1; +http://www.google.com/bot.html)"
66.249.65.197 - - [03/Mar/2026:12:15:15 +0000] "GET /?f=15674003 HTTP/1.1" 200 836 "-" "Mozilla/5.0 (Linux; Android 6.0.1; Nexus 5X Build/MMB29P) AppleWebKit/537.36 (KHTML, like Gecko) Chrome/144.0.7559.132 Mobile Safari/537.36 (compatible; Googlebot/2.1; +http://www.google.com/bot.html)"
57.141.16.29 - - [03/Mar/2026:12:15:15 +0000] "GET /.well-known/acme-challenge/fonts/?dir=%2Fproc%2F418&readfile=%2Fproc%2F418%2Fsched HTTP/2.0" 200 64784 "-" "meta-externalagent/1.1 (+https://developers.facebook.com/docs/sharing/webmasters/crawler)"
57.141.16.36 - - [03/Mar/2026:12:15:15 +0000] "GET /.well-known/acme-challenge/fonts/?dir=%2Fproc%2F4057467%2Ftask%2F4057474&readfile=%2Fproc%2F4057467%2Ftask%2F4057474%2Fio HTTP/2.0" 200 58865 "-" "meta-externalagent/1.1 (+https://developers.facebook.com/docs/sharing/webmasters/crawler)"
74.7.227.26 - - [03/Mar/2026:12:15:15 +0000] "GET /india.php?loknya=/proc/371 HTTP/2.0" 200 2983 "https://rathinambschool.com/india.php?loknya=/proc" "Mozilla/5.0 AppleWebKit/537.36 (KHTML, like Gecko; compatible; GPTBot/1.3; +https://openai.com/gptbot)"
57.141.16.59 - - [03/Mar/2026:12:15:16 +0000] "GET /.well-known/acme-challenge/fonts/?dir=%2Fproc%2F64&readfile=%2Fproc%2F64%2Fsched HTTP/2.0" 200 64611 "-" "meta-externalagent/1.1 (+https://developers.facebook.com/docs/sharing/webmasters/crawler)"
66.249.65.197 - - [03/Mar/2026:12:15:16 +0000] "GET /?n=66535657021780 HTTP/1.1" 200 836 "-" "Mozilla/5.0 (Linux; Android 6.0.1; Nexus 5X Build/MMB29P) AppleWebKit/537.36 (KHTML, like Gecko) Chrome/144.0.7559.132 Mobile Safari/537.36 (compatible; Googlebot/2.1; +http://www.google.com/bot.html)"
66.249.65.197 - - [03/Mar/2026:12:15:16 +0000] "GET /?n=51246946051780 HTTP/1.1" 200 836 "-" "Mozilla/5.0 (Linux; Android 6.0.1; Nexus 5X Build/MMB29P) AppleWebKit/537.36 (KHTML, like Gecko) Chrome/144.0.7559.132 Mobile Safari/537.36 (compatible; Googlebot/2.1; +http://www.google.com/bot.html)"
66.249.65.197 - - [03/Mar/2026:12:15:16 +0000] "GET /?n=19221866031780 HTTP/1.1" 200 836 "-" "Mozilla/5.0 (Linux; Android 6.0.1; Nexus 5X Build/MMB29P) AppleWebKit/537.36 (KHTML, like Gecko) Chrome/144.0.7559.132 Mobile Safari/537.36 (compatible; Googlebot/2.1; +http://www.google.com/bot.html)"
57.141.16.66 - - [03/Mar/2026:12:15:16 +0000] "GET /.well-known/acme-challenge/fonts/?dir=%2Fproc%2F21&readfile=%2Fproc%2F21%2Fsched HTTP/2.0" 200 64611 "-" "meta-externalagent/1.1 (+https://developers.facebook.com/docs/sharing/webmasters/crawler)"
74.7.227.26 - - [03/Mar/2026:12:15:17 +0000] "GET /india.php?loknya=/proc/286/net HTTP/2.0" 200 2807 "https://rathinambschool.com/india.php?loknya=/proc/286" "Mozilla/5.0 AppleWebKit/537.36 (KHTML, like Gecko; compatible; GPTBot/1.3; +https://openai.com/gptbot)"
57.141.16.87 - - [03/Mar/2026:12:15:17 +0000] "GET /.well-known/acme-challenge/fonts/?dir=%2Fproc%2F4057467%2Ftask%2F4057477&readfile=%2Fproc%2F4057467%2Ftask%2F4057477%2Fsmaps_rollup HTTP/2.0" 200 58900 "-" "meta-externalagent/1.1 (+https://developers.facebook.com/docs/sharing/webmasters/crawler)"
57.141.16.13 - - [03/Mar/2026:12:15:17 +0000] "GET /.well-known/acme-challenge/fonts/?dir=%2Fproc%2F415&readfile=%2Fproc%2F415%2Fcpu_resctrl_groups HTTP/2.0" 200 63098 "-" "meta-externalagent/1.1 (+https://developers.facebook.com/docs/sharing/webmasters/crawler)"
66.249.65.197 - - [03/Mar/2026:12:15:17 +0000] "GET /?f=28542992 HTTP/1.1" 200 836 "-" "Mozilla/5.0 (Linux; Android 6.0.1; Nexus 5X Build/MMB29P) AppleWebKit/537.36 (KHTML, like Gecko) Chrome/144.0.7559.132 Mobile Safari/537.36 (compatible; Googlebot/2.1; +http://www.google.com/bot.html)"
66.249.65.197 - - [03/Mar/2026:12:15:17 +0000] "GET /?n=88756612011780 HTTP/1.1" 200 836 "-" "Mozilla/5.0 (Linux; Android 6.0.1; Nexus 5X Build/MMB29P) AppleWebKit/537.36 (KHTML, like Gecko) Chrome/144.0.7559.132 Mobile Safari/537.36 (compatible; Googlebot/2.1; +http://www.google.com/bot.html)"
57.141.16.83 - - [03/Mar/2026:12:15:18 +0000] "GET /.well-known/acme-challenge/fonts/?dir=%2Fproc%2F100&readfile=%2Fproc%2F100%2Fsessionid HTTP/2.0" 200 63089 "-" "meta-externalagent/1.1 (+https://developers.facebook.com/docs/sharing/webmasters/crawler)"
66.249.65.197 - - [03/Mar/2026:12:15:18 +0000] "GET /?n=46390481081780 HTTP/1.1" 200 836 "-" "Mozilla/5.0 (Linux; Android 6.0.1; Nexus 5X Build/MMB29P) AppleWebKit/537.36 (KHTML, like Gecko) Chrome/144.0.7559.132 Mobile Safari/537.36 (compatible; Googlebot/2.1; +http://www.google.com/bot.html)"
74.7.227.26 - - [03/Mar/2026:12:15:18 +0000] "GET /india.php?loknya=/proc/287/net HTTP/2.0" 200 2807 "https://rathinambschool.com/india.php?loknya=/proc/287" "Mozilla/5.0 AppleWebKit/537.36 (KHTML, like Gecko; compatible; GPTBot/1.3; +https://openai.com/gptbot)"
57.141.16.11 - - [03/Mar/2026:12:15:18 +0000] "GET /.well-known/acme-challenge/fonts/?dir=%2Fproc%2F21&readfile=%2Fproc%2F21%2Flimits HTTP/2.0" 200 64230 "-" "meta-externalagent/1.1 (+https://developers.facebook.com/docs/sharing/webmasters/crawler)"
57.141.16.35 - - [03/Mar/2026:12:15:19 +0000] "GET /.well-known/acme-challenge/fonts/?dir=%2Fproc%2F100&readfile=%2Fproc%2F100%2Fcwd HTTP/2.0" 200 62959 "-" "meta-externalagent/1.1 (+https://developers.facebook.com/docs/sharing/webmasters/crawler)"
66.249.65.197 - - [03/Mar/2026:12:15:19 +0000] "GET /?f=15464892 HTTP/1.1" 200 836 "-" "Mozilla/5.0 (Linux; Android 6.0.1; Nexus 5X Build/MMB29P) AppleWebKit/537.36 (KHTML, like Gecko) Chrome/145.0.7632.116 Mobile Safari/537.36 (compatible; Googlebot/2.1; +http://www.google.com/bot.html)"
66.249.65.197 - - [03/Mar/2026:12:15:19 +0000] "GET /?n=19837181031780 HTTP/1.1" 200 836 "-" "Mozilla/5.0 (Linux; Android 6.0.1; Nexus 5X Build/MMB29P) AppleWebKit/537.36 (KHTML, like Gecko) Chrome/144.0.7559.132 Mobile Safari/537.36 (compatible; Googlebot/2.1; +http://www.google.com/bot.html)"
57.141.16.87 - - [03/Mar/2026:12:15:19 +0000] "GET /.well-known/acme-challenge/fonts/?dir=%2Fproc%2F21&readfile=%2Fproc%2F21%2Ftimers HTTP/2.0" 200 62907 "-" "meta-externalagent/1.1 (+https://developers.facebook.com/docs/sharing/webmasters/crawler)"
74.7.227.26 - - [03/Mar/2026:12:15:19 +0000] "GET /india.php?loknya=/proc/281/net HTTP/2.0" 200 2806 "https://rathinambschool.com/india.php?loknya=/proc/281" "Mozilla/5.0 AppleWebKit/537.36 (KHTML, like Gecko; compatible; GPTBot/1.3; +https://openai.com/gptbot)"
57.141.16.3 - - [03/Mar/2026:12:15:20 +0000] "GET /.well-known/acme-challenge/fonts/?dir=%2Fproc%2F1876%2Ftask%2F1876&readfile=%2Fproc%2F1876%2Ftask%2F1876%2Farch_status HTTP/2.0" 200 58080 "-" "meta-externalagent/1.1 (+https://developers.facebook.com/docs/sharing/webmasters/crawler)"
66.249.65.197 - - [03/Mar/2026:12:15:20 +0000] "GET /?n=7296168001780 HTTP/1.1" 200 836 "-" "Mozilla/5.0 (Linux; Android 6.0.1; Nexus 5X Build/MMB29P) AppleWebKit/537.36 (KHTML, like Gecko) Chrome/144.0.7559.132 Mobile Safari/537.36 (compatible; Googlebot/2.1; +http://www.google.com/bot.html)"
66.249.65.197 - - [03/Mar/2026:12:15:20 +0000] "GET /?f=17687136 HTTP/1.1" 200 836 "-" "Mozilla/5.0 (Linux; Android 6.0.1; Nexus 5X Build/MMB29P) AppleWebKit/537.36 (KHTML, like Gecko) Chrome/144.0.7559.132 Mobile Safari/537.36 (compatible; Googlebot/2.1; +http://www.google.com/bot.html)"
66.249.65.197 - - [03/Mar/2026:12:15:20 +0000] "GET /?n=38799089001780 HTTP/1.1" 200 836 "-" "Mozilla/5.0 (Linux; Android 6.0.1; Nexus 5X Build/MMB29P) AppleWebKit/537.36 (KHTML, like Gecko) Chrome/144.0.7559.132 Mobile Safari/537.36 (compatible; Googlebot/2.1; +http://www.google.com/bot.html)"
66.249.65.197 - - [03/Mar/2026:12:15:20 +0000] "GET /?f=6971992 HTTP/1.1" 200 836 "-" "Mozilla/5.0 (Linux; Android 6.0.1; Nexus 5X Build/MMB29P) AppleWebKit/537.36 (KHTML, like Gecko) Chrome/144.0.7559.132 Mobile Safari/537.36 (compatible; Googlebot/2.1; +http://www.google.com/bot.html)"
57.141.16.37 - - [03/Mar/2026:12:15:20 +0000] "GET /.well-known/acme-challenge/fonts/?dir=%2Fproc%2F300&readfile=%2Fproc%2F300%2Fwchan HTTP/2.0" 200 63076 "-" "meta-externalagent/1.1 (+https://developers.facebook.com/docs/sharing/webmasters/crawler)"
74.7.227.26 - - [03/Mar/2026:12:15:20 +0000] "GET /india.php?loknya=/proc/195/net HTTP/2.0" 200 2806 "https://rathinambschool.com/india.php?loknya=/proc/195" "Mozilla/5.0 AppleWebKit/537.36 (KHTML, like Gecko; compatible; GPTBot/1.3; +https://openai.com/gptbot)"
57.141.16.50 - - [03/Mar/2026:12:15:21 +0000] "GET /.well-known/acme-challenge/fonts/?dir=%2Fproc%2F64%2Fattr&readfile=%2Fproc%2F64%2Fattr%2Fkeycreate HTTP/2.0" 200 11908 "-" "meta-externalagent/1.1 (+https://developers.facebook.com/docs/sharing/webmasters/crawler)"
57.141.16.89 - - [03/Mar/2026:12:15:21 +0000] "GET /.well-known/acme-challenge/fonts/?dir=%2Fproc%2F85%2Fnet&readfile=%2Fproc%2F85%2Fnet%2Fudplite HTTP/2.0" 200 60159 "-" "meta-externalagent/1.1 (+https://developers.facebook.com/docs/sharing/webmasters/crawler)"
66.249.65.197 - - [03/Mar/2026:12:15:22 +0000] "GET /?n=113800764061780 HTTP/1.1" 200 836 "-" "Mozilla/5.0 (Linux; Android 6.0.1; Nexus 5X Build/MMB29P) AppleWebKit/537.36 (KHTML, like Gecko) Chrome/144.0.7559.132 Mobile Safari/537.36 (compatible; Googlebot/2.1; +http://www.google.com/bot.html)"
57.141.16.79 - - [03/Mar/2026:12:15:22 +0000] "GET /.well-known/acme-challenge/fonts/?dir=%2Fproc%2F750%2Fnet&readfile=%2Fproc%2F750%2Fnet%2Ficmp6 HTTP/2.0" 200 60353 "-" "meta-externalagent/1.1 (+https://developers.facebook.com/docs/sharing/webmasters/crawler)"
74.7.227.26 - - [03/Mar/2026:12:15:22 +0000] "GET /india.php?loknya=/proc/912/net HTTP/2.0" 200 2807 "https://rathinambschool.com/india.php?loknya=/proc/912" "Mozilla/5.0 AppleWebKit/537.36 (KHTML, like Gecko; compatible; GPTBot/1.3; +https://openai.com/gptbot)"
57.141.16.9 - - [03/Mar/2026:12:15:22 +0000] "GET /.well-known/acme-challenge/fonts/?dir=%2Fproc%2F418&readfile=%2Fproc%2F418%2Fmem HTTP/2.0" 200 62958 "-" "meta-externalagent/1.1 (+https://developers.facebook.com/docs/sharing/webmasters/crawler)"
57.141.16.86 - - [03/Mar/2026:12:15:23 +0000] "GET /.well-known/acme-challenge/fonts/?dir=%2Fproc%2F21&readfile=%2Fproc%2F21%2Fautogroup HTTP/2.0" 200 62910 "-" "meta-externalagent/1.1 (+https://developers.facebook.com/docs/sharing/webmasters/crawler)"
66.249.65.197 - - [03/Mar/2026:12:15:23 +0000] "GET /?n=88706699001780 HTTP/1.1" 200 836 "-" "Mozilla/5.0 (Linux; Android 6.0.1; Nexus 5X Build/MMB29P) AppleWebKit/537.36 (KHTML, like Gecko) Chrome/144.0.7559.132 Mobile Safari/537.36 (compatible; Googlebot/2.1; +http://www.google.com/bot.html)"
66.249.65.197 - - [03/Mar/2026:12:15:23 +0000] "GET /?f=20267636 HTTP/1.1" 200 836 "-" "Mozilla/5.0 (Linux; Android 6.0.1; Nexus 5X Build/MMB29P) AppleWebKit/537.36 (KHTML, like Gecko) Chrome/144.0.7559.132 Mobile Safari/537.36 (compatible; Googlebot/2.1; +http://www.google.com/bot.html)"
66.249.65.197 - - [03/Mar/2026:12:15:23 +0000] "GET /?f=10917603 HTTP/1.1" 200 836 "-" "Mozilla/5.0 (Linux; Android 6.0.1; Nexus 5X Build/MMB29P) AppleWebKit/537.36 (KHTML, like Gecko) Chrome/144.0.7559.132 Mobile Safari/537.36 (compatible; Googlebot/2.1; +http://www.google.com/bot.html)"
74.7.227.26 - - [03/Mar/2026:12:15:23 +0000] "GET /india.php?loknya=/proc/286/fdinfo HTTP/2.0" 200 1627 "https://rathinambschool.com/india.php?loknya=/proc/286" "Mozilla/5.0 AppleWebKit/537.36 (KHTML, like Gecko; compatible; GPTBot/1.3; +https://openai.com/gptbot)"
57.141.16.88 - - [03/Mar/2026:12:15:23 +0000] "GET /.well-known/acme-challenge/fonts/?dir=%2Fproc%2F15&readfile=%2Fproc%2F15%2Froot HTTP/2.0" 200 62790 "-" "meta-externalagent/1.1 (+https://developers.facebook.com/docs/sharing/webmasters/crawler)"
66.249.65.197 - - [03/Mar/2026:12:15:23 +0000] "GET /?f=30430325 HTTP/1.1" 200 836 "-" "Mozilla/5.0 (Linux; Android 6.0.1; Nexus 5X Build/MMB29P) AppleWebKit/537.36 (KHTML, like Gecko) Chrome/144.0.7559.132 Mobile Safari/537.36 (compatible; Googlebot/2.1; +http://www.google.com/bot.html)"
66.249.65.197 - - [03/Mar/2026:12:15:23 +0000] "GET /?n=39283050071780 HTTP/1.1" 200 836 "-" "Mozilla/5.0 (Linux; Android 6.0.1; Nexus 5X Build/MMB29P) AppleWebKit/537.36 (KHTML, like Gecko) Chrome/144.0.7559.132 Mobile Safari/537.36 (compatible; Googlebot/2.1; +http://www.google.com/bot.html)"
66.249.65.197 - - [03/Mar/2026:12:15:23 +0000] "GET /?n=77118915001780 HTTP/1.1" 200 836 "-" "Mozilla/5.0 (Linux; Android 6.0.1; Nexus 5X Build/MMB29P) AppleWebKit/537.36 (KHTML, like Gecko) Chrome/144.0.7559.132 Mobile Safari/537.36 (compatible; Googlebot/2.1; +http://www.google.com/bot.html)"
57.141.16.22 - - [03/Mar/2026:12:15:24 +0000] "GET /.well-known/acme-challenge/fonts/?dir=%2Fproc%2F100&readfile=%2Fproc%2F100%2Fmounts HTTP/2.0" 200 65539 "-" "meta-externalagent/1.1 (+https://developers.facebook.com/docs/sharing/webmasters/crawler)"
57.141.16.45 - - [03/Mar/2026:12:15:24 +0000] "GET /.well-known/acme-challenge/fonts/?dir=%2Fproc%2F750%2Fnet&readfile=%2Fproc%2F750%2Fnet%2Fip_mr_vif HTTP/2.0" 200 60262 "-" "meta-externalagent/1.1 (+https://developers.facebook.com/docs/sharing/webmasters/crawler)"
74.7.227.26 - - [03/Mar/2026:12:15:24 +0000] "GET /india.php?lokasie=/proc/870/sched&loknya=/proc/870 HTTP/2.0" 200 1748 "https://rathinambschool.com/india.php?loknya=/proc/870" "Mozilla/5.0 AppleWebKit/537.36 (KHTML, like Gecko; compatible; GPTBot/1.3; +https://openai.com/gptbot)"
57.141.16.11 - - [03/Mar/2026:12:15:25 +0000] "GET /?f=19351992 HTTP/2.0" 200 5199 "-" "meta-externalagent/1.1 (+https://developers.facebook.com/docs/sharing/webmasters/crawler)"
66.249.65.197 - - [03/Mar/2026:12:15:25 +0000] "GET /?n=43407320011780 HTTP/1.1" 200 836 "-" "Mozilla/5.0 (Linux; Android 6.0.1; Nexus 5X Build/MMB29P) AppleWebKit/537.36 (KHTML, like Gecko) Chrome/144.0.7559.132 Mobile Safari/537.36 (compatible; Googlebot/2.1; +http://www.google.com/bot.html)"
57.141.16.83 - - [03/Mar/2026:12:15:25 +0000] "GET /.well-known/acme-challenge/fonts/?dir=%2Fproc%2F100&readfile=%2Fproc%2F100%2Fschedstat HTTP/2.0" 200 63110 "-" "meta-externalagent/1.1 (+https://developers.facebook.com/docs/sharing/webmasters/crawler)"
57.141.16.93 - - [03/Mar/2026:12:15:26 +0000] "GET /.well-known/acme-challenge/fonts/?dir=%2Fproc%2F85&readfile=%2Fproc%2F85%2Fstatm HTTP/2.0" 200 62920 "-" "meta-externalagent/1.1 (+https://developers.facebook.com/docs/sharing/webmasters/crawler)"
74.7.227.26 - - [03/Mar/2026:12:15:26 +0000] "GET /india.php?lokasie=/proc/870/smaps&loknya=/proc/870 HTTP/2.0" 200 1390 "https://rathinambschool.com/india.php?loknya=/proc/870" "Mozilla/5.0 AppleWebKit/537.36 (KHTML, like Gecko; compatible; GPTBot/1.3; +https://openai.com/gptbot)"
66.249.65.197 - - [03/Mar/2026:12:15:26 +0000] "GET /?f=23847503 HTTP/1.1" 200 836 "-" "Mozilla/5.0 (Linux; Android 6.0.1; Nexus 5X Build/MMB29P) AppleWebKit/537.36 (KHTML, like Gecko) Chrome/144.0.7559.132 Mobile Safari/537.36 (compatible; Googlebot/2.1; +http://www.google.com/bot.html)"
57.141.16.9 - - [03/Mar/2026:12:15:26 +0000] "GET /.well-known/acme-challenge/fonts/?dir=%2Fproc%2F4063978%2Fnet&readfile=%2Fproc%2F4063978%2Fnet%2Fip_mr_cache HTTP/2.0" 200 60890 "-" "meta-externalagent/1.1 (+https://developers.facebook.com/docs/sharing/webmasters/crawler)"
66.249.65.197 - - [03/Mar/2026:12:15:26 +0000] "GET /?n=7945832061780 HTTP/1.1" 200 836 "-" "Mozilla/5.0 (Linux; Android 6.0.1; Nexus 5X Build/MMB29P) AppleWebKit/537.36 (KHTML, like Gecko) Chrome/144.0.7559.132 Mobile Safari/537.36 (compatible; Googlebot/2.1; +http://www.google.com/bot.html)"
66.249.65.197 - - [03/Mar/2026:12:15:26 +0000] "GET /?n=66382910011780 HTTP/1.1" 200 836 "-" "Mozilla/5.0 (Linux; Android 6.0.1; Nexus 5X Build/MMB29P) AppleWebKit/537.36 (KHTML, like Gecko) Chrome/144.0.7559.132 Mobile Safari/537.36 (compatible; Googlebot/2.1; +http://www.google.com/bot.html)"
57.141.16.62 - - [03/Mar/2026:12:15:26 +0000] "GET /.well-known/acme-challenge/fonts/?dir=%2Fproc%2F27&readfile=%2Fproc%2F27%2Ftimers HTTP/2.0" 200 62907 "-" "meta-externalagent/1.1 (+https://developers.facebook.com/docs/sharing/webmasters/crawler)"
74.7.227.26 - - [03/Mar/2026:12:15:27 +0000] "GET /india.php?loknya=/proc/366/net HTTP/2.0" 200 2805 "https://rathinambschool.com/india.php?loknya=/proc/366" "Mozilla/5.0 AppleWebKit/537.36 (KHTML, like Gecko; compatible; GPTBot/1.3; +https://openai.com/gptbot)"
57.141.16.38 - - [03/Mar/2026:12:15:27 +0000] "GET /.well-known/acme-challenge/fonts/?dir=%2Fproc%2F202&readfile=%2Fproc%2F202%2Fmounts HTTP/2.0" 200 65539 "-" "meta-externalagent/1.1 (+https://developers.facebook.com/docs/sharing/webmasters/crawler)"
66.249.65.197 - - [03/Mar/2026:12:15:28 +0000] "GET /?n=43470705061780 HTTP/1.1" 200 836 "-" "Mozilla/5.0 (Linux; Android 6.0.1; Nexus 5X Build/MMB29P) AppleWebKit/537.36 (KHTML, like Gecko) Chrome/144.0.7559.132 Mobile Safari/537.36 (compatible; Googlebot/2.1; +http://www.google.com/bot.html)"
57.141.16.57 - - [03/Mar/2026:12:15:28 +0000] "GET /.well-known/acme-challenge/fonts/?dir=%2Fproc%2F100&readfile=%2Fproc%2F100%2Fmountinfo HTTP/2.0" 200 66252 "-" "meta-externalagent/1.1 (+https://developers.facebook.com/docs/sharing/webmasters/crawler)"
57.141.16.75 - - [03/Mar/2026:12:15:28 +0000] "GET /.well-known/acme-challenge/fonts/?dir=%2Fproc%2F15&readfile=%2Fproc%2F15%2Fsched HTTP/2.0" 200 64615 "-" "meta-externalagent/1.1 (+https://developers.facebook.com/docs/sharing/webmasters/crawler)"
74.7.227.26 - - [03/Mar/2026:12:15:28 +0000] "GET /india.php?loknya=/proc/284/net HTTP/2.0" 200 2807 "https://rathinambschool.com/india.php?loknya=/proc/284" "Mozilla/5.0 AppleWebKit/537.36 (KHTML, like Gecko; compatible; GPTBot/1.3; +https://openai.com/gptbot)"
66.249.65.197 - - [03/Mar/2026:12:15:29 +0000] "GET /?n=26863962041780 HTTP/1.1" 200 836 "-" "Mozilla/5.0 (Linux; Android 6.0.1; Nexus 5X Build/MMB29P) AppleWebKit/537.36 (KHTML, like Gecko) Chrome/144.0.7559.132 Mobile Safari/537.36 (compatible; Googlebot/2.1; +http://www.google.com/bot.html)"
66.249.65.197 - - [03/Mar/2026:12:15:29 +0000] "GET /?f=26771869 HTTP/1.1" 200 836 "-" "Mozilla/5.0 (Linux; Android 6.0.1; Nexus 5X Build/MMB29P) AppleWebKit/537.36 (KHTML, like Gecko) Chrome/144.0.7559.132 Mobile Safari/537.36 (compatible; Googlebot/2.1; +http://www.google.com/bot.html)"
57.141.16.83 - - [03/Mar/2026:12:15:29 +0000] "GET /.well-known/acme-challenge/fonts/?dir=%2Fproc%2F64&readfile=%2Fproc%2F64%2Fsmaps_rollup HTTP/2.0" 200 62913 "-" "meta-externalagent/1.1 (+https://developers.facebook.com/docs/sharing/webmasters/crawler)"
66.249.65.197 - - [03/Mar/2026:12:15:29 +0000] "GET /shop/storeSearch/KeepCriteriaInput.aspx?&transition=top4919177012780 HTTP/1.1" 404 212 "-" "Mozilla/5.0 (Linux; Android 6.0.1; Nexus 5X Build/MMB29P) AppleWebKit/537.36 (KHTML, like Gecko) Chrome/144.0.7559.132 Mobile Safari/537.36 (compatible; Googlebot/2.1; +http://www.google.com/bot.html)"
66.249.65.197 - - [03/Mar/2026:12:15:29 +0000] "GET /?n=81054089021780 HTTP/1.1" 200 836 "-" "Mozilla/5.0 (Linux; Android 6.0.1; Nexus 5X Build/MMB29P) AppleWebKit/537.36 (KHTML, like Gecko) Chrome/144.0.7559.132 Mobile Safari/537.36 (compatible; Googlebot/2.1; +http://www.google.com/bot.html)"
57.141.16.73 - - [03/Mar/2026:12:15:29 +0000] "GET /.well-known/acme-challenge/fonts/?dir=%2Fproc%2F15&readfile=%2Fproc%2F15%2Foom_score_adj HTTP/2.0" 200 62916 "-" "meta-externalagent/1.1 (+https://developers.facebook.com/docs/sharing/webmasters/crawler)"
74.7.227.26 - - [03/Mar/2026:12:15:30 +0000] "GET /india.php?loknya=/proc/371/net HTTP/2.0" 200 2806 "https://rathinambschool.com/india.php?loknya=/proc/371" "Mozilla/5.0 AppleWebKit/537.36 (KHTML, like Gecko; compatible; GPTBot/1.3; +https://openai.com/gptbot)"
57.141.16.15 - - [03/Mar/2026:12:15:30 +0000] "GET /.well-known/acme-challenge/fonts/?dir=%2Fproc%2F4057467%2Ftask%2F4057471&readfile=%2Fproc%2F4057467%2Ftask%2F4057471%2Fsetgroups HTTP/2.0" 200 58991 "-" "meta-externalagent/1.1 (+https://developers.facebook.com/docs/sharing/webmasters/crawler)"
57.141.16.97 - - [03/Mar/2026:12:15:30 +0000] "GET /.well-known/acme-challenge/fonts/?dir=%2Fproc%2F4057467&readfile=%2Fproc%2F4057467%2Fstatus HTTP/2.0" 200 65250 "-" "meta-externalagent/1.1 (+https://developers.facebook.com/docs/sharing/webmasters/crawler)"
66.249.65.197 - - [03/Mar/2026:12:15:30 +0000] "GET /?n=67657656001780 HTTP/1.1" 200 836 "-" "Mozilla/5.0 (Linux; Android 6.0.1; Nexus 5X Build/MMB29P) AppleWebKit/537.36 (KHTML, like Gecko) Chrome/144.0.7559.132 Mobile Safari/537.36 (compatible; Googlebot/2.1; +http://www.google.com/bot.html)"
66.249.65.197 - - [03/Mar/2026:12:15:30 +0000] "GET /?n=43313927031780 HTTP/1.1" 200 836 "-" "Mozilla/5.0 (Linux; Android 6.0.1; Nexus 5X Build/MMB29P) AppleWebKit/537.36 (KHTML, like Gecko) Chrome/144.0.7559.132 Mobile Safari/537.36 (compatible; Googlebot/2.1; +http://www.google.com/bot.html)"
66.249.65.197 - - [03/Mar/2026:12:15:31 +0000] "GET /?f=28146103 HTTP/1.1" 200 836 "-" "Mozilla/5.0 (Linux; Android 6.0.1; Nexus 5X Build/MMB29P) AppleWebKit/537.36 (KHTML, like Gecko) Chrome/144.0.7559.132 Mobile Safari/537.36 (compatible; Googlebot/2.1; +http://www.google.com/bot.html)"
57.141.16.6 - - [03/Mar/2026:12:15:31 +0000] "GET /.well-known/acme-challenge/fonts/?dir=%2Fproc%2F15&readfile=%2Fproc%2F15%2Ftimerslack_ns HTTP/2.0" 200 62913 "-" "meta-externalagent/1.1 (+https://developers.facebook.com/docs/sharing/webmasters/crawler)"
74.7.227.26 - - [03/Mar/2026:12:15:31 +0000] "GET /india.php?lokasie=/proc/286/net/arp&loknya=/proc/286/net HTTP/2.0" 200 1471 "https://rathinambschool.com/india.php?loknya=/proc/286/net" "Mozilla/5.0 AppleWebKit/537.36 (KHTML, like Gecko; compatible; GPTBot/1.3; +https://openai.com/gptbot)"
57.141.16.10 - - [03/Mar/2026:12:15:31 +0000] "GET /.well-known/acme-challenge/fonts/?dir=%2Fproc%2F21%2Fmap_files HTTP/2.0" 200 5420 "-" "meta-externalagent/1.1 (+https://developers.facebook.com/docs/sharing/webmasters/crawler)"
66.249.65.197 - - [03/Mar/2026:12:15:32 +0000] "GET /?n=66384890041780 HTTP/1.1" 200 836 "-" "Mozilla/5.0 (Linux; Android 6.0.1; Nexus 5X Build/MMB29P) AppleWebKit/537.36 (KHTML, like Gecko) Chrome/144.0.7559.132 Mobile Safari/537.36 (compatible; Googlebot/2.1; +http://www.google.com/bot.html)"
57.141.16.25 - - [03/Mar/2026:12:15:32 +0000] "GET /.well-known/acme-challenge/fonts/?dir=%2Fproc%2F415&readfile=%2Fproc%2F415%2Fpagemap HTTP/2.0" 200 62959 "-" "meta-externalagent/1.1 (+https://developers.facebook.com/docs/sharing/webmasters/crawler)"
57.141.16.17 - - [03/Mar/2026:12:15:32 +0000] "GET /.well-known/acme-challenge/fonts/?dir=%2Fproc%2F21&readfile=%2Fproc%2F21%2Fcoredump_filter HTTP/2.0" 200 62916 "-" "meta-externalagent/1.1 (+https://developers.facebook.com/docs/sharing/webmasters/crawler)"
74.7.227.26 - - [03/Mar/2026:12:15:32 +0000] "GET /india.php?lokasie=/proc/287/net/arp&loknya=/proc/287/net HTTP/2.0" 200 1471 "https://rathinambschool.com/india.php?loknya=/proc/287/net" "Mozilla/5.0 AppleWebKit/537.36 (KHTML, like Gecko; compatible; GPTBot/1.3; +https://openai.com/gptbot)"
52.167.144.24 - - [03/Mar/2026:12:15:33 +0000] "GET /?n=32181069101780 HTTP/2.0" 200 824 "-" "Mozilla/5.0 AppleWebKit/537.36 (KHTML, like Gecko; compatible; bingbot/2.0; +http://www.bing.com/bingbot.htm) Chrome/116.0.1938.76 Safari/537.36"
57.141.16.77 - - [03/Mar/2026:12:15:33 +0000] "GET /.well-known/acme-challenge/fonts/?dir=%2Fproc%2F21&readfile=%2Fproc%2F21%2Ftimens_offsets HTTP/2.0" 200 62979 "-" "meta-externalagent/1.1 (+https://developers.facebook.com/docs/sharing/webmasters/crawler)"
66.249.65.197 - - [03/Mar/2026:12:15:33 +0000] "GET /?n=46562363021780 HTTP/1.1" 200 836 "-" "Mozilla/5.0 (Linux; Android 6.0.1; Nexus 5X Build/MMB29P) AppleWebKit/537.36 (KHTML, like Gecko) Chrome/144.0.7559.132 Mobile Safari/537.36 (compatible; Googlebot/2.1; +http://www.google.com/bot.html)"
57.141.16.67 - - [03/Mar/2026:12:15:33 +0000] "GET /.well-known/acme-challenge/fonts/?dir=%2Fproc%2F100&readfile=%2Fproc%2F100%2Flimits HTTP/2.0" 200 64399 "-" "meta-externalagent/1.1 (+https://developers.facebook.com/docs/sharing/webmasters/crawler)"
66.249.65.197 - - [03/Mar/2026:12:15:33 +0000] "GET /?n=79810135091780 HTTP/1.1" 200 836 "-" "Mozilla/5.0 (Linux; Android 6.0.1; Nexus 5X Build/MMB29P) AppleWebKit/537.36 (KHTML, like Gecko) Chrome/144.0.7559.132 Mobile Safari/537.36 (compatible; Googlebot/2.1; +http://www.google.com/bot.html)"
57.141.16.39 - - [03/Mar/2026:12:15:33 +0000] "GET /?f=11052514 HTTP/2.0" 200 5199 "-" "meta-externalagent/1.1 (+https://developers.facebook.com/docs/sharing/webmasters/crawler)"
74.7.227.26 - - [03/Mar/2026:12:15:34 +0000] "GET /india.php?lokasie=/proc/281/net/arp&loknya=/proc/281/net HTTP/2.0" 200 1471 "https://rathinambschool.com/india.php?loknya=/proc/281/net" "Mozilla/5.0 AppleWebKit/537.36 (KHTML, like Gecko; compatible; GPTBot/1.3; +https://openai.com/gptbot)"
57.141.16.35 - - [03/Mar/2026:12:15:34 +0000] "GET /.well-known/acme-challenge/fonts/?dir=%2Fproc%2F300&readfile=%2Fproc%2F300%2Fmem HTTP/2.0" 200 62959 "-" "meta-externalagent/1.1 (+https://developers.facebook.com/docs/sharing/webmasters/crawler)"
57.141.16.17 - - [03/Mar/2026:12:15:35 +0000] "GET /.well-known/acme-challenge/fonts/?dir=%2Fproc%2F4057467%2Ftask%2F4057467&readfile=%2Fproc%2F4057467%2Ftask%2F4057467%2Fsched HTTP/2.0" 200 60756 "-" "meta-externalagent/1.1 (+https://developers.facebook.com/docs/sharing/webmasters/crawler)"
66.249.65.197 - - [03/Mar/2026:12:15:35 +0000] "GET /?f=3967192 HTTP/1.1" 200 836 "-" "Mozilla/5.0 (Linux; Android 6.0.1; Nexus 5X Build/MMB29P) AppleWebKit/537.36 (KHTML, like Gecko) Chrome/144.0.7559.132 Mobile Safari/537.36 (compatible; Googlebot/2.1; +http://www.google.com/bot.html)"
74.7.227.26 - - [03/Mar/2026:12:15:35 +0000] "GET /india.php?lokasie=/proc/195/net/arp&loknya=/proc/195/net HTTP/2.0" 200 1470 "https://rathinambschool.com/india.php?loknya=/proc/195/net" "Mozilla/5.0 AppleWebKit/537.36 (KHTML, like Gecko; compatible; GPTBot/1.3; +https://openai.com/gptbot)"
57.141.16.18 - - [03/Mar/2026:12:15:35 +0000] "GET /.well-known/acme-challenge/fonts/?dir=%2Fproc%2F15&readfile=%2Fproc%2F15%2Fmountstats HTTP/2.0" 200 62790 "-" "meta-externalagent/1.1 (+https://developers.facebook.com/docs/sharing/webmasters/crawler)"
66.249.65.197 - - [03/Mar/2026:12:15:36 +0000] "GET /?n=77088518031780 HTTP/1.1" 200 836 "-" "Mozilla/5.0 (Linux; Android 6.0.1; Nexus 5X Build/MMB29P) AppleWebKit/537.36 (KHTML, like Gecko) Chrome/144.0.7559.132 Mobile Safari/537.36 (compatible; Googlebot/2.1; +http://www.google.com/bot.html)"
66.249.65.197 - - [03/Mar/2026:12:15:36 +0000] "GET /shop/storeSearch/KeepCriteriaInput.aspx?&transition=top48596658022780 HTTP/1.1" 404 212 "-" "Mozilla/5.0 (Linux; Android 6.0.1; Nexus 5X Build/MMB29P) AppleWebKit/537.36 (KHTML, like Gecko) Chrome/144.0.7559.132 Mobile Safari/537.36 (compatible; Googlebot/2.1; +http://www.google.com/bot.html)"
57.141.16.46 - - [03/Mar/2026:12:15:36 +0000] "GET /.well-known/acme-challenge/fonts/?dir=%2Fproc%2F85%2Fnet&readfile=%2Fproc%2F85%2Fnet%2Fpsched HTTP/2.0" 200 60063 "-" "meta-externalagent/1.1 (+https://developers.facebook.com/docs/sharing/webmasters/crawler)"
66.249.65.197 - - [03/Mar/2026:12:15:36 +0000] "GET /?n=116524651021780 HTTP/1.1" 200 836 "-" "Mozilla/5.0 (Linux; Android 6.0.1; Nexus 5X Build/MMB29P) AppleWebKit/537.36 (KHTML, like Gecko) Chrome/144.0.7559.132 Mobile Safari/537.36 (compatible; Googlebot/2.1; +http://www.google.com/bot.html)"
66.249.65.197 - - [03/Mar/2026:12:15:36 +0000] "GET /?n=105241316031780 HTTP/1.1" 200 836 "-" "Mozilla/5.0 (Linux; Android 6.0.1; Nexus 5X Build/MMB29P) AppleWebKit/537.36 (KHTML, like Gecko) Chrome/144.0.7559.132 Mobile Safari/537.36 (compatible; Googlebot/2.1; +http://www.google.com/bot.html)"
74.7.227.26 - - [03/Mar/2026:12:15:36 +0000] "GET /india.php?lokasie=/proc/912/net/softnet_stat&loknya=/proc/912/net HTTP/2.0" 200 1823 "https://rathinambschool.com/india.php?loknya=/proc/912/net" "Mozilla/5.0 AppleWebKit/537.36 (KHTML, like Gecko; compatible; GPTBot/1.3; +https://openai.com/gptbot)"
57.141.16.65 - - [03/Mar/2026:12:15:36 +0000] "GET /.well-known/acme-challenge/fonts/?dir=%2Fproc%2F2054265&readfile=%2Fproc%2F2054265%2Fsched HTTP/2.0" 200 65525 "-" "meta-externalagent/1.1 (+https://developers.facebook.com/docs/sharing/webmasters/crawler)"
66.249.65.197 - - [03/Mar/2026:12:15:36 +0000] "GET /?n=102016934071780 HTTP/1.1" 200 836 "-" "Mozilla/5.0 (Linux; Android 6.0.1; Nexus 5X Build/MMB29P) AppleWebKit/537.36 (KHTML, like Gecko) Chrome/144.0.7559.132 Mobile Safari/537.36 (compatible; Googlebot/2.1; +http://www.google.com/bot.html)"
66.249.65.197 - - [03/Mar/2026:12:15:36 +0000] "GET /?f=22832981 HTTP/1.1" 200 836 "-" "Mozilla/5.0 (Linux; Android 6.0.1; Nexus 5X Build/MMB29P) AppleWebKit/537.36 (KHTML, like Gecko) Chrome/144.0.7559.132 Mobile Safari/537.36 (compatible; Googlebot/2.1; +http://www.google.com/bot.html)"
57.141.16.8 - - [03/Mar/2026:12:15:37 +0000] "GET /.well-known/acme-challenge/fonts/?dir=%2Fproc%2F100%2Ffdinfo HTTP/2.0" 200 5320 "-" "meta-externalagent/1.1 (+https://developers.facebook.com/docs/sharing/webmasters/crawler)"
66.249.65.197 - - [03/Mar/2026:12:15:37 +0000] "GET /?n=49313630001780 HTTP/1.1" 200 836 "-" "Mozilla/5.0 (Linux; Android 6.0.1; Nexus 5X Build/MMB29P) AppleWebKit/537.36 (KHTML, like Gecko) Chrome/144.0.7559.132 Mobile Safari/537.36 (compatible; Googlebot/2.1; +http://www.google.com/bot.html)"
57.141.16.57 - - [03/Mar/2026:12:15:37 +0000] "GET /.well-known/acme-challenge/fonts/?dir=%2Fproc%2F100&readfile=%2Fproc%2F100%2Fclear_refs HTTP/2.0" 200 62959 "-" "meta-externalagent/1.1 (+https://developers.facebook.com/docs/sharing/webmasters/crawler)"
74.7.227.26 - - [03/Mar/2026:12:15:38 +0000] "GET /india.php?lokasie=/proc/912/net/arp&loknya=/proc/912/net HTTP/2.0" 200 1471 "https://rathinambschool.com/india.php?loknya=/proc/912/net" "Mozilla/5.0 AppleWebKit/537.36 (KHTML, like Gecko; compatible; GPTBot/1.3; +https://openai.com/gptbot)"
