57.141.16.66 - - [03/Mar/2026:12:15:38 +0000] "GET /.well-known/acme-challenge/fonts/?dir=%2Fproc%2F2054265%2Fnet%2Frpc%2Fauth.unix.gid HTTP/2.0" 200 8975 "-" "meta-externalagent/1.1 (+https://developers.facebook.com/docs/sharing/webmasters/crawler)"
66.249.65.197 - - [03/Mar/2026:12:15:38 +0000] "GET /?n=86355300041780 HTTP/1.1" 200 836 "-" "Mozilla/5.0 (Linux; Android 6.0.1; Nexus 5X Build/MMB29P) AppleWebKit/537.36 (KHTML, like Gecko) Chrome/144.0.7559.132 Mobile Safari/537.36 (compatible; Googlebot/2.1; +http://www.google.com/bot.html)"
57.141.16.41 - - [03/Mar/2026:12:15:38 +0000] "GET /.well-known/acme-challenge/fonts/?dir=%2Fproc%2F85&readfile=%2Fproc%2F85%2Fstatus HTTP/2.0" 200 63975 "-" "meta-externalagent/1.1 (+https://developers.facebook.com/docs/sharing/webmasters/crawler)"
57.141.16.2 - - [03/Mar/2026:12:15:39 +0000] "GET /.well-known/acme-challenge/fonts/?dir=%2Fproc%2F4057467%2Ftask%2F4057471&readfile=%2Fproc%2F4057467%2Ftask%2F4057471%2Fcwd HTTP/2.0" 200 58864 "-" "meta-externalagent/1.1 (+https://developers.facebook.com/docs/sharing/webmasters/crawler)"
74.7.227.26 - - [03/Mar/2026:12:15:39 +0000] "GET /india.php?lokasie=/proc/287/net/tcp&loknya=/proc/287/net HTTP/2.0" 200 8254 "https://rathinambschool.com/india.php?loknya=/proc/287/net" "Mozilla/5.0 AppleWebKit/537.36 (KHTML, like Gecko; compatible; GPTBot/1.3; +https://openai.com/gptbot)"
57.141.16.80 - - [03/Mar/2026:12:15:39 +0000] "GET /.well-known/acme-challenge/fonts/?dir=%2Fproc%2F27%2Fattr HTTP/2.0" 200 11678 "-" "meta-externalagent/1.1 (+https://developers.facebook.com/docs/sharing/webmasters/crawler)"
66.249.65.197 - - [03/Mar/2026:12:15:39 +0000] "GET /?f=27571103 HTTP/1.1" 200 836 "-" "Mozilla/5.0 (Linux; Android 6.0.1; Nexus 5X Build/MMB29P) AppleWebKit/537.36 (KHTML, like Gecko) Chrome/144.0.7559.132 Mobile Safari/537.36 (compatible; Googlebot/2.1; +http://www.google.com/bot.html)"
57.141.16.43 - - [03/Mar/2026:12:15:40 +0000] "GET /.well-known/acme-challenge/fonts/?dir=%2Fproc%2F100&readfile=%2Fproc%2F100%2Fmem HTTP/2.0" 200 62959 "-" "meta-externalagent/1.1 (+https://developers.facebook.com/docs/sharing/webmasters/crawler)"
57.141.16.9 - - [03/Mar/2026:12:15:40 +0000] "GET /.well-known/acme-challenge/fonts/?dir=%2Fproc%2F100&readfile=%2Fproc%2F100%2Fpagemap HTTP/2.0" 200 62958 "-" "meta-externalagent/1.1 (+https://developers.facebook.com/docs/sharing/webmasters/crawler)"
74.7.227.26 - - [03/Mar/2026:12:15:40 +0000] "GET /india.php?lokasie=/proc/286/net/tcp&loknya=/proc/286/net HTTP/2.0" 200 8009 "https://rathinambschool.com/india.php?loknya=/proc/286/net" "Mozilla/5.0 AppleWebKit/537.36 (KHTML, like Gecko; compatible; GPTBot/1.3; +https://openai.com/gptbot)"
66.249.65.197 - - [03/Mar/2026:12:15:40 +0000] "GET /?n=103142694001780 HTTP/1.1" 200 836 "-" "Mozilla/5.0 (Linux; Android 6.0.1; Nexus 5X Build/MMB29P) AppleWebKit/537.36 (KHTML, like Gecko) Chrome/144.0.7559.132 Mobile Safari/537.36 (compatible; Googlebot/2.1; +http://www.google.com/bot.html)"
57.141.16.27 - - [03/Mar/2026:12:15:41 +0000] "GET /.well-known/acme-challenge/fonts/?dir=%2Fproc%2F85%2Fnet&readfile=%2Fproc%2F85%2Fnet%2Fconnector HTTP/2.0" 200 60069 "-" "meta-externalagent/1.1 (+https://developers.facebook.com/docs/sharing/webmasters/crawler)"
57.141.16.37 - - [03/Mar/2026:12:15:41 +0000] "GET /.well-known/acme-challenge/fonts/?dir=%2Fproc%2F21&readfile=%2Fproc%2F21%2Fstatm HTTP/2.0" 200 62920 "-" "meta-externalagent/1.1 (+https://developers.facebook.com/docs/sharing/webmasters/crawler)"
74.7.227.26 - - [03/Mar/2026:12:15:42 +0000] "GET /india.php?lokasie=/proc/366/net/tcp&loknya=/proc/366/net HTTP/2.0" 200 8050 "https://rathinambschool.com/india.php?loknya=/proc/366/net" "Mozilla/5.0 AppleWebKit/537.36 (KHTML, like Gecko; compatible; GPTBot/1.3; +https://openai.com/gptbot)"
57.141.16.1 - - [03/Mar/2026:12:15:42 +0000] "GET /.well-known/acme-challenge/fonts/?dir=%2Fproc%2F85&readfile=%2Fproc%2F85%2Fmaps HTTP/2.0" 200 62904 "-" "meta-externalagent/1.1 (+https://developers.facebook.com/docs/sharing/webmasters/crawler)"
66.249.65.197 - - [03/Mar/2026:12:15:42 +0000] "GET /?n=20705191051780 HTTP/1.1" 200 836 "-" "Mozilla/5.0 (Linux; Android 6.0.1; Nexus 5X Build/MMB29P) AppleWebKit/537.36 (KHTML, like Gecko) Chrome/144.0.7559.132 Mobile Safari/537.36 (compatible; Googlebot/2.1; +http://www.google.com/bot.html)"
66.249.65.197 - - [03/Mar/2026:12:15:42 +0000] "GET /?n=67158507031780 HTTP/1.1" 200 836 "-" "Mozilla/5.0 (Linux; Android 6.0.1; Nexus 5X Build/MMB29P) AppleWebKit/537.36 (KHTML, like Gecko) Chrome/144.0.7559.132 Mobile Safari/537.36 (compatible; Googlebot/2.1; +http://www.google.com/bot.html)"
57.141.16.11 - - [03/Mar/2026:12:15:42 +0000] "GET /.well-known/acme-challenge/fonts/?dir=%2Fproc%2F21&readfile=%2Fproc%2F21%2Fstack HTTP/2.0" 200 62790 "-" "meta-externalagent/1.1 (+https://developers.facebook.com/docs/sharing/webmasters/crawler)"
66.249.65.197 - - [03/Mar/2026:12:15:42 +0000] "GET /?n=102957586091780 HTTP/1.1" 200 836 "-" "Mozilla/5.0 (Linux; Android 6.0.1; Nexus 5X Build/MMB29P) AppleWebKit/537.36 (KHTML, like Gecko) Chrome/144.0.7559.132 Mobile Safari/537.36 (compatible; Googlebot/2.1; +http://www.google.com/bot.html)"
74.7.227.26 - - [03/Mar/2026:12:15:43 +0000] "GET /india.php?lokasie=/proc/366/net/arp&loknya=/proc/366/net HTTP/2.0" 200 1471 "https://rathinambschool.com/india.php?loknya=/proc/366/net" "Mozilla/5.0 AppleWebKit/537.36 (KHTML, like Gecko; compatible; GPTBot/1.3; +https://openai.com/gptbot)"
66.249.65.197 - - [03/Mar/2026:12:15:43 +0000] "GET /?f=11290936 HTTP/1.1" 200 836 "-" "Mozilla/5.0 (Linux; Android 6.0.1; Nexus 5X Build/MMB29P) AppleWebKit/537.36 (KHTML, like Gecko) Chrome/144.0.7559.132 Mobile Safari/537.36 (compatible; Googlebot/2.1; +http://www.google.com/bot.html)"
216.73.216.142 - - [03/Mar/2026:12:15:43 +0000] "GET /india.php?loknya=%2Fproc%2F183 HTTP/2.0" 200 3000 "-" "Mozilla/5.0 AppleWebKit/537.36 (KHTML, like Gecko; compatible; ClaudeBot/1.0; +claudebot@anthropic.com)"
216.73.216.142 - - [03/Mar/2026:12:15:43 +0000] "GET /india.php?loknya=%2Fproc%2F418 HTTP/2.0" 200 2990 "-" "Mozilla/5.0 AppleWebKit/537.36 (KHTML, like Gecko; compatible; ClaudeBot/1.0; +claudebot@anthropic.com)"
216.73.216.142 - - [03/Mar/2026:12:15:43 +0000] "GET /india.php?lokasie=%2Fscripts%2Fremoveacct&loknya=%2Fscripts HTTP/2.0" 200 1384 "-" "Mozilla/5.0 AppleWebKit/537.36 (KHTML, like Gecko; compatible; ClaudeBot/1.0; +claudebot@anthropic.com)"
216.73.216.142 - - [03/Mar/2026:12:15:43 +0000] "GET /india.php?loknya=%2Fproc%2F67 HTTP/2.0" 200 2996 "-" "Mozilla/5.0 AppleWebKit/537.36 (KHTML, like Gecko; compatible; ClaudeBot/1.0; +claudebot@anthropic.com)"
57.141.16.29 - - [03/Mar/2026:12:15:44 +0000] "GET /.well-known/acme-challenge/fonts/?dir=%2Fproc%2F85%2Fns HTTP/2.0" 200 5364 "-" "meta-externalagent/1.1 (+https://developers.facebook.com/docs/sharing/webmasters/crawler)"
57.141.16.92 - - [03/Mar/2026:12:15:44 +0000] "GET /.well-known/acme-challenge/fonts/?dir=%2Fproc%2F4057467%2Ftask%2F4057474&readfile=%2Fproc%2F4057467%2Ftask%2F4057474%2Foom_score_adj HTTP/2.0" 200 58991 "-" "meta-externalagent/1.1 (+https://developers.facebook.com/docs/sharing/webmasters/crawler)"
34.148.184.99 - - [03/Mar/2026:12:15:44 +0000] "GET /wp-content/uploads/2024/11/IMG-20241117-WA0008.jpg HTTP/1.1" 404 277 "-" "Mozilla/5.0 (Macintosh; Intel Mac OS X 10.15; rv:103.0.1) Gecko/20100101 Firefox/103.0.1"
216.73.216.142 - - [03/Mar/2026:12:15:44 +0000] "GET /india.php?loknya=%2Fproc%2F20 HTTP/2.0" 200 3000 "-" "Mozilla/5.0 AppleWebKit/537.36 (KHTML, like Gecko; compatible; ClaudeBot/1.0; +claudebot@anthropic.com)"
57.141.16.9 - - [03/Mar/2026:12:15:44 +0000] "GET /.well-known/acme-challenge/fonts/?dir=%2Fproc%2F4057467%2Ftask%2F4057474&readfile=%2Fproc%2F4057467%2Ftask%2F4057474%2Foom_adj HTTP/2.0" 200 58984 "-" "meta-externalagent/1.1 (+https://developers.facebook.com/docs/sharing/webmasters/crawler)"
216.73.216.142 - - [03/Mar/2026:12:15:44 +0000] "GET /india.php?loknya=%2Fproc%2F699 HTTP/2.0" 200 2992 "-" "Mozilla/5.0 AppleWebKit/537.36 (KHTML, like Gecko; compatible; ClaudeBot/1.0; +claudebot@anthropic.com)"
216.73.216.142 - - [03/Mar/2026:12:15:44 +0000] "GET /india.php?loknya=%2Fproc%2F196 HTTP/2.0" 200 2999 "-" "Mozilla/5.0 AppleWebKit/537.36 (KHTML, like Gecko; compatible; ClaudeBot/1.0; +claudebot@anthropic.com)"
216.73.216.142 - - [03/Mar/2026:12:15:44 +0000] "GET /india.php?loknya=%2Fproc%2F90 HTTP/2.0" 200 2996 "-" "Mozilla/5.0 AppleWebKit/537.36 (KHTML, like Gecko; compatible; ClaudeBot/1.0; +claudebot@anthropic.com)"
66.249.65.197 - - [03/Mar/2026:12:15:45 +0000] "GET /?n=88897923021780 HTTP/1.1" 200 836 "-" "Mozilla/5.0 (Linux; Android 6.0.1; Nexus 5X Build/MMB29P) AppleWebKit/537.36 (KHTML, like Gecko) Chrome/144.0.7559.132 Mobile Safari/537.36 (compatible; Googlebot/2.1; +http://www.google.com/bot.html)"
57.141.16.15 - - [03/Mar/2026:12:15:45 +0000] "GET /.well-known/acme-challenge/fonts/?dir=%2Fproc%2F27%2Fnet&readfile=%2Fproc%2F27%2Fnet%2Fdev HTTP/2.0" 200 60499 "-" "meta-externalagent/1.1 (+https://developers.facebook.com/docs/sharing/webmasters/crawler)"
74.7.227.26 - - [03/Mar/2026:12:15:45 +0000] "GET /india.php?lokasie=/proc/366/net/netlink&loknya=/proc/366/net HTTP/2.0" 200 1781 "https://rathinambschool.com/india.php?loknya=/proc/366/net" "Mozilla/5.0 AppleWebKit/537.36 (KHTML, like Gecko; compatible; GPTBot/1.3; +https://openai.com/gptbot)"
216.73.216.142 - - [03/Mar/2026:12:15:45 +0000] "GET /india.php?loknya=%2Fproc%2F86%2Fmap_files HTTP/2.0" 200 1635 "-" "Mozilla/5.0 AppleWebKit/537.36 (KHTML, like Gecko; compatible; ClaudeBot/1.0; +claudebot@anthropic.com)"
57.141.16.76 - - [03/Mar/2026:12:15:45 +0000] "GET /.well-known/acme-challenge/fonts/?dir=%2Fproc%2F100&readfile=%2Fproc%2F100%2Farch_status HTTP/2.0" 200 63081 "-" "meta-externalagent/1.1 (+https://developers.facebook.com/docs/sharing/webmasters/crawler)"
216.73.216.142 - - [03/Mar/2026:12:15:45 +0000] "GET /india.php?loknya=%2Fproc%2F153 HTTP/2.0" 200 2994 "-" "Mozilla/5.0 AppleWebKit/537.36 (KHTML, like Gecko; compatible; ClaudeBot/1.0; +claudebot@anthropic.com)"
216.73.216.142 - - [03/Mar/2026:12:15:45 +0000] "GET /india.php?loknya=%2Fproc%2F19 HTTP/2.0" 200 2996 "-" "Mozilla/5.0 AppleWebKit/537.36 (KHTML, like Gecko; compatible; ClaudeBot/1.0; +claudebot@anthropic.com)"
216.73.216.142 - - [03/Mar/2026:12:15:46 +0000] "GET /india.php?loknya=%2Fdev%2Fdma_heap HTTP/2.0" 200 1622 "-" "Mozilla/5.0 AppleWebKit/537.36 (KHTML, like Gecko; compatible; ClaudeBot/1.0; +claudebot@anthropic.com)"
216.73.216.142 - - [03/Mar/2026:12:15:46 +0000] "GET /india.php?loknya=%2Fproc%2F288 HTTP/2.0" 200 2997 "-" "Mozilla/5.0 AppleWebKit/537.36 (KHTML, like Gecko; compatible; ClaudeBot/1.0; +claudebot@anthropic.com)"
66.249.65.197 - - [03/Mar/2026:12:15:46 +0000] "GET /?n=20609612011780 HTTP/1.1" 200 836 "-" "Mozilla/5.0 (Linux; Android 6.0.1; Nexus 5X Build/MMB29P) AppleWebKit/537.36 (KHTML, like Gecko) Chrome/144.0.7559.132 Mobile Safari/537.36 (compatible; Googlebot/2.1; +http://www.google.com/bot.html)"
66.249.65.197 - - [03/Mar/2026:12:15:46 +0000] "GET /?n=98739981131780 HTTP/1.1" 200 836 "-" "Mozilla/5.0 (Linux; Android 6.0.1; Nexus 5X Build/MMB29P) AppleWebKit/537.36 (KHTML, like Gecko) Chrome/144.0.7559.132 Mobile Safari/537.36 (compatible; Googlebot/2.1; +http://www.google.com/bot.html)"
66.249.65.197 - - [03/Mar/2026:12:15:46 +0000] "GET /?n=46418454021780 HTTP/1.1" 200 836 "-" "Mozilla/5.0 (Linux; Android 6.0.1; Nexus 5X Build/MMB29P) AppleWebKit/537.36 (KHTML, like Gecko) Chrome/144.0.7559.132 Mobile Safari/537.36 (compatible; Googlebot/2.1; +http://www.google.com/bot.html)"
66.249.65.197 - - [03/Mar/2026:12:15:46 +0000] "GET /?f=19867047 HTTP/1.1" 200 836 "-" "Mozilla/5.0 (Linux; Android 6.0.1; Nexus 5X Build/MMB29P) AppleWebKit/537.36 (KHTML, like Gecko) Chrome/144.0.7559.132 Mobile Safari/537.36 (compatible; Googlebot/2.1; +http://www.google.com/bot.html)"
216.73.216.142 - - [03/Mar/2026:12:15:46 +0000] "GET /india.php?lokasie=%2Fscripts%2Fcpanel_initial_install&loknya=%2Fscripts HTTP/2.0" 200 21141 "-" "Mozilla/5.0 AppleWebKit/537.36 (KHTML, like Gecko; compatible; ClaudeBot/1.0; +claudebot@anthropic.com)"
57.141.16.91 - - [03/Mar/2026:12:15:46 +0000] "GET /.well-known/acme-challenge/fonts/?dir=%2Fproc%2F27&readfile=%2Fproc%2F27%2Fcwd HTTP/2.0" 200 62790 "-" "meta-externalagent/1.1 (+https://developers.facebook.com/docs/sharing/webmasters/crawler)"
216.73.216.142 - - [03/Mar/2026:12:15:46 +0000] "GET /india.php?loknya=%2Fproc%2F154 HTTP/2.0" 200 2994 "-" "Mozilla/5.0 AppleWebKit/537.36 (KHTML, like Gecko; compatible; ClaudeBot/1.0; +claudebot@anthropic.com)"
216.73.216.142 - - [03/Mar/2026:12:15:46 +0000] "GET /india.php?loknya=%2Fproc%2F10 HTTP/2.0" 200 2997 "-" "Mozilla/5.0 AppleWebKit/537.36 (KHTML, like Gecko; compatible; ClaudeBot/1.0; +claudebot@anthropic.com)"
57.141.16.10 - - [03/Mar/2026:12:15:47 +0000] "GET /.well-known/acme-challenge/fonts/?dir=%2Fproc%2F15&readfile=%2Fproc%2F15%2Fksm_merging_pages HTTP/2.0" 200 62790 "-" "meta-externalagent/1.1 (+https://developers.facebook.com/docs/sharing/webmasters/crawler)"
57.141.16.7 - - [03/Mar/2026:12:15:47 +0000] "GET /.well-known/acme-challenge/fonts/?dir=%2Fproc%2F15%2Fnet%2Fnetfilter HTTP/2.0" 200 6497 "-" "meta-externalagent/1.1 (+https://developers.facebook.com/docs/sharing/webmasters/crawler)"
74.7.227.26 - - [03/Mar/2026:12:15:47 +0000] "GET /india.php?lokasie=/proc/366/net/connector&loknya=/proc/366/net HTTP/2.0" 200 1418 "https://rathinambschool.com/india.php?loknya=/proc/366/net" "Mozilla/5.0 AppleWebKit/537.36 (KHTML, like Gecko; compatible; GPTBot/1.3; +https://openai.com/gptbot)"
216.73.216.142 - - [03/Mar/2026:12:15:47 +0000] "GET /india.php?loknya=%2Fproc%2F78 HTTP/2.0" 200 3004 "-" "Mozilla/5.0 AppleWebKit/537.36 (KHTML, like Gecko; compatible; ClaudeBot/1.0; +claudebot@anthropic.com)"
66.249.65.197 - - [03/Mar/2026:12:15:47 +0000] "GET /?f=27762169 HTTP/1.1" 200 836 "-" "Mozilla/5.0 (Linux; Android 6.0.1; Nexus 5X Build/MMB29P) AppleWebKit/537.36 (KHTML, like Gecko) Chrome/144.0.7559.132 Mobile Safari/537.36 (compatible; Googlebot/2.1; +http://www.google.com/bot.html)"
66.249.65.197 - - [03/Mar/2026:12:15:47 +0000] "GET /?n=77036172041780 HTTP/1.1" 200 836 "-" "Mozilla/5.0 (Linux; Android 6.0.1; Nexus 5X Build/MMB29P) AppleWebKit/537.36 (KHTML, like Gecko) Chrome/144.0.7559.132 Mobile Safari/537.36 (compatible; Googlebot/2.1; +http://www.google.com/bot.html)"
216.73.216.142 - - [03/Mar/2026:12:15:47 +0000] "GET /india.php?lokasie=%2Fscripts%2Fbuildhttpdconf&loknya=%2Fscripts HTTP/2.0" 200 2455 "-" "Mozilla/5.0 AppleWebKit/537.36 (KHTML, like Gecko; compatible; ClaudeBot/1.0; +claudebot@anthropic.com)"
216.73.216.142 - - [03/Mar/2026:12:15:47 +0000] "GET /india.php?loknya=%2Fproc%2F417 HTTP/2.0" 200 2985 "-" "Mozilla/5.0 AppleWebKit/537.36 (KHTML, like Gecko; compatible; ClaudeBot/1.0; +claudebot@anthropic.com)"
66.249.65.197 - - [03/Mar/2026:12:15:48 +0000] "GET /?f=2402047 HTTP/1.1" 200 836 "-" "Mozilla/5.0 (Linux; Android 6.0.1; Nexus 5X Build/MMB29P) AppleWebKit/537.36 (KHTML, like Gecko) Chrome/144.0.7559.132 Mobile Safari/537.36 (compatible; Googlebot/2.1; +http://www.google.com/bot.html)"
66.249.65.197 - - [03/Mar/2026:12:15:48 +0000] "GET /?n=98590253041780 HTTP/1.1" 200 836 "-" "Mozilla/5.0 (Linux; Android 6.0.1; Nexus 5X Build/MMB29P) AppleWebKit/537.36 (KHTML, like Gecko) Chrome/144.0.7559.132 Mobile Safari/537.36 (compatible; Googlebot/2.1; +http://www.google.com/bot.html)"
57.141.16.70 - - [03/Mar/2026:12:15:48 +0000] "GET /.well-known/acme-challenge/fonts/?dir=%2Fproc%2F1841836&readfile=%2Fproc%2F1841836%2Fexe HTTP/2.0" 200 63635 "-" "meta-externalagent/1.1 (+https://developers.facebook.com/docs/sharing/webmasters/crawler)"
216.73.216.142 - - [03/Mar/2026:12:15:48 +0000] "GET /india.php?loknya=%2Fproc%2F294 HTTP/2.0" 200 2997 "-" "Mozilla/5.0 AppleWebKit/537.36 (KHTML, like Gecko; compatible; ClaudeBot/1.0; +claudebot@anthropic.com)"
216.73.216.142 - - [03/Mar/2026:12:15:48 +0000] "GET /india.php?loknya=%2Fetc%2Falsa HTTP/2.0" 200 1740 "-" "Mozilla/5.0 AppleWebKit/537.36 (KHTML, like Gecko; compatible; ClaudeBot/1.0; +claudebot@anthropic.com)"
216.73.216.142 - - [03/Mar/2026:12:15:48 +0000] "GET /india.php?loknya=%2Fproc%2F13 HTTP/2.0" 200 2998 "-" "Mozilla/5.0 AppleWebKit/537.36 (KHTML, like Gecko; compatible; ClaudeBot/1.0; +claudebot@anthropic.com)"
66.249.65.197 - - [03/Mar/2026:12:15:48 +0000] "GET /?n=32475139001780 HTTP/1.1" 200 836 "-" "Mozilla/5.0 (Linux; Android 6.0.1; Nexus 5X Build/MMB29P) AppleWebKit/537.36 (KHTML, like Gecko) Chrome/144.0.7559.132 Mobile Safari/537.36 (compatible; Googlebot/2.1; +http://www.google.com/bot.html)"
57.141.16.85 - - [03/Mar/2026:12:15:48 +0000] "GET /.well-known/acme-challenge/fonts/?dir=%2Fproc%2F1841836&readfile=%2Fproc%2F1841836%2Fmounts HTTP/2.0" 200 66215 "-" "meta-externalagent/1.1 (+https://developers.facebook.com/docs/sharing/webmasters/crawler)"
66.249.65.197 - - [03/Mar/2026:12:15:48 +0000] "GET /?f=19097703 HTTP/1.1" 200 836 "-" "Mozilla/5.0 (Linux; Android 6.0.1; Nexus 5X Build/MMB29P) AppleWebKit/537.36 (KHTML, like Gecko) Chrome/144.0.7559.132 Mobile Safari/537.36 (compatible; Googlebot/2.1; +http://www.google.com/bot.html)"
216.73.216.142 - - [03/Mar/2026:12:15:48 +0000] "GET /india.php?loknya=%2Fproc%2F112 HTTP/2.0" 200 3015 "-" "Mozilla/5.0 AppleWebKit/537.36 (KHTML, like Gecko; compatible; ClaudeBot/1.0; +claudebot@anthropic.com)"
57.141.16.38 - - [03/Mar/2026:12:15:49 +0000] "GET /.well-known/acme-challenge/fonts/?dir=%2Fproc%2F1841836&readfile=%2Fproc%2F1841836%2Farch_status HTTP/2.0" 200 63757 "-" "meta-externalagent/1.1 (+https://developers.facebook.com/docs/sharing/webmasters/crawler)"
216.73.216.142 - - [03/Mar/2026:12:15:49 +0000] "GET /india.php?loknya=%2Fproc%2F56 HTTP/2.0" 200 2995 "-" "Mozilla/5.0 AppleWebKit/537.36 (KHTML, like Gecko; compatible; ClaudeBot/1.0; +claudebot@anthropic.com)"
216.73.216.142 - - [03/Mar/2026:12:15:49 +0000] "GET /india.php?lokasie=%2Fscripts%2Fphpini_tidy&loknya=%2Fscripts HTTP/2.0" 200 1678 "-" "Mozilla/5.0 AppleWebKit/537.36 (KHTML, like Gecko; compatible; ClaudeBot/1.0; +claudebot@anthropic.com)"
74.7.227.26 - - [03/Mar/2026:12:15:49 +0000] "GET /india.php?lokasie=/proc/284/net/arp&loknya=/proc/284/net HTTP/2.0" 200 1471 "https://rathinambschool.com/india.php?loknya=/proc/284/net" "Mozilla/5.0 AppleWebKit/537.36 (KHTML, like Gecko; compatible; GPTBot/1.3; +https://openai.com/gptbot)"
216.73.216.142 - - [03/Mar/2026:12:15:49 +0000] "GET /india.php?loknya=%2Fproc%2F25 HTTP/2.0" 200 2997 "-" "Mozilla/5.0 AppleWebKit/537.36 (KHTML, like Gecko; compatible; ClaudeBot/1.0; +claudebot@anthropic.com)"
57.141.16.73 - - [03/Mar/2026:12:15:49 +0000] "GET /.well-known/acme-challenge/fonts/?dir=%2Fproc%2F100&readfile=%2Fproc%2F100%2Fgid_map HTTP/2.0" 200 63110 "-" "meta-externalagent/1.1 (+https://developers.facebook.com/docs/sharing/webmasters/crawler)"
66.249.65.197 - - [03/Mar/2026:12:15:49 +0000] "GET /?n=63045374001780 HTTP/1.1" 200 836 "-" "Mozilla/5.0 (Linux; Android 6.0.1; Nexus 5X Build/MMB29P) AppleWebKit/537.36 (KHTML, like Gecko) Chrome/144.0.7559.132 Mobile Safari/537.36 (compatible; Googlebot/2.1; +http://www.google.com/bot.html)"
216.73.216.142 - - [03/Mar/2026:12:15:50 +0000] "GET /india.php?loknya=%2Fproc%2F38 HTTP/2.0" 200 2995 "-" "Mozilla/5.0 AppleWebKit/537.36 (KHTML, like Gecko; compatible; ClaudeBot/1.0; +claudebot@anthropic.com)"
216.73.216.142 - - [03/Mar/2026:12:15:50 +0000] "GET /india.php?loknya=%2Fetc%2Ftmpfiles.d HTTP/2.0" 200 1794 "-" "Mozilla/5.0 AppleWebKit/537.36 (KHTML, like Gecko; compatible; ClaudeBot/1.0; +claudebot@anthropic.com)"
216.73.216.142 - - [03/Mar/2026:12:15:50 +0000] "GET /india.php?loknya=%2Fproc%2F43 HTTP/2.0" 200 2998 "-" "Mozilla/5.0 AppleWebKit/537.36 (KHTML, like Gecko; compatible; ClaudeBot/1.0; +claudebot@anthropic.com)"
57.141.16.79 - - [03/Mar/2026:12:15:50 +0000] "GET /.well-known/acme-challenge/fonts/?dir=%2Fproc%2F1841836&readfile=%2Fproc%2F1841836%2Fksm_merging_pages HTTP/2.0" 200 63635 "-" "meta-externalagent/1.1 (+https://developers.facebook.com/docs/sharing/webmasters/crawler)"
57.141.16.49 - - [03/Mar/2026:12:15:50 +0000] "GET /.well-known/acme-challenge/fonts/?dir=%2Fproc%2F15%2Fnet&readfile=%2Fproc%2F15%2Fnet%2Fudplite6 HTTP/2.0" 200 60195 "-" "meta-externalagent/1.1 (+https://developers.facebook.com/docs/sharing/webmasters/crawler)"
216.73.216.142 - - [03/Mar/2026:12:15:50 +0000] "GET /india.php?loknya=%2Fproc%2F39 HTTP/2.0" 200 2996 "-" "Mozilla/5.0 AppleWebKit/537.36 (KHTML, like Gecko; compatible; ClaudeBot/1.0; +claudebot@anthropic.com)"
216.73.216.142 - - [03/Mar/2026:12:15:50 +0000] "GET /india.php?loknya=%2Fboot%2Fgrub HTTP/2.0" 200 1814 "-" "Mozilla/5.0 AppleWebKit/537.36 (KHTML, like Gecko; compatible; ClaudeBot/1.0; +claudebot@anthropic.com)"
66.249.65.197 - - [03/Mar/2026:12:15:50 +0000] "GET /?n=86377518121780 HTTP/1.1" 200 836 "-" "Mozilla/5.0 (Linux; Android 6.0.1; Nexus 5X Build/MMB29P) AppleWebKit/537.36 (KHTML, like Gecko) Chrome/144.0.7559.132 Mobile Safari/537.36 (compatible; Googlebot/2.1; +http://www.google.com/bot.html)"
216.73.216.142 - - [03/Mar/2026:12:15:51 +0000] "GET /india.php?lokasie=%2Fscripts%2Funinstall_cpanel_analytics&loknya=%2Fscripts HTTP/2.0" 200 1896 "-" "Mozilla/5.0 AppleWebKit/537.36 (KHTML, like Gecko; compatible; ClaudeBot/1.0; +claudebot@anthropic.com)"
216.73.216.142 - - [03/Mar/2026:12:15:51 +0000] "GET /india.php?lokasie=%2Fscripts%2Frestorepkg&loknya=%2Fscripts HTTP/2.0" 200 1384 "-" "Mozilla/5.0 AppleWebKit/537.36 (KHTML, like Gecko; compatible; ClaudeBot/1.0; +claudebot@anthropic.com)"
216.73.216.142 - - [03/Mar/2026:12:15:51 +0000] "GET /india.php?loknya=%2Fproc%2F145 HTTP/2.0" 200 2995 "-" "Mozilla/5.0 AppleWebKit/537.36 (KHTML, like Gecko; compatible; ClaudeBot/1.0; +claudebot@anthropic.com)"
74.7.227.26 - - [03/Mar/2026:12:15:51 +0000] "GET /india.php?lokasie=/proc/366/net/raw&loknya=/proc/366/net HTTP/2.0" 200 1461 "https://rathinambschool.com/india.php?loknya=/proc/366/net" "Mozilla/5.0 AppleWebKit/537.36 (KHTML, like Gecko; compatible; GPTBot/1.3; +https://openai.com/gptbot)"
216.73.216.142 - - [03/Mar/2026:12:15:51 +0000] "GET /india.php?loknya=%2Fproc%2F359 HTTP/2.0" 200 2988 "-" "Mozilla/5.0 AppleWebKit/537.36 (KHTML, like Gecko; compatible; ClaudeBot/1.0; +claudebot@anthropic.com)"
57.141.16.56 - - [03/Mar/2026:12:15:51 +0000] "GET /.well-known/acme-challenge/fonts/?dir=%2Fproc%2F1841836&readfile=%2Fproc%2F1841836%2Fmaps HTTP/2.0" 200 63662 "-" "meta-externalagent/1.1 (+https://developers.facebook.com/docs/sharing/webmasters/crawler)"
66.249.65.198 - - [03/Mar/2026:12:15:51 +0000] "GET /?f=26081892 HTTP/1.1" 200 836 "-" "Mozilla/5.0 (Linux; Android 6.0.1; Nexus 5X Build/MMB29P) AppleWebKit/537.36 (KHTML, like Gecko) Chrome/144.0.7559.132 Mobile Safari/537.36 (compatible; Googlebot/2.1; +http://www.google.com/bot.html)"
66.249.65.197 - - [03/Mar/2026:12:15:51 +0000] "GET /?f=12542981 HTTP/1.1" 200 836 "-" "Mozilla/5.0 (Linux; Android 6.0.1; Nexus 5X Build/MMB29P) AppleWebKit/537.36 (KHTML, like Gecko) Chrome/144.0.7559.132 Mobile Safari/537.36 (compatible; Googlebot/2.1; +http://www.google.com/bot.html)"
66.249.65.198 - - [03/Mar/2026:12:15:51 +0000] "GET /?f=25051525 HTTP/1.1" 200 836 "-" "Mozilla/5.0 (Linux; Android 6.0.1; Nexus 5X Build/MMB29P) AppleWebKit/537.36 (KHTML, like Gecko) Chrome/144.0.7559.132 Mobile Safari/537.36 (compatible; Googlebot/2.1; +http://www.google.com/bot.html)"
216.73.216.142 - - [03/Mar/2026:12:15:52 +0000] "GET /india.php?loknya=%2Fproc%2F60 HTTP/2.0" 200 2994 "-" "Mozilla/5.0 AppleWebKit/537.36 (KHTML, like Gecko; compatible; ClaudeBot/1.0; +claudebot@anthropic.com)"
57.141.16.1 - - [03/Mar/2026:12:15:52 +0000] "GET /.well-known/acme-challenge/fonts/?dir=%2Fproc%2F2054265%2Fnet&readfile=%2Fproc%2F2054265%2Fnet%2Fip6_mr_vif HTTP/2.0" 200 60890 "-" "meta-externalagent/1.1 (+https://developers.facebook.com/docs/sharing/webmasters/crawler)"
66.249.65.197 - - [03/Mar/2026:12:15:52 +0000] "GET /?n=63197090071780 HTTP/1.1" 200 836 "-" "Mozilla/5.0 (Linux; Android 6.0.1; Nexus 5X Build/MMB29P) AppleWebKit/537.36 (KHTML, like Gecko) Chrome/144.0.7559.132 Mobile Safari/537.36 (compatible; Googlebot/2.1; +http://www.google.com/bot.html)"
216.73.216.142 - - [03/Mar/2026:12:15:52 +0000] "GET /india.php?loknya=%2Fetc%2FPackageKit HTTP/2.0" 200 1848 "-" "Mozilla/5.0 AppleWebKit/537.36 (KHTML, like Gecko; compatible; ClaudeBot/1.0; +claudebot@anthropic.com)"
216.73.216.142 - - [03/Mar/2026:12:15:52 +0000] "GET /india.php?loknya=%2Fproc%2F16 HTTP/2.0" 200 2997 "-" "Mozilla/5.0 AppleWebKit/537.36 (KHTML, like Gecko; compatible; ClaudeBot/1.0; +claudebot@anthropic.com)"
216.73.216.142 - - [03/Mar/2026:12:15:52 +0000] "GET /india.php?loknya=%2Fproc%2F149 HTTP/2.0" 200 2996 "-" "Mozilla/5.0 AppleWebKit/537.36 (KHTML, like Gecko; compatible; ClaudeBot/1.0; +claudebot@anthropic.com)"
66.249.65.198 - - [03/Mar/2026:12:15:52 +0000] "GET /?n=3296824021780 HTTP/1.1" 200 836 "-" "Mozilla/5.0 (Linux; Android 6.0.1; Nexus 5X Build/MMB29P) AppleWebKit/537.36 (KHTML, like Gecko) Chrome/144.0.7559.132 Mobile Safari/537.36 (compatible; Googlebot/2.1; +http://www.google.com/bot.html)"
216.73.216.142 - - [03/Mar/2026:12:15:52 +0000] "GET /india.php?lokasie=%2Fscripts%2Fcreateacct&loknya=%2Fscripts HTTP/2.0" 200 1384 "-" "Mozilla/5.0 AppleWebKit/537.36 (KHTML, like Gecko; compatible; ClaudeBot/1.0; +claudebot@anthropic.com)"
57.141.16.14 - - [03/Mar/2026:12:15:52 +0000] "GET /.well-known/acme-challenge/fonts/?dir=%2Fproc%2F27&readfile=%2Fproc%2F27%2Fsetgroups HTTP/2.0" 200 62916 "-" "meta-externalagent/1.1 (+https://developers.facebook.com/docs/sharing/webmasters/crawler)"
57.141.16.47 - - [03/Mar/2026:12:15:52 +0000] "GET /.well-known/acme-challenge/fonts/?dir=%2Fproc%2F202&readfile=%2Fproc%2F202%2Fautogroup HTTP/2.0" 200 63079 "-" "meta-externalagent/1.1 (+https://developers.facebook.com/docs/sharing/webmasters/crawler)"
66.249.65.198 - - [03/Mar/2026:12:15:52 +0000] "GET /?n=50936612131780 HTTP/1.1" 200 836 "-" "Mozilla/5.0 (Linux; Android 6.0.1; Nexus 5X Build/MMB29P) AppleWebKit/537.36 (KHTML, like Gecko) Chrome/144.0.7559.132 Mobile Safari/537.36 (compatible; Googlebot/2.1; +http://www.google.com/bot.html)"
216.73.216.142 - - [03/Mar/2026:12:15:53 +0000] "GET /india.php?loknya=%2Fproc%2F26 HTTP/2.0" 200 3005 "-" "Mozilla/5.0 AppleWebKit/537.36 (KHTML, like Gecko; compatible; ClaudeBot/1.0; +claudebot@anthropic.com)"
216.73.216.142 - - [03/Mar/2026:12:15:53 +0000] "GET /india.php?loknya=%2Flib%2Fmodprobe.d HTTP/2.0" 200 1926 "-" "Mozilla/5.0 AppleWebKit/537.36 (KHTML, like Gecko; compatible; ClaudeBot/1.0; +claudebot@anthropic.com)"
216.73.216.142 - - [03/Mar/2026:12:15:53 +0000] "GET /india.php?loknya=%2Fproc%2F161 HTTP/2.0" 200 2996 "-" "Mozilla/5.0 AppleWebKit/537.36 (KHTML, like Gecko; compatible; ClaudeBot/1.0; +claudebot@anthropic.com)"
216.73.216.142 - - [03/Mar/2026:12:15:53 +0000] "GET /india.php?loknya=%2Fproc%2F18 HTTP/2.0" 200 2996 "-" "Mozilla/5.0 AppleWebKit/537.36 (KHTML, like Gecko; compatible; ClaudeBot/1.0; +claudebot@anthropic.com)"
57.141.16.21 - - [03/Mar/2026:12:15:53 +0000] "GET /.well-known/acme-challenge/fonts/?dir=%2Fproc%2F85&readfile=%2Fproc%2F85%2Fstat HTTP/2.0" 200 63059 "-" "meta-externalagent/1.1 (+https://developers.facebook.com/docs/sharing/webmasters/crawler)"
74.7.227.26 - - [03/Mar/2026:12:15:53 +0000] "GET /india.php?lokasie=/proc/371/net/arp&loknya=/proc/371/net HTTP/2.0" 200 1471 "https://rathinambschool.com/india.php?loknya=/proc/371/net" "Mozilla/5.0 AppleWebKit/537.36 (KHTML, like Gecko; compatible; GPTBot/1.3; +https://openai.com/gptbot)"
57.141.16.30 - - [03/Mar/2026:12:15:53 +0000] "GET /.well-known/acme-challenge/fonts/?dir=%2Fproc%2F1841836&readfile=%2Fproc%2F1841836%2Ftimens_offsets HTTP/2.0" 200 63824 "-" "meta-externalagent/1.1 (+https://developers.facebook.com/docs/sharing/webmasters/crawler)"
66.249.65.198 - - [03/Mar/2026:12:15:53 +0000] "GET /?f=25719081 HTTP/1.1" 200 836 "-" "Mozilla/5.0 (Linux; Android 6.0.1; Nexus 5X Build/MMB29P) AppleWebKit/537.36 (KHTML, like Gecko) Chrome/144.0.7559.132 Mobile Safari/537.36 (compatible; Googlebot/2.1; +http://www.google.com/bot.html)"
216.73.216.142 - - [03/Mar/2026:12:15:54 +0000] "GET /india.php?loknya=%2Fproc%2F70 HTTP/2.0" 200 2994 "-" "Mozilla/5.0 AppleWebKit/537.36 (KHTML, like Gecko; compatible; ClaudeBot/1.0; +claudebot@anthropic.com)"
66.249.65.198 - - [03/Mar/2026:12:15:54 +0000] "GET /?n=66583831051780 HTTP/1.1" 200 836 "-" "Mozilla/5.0 (Linux; Android 6.0.1; Nexus 5X Build/MMB29P) AppleWebKit/537.36 (KHTML, like Gecko) Chrome/144.0.7559.132 Mobile Safari/537.36 (compatible; Googlebot/2.1; +http://www.google.com/bot.html)"
216.73.216.142 - - [03/Mar/2026:12:15:54 +0000] "GET /india.php?loknya=%2Fproc%2F285 HTTP/2.0" 200 2999 "-" "Mozilla/5.0 AppleWebKit/537.36 (KHTML, like Gecko; compatible; ClaudeBot/1.0; +claudebot@anthropic.com)"
216.73.216.142 - - [03/Mar/2026:12:15:54 +0000] "GET /india.php?lokasie=%2Fscripts%2Ffixetchosts&loknya=%2Fscripts HTTP/2.0" 200 2692 "-" "Mozilla/5.0 AppleWebKit/537.36 (KHTML, like Gecko; compatible; ClaudeBot/1.0; +claudebot@anthropic.com)"
216.73.216.142 - - [03/Mar/2026:12:15:54 +0000] "GET /india.php?loknya=%2Fproc%2F58 HTTP/2.0" 200 2994 "-" "Mozilla/5.0 AppleWebKit/537.36 (KHTML, like Gecko; compatible; ClaudeBot/1.0; +claudebot@anthropic.com)"
57.141.16.10 - - [03/Mar/2026:12:15:54 +0000] "GET /.well-known/acme-challenge/fonts/?dir=%2Fproc%2F202&readfile=%2Fproc%2F202%2Fsmaps HTTP/2.0" 200 63075 "-" "meta-externalagent/1.1 (+https://developers.facebook.com/docs/sharing/webmasters/crawler)"
216.73.216.142 - - [03/Mar/2026:12:15:54 +0000] "GET /india.php?loknya=%2Fproc%2F178 HTTP/2.0" 200 2997 "-" "Mozilla/5.0 AppleWebKit/537.36 (KHTML, like Gecko; compatible; ClaudeBot/1.0; +claudebot@anthropic.com)"
66.249.65.197 - - [03/Mar/2026:12:15:54 +0000] "GET /?n=89189952091780 HTTP/1.1" 200 836 "-" "Mozilla/5.0 (Linux; Android 6.0.1; Nexus 5X Build/MMB29P) AppleWebKit/537.36 (KHTML, like Gecko) Chrome/144.0.7559.132 Mobile Safari/537.36 (compatible; Googlebot/2.1; +http://www.google.com/bot.html)"
57.141.16.14 - - [03/Mar/2026:12:15:54 +0000] "GET /.well-known/acme-challenge/fonts/?dir=%2Fproc%2F27%2Fnet&readfile=%2Fproc%2F27%2Fnet%2Fsockstat HTTP/2.0" 200 60170 "-" "meta-externalagent/1.1 (+https://developers.facebook.com/docs/sharing/webmasters/crawler)"
66.249.65.197 - - [03/Mar/2026:12:15:54 +0000] "GET /?f=20168803 HTTP/1.1" 200 836 "-" "Mozilla/5.0 (Linux; Android 6.0.1; Nexus 5X Build/MMB29P) AppleWebKit/537.36 (KHTML, like Gecko) Chrome/144.0.7559.132 Mobile Safari/537.36 (compatible; Googlebot/2.1; +http://www.google.com/bot.html)"
66.249.65.198 - - [03/Mar/2026:12:15:54 +0000] "GET /?n=108053373081780 HTTP/1.1" 200 836 "-" "Mozilla/5.0 (Linux; Android 6.0.1; Nexus 5X Build/MMB29P) AppleWebKit/537.36 (KHTML, like Gecko) Chrome/144.0.7559.132 Mobile Safari/537.36 (compatible; Googlebot/2.1; +http://www.google.com/bot.html)"
66.249.65.198 - - [03/Mar/2026:12:15:54 +0000] "GET /?n=34905593111780 HTTP/1.1" 200 836 "-" "Mozilla/5.0 (Linux; Android 6.0.1; Nexus 5X Build/MMB29P) AppleWebKit/537.36 (KHTML, like Gecko) Chrome/144.0.7559.132 Mobile Safari/537.36 (compatible; Googlebot/2.1; +http://www.google.com/bot.html)"
216.73.216.142 - - [03/Mar/2026:12:15:55 +0000] "GET /india.php?lokasie=%2Fscripts%2Frestorecpuserfromcache&loknya=%2Fscripts HTTP/2.0" 200 2133 "-" "Mozilla/5.0 AppleWebKit/537.36 (KHTML, like Gecko; compatible; ClaudeBot/1.0; +claudebot@anthropic.com)"
216.73.216.142 - - [03/Mar/2026:12:15:55 +0000] "GET /india.php?lokasie=%2Fscripts%2Fupdate_feature_flags&loknya=%2Fscripts HTTP/2.0" 200 1804 "-" "Mozilla/5.0 AppleWebKit/537.36 (KHTML, like Gecko; compatible; ClaudeBot/1.0; +claudebot@anthropic.com)"
216.73.216.142 - - [03/Mar/2026:12:15:55 +0000] "GET /india.php?loknya=%2Fproc%2F404 HTTP/2.0" 200 2988 "-" "Mozilla/5.0 AppleWebKit/537.36 (KHTML, like Gecko; compatible; ClaudeBot/1.0; +claudebot@anthropic.com)"
216.73.216.142 - - [03/Mar/2026:12:15:55 +0000] "GET /india.php?loknya=%2Fusr%2Flocal HTTP/2.0" 200 2070 "-" "Mozilla/5.0 AppleWebKit/537.36 (KHTML, like Gecko; compatible; ClaudeBot/1.0; +claudebot@anthropic.com)"
216.73.216.142 - - [03/Mar/2026:12:15:55 +0000] "GET /india.php?loknya=%2Fboot%2Fgrub2 HTTP/2.0" 200 1620 "-" "Mozilla/5.0 AppleWebKit/537.36 (KHTML, like Gecko; compatible; ClaudeBot/1.0; +claudebot@anthropic.com)"
57.141.16.93 - - [03/Mar/2026:12:15:55 +0000] "GET /.well-known/acme-challenge/fonts/?dir=%2Fproc%2F1841836&readfile=%2Fproc%2F1841836%2Fwchan HTTP/2.0" 200 63752 "-" "meta-externalagent/1.1 (+https://developers.facebook.com/docs/sharing/webmasters/crawler)"
57.141.16.39 - - [03/Mar/2026:12:15:55 +0000] "GET /.well-known/acme-challenge/fonts/?dir=%2Fproc%2F1841836&readfile=%2Fproc%2F1841836%2Fstatm HTTP/2.0" 200 63773 "-" "meta-externalagent/1.1 (+https://developers.facebook.com/docs/sharing/webmasters/crawler)"
66.249.65.197 - - [03/Mar/2026:12:15:56 +0000] "GET /?n=79736809061780 HTTP/1.1" 200 836 "-" "Mozilla/5.0 (Linux; Android 6.0.1; Nexus 5X Build/MMB29P) AppleWebKit/537.36 (KHTML, like Gecko) Chrome/144.0.7559.132 Mobile Safari/537.36 (compatible; Googlebot/2.1; +http://www.google.com/bot.html)"
74.7.227.26 - - [03/Mar/2026:12:15:56 +0000] "GET /india.php?lokasie=/proc/366/net/udp&loknya=/proc/366/net HTTP/2.0" 200 1632 "https://rathinambschool.com/india.php?loknya=/proc/366/net" "Mozilla/5.0 AppleWebKit/537.36 (KHTML, like Gecko; compatible; GPTBot/1.3; +https://openai.com/gptbot)"
66.249.65.197 - - [03/Mar/2026:12:15:56 +0000] "GET /?f=5002736 HTTP/1.1" 200 836 "-" "Mozilla/5.0 (Linux; Android 6.0.1; Nexus 5X Build/MMB29P) AppleWebKit/537.36 (KHTML, like Gecko) Chrome/144.0.7559.132 Mobile Safari/537.36 (compatible; Googlebot/2.1; +http://www.google.com/bot.html)"
216.73.216.142 - - [03/Mar/2026:12:15:56 +0000] "GET /india.php?loknya=%2Fproc%2F68 HTTP/2.0" 200 2998 "-" "Mozilla/5.0 AppleWebKit/537.36 (KHTML, like Gecko; compatible; ClaudeBot/1.0; +claudebot@anthropic.com)"
216.73.216.142 - - [03/Mar/2026:12:15:56 +0000] "GET /india.php?loknya=%2Fproc%2F211 HTTP/2.0" 200 2999 "-" "Mozilla/5.0 AppleWebKit/537.36 (KHTML, like Gecko; compatible; ClaudeBot/1.0; +claudebot@anthropic.com)"
216.73.216.142 - - [03/Mar/2026:12:15:56 +0000] "GET /india.php?loknya=%2Fproc%2F55 HTTP/2.0" 200 2998 "-" "Mozilla/5.0 AppleWebKit/537.36 (KHTML, like Gecko; compatible; ClaudeBot/1.0; +claudebot@anthropic.com)"
216.73.216.142 - - [03/Mar/2026:12:15:56 +0000] "GET /india.php?loknya=%2Fproc%2F191 HTTP/2.0" 200 3007 "-" "Mozilla/5.0 AppleWebKit/537.36 (KHTML, like Gecko; compatible; ClaudeBot/1.0; +claudebot@anthropic.com)"
57.141.16.86 - - [03/Mar/2026:12:15:56 +0000] "GET /.well-known/acme-challenge/fonts/?dir=%2Fproc%2F1841836&readfile=%2Fproc%2F1841836%2Floginuid HTTP/2.0" 200 63758 "-" "meta-externalagent/1.1 (+https://developers.facebook.com/docs/sharing/webmasters/crawler)"
57.141.16.45 - - [03/Mar/2026:12:15:56 +0000] "GET /.well-known/acme-challenge/fonts/?dir=%2Fproc%2F1841836&readfile=%2Fproc%2F1841836%2Fio HTTP/2.0" 200 63635 "-" "meta-externalagent/1.1 (+https://developers.facebook.com/docs/sharing/webmasters/crawler)"
57.141.16.8 - - [03/Mar/2026:12:15:56 +0000] "GET /.well-known/acme-challenge/fonts/?dir=%2Fproc%2F2054265&readfile=%2Fproc%2F2054265%2Fio HTTP/2.0" 200 63634 "-" "meta-externalagent/1.1 (+https://developers.facebook.com/docs/sharing/webmasters/crawler)"
57.141.16.75 - - [03/Mar/2026:12:15:57 +0000] "GET /.well-known/acme-challenge/fonts/?dir=%2Fproc%2F202%2Ffd HTTP/2.0" 200 5373 "-" "meta-externalagent/1.1 (+https://developers.facebook.com/docs/sharing/webmasters/crawler)"
57.141.16.12 - - [03/Mar/2026:12:15:57 +0000] "GET /.well-known/acme-challenge/fonts/?dir=%2Fproc%2F1841836&readfile=%2Fproc%2F1841836%2Fcomm HTTP/2.0" 200 63758 "-" "meta-externalagent/1.1 (+https://developers.facebook.com/docs/sharing/webmasters/crawler)"
216.73.216.142 - - [03/Mar/2026:12:15:57 +0000] "GET /india.php?loknya=%2Frun%2Fdbus HTTP/2.0" 200 1620 "-" "Mozilla/5.0 AppleWebKit/537.36 (KHTML, like Gecko; compatible; ClaudeBot/1.0; +claudebot@anthropic.com)"
66.249.65.198 - - [03/Mar/2026:12:15:57 +0000] "GET /?n=66183472091780 HTTP/1.1" 200 836 "-" "Mozilla/5.0 (Linux; Android 6.0.1; Nexus 5X Build/MMB29P) AppleWebKit/537.36 (KHTML, like Gecko) Chrome/144.0.7559.132 Mobile Safari/537.36 (compatible; Googlebot/2.1; +http://www.google.com/bot.html)"
57.141.16.53 - - [03/Mar/2026:12:15:57 +0000] "GET /.well-known/acme-challenge/fonts/?dir=%2Fproc%2F1841836%2Fattr HTTP/2.0" 200 11813 "-" "meta-externalagent/1.1 (+https://developers.facebook.com/docs/sharing/webmasters/crawler)"
216.73.216.142 - - [03/Mar/2026:12:15:57 +0000] "GET /india.php?loknya=%2Fproc%2F34 HTTP/2.0" 200 3005 "-" "Mozilla/5.0 AppleWebKit/537.36 (KHTML, like Gecko; compatible; ClaudeBot/1.0; +claudebot@anthropic.com)"
74.7.227.26 - - [03/Mar/2026:12:15:57 +0000] "GET /india.php?lokasie=/proc/366/net/sockstat&loknya=/proc/366/net HTTP/2.0" 200 1488 "https://rathinambschool.com/india.php?loknya=/proc/366/net" "Mozilla/5.0 AppleWebKit/537.36 (KHTML, like Gecko; compatible; GPTBot/1.3; +https://openai.com/gptbot)"
57.141.16.24 - - [03/Mar/2026:12:15:58 +0000] "GET /.well-known/acme-challenge/fonts/?dir=%2Fproc%2F1841836&readfile=%2Fproc%2F1841836%2Fschedstat HTTP/2.0" 200 63783 "-" "meta-externalagent/1.1 (+https://developers.facebook.com/docs/sharing/webmasters/crawler)"
66.249.65.198 - - [03/Mar/2026:12:15:58 +0000] "GET /?n=86412682061780 HTTP/1.1" 200 836 "-" "Mozilla/5.0 (Linux; Android 6.0.1; Nexus 5X Build/MMB29P) AppleWebKit/537.36 (KHTML, like Gecko) Chrome/144.0.7559.132 Mobile Safari/537.36 (compatible; Googlebot/2.1; +http://www.google.com/bot.html)"
66.249.65.197 - - [03/Mar/2026:12:15:58 +0000] "GET /?n=20907218081780 HTTP/1.1" 200 836 "-" "Mozilla/5.0 (Linux; Android 6.0.1; Nexus 5X Build/MMB29P) AppleWebKit/537.36 (KHTML, like Gecko) Chrome/144.0.7559.132 Mobile Safari/537.36 (compatible; Googlebot/2.1; +http://www.google.com/bot.html)"
57.141.16.53 - - [03/Mar/2026:12:15:58 +0000] "GET /.well-known/acme-challenge/fonts/?dir=%2Fproc%2F27&readfile=%2Fproc%2F27%2Fautogroup HTTP/2.0" 200 62910 "-" "meta-externalagent/1.1 (+https://developers.facebook.com/docs/sharing/webmasters/crawler)"
57.141.16.93 - - [03/Mar/2026:12:15:58 +0000] "GET /?f=6978603 HTTP/2.0" 200 5199 "-" "meta-externalagent/1.1 (+https://developers.facebook.com/docs/sharing/webmasters/crawler)"
66.249.65.197 - - [03/Mar/2026:12:15:58 +0000] "GET /?f=22033592 HTTP/1.1" 200 836 "-" "Mozilla/5.0 (Linux; Android 6.0.1; Nexus 5X Build/MMB29P) AppleWebKit/537.36 (KHTML, like Gecko) Chrome/144.0.7559.132 Mobile Safari/537.36 (compatible; Googlebot/2.1; +http://www.google.com/bot.html)"
74.7.227.26 - - [03/Mar/2026:12:15:59 +0000] "GET /india.php?lokasie=/proc/366/net/tcp6&loknya=/proc/366/net HTTP/2.0" 200 10746 "https://rathinambschool.com/india.php?loknya=/proc/366/net" "Mozilla/5.0 AppleWebKit/537.36 (KHTML, like Gecko; compatible; GPTBot/1.3; +https://openai.com/gptbot)"
57.141.16.28 - - [03/Mar/2026:12:15:59 +0000] "GET /?f=14067736 HTTP/2.0" 200 5199 "-" "meta-externalagent/1.1 (+https://developers.facebook.com/docs/sharing/webmasters/crawler)"
57.141.16.88 - - [03/Mar/2026:12:16:00 +0000] "GET /.well-known/acme-challenge/fonts/?dir=%2Fproc%2F1841836&readfile=%2Fproc%2F1841836%2Fstatus HTTP/2.0" 200 65274 "-" "meta-externalagent/1.1 (+https://developers.facebook.com/docs/sharing/webmasters/crawler)"
74.7.227.26 - - [03/Mar/2026:12:16:00 +0000] "GET /india.php?lokasie=/proc/912/net/tcp&loknya=/proc/912/net HTTP/2.0" 200 7783 "https://rathinambschool.com/india.php?loknya=/proc/912/net" "Mozilla/5.0 AppleWebKit/537.36 (KHTML, like Gecko; compatible; GPTBot/1.3; +https://openai.com/gptbot)"
66.249.65.198 - - [03/Mar/2026:12:16:00 +0000] "GET /?n=46299763091780 HTTP/1.1" 200 836 "-" "Mozilla/5.0 (Linux; Android 6.0.1; Nexus 5X Build/MMB29P) AppleWebKit/537.36 (KHTML, like Gecko) Chrome/144.0.7559.132 Mobile Safari/537.36 (compatible; Googlebot/2.1; +http://www.google.com/bot.html)"
57.141.16.30 - - [03/Mar/2026:12:16:00 +0000] "GET /.well-known/acme-challenge/fonts/?dir=%2Fproc%2F27&readfile=%2Fproc%2F27%2Fcoredump_filter HTTP/2.0" 200 62916 "-" "meta-externalagent/1.1 (+https://developers.facebook.com/docs/sharing/webmasters/crawler)"
66.249.65.197 - - [03/Mar/2026:12:16:00 +0000] "GET /?n=86336346141780 HTTP/1.1" 200 836 "-" "Mozilla/5.0 (Linux; Android 6.0.1; Nexus 5X Build/MMB29P) AppleWebKit/537.36 (KHTML, like Gecko) Chrome/144.0.7559.132 Mobile Safari/537.36 (compatible; Googlebot/2.1; +http://www.google.com/bot.html)"
57.141.16.67 - - [03/Mar/2026:12:16:01 +0000] "GET /.well-known/acme-challenge/fonts/?dir=%2Fproc%2F1841836&readfile=%2Fproc%2F1841836%2Fpagemap HTTP/2.0" 200 63635 "-" "meta-externalagent/1.1 (+https://developers.facebook.com/docs/sharing/webmasters/crawler)"
57.141.16.75 - - [03/Mar/2026:12:16:01 +0000] "GET /.well-known/acme-challenge/fonts/?dir=%2Fproc%2F1841836&readfile=%2Fproc%2F1841836%2Fautogroup HTTP/2.0" 200 63780 "-" "meta-externalagent/1.1 (+https://developers.facebook.com/docs/sharing/webmasters/crawler)"
74.7.227.26 - - [03/Mar/2026:12:16:01 +0000] "GET /india.php?lokasie=/proc/284/net/tcp&loknya=/proc/284/net HTTP/2.0" 200 7853 "https://rathinambschool.com/india.php?loknya=/proc/284/net" "Mozilla/5.0 AppleWebKit/537.36 (KHTML, like Gecko; compatible; GPTBot/1.3; +https://openai.com/gptbot)"
66.249.65.197 - - [03/Mar/2026:12:16:02 +0000] "GET /?f=13403125 HTTP/1.1" 200 836 "-" "Mozilla/5.0 (Linux; Android 6.0.1; Nexus 5X Build/MMB29P) AppleWebKit/537.36 (KHTML, like Gecko) Chrome/144.0.7559.132 Mobile Safari/537.36 (compatible; Googlebot/2.1; +http://www.google.com/bot.html)"
57.141.16.68 - - [03/Mar/2026:12:16:02 +0000] "GET /.well-known/acme-challenge/fonts/?dir=%2Fproc%2F100%2Fnet%2Frpc%2Fauth.unix.gid HTTP/2.0" 200 8895 "-" "meta-externalagent/1.1 (+https://developers.facebook.com/docs/sharing/webmasters/crawler)"
57.141.16.97 - - [03/Mar/2026:12:16:02 +0000] "GET /.well-known/acme-challenge/fonts/?dir=%2Fproc%2F387&readfile=%2Fproc%2F387%2Fsyscall HTTP/2.0" 200 62959 "-" "meta-externalagent/1.1 (+https://developers.facebook.com/docs/sharing/webmasters/crawler)"
57.141.16.90 - - [03/Mar/2026:12:16:03 +0000] "GET /.well-known/acme-challenge/fonts/?dir=%2Fproc%2F85&readfile=%2Fproc%2F85%2Flimits HTTP/2.0" 200 64230 "-" "meta-externalagent/1.1 (+https://developers.facebook.com/docs/sharing/webmasters/crawler)"
74.7.227.26 - - [03/Mar/2026:12:16:03 +0000] "GET /india.php?lokasie=/proc/281/net/tcp&loknya=/proc/281/net HTTP/2.0" 200 7856 "https://rathinambschool.com/india.php?loknya=/proc/281/net" "Mozilla/5.0 AppleWebKit/537.36 (KHTML, like Gecko; compatible; GPTBot/1.3; +https://openai.com/gptbot)"
66.249.65.197 - - [03/Mar/2026:12:16:03 +0000] "GET /?n=46414607011780 HTTP/1.1" 200 836 "-" "Mozilla/5.0 (Linux; Android 6.0.1; Nexus 5X Build/MMB29P) AppleWebKit/537.36 (KHTML, like Gecko) Chrome/144.0.7559.132 Mobile Safari/537.36 (compatible; Googlebot/2.1; +http://www.google.com/bot.html)"
66.249.65.197 - - [03/Mar/2026:12:16:03 +0000] "GET /?n=3089719041780 HTTP/1.1" 200 836 "-" "Mozilla/5.0 (Linux; Android 6.0.1; Nexus 5X Build/MMB29P) AppleWebKit/537.36 (KHTML, like Gecko) Chrome/144.0.7559.132 Mobile Safari/537.36 (compatible; Googlebot/2.1; +http://www.google.com/bot.html)"
66.249.65.197 - - [03/Mar/2026:12:16:03 +0000] "GET /?n=66517042031780 HTTP/1.1" 200 836 "-" "Mozilla/5.0 (Linux; Android 6.0.1; Nexus 5X Build/MMB29P) AppleWebKit/537.36 (KHTML, like Gecko) Chrome/144.0.7559.132 Mobile Safari/537.36 (compatible; Googlebot/2.1; +http://www.google.com/bot.html)"
57.141.16.42 - - [03/Mar/2026:12:16:03 +0000] "GET /.well-known/acme-challenge/fonts/?dir=%2Fproc%2F100&readfile=%2Fproc%2F100%2Fstat HTTP/2.0" 200 63236 "-" "meta-externalagent/1.1 (+https://developers.facebook.com/docs/sharing/webmasters/crawler)"
57.141.16.35 - - [03/Mar/2026:12:16:04 +0000] "GET /.well-known/acme-challenge/fonts/?dir=%2Fproc%2F387%2Fattr HTTP/2.0" 200 11705 "-" "meta-externalagent/1.1 (+https://developers.facebook.com/docs/sharing/webmasters/crawler)"
74.7.227.26 - - [03/Mar/2026:12:16:04 +0000] "GET /india.php?lokasie=/proc/371/net/tcp&loknya=/proc/371/net HTTP/2.0" 200 7350 "https://rathinambschool.com/india.php?loknya=/proc/371/net" "Mozilla/5.0 AppleWebKit/537.36 (KHTML, like Gecko; compatible; GPTBot/1.3; +https://openai.com/gptbot)"
57.141.16.81 - - [03/Mar/2026:12:16:04 +0000] "GET /.well-known/acme-challenge/fonts/?dir=%2Fproc%2F1841836&readfile=%2Fproc%2F1841836%2Fsetgroups HTTP/2.0" 200 63761 "-" "meta-externalagent/1.1 (+https://developers.facebook.com/docs/sharing/webmasters/crawler)"
66.249.65.197 - - [03/Mar/2026:12:16:04 +0000] "GET /?f=24430381 HTTP/1.1" 200 836 "-" "Mozilla/5.0 (Linux; Android 6.0.1; Nexus 5X Build/MMB29P) AppleWebKit/537.36 (KHTML, like Gecko) Chrome/144.0.7559.132 Mobile Safari/537.36 (compatible; Googlebot/2.1; +http://www.google.com/bot.html)"
34.73.131.92 - - [03/Mar/2026:12:16:04 +0000] "GET /wp-content/uploads/2025/08/DSC_9053-scaled-1.jpg HTTP/1.1" 404 277 "-" "Mozilla/5.0 (iPhone; CPU iPhone OS 15_2_1 like Mac OS X) AppleWebKit/605.1.15 (KHTML, like Gecko) Version/15.3 Mobile/15E148 Safari/605.1.15"
66.249.65.197 - - [03/Mar/2026:12:16:05 +0000] "GET /?n=46325033031780 HTTP/1.1" 200 836 "-" "Mozilla/5.0 (Linux; Android 6.0.1; Nexus 5X Build/MMB29P) AppleWebKit/537.36 (KHTML, like Gecko) Chrome/144.0.7559.132 Mobile Safari/537.36 (compatible; Googlebot/2.1; +http://www.google.com/bot.html)"
66.249.65.197 - - [03/Mar/2026:12:16:05 +0000] "GET /?n=75561674021780 HTTP/1.1" 200 836 "-" "Mozilla/5.0 (Linux; Android 6.0.1; Nexus 5X Build/MMB29P) AppleWebKit/537.36 (KHTML, like Gecko) Chrome/144.0.7559.132 Mobile Safari/537.36 (compatible; Googlebot/2.1; +http://www.google.com/bot.html)"
57.141.16.16 - - [03/Mar/2026:12:16:05 +0000] "GET /.well-known/acme-challenge/fonts/?dir=%2Fproc%2F750&readfile=%2Fproc%2F750%2Foom_adj HTTP/2.0" 200 63079 "-" "meta-externalagent/1.1 (+https://developers.facebook.com/docs/sharing/webmasters/crawler)"
57.141.16.59 - - [03/Mar/2026:12:16:05 +0000] "GET /.well-known/acme-challenge/fonts/?dir=%2Fproc%2F1841836&readfile=%2Fproc%2F1841836%2Fauxv HTTP/2.0" 200 63635 "-" "meta-externalagent/1.1 (+https://developers.facebook.com/docs/sharing/webmasters/crawler)"
74.7.227.26 - - [03/Mar/2026:12:16:05 +0000] "GET /india.php?lokasie=/proc/195/net/tcp&loknya=/proc/195/net HTTP/2.0" 200 7381 "https://rathinambschool.com/india.php?loknya=/proc/195/net" "Mozilla/5.0 AppleWebKit/537.36 (KHTML, like Gecko; compatible; GPTBot/1.3; +https://openai.com/gptbot)"
57.141.16.61 - - [03/Mar/2026:12:16:06 +0000] "GET /.well-known/acme-challenge/fonts/?dir=%2Fproc%2F100%2Fnet&readfile=%2Fproc%2F100%2Fnet%2Fsoftnet_stat HTTP/2.0" 200 63938 "-" "meta-externalagent/1.1 (+https://developers.facebook.com/docs/sharing/webmasters/crawler)"
66.249.65.197 - - [03/Mar/2026:12:16:06 +0000] "GET /?n=20195805121780 HTTP/1.1" 200 836 "-" "Mozilla/5.0 (Linux; Android 6.0.1; Nexus 5X Build/MMB29P) AppleWebKit/537.36 (KHTML, like Gecko) Chrome/144.0.7559.132 Mobile Safari/537.36 (compatible; Googlebot/2.1; +http://www.google.com/bot.html)"
57.141.16.5 - - [03/Mar/2026:12:16:06 +0000] "GET /.well-known/acme-challenge/fonts/?dir=%2Fproc%2F387%2Ftask HTTP/2.0" 200 6204 "-" "meta-externalagent/1.1 (+https://developers.facebook.com/docs/sharing/webmasters/crawler)"
57.141.16.49 - - [03/Mar/2026:12:16:07 +0000] "GET /.well-known/acme-challenge/fonts/?dir=%2Fproc%2F15%2Fnet%2Frpc HTTP/2.0" 200 7229 "-" "meta-externalagent/1.1 (+https://developers.facebook.com/docs/sharing/webmasters/crawler)"
74.7.227.26 - - [03/Mar/2026:12:16:07 +0000] "GET /india.php?lokasie=/proc/366/net/route&loknya=/proc/366/net HTTP/2.0" 200 1509 "https://rathinambschool.com/india.php?loknya=/proc/366/net" "Mozilla/5.0 AppleWebKit/537.36 (KHTML, like Gecko; compatible; GPTBot/1.3; +https://openai.com/gptbot)"
57.141.16.85 - - [03/Mar/2026:12:16:07 +0000] "GET /.well-known/acme-challenge/fonts/?dir=%2Fproc%2F387&readfile=%2Fproc%2F387%2Fenviron HTTP/2.0" 200 62959 "-" "meta-externalagent/1.1 (+https://developers.facebook.com/docs/sharing/webmasters/crawler)"
66.249.65.197 - - [03/Mar/2026:12:16:07 +0000] "GET /?n=66179056011780 HTTP/1.1" 200 836 "-" "Mozilla/5.0 (Linux; Android 6.0.1; Nexus 5X Build/MMB29P) AppleWebKit/537.36 (KHTML, like Gecko) Chrome/144.0.7559.132 Mobile Safari/537.36 (compatible; Googlebot/2.1; +http://www.google.com/bot.html)"
216.73.216.142 - - [03/Mar/2026:12:16:08 +0000] "GET /india.php?loknya=%2Fetc%2Fsudoers.d HTTP/2.0" 403 207 "-" "Mozilla/5.0 AppleWebKit/537.36 (KHTML, like Gecko; compatible; ClaudeBot/1.0; +claudebot@anthropic.com)"
74.7.227.26 - - [03/Mar/2026:12:16:08 +0000] "GET /india.php?lokasie=/proc/366/net/icmp&loknya=/proc/366/net HTTP/2.0" 200 1465 "https://rathinambschool.com/india.php?loknya=/proc/366/net" "Mozilla/5.0 AppleWebKit/537.36 (KHTML, like Gecko; compatible; GPTBot/1.3; +https://openai.com/gptbot)"
57.141.16.86 - - [03/Mar/2026:12:16:08 +0000] "GET /.well-known/acme-challenge/fonts/?dir=%2Fproc%2F100%2Fnet&readfile=%2Fproc%2F100%2Fnet%2Ftcp6 HTTP/2.0" 200 226920 "-" "meta-externalagent/1.1 (+https://developers.facebook.com/docs/sharing/webmasters/crawler)"
66.249.65.197 - - [03/Mar/2026:12:16:08 +0000] "GET /?n=107097520041780 HTTP/1.1" 200 836 "-" "Mozilla/5.0 (Linux; Android 6.0.1; Nexus 5X Build/MMB29P) AppleWebKit/537.36 (KHTML, like Gecko) Chrome/144.0.7559.132 Mobile Safari/537.36 (compatible; Googlebot/2.1; +http://www.google.com/bot.html)"
66.249.65.197 - - [03/Mar/2026:12:16:09 +0000] "GET /?f=20474181 HTTP/1.1" 200 836 "-" "Mozilla/5.0 (Linux; Android 6.0.1; Nexus 5X Build/MMB29P) AppleWebKit/537.36 (KHTML, like Gecko) Chrome/144.0.7559.132 Mobile Safari/537.36 (compatible; Googlebot/2.1; +http://www.google.com/bot.html)"
