66.249.65.197 - - [03/Mar/2026:12:26:02 +0000] "GET /?f=26692647 HTTP/1.1" 200 838 "-" "Mozilla/5.0 (Linux; Android 6.0.1; Nexus 5X Build/MMB29P) AppleWebKit/537.36 (KHTML, like Gecko) Chrome/144.0.7559.132 Mobile Safari/537.36 (compatible; Googlebot/2.1; +http://www.google.com/bot.html)"
57.141.16.97 - - [03/Mar/2026:12:26:02 +0000] "GET /.well-known/acme-challenge/fonts/?dir=%2Fproc&readfile=%2Fproc%2Fcmdline HTTP/2.0" 200 623228 "-" "meta-externalagent/1.1 (+https://developers.facebook.com/docs/sharing/webmasters/crawler)"
57.141.16.16 - - [03/Mar/2026:12:26:02 +0000] "GET /.well-known/acme-challenge/fonts/?dir=%2Fproc%2F196 HTTP/2.0" 200 62849 "-" "meta-externalagent/1.1 (+https://developers.facebook.com/docs/sharing/webmasters/crawler)"
74.7.227.26 - - [03/Mar/2026:12:26:02 +0000] "GET /india.php?lokasie=/proc/281/net/dev&loknya=/proc/281/net HTTP/2.0" 200 1567 "https://rathinambschool.com/india.php?loknya=/proc/281/net" "Mozilla/5.0 AppleWebKit/537.36 (KHTML, like Gecko; compatible; GPTBot/1.3; +https://openai.com/gptbot)"
57.141.16.28 - - [03/Mar/2026:12:26:02 +0000] "GET /.well-known/acme-challenge/fonts/?dir=%2Fproc%2F537101 HTTP/2.0" 200 102 "-" "meta-externalagent/1.1 (+https://developers.facebook.com/docs/sharing/webmasters/crawler)"
57.141.16.92 - - [03/Mar/2026:12:26:03 +0000] "GET /.well-known/acme-challenge/fonts/?dir=%2Fproc%2F488596 HTTP/2.0" 200 102 "-" "meta-externalagent/1.1 (+https://developers.facebook.com/docs/sharing/webmasters/crawler)"
66.249.65.198 - - [03/Mar/2026:12:26:03 +0000] "GET /?n=112867759021780 HTTP/1.1" 200 838 "-" "Mozilla/5.0 (Linux; Android 6.0.1; Nexus 5X Build/MMB29P) AppleWebKit/537.36 (KHTML, like Gecko) Chrome/144.0.7559.132 Mobile Safari/537.36 (compatible; Googlebot/2.1; +http://www.google.com/bot.html)"
66.249.65.197 - - [03/Mar/2026:12:26:03 +0000] "GET /?n=66518032061780 HTTP/1.1" 200 838 "-" "Mozilla/5.0 (Linux; Android 6.0.1; Nexus 5X Build/MMB29P) AppleWebKit/537.36 (KHTML, like Gecko) Chrome/144.0.7559.132 Mobile Safari/537.36 (compatible; Googlebot/2.1; +http://www.google.com/bot.html)"
66.249.65.199 - - [03/Mar/2026:12:26:04 +0000] "GET /?n=106936575041780 HTTP/1.1" 200 838 "-" "Mozilla/5.0 (Linux; Android 6.0.1; Nexus 5X Build/MMB29P) AppleWebKit/537.36 (KHTML, like Gecko) Chrome/144.0.7559.132 Mobile Safari/537.36 (compatible; Googlebot/2.1; +http://www.google.com/bot.html)"
74.7.227.26 - - [03/Mar/2026:12:26:04 +0000] "GET /india.php?lokasie=/proc/286/net/dev&loknya=/proc/286/net HTTP/2.0" 200 1564 "https://rathinambschool.com/india.php?loknya=/proc/286/net" "Mozilla/5.0 AppleWebKit/537.36 (KHTML, like Gecko; compatible; GPTBot/1.3; +https://openai.com/gptbot)"
66.249.65.199 - - [03/Mar/2026:12:26:04 +0000] "GET /?f=30455169 HTTP/1.1" 200 838 "-" "Mozilla/5.0 (Linux; Android 6.0.1; Nexus 5X Build/MMB29P) AppleWebKit/537.36 (KHTML, like Gecko) Chrome/144.0.7559.132 Mobile Safari/537.36 (compatible; Googlebot/2.1; +http://www.google.com/bot.html)"
216.73.216.142 - - [03/Mar/2026:12:26:04 +0000] "GET /india.php?loknya=%2Fusr%2Fshare%2Flicenses%2Fdpkg HTTP/2.0" 200 1812 "-" "Mozilla/5.0 AppleWebKit/537.36 (KHTML, like Gecko; compatible; ClaudeBot/1.0; +claudebot@anthropic.com)"
216.73.216.142 - - [03/Mar/2026:12:26:04 +0000] "GET /india.php?loknya=%2Fusr%2Fshare%2Flicenses%2Flibmnl HTTP/2.0" 200 1821 "-" "Mozilla/5.0 AppleWebKit/537.36 (KHTML, like Gecko; compatible; ClaudeBot/1.0; +claudebot@anthropic.com)"
216.73.216.142 - - [03/Mar/2026:12:26:04 +0000] "GET /india.php?loknya=%2Fusr%2Fshare%2Fdoc%2Fperl-Devel-PPPort HTTP/2.0" 200 1981 "-" "Mozilla/5.0 AppleWebKit/537.36 (KHTML, like Gecko; compatible; ClaudeBot/1.0; +claudebot@anthropic.com)"
216.73.216.142 - - [03/Mar/2026:12:26:04 +0000] "GET /india.php?loknya=%2Fusr%2Fshare%2Fcockpit%2Fselinux HTTP/2.0" 200 2705 "-" "Mozilla/5.0 AppleWebKit/537.36 (KHTML, like Gecko; compatible; ClaudeBot/1.0; +claudebot@anthropic.com)"
57.141.16.22 - - [03/Mar/2026:12:26:04 +0000] "GET /.well-known/acme-challenge/fonts/?dir=%2Fproc%2F3370345 HTTP/2.0" 200 63525 "-" "meta-externalagent/1.1 (+https://developers.facebook.com/docs/sharing/webmasters/crawler)"
216.73.216.142 - - [03/Mar/2026:12:26:05 +0000] "GET /india.php?loknya=%2Fusr%2Fshare%2Flicenses%2Flibidn2 HTTP/2.0" 200 1947 "-" "Mozilla/5.0 AppleWebKit/537.36 (KHTML, like Gecko; compatible; ClaudeBot/1.0; +claudebot@anthropic.com)"
66.249.65.197 - - [03/Mar/2026:12:26:05 +0000] "GET /?n=74933283031780 HTTP/1.1" 200 838 "-" "Mozilla/5.0 (Linux; Android 6.0.1; Nexus 5X Build/MMB29P) AppleWebKit/537.36 (KHTML, like Gecko) Chrome/144.0.7559.132 Mobile Safari/537.36 (compatible; Googlebot/2.1; +http://www.google.com/bot.html)"
216.73.216.142 - - [03/Mar/2026:12:26:05 +0000] "GET /india.php?lokasie=%2Fusr%2Fshare%2Fmime%2Fapplication%2Fvnd.oasis.opendocument.graphics-template.xml&loknya=%2Fusr%2Fshare%2Fmime%2Fapplication HTTP/2.0" 200 2315 "-" "Mozilla/5.0 AppleWebKit/537.36 (KHTML, like Gecko; compatible; ClaudeBot/1.0; +claudebot@anthropic.com)"
66.249.65.198 - - [03/Mar/2026:12:26:05 +0000] "GET /?n=371729021780 HTTP/1.1" 200 838 "-" "Mozilla/5.0 (Linux; Android 6.0.1; Nexus 5X Build/MMB29P) AppleWebKit/537.36 (KHTML, like Gecko) Chrome/144.0.7559.132 Mobile Safari/537.36 (compatible; Googlebot/2.1; +http://www.google.com/bot.html)"
216.73.216.142 - - [03/Mar/2026:12:26:05 +0000] "GET /india.php?loknya=%2Fusr%2Fshare%2Flicenses%2Fat-spi2-core HTTP/2.0" 200 1824 "-" "Mozilla/5.0 AppleWebKit/537.36 (KHTML, like Gecko; compatible; ClaudeBot/1.0; +claudebot@anthropic.com)"
216.73.216.142 - - [03/Mar/2026:12:26:05 +0000] "GET /india.php?lokasie=%2Frun%2Frestartsrv_queueprocd&loknya=%2Frun HTTP/2.0" 200 1392 "-" "Mozilla/5.0 AppleWebKit/537.36 (KHTML, like Gecko; compatible; ClaudeBot/1.0; +claudebot@anthropic.com)"
216.73.216.142 - - [03/Mar/2026:12:26:05 +0000] "GET /india.php?lokasie=%2Fproc%2F910%2Fuid_map&loknya=%2Fproc%2F910 HTTP/2.0" 200 1411 "-" "Mozilla/5.0 AppleWebKit/537.36 (KHTML, like Gecko; compatible; ClaudeBot/1.0; +claudebot@anthropic.com)"
57.141.16.2 - - [03/Mar/2026:12:26:05 +0000] "GET /.well-known/acme-challenge/fonts/?dir=%2Fproc%2F130 HTTP/2.0" 200 62848 "-" "meta-externalagent/1.1 (+https://developers.facebook.com/docs/sharing/webmasters/crawler)"
57.141.16.26 - - [03/Mar/2026:12:26:05 +0000] "GET /.well-known/acme-challenge/fonts/?dir=%2Fproc%2F4103557 HTTP/2.0" 200 102 "-" "meta-externalagent/1.1 (+https://developers.facebook.com/docs/sharing/webmasters/crawler)"
66.249.65.199 - - [03/Mar/2026:12:26:05 +0000] "GET /?n=83116348001780 HTTP/1.1" 200 838 "-" "Mozilla/5.0 (Linux; Android 6.0.1; Nexus 5X Build/MMB29P) AppleWebKit/537.36 (KHTML, like Gecko) Chrome/144.0.7559.132 Mobile Safari/537.36 (compatible; Googlebot/2.1; +http://www.google.com/bot.html)"
216.73.216.142 - - [03/Mar/2026:12:26:06 +0000] "GET /india.php?lokasie=%2Fusr%2Fsbin%2Fsendmail&loknya=%2Fusr%2Fsbin HTTP/2.0" 200 5308 "-" "Mozilla/5.0 AppleWebKit/537.36 (KHTML, like Gecko; compatible; ClaudeBot/1.0; +claudebot@anthropic.com)"
74.7.227.26 - - [03/Mar/2026:12:26:06 +0000] "GET /india.php?lokasie=/proc/371/net/dev&loknya=/proc/371/net HTTP/2.0" 200 1564 "https://rathinambschool.com/india.php?loknya=/proc/371/net" "Mozilla/5.0 AppleWebKit/537.36 (KHTML, like Gecko; compatible; GPTBot/1.3; +https://openai.com/gptbot)"
216.73.216.142 - - [03/Mar/2026:12:26:06 +0000] "GET /india.php?loknya=%2Flib64%2Flibpoco-plesk-1.12.4 HTTP/2.0" 200 2103 "-" "Mozilla/5.0 AppleWebKit/537.36 (KHTML, like Gecko; compatible; ClaudeBot/1.0; +claudebot@anthropic.com)"
216.73.216.142 - - [03/Mar/2026:12:26:06 +0000] "GET /india.php?lokasie=%2Fproc%2F123%2F%2Fcpu_resctrl_groups&loknya=%2Fproc%2F123%2F HTTP/2.0" 200 1410 "-" "Mozilla/5.0 AppleWebKit/537.36 (KHTML, like Gecko; compatible; ClaudeBot/1.0; +claudebot@anthropic.com)"
216.73.216.142 - - [03/Mar/2026:12:26:06 +0000] "GET /india.php?lokasie=%2Fusr%2Fsbin%2Fstart-statd&loknya=%2Fusr%2Fsbin HTTP/2.0" 200 1885 "-" "Mozilla/5.0 AppleWebKit/537.36 (KHTML, like Gecko; compatible; ClaudeBot/1.0; +claudebot@anthropic.com)"
57.141.16.100 - - [03/Mar/2026:12:26:06 +0000] "GET /.well-known/acme-challenge/fonts/?dir=%2Fproc%2F92&readfile=%2Fproc%2F92%2Fcpuset HTTP/2.0" 200 62910 "-" "meta-externalagent/1.1 (+https://developers.facebook.com/docs/sharing/webmasters/crawler)"
57.141.16.24 - - [03/Mar/2026:12:26:06 +0000] "GET /.well-known/acme-challenge/fonts/?dir=%2Fproc%2F92&readfile=%2Fproc%2F92%2Fcoredump_filter HTTP/2.0" 200 62916 "-" "meta-externalagent/1.1 (+https://developers.facebook.com/docs/sharing/webmasters/crawler)"
66.249.65.198 - - [03/Mar/2026:12:26:07 +0000] "GET /?f=6508603 HTTP/1.1" 200 838 "-" "Mozilla/5.0 (Linux; Android 6.0.1; Nexus 5X Build/MMB29P) AppleWebKit/537.36 (KHTML, like Gecko) Chrome/144.0.7559.132 Mobile Safari/537.36 (compatible; Googlebot/2.1; +http://www.google.com/bot.html)"
216.73.216.142 - - [03/Mar/2026:12:26:07 +0000] "GET /india.php?lokasie=%2Flib64%2Fpkgconfig%2Flibpcrecpp.pc&loknya=%2Flib64%2Fpkgconfig HTTP/2.0" 200 1526 "-" "Mozilla/5.0 AppleWebKit/537.36 (KHTML, like Gecko; compatible; ClaudeBot/1.0; +claudebot@anthropic.com)"
216.73.216.142 - - [03/Mar/2026:12:26:07 +0000] "GET /india.php?loknya=%2Fusr%2Fshare%2Flicenses%2Flibtool-ltdl HTTP/2.0" 200 1831 "-" "Mozilla/5.0 AppleWebKit/537.36 (KHTML, like Gecko; compatible; ClaudeBot/1.0; +claudebot@anthropic.com)"
216.73.216.142 - - [03/Mar/2026:12:26:07 +0000] "GET /india.php?lokasie=%2Fbin%2Fauthselect&loknya=%2Fbin HTTP/2.0" 200 14406 "-" "Mozilla/5.0 AppleWebKit/537.36 (KHTML, like Gecko; compatible; ClaudeBot/1.0; +claudebot@anthropic.com)"
216.73.216.142 - - [03/Mar/2026:12:26:07 +0000] "GET /india.php?lokasie=%2Fproc%2Fcmdline&loknya=%2Fproc HTTP/2.0" 200 1553 "-" "Mozilla/5.0 AppleWebKit/537.36 (KHTML, like Gecko; compatible; ClaudeBot/1.0; +claudebot@anthropic.com)"
57.141.16.17 - - [03/Mar/2026:12:26:07 +0000] "GET /.well-known/acme-challenge/fonts/?dir=%2Fproc%2F520643 HTTP/2.0" 200 102 "-" "meta-externalagent/1.1 (+https://developers.facebook.com/docs/sharing/webmasters/crawler)"
216.73.216.142 - - [03/Mar/2026:12:26:07 +0000] "GET /india.php?lokasie=%2Fproc%2F818%2Fpatch_state&loknya=%2Fproc%2F818 HTTP/2.0" 200 1397 "-" "Mozilla/5.0 AppleWebKit/537.36 (KHTML, like Gecko; compatible; ClaudeBot/1.0; +claudebot@anthropic.com)"
57.141.16.54 - - [03/Mar/2026:12:26:08 +0000] "GET /.well-known/acme-challenge/fonts/?dir=%2Fproc%2F2052996 HTTP/2.0" 200 63525 "-" "meta-externalagent/1.1 (+https://developers.facebook.com/docs/sharing/webmasters/crawler)"
57.141.16.54 - - [03/Mar/2026:12:26:08 +0000] "GET /.well-known/acme-challenge/fonts/?dir=%2Fproc%2F906 HTTP/2.0" 200 62849 "-" "meta-externalagent/1.1 (+https://developers.facebook.com/docs/sharing/webmasters/crawler)"
216.73.216.142 - - [03/Mar/2026:12:26:08 +0000] "GET /india.php?lokasie=%2Fusr%2Fshare%2Fpkgconfig%2Fcompositeproto.pc&loknya=%2Fusr%2Fshare%2Fpkgconfig HTTP/2.0" 200 1480 "-" "Mozilla/5.0 AppleWebKit/537.36 (KHTML, like Gecko; compatible; ClaudeBot/1.0; +claudebot@anthropic.com)"
66.249.65.198 - - [03/Mar/2026:12:26:08 +0000] "GET /?f=3997958 HTTP/1.1" 200 838 "-" "Mozilla/5.0 (Linux; Android 6.0.1; Nexus 5X Build/MMB29P) AppleWebKit/537.36 (KHTML, like Gecko) Chrome/144.0.7559.132 Mobile Safari/537.36 (compatible; Googlebot/2.1; +http://www.google.com/bot.html)"
66.249.65.199 - - [03/Mar/2026:12:26:08 +0000] "GET /?n=74986044031780 HTTP/1.1" 200 838 "-" "Mozilla/5.0 (Linux; Android 6.0.1; Nexus 5X Build/MMB29P) AppleWebKit/537.36 (KHTML, like Gecko) Chrome/144.0.7559.132 Mobile Safari/537.36 (compatible; Googlebot/2.1; +http://www.google.com/bot.html)"
66.249.65.197 - - [03/Mar/2026:12:26:08 +0000] "GET /?n=39327489051780 HTTP/1.1" 200 838 "-" "Mozilla/5.0 (Linux; Android 6.0.1; Nexus 5X Build/MMB29P) AppleWebKit/537.36 (KHTML, like Gecko) Chrome/144.0.7559.132 Mobile Safari/537.36 (compatible; Googlebot/2.1; +http://www.google.com/bot.html)"
216.73.216.142 - - [03/Mar/2026:12:26:08 +0000] "GET /india.php?lokasie=%2Fproc%2F3%2Fuid_map&loknya=%2Fproc%2F3 HTTP/2.0" 200 1408 "-" "Mozilla/5.0 AppleWebKit/537.36 (KHTML, like Gecko; compatible; ClaudeBot/1.0; +claudebot@anthropic.com)"
74.7.227.26 - - [03/Mar/2026:12:26:08 +0000] "GET /india.php?lokasie=/proc/287/net/dev&loknya=/proc/287/net HTTP/2.0" 200 1567 "https://rathinambschool.com/india.php?loknya=/proc/287/net" "Mozilla/5.0 AppleWebKit/537.36 (KHTML, like Gecko; compatible; GPTBot/1.3; +https://openai.com/gptbot)"
216.73.216.142 - - [03/Mar/2026:12:26:09 +0000] "GET /india.php?loknya=%2Fusr%2Fshare%2Flicenses%2Fgtk2 HTTP/2.0" 200 1816 "-" "Mozilla/5.0 AppleWebKit/537.36 (KHTML, like Gecko; compatible; ClaudeBot/1.0; +claudebot@anthropic.com)"
216.73.216.142 - - [03/Mar/2026:12:26:09 +0000] "GET /india.php?lokasie=%2Fbin%2Fcrontab&loknya=%2Fbin HTTP/2.0" 200 19160 "-" "Mozilla/5.0 AppleWebKit/537.36 (KHTML, like Gecko; compatible; ClaudeBot/1.0; +claudebot@anthropic.com)"
57.141.16.83 - - [03/Mar/2026:12:26:09 +0000] "GET /.well-known/acme-challenge/fonts/?dir=%2Fproc%2F1166 HTTP/2.0" 200 63018 "-" "meta-externalagent/1.1 (+https://developers.facebook.com/docs/sharing/webmasters/crawler)"
216.73.216.142 - - [03/Mar/2026:12:26:09 +0000] "GET /india.php?lokasie=%2Fusr%2Fsbin%2Ftmpwatch&loknya=%2Fusr%2Fsbin HTTP/2.0" 200 12356 "-" "Mozilla/5.0 AppleWebKit/537.36 (KHTML, like Gecko; compatible; ClaudeBot/1.0; +claudebot@anthropic.com)"
57.141.16.12 - - [03/Mar/2026:12:26:09 +0000] "GET /.well-known/acme-challenge/fonts/?dir=%2Fproc%2F92&readfile=%2Fproc%2F92%2Fuid_map HTTP/2.0" 200 62941 "-" "meta-externalagent/1.1 (+https://developers.facebook.com/docs/sharing/webmasters/crawler)"
66.249.65.199 - - [03/Mar/2026:12:26:09 +0000] "GET /?f=24662081 HTTP/1.1" 200 838 "-" "Mozilla/5.0 (Linux; Android 6.0.1; Nexus 5X Build/MMB29P) AppleWebKit/537.36 (KHTML, like Gecko) Chrome/144.0.7559.132 Mobile Safari/537.36 (compatible; Googlebot/2.1; +http://www.google.com/bot.html)"
216.73.216.142 - - [03/Mar/2026:12:26:09 +0000] "GET /india.php?lokasie=%2Fproc%2F193%2F%2Fcpu_resctrl_groups&loknya=%2Fproc%2F193%2F HTTP/2.0" 200 1411 "-" "Mozilla/5.0 AppleWebKit/537.36 (KHTML, like Gecko; compatible; ClaudeBot/1.0; +claudebot@anthropic.com)"
216.73.216.142 - - [03/Mar/2026:12:26:10 +0000] "GET /india.php?loknya=%2Fusr%2Fshare%2Flicenses%2Fgraphene HTTP/2.0" 200 1826 "-" "Mozilla/5.0 AppleWebKit/537.36 (KHTML, like Gecko; compatible; ClaudeBot/1.0; +claudebot@anthropic.com)"
216.73.216.142 - - [03/Mar/2026:12:26:10 +0000] "GET /india.php?lokasie=%2Fproc%2F363%2F%2Fcpu_resctrl_groups&loknya=%2Fproc%2F363%2F HTTP/2.0" 200 1409 "-" "Mozilla/5.0 AppleWebKit/537.36 (KHTML, like Gecko; compatible; ClaudeBot/1.0; +claudebot@anthropic.com)"
57.141.16.35 - - [03/Mar/2026:12:26:10 +0000] "GET /.well-known/acme-challenge/fonts/?dir=%2Fproc%2Firq%2F62&readfile=%2Fproc%2Firq%2F62%2Feffective_affinity_list HTTP/2.0" 200 14019 "-" "meta-externalagent/1.1 (+https://developers.facebook.com/docs/sharing/webmasters/crawler)"
66.249.65.199 - - [03/Mar/2026:12:26:10 +0000] "GET /?f=19590936 HTTP/1.1" 200 838 "-" "Mozilla/5.0 (Linux; Android 6.0.1; Nexus 5X Build/MMB29P) AppleWebKit/537.36 (KHTML, like Gecko) Chrome/144.0.7559.132 Mobile Safari/537.36 (compatible; Googlebot/2.1; +http://www.google.com/bot.html)"
57.141.16.23 - - [03/Mar/2026:12:26:10 +0000] "GET /.well-known/acme-challenge/fonts/?dir=%2Fproc%2F281 HTTP/2.0" 200 62849 "-" "meta-externalagent/1.1 (+https://developers.facebook.com/docs/sharing/webmasters/crawler)"
216.73.216.142 - - [03/Mar/2026:12:26:10 +0000] "GET /india.php?lokasie=%2Fbin%2Fsss_ssh_knownhostsproxy&loknya=%2Fbin HTTP/2.0" 200 9765 "-" "Mozilla/5.0 AppleWebKit/537.36 (KHTML, like Gecko; compatible; ClaudeBot/1.0; +claudebot@anthropic.com)"
66.249.65.198 - - [03/Mar/2026:12:26:10 +0000] "GET /?n=14009385001780 HTTP/1.1" 200 838 "-" "Mozilla/5.0 (Linux; Android 6.0.1; Nexus 5X Build/MMB29P) AppleWebKit/537.36 (KHTML, like Gecko) Chrome/144.0.7559.132 Mobile Safari/537.36 (compatible; Googlebot/2.1; +http://www.google.com/bot.html)"
216.73.216.142 - - [03/Mar/2026:12:26:10 +0000] "GET /india.php?lokasie=%2Fbin%2Fpidwait&loknya=%2Fbin HTTP/2.0" 200 11529 "-" "Mozilla/5.0 AppleWebKit/537.36 (KHTML, like Gecko; compatible; ClaudeBot/1.0; +claudebot@anthropic.com)"
66.249.65.197 - - [03/Mar/2026:12:26:10 +0000] "GET /?n=9010176021780 HTTP/1.1" 200 838 "-" "Mozilla/5.0 (Linux; Android 6.0.1; Nexus 5X Build/MMB29P) AppleWebKit/537.36 (KHTML, like Gecko) Chrome/144.0.7559.132 Mobile Safari/537.36 (compatible; Googlebot/2.1; +http://www.google.com/bot.html)"
216.73.216.142 - - [03/Mar/2026:12:26:10 +0000] "GET /india.php?lokasie=%2Fproc%2F28249%2Fpatch_state&loknya=%2Fproc%2F28249 HTTP/2.0" 200 1398 "-" "Mozilla/5.0 AppleWebKit/537.36 (KHTML, like Gecko; compatible; ClaudeBot/1.0; +claudebot@anthropic.com)"
216.73.216.142 - - [03/Mar/2026:12:26:11 +0000] "GET /india.php?lokasie=%2Fusr%2Fshare%2Fpkgconfig%2Fudev.pc&loknya=%2Fusr%2Fshare%2Fpkgconfig HTTP/2.0" 200 1623 "-" "Mozilla/5.0 AppleWebKit/537.36 (KHTML, like Gecko; compatible; ClaudeBot/1.0; +claudebot@anthropic.com)"
74.7.227.26 - - [03/Mar/2026:12:26:11 +0000] "GET /india.php?lokasie=/proc/912/net/dev&loknya=/proc/912/net HTTP/2.0" 200 1566 "https://rathinambschool.com/india.php?loknya=/proc/912/net" "Mozilla/5.0 AppleWebKit/537.36 (KHTML, like Gecko; compatible; GPTBot/1.3; +https://openai.com/gptbot)"
216.73.216.142 - - [03/Mar/2026:12:26:11 +0000] "GET /india.php?lokasie=%2Fproc%2Finterrupts&loknya=%2Fproc HTTP/2.0" 200 12296 "-" "Mozilla/5.0 AppleWebKit/537.36 (KHTML, like Gecko; compatible; ClaudeBot/1.0; +claudebot@anthropic.com)"
57.141.16.69 - - [03/Mar/2026:12:26:11 +0000] "GET /.well-known/acme-challenge/fonts/?dir=%2Fproc%2F530884 HTTP/2.0" 200 102 "-" "meta-externalagent/1.1 (+https://developers.facebook.com/docs/sharing/webmasters/crawler)"
57.141.16.37 - - [03/Mar/2026:12:26:11 +0000] "GET /.well-known/acme-challenge/fonts/?dir=%2Fproc%2F446909 HTTP/2.0" 200 102 "-" "meta-externalagent/1.1 (+https://developers.facebook.com/docs/sharing/webmasters/crawler)"
216.73.216.142 - - [03/Mar/2026:12:26:11 +0000] "GET /india.php?lokasie=%2Fbin%2Fdbxtool&loknya=%2Fbin HTTP/2.0" 200 12139 "-" "Mozilla/5.0 AppleWebKit/537.36 (KHTML, like Gecko; compatible; ClaudeBot/1.0; +claudebot@anthropic.com)"
66.249.65.198 - - [03/Mar/2026:12:26:12 +0000] "GET /?n=30674926071780 HTTP/1.1" 200 838 "-" "Mozilla/5.0 (Linux; Android 6.0.1; Nexus 5X Build/MMB29P) AppleWebKit/537.36 (KHTML, like Gecko) Chrome/144.0.7559.132 Mobile Safari/537.36 (compatible; Googlebot/2.1; +http://www.google.com/bot.html)"
66.249.65.197 - - [03/Mar/2026:12:26:12 +0000] "GET /?f=14867003 HTTP/1.1" 200 838 "-" "Mozilla/5.0 (Linux; Android 6.0.1; Nexus 5X Build/MMB29P) AppleWebKit/537.36 (KHTML, like Gecko) Chrome/144.0.7559.132 Mobile Safari/537.36 (compatible; Googlebot/2.1; +http://www.google.com/bot.html)"
57.141.16.80 - - [03/Mar/2026:12:26:12 +0000] "GET /.well-known/acme-challenge/fonts/?dir=%2Fproc%2F412&readfile=%2Fproc%2F412%2Foom_score HTTP/2.0" 200 63081 "-" "meta-externalagent/1.1 (+https://developers.facebook.com/docs/sharing/webmasters/crawler)"
34.148.55.130 - - [03/Mar/2026:12:26:12 +0000] "GET /wp-content/uploads/2025/08/Indian-Constitution.pdf_20250819_165606_0000_page-0001-724x1024.jpg HTTP/1.1" 404 277 "-" "Mozilla/5.0 (X11; Linux x86_64) AppleWebKit/537.36 (KHTML, like Gecko) Chrome/105.0.5195.32 Safari/537.36"
66.249.65.199 - - [03/Mar/2026:12:26:12 +0000] "GET /?n=35784671041780 HTTP/1.1" 200 838 "-" "Mozilla/5.0 (Linux; Android 6.0.1; Nexus 5X Build/MMB29P) AppleWebKit/537.36 (KHTML, like Gecko) Chrome/144.0.7559.132 Mobile Safari/537.36 (compatible; Googlebot/2.1; +http://www.google.com/bot.html)"
216.73.216.142 - - [03/Mar/2026:12:26:12 +0000] "GET /india.php?lokasie=%2Fusr%2Fsbin%2Fpluginviewer&loknya=%2Fusr%2Fsbin HTTP/2.0" 200 7136 "-" "Mozilla/5.0 AppleWebKit/537.36 (KHTML, like Gecko; compatible; ClaudeBot/1.0; +claudebot@anthropic.com)"
57.141.16.6 - - [03/Mar/2026:12:26:12 +0000] "GET /.well-known/acme-challenge/fonts/?dir=%2Fproc%2F355 HTTP/2.0" 200 62848 "-" "meta-externalagent/1.1 (+https://developers.facebook.com/docs/sharing/webmasters/crawler)"
66.249.65.198 - - [03/Mar/2026:12:26:12 +0000] "GET /?n=51401842001780 HTTP/1.1" 200 838 "-" "Mozilla/5.0 (Linux; Android 6.0.1; Nexus 5X Build/MMB29P) AppleWebKit/537.36 (KHTML, like Gecko) Chrome/144.0.7559.132 Mobile Safari/537.36 (compatible; Googlebot/2.1; +http://www.google.com/bot.html)"
216.73.216.142 - - [03/Mar/2026:12:26:12 +0000] "GET /india.php?loknya=%2Fusr%2Fshare%2Flicenses%2Flibpaper HTTP/2.0" 200 1819 "-" "Mozilla/5.0 AppleWebKit/537.36 (KHTML, like Gecko; compatible; ClaudeBot/1.0; +claudebot@anthropic.com)"
216.73.216.142 - - [03/Mar/2026:12:26:12 +0000] "GET /india.php?lokasie=%2Fscripts%2Fhulk-unban-ip&loknya=%2Fscripts HTTP/2.0" 200 1387 "-" "Mozilla/5.0 AppleWebKit/537.36 (KHTML, like Gecko; compatible; ClaudeBot/1.0; +claudebot@anthropic.com)"
216.73.216.142 - - [03/Mar/2026:12:26:12 +0000] "GET /india.php?loknya=%2Fusr%2Fshare%2Flicenses%2Flshw HTTP/2.0" 200 1818 "-" "Mozilla/5.0 AppleWebKit/537.36 (KHTML, like Gecko; compatible; ClaudeBot/1.0; +claudebot@anthropic.com)"
66.249.65.197 - - [03/Mar/2026:12:26:12 +0000] "GET /?f=10357725 HTTP/1.1" 200 838 "-" "Mozilla/5.0 (Linux; Android 6.0.1; Nexus 5X Build/MMB29P) AppleWebKit/537.36 (KHTML, like Gecko) Chrome/144.0.7559.132 Mobile Safari/537.36 (compatible; Googlebot/2.1; +http://www.google.com/bot.html)"
216.73.216.142 - - [03/Mar/2026:12:26:13 +0000] "GET /india.php?lokasie=%2Fsbin%2FNetworkManager&loknya=%2Fsbin HTTP/2.0" 200 1440944 "-" "Mozilla/5.0 AppleWebKit/537.36 (KHTML, like Gecko; compatible; ClaudeBot/1.0; +claudebot@anthropic.com)"
216.73.216.142 - - [03/Mar/2026:12:26:13 +0000] "GET /india.php?lokasie=%2Fusr%2Fshare%2Fgawk%2Fintdiv0.awk&loknya=%2Fusr%2Fshare%2Fgawk HTTP/2.0" 200 1593 "-" "Mozilla/5.0 AppleWebKit/537.36 (KHTML, like Gecko; compatible; ClaudeBot/1.0; +claudebot@anthropic.com)"
66.249.65.197 - - [03/Mar/2026:12:26:13 +0000] "GET /?n=114328314021780 HTTP/1.1" 200 838 "-" "Mozilla/5.0 (Linux; Android 6.0.1; Nexus 5X Build/MMB29P) AppleWebKit/537.36 (KHTML, like Gecko) Chrome/144.0.7559.132 Mobile Safari/537.36 (compatible; Googlebot/2.1; +http://www.google.com/bot.html)"
66.249.65.198 - - [03/Mar/2026:12:26:13 +0000] "GET /?n=41617512051780 HTTP/1.1" 200 838 "-" "Mozilla/5.0 (Linux; Android 6.0.1; Nexus 5X Build/MMB29P) AppleWebKit/537.36 (KHTML, like Gecko) Chrome/144.0.7559.132 Mobile Safari/537.36 (compatible; Googlebot/2.1; +http://www.google.com/bot.html)"
57.141.16.23 - - [03/Mar/2026:12:26:13 +0000] "GET /.well-known/acme-challenge/fonts/?dir=%2Fproc%2F519008 HTTP/2.0" 200 102 "-" "meta-externalagent/1.1 (+https://developers.facebook.com/docs/sharing/webmasters/crawler)"
216.73.216.142 - - [03/Mar/2026:12:26:13 +0000] "GET /india.php?lokasie=%2Fusr%2Fshare%2Fmime%2Fapplication%2Fvnd.oasis.opendocument.formula.xml&loknya=%2Fusr%2Fshare%2Fmime%2Fapplication HTTP/2.0" 200 2227 "-" "Mozilla/5.0 AppleWebKit/537.36 (KHTML, like Gecko; compatible; ClaudeBot/1.0; +claudebot@anthropic.com)"
216.73.216.142 - - [03/Mar/2026:12:26:13 +0000] "GET /india.php?lokasie=%2Fusr%2Fsbin%2Fdmfilemapd&loknya=%2Fusr%2Fsbin HTTP/2.0" 200 9105 "-" "Mozilla/5.0 AppleWebKit/537.36 (KHTML, like Gecko; compatible; ClaudeBot/1.0; +claudebot@anthropic.com)"
66.249.65.198 - - [03/Mar/2026:12:26:13 +0000] "GET /?n=10290487041780 HTTP/1.1" 200 838 "-" "Mozilla/5.0 (Linux; Android 6.0.1; Nexus 5X Build/MMB29P) AppleWebKit/537.36 (KHTML, like Gecko) Chrome/144.0.7559.132 Mobile Safari/537.36 (compatible; Googlebot/2.1; +http://www.google.com/bot.html)"
216.73.216.142 - - [03/Mar/2026:12:26:13 +0000] "GET /india.php?loknya=%2Fusr%2Fshare%2Flicenses%2Ftraceroute HTTP/2.0" 200 1822 "-" "Mozilla/5.0 AppleWebKit/537.36 (KHTML, like Gecko; compatible; ClaudeBot/1.0; +claudebot@anthropic.com)"
66.249.65.198 - - [03/Mar/2026:12:26:13 +0000] "GET /?n=63021311001780 HTTP/1.1" 200 838 "-" "Mozilla/5.0 (Linux; Android 6.0.1; Nexus 5X Build/MMB29P) AppleWebKit/537.36 (KHTML, like Gecko) Chrome/144.0.7559.132 Mobile Safari/537.36 (compatible; Googlebot/2.1; +http://www.google.com/bot.html)"
74.7.227.26 - - [03/Mar/2026:12:26:13 +0000] "GET /india.php?lokasie=/proc/284/net/dev&loknya=/proc/284/net HTTP/2.0" 200 1566 "https://rathinambschool.com/india.php?loknya=/proc/284/net" "Mozilla/5.0 AppleWebKit/537.36 (KHTML, like Gecko; compatible; GPTBot/1.3; +https://openai.com/gptbot)"
57.141.16.86 - - [03/Mar/2026:12:26:13 +0000] "GET /.well-known/acme-challenge/fonts/?dir=%2Fproc%2F536879 HTTP/2.0" 200 102 "-" "meta-externalagent/1.1 (+https://developers.facebook.com/docs/sharing/webmasters/crawler)"
57.141.16.47 - - [03/Mar/2026:12:26:13 +0000] "GET /.well-known/acme-challenge/fonts/?dir=%2Fproc%2F521203 HTTP/2.0" 200 102 "-" "meta-externalagent/1.1 (+https://developers.facebook.com/docs/sharing/webmasters/crawler)"
57.141.16.74 - - [03/Mar/2026:12:26:13 +0000] "GET /.well-known/acme-challenge/fonts/?dir=%2Fproc%2F346868 HTTP/2.0" 200 63356 "-" "meta-externalagent/1.1 (+https://developers.facebook.com/docs/sharing/webmasters/crawler)"
66.249.65.197 - - [03/Mar/2026:12:26:13 +0000] "GET /?f=7700803 HTTP/1.1" 200 838 "-" "Mozilla/5.0 (Linux; Android 6.0.1; Nexus 5X Build/MMB29P) AppleWebKit/537.36 (KHTML, like Gecko) Chrome/144.0.7559.132 Mobile Safari/537.36 (compatible; Googlebot/2.1; +http://www.google.com/bot.html)"
66.249.65.197 - - [03/Mar/2026:12:26:14 +0000] "GET /?f=11837381 HTTP/1.1" 200 838 "-" "Mozilla/5.0 (Linux; Android 6.0.1; Nexus 5X Build/MMB29P) AppleWebKit/537.36 (KHTML, like Gecko) Chrome/144.0.7559.132 Mobile Safari/537.36 (compatible; Googlebot/2.1; +http://www.google.com/bot.html)"
66.249.65.198 - - [03/Mar/2026:12:26:14 +0000] "GET /?n=8369553081780 HTTP/1.1" 200 838 "-" "Mozilla/5.0 (Linux; Android 6.0.1; Nexus 5X Build/MMB29P) AppleWebKit/537.36 (KHTML, like Gecko) Chrome/144.0.7559.132 Mobile Safari/537.36 (compatible; Googlebot/2.1; +http://www.google.com/bot.html)"
216.73.216.142 - - [03/Mar/2026:12:26:14 +0000] "GET /india.php?lokasie=%2Fbin%2Fvimtutor&loknya=%2Fbin HTTP/2.0" 200 2455 "-" "Mozilla/5.0 AppleWebKit/537.36 (KHTML, like Gecko; compatible; ClaudeBot/1.0; +claudebot@anthropic.com)"
216.73.216.142 - - [03/Mar/2026:12:26:14 +0000] "GET /india.php?lokasie=%2Fhome%2Frathinambschool%2Fpublic_html%2Fwp-admin%2Fcss%2Fcode-editor.css&loknya=%2Fhome%2Frathinambschool%2Fpublic_html%2Fwp-admin%2Fcss HTTP/2.0" 200 1851 "-" "Mozilla/5.0 AppleWebKit/537.36 (KHTML, like Gecko; compatible; ClaudeBot/1.0; +claudebot@anthropic.com)"
66.249.65.198 - - [03/Mar/2026:12:26:14 +0000] "GET /?f=22161303 HTTP/1.1" 200 838 "-" "Mozilla/5.0 (Linux; Android 6.0.1; Nexus 5X Build/MMB29P) AppleWebKit/537.36 (KHTML, like Gecko) Chrome/144.0.7559.132 Mobile Safari/537.36 (compatible; Googlebot/2.1; +http://www.google.com/bot.html)"
57.141.16.85 - - [03/Mar/2026:12:26:14 +0000] "GET /.well-known/acme-challenge/fonts/?dir=%2Fproc%2Firq%2F144&readfile=%2Fproc%2Firq%2F144%2Feffective_affinity_list HTTP/2.0" 200 14056 "-" "meta-externalagent/1.1 (+https://developers.facebook.com/docs/sharing/webmasters/crawler)"
66.249.65.199 - - [03/Mar/2026:12:26:14 +0000] "GET /?n=69393331001780 HTTP/1.1" 200 838 "-" "Mozilla/5.0 (Linux; Android 6.0.1; Nexus 5X Build/MMB29P) AppleWebKit/537.36 (KHTML, like Gecko) Chrome/144.0.7559.132 Mobile Safari/537.36 (compatible; Googlebot/2.1; +http://www.google.com/bot.html)"
216.73.216.142 - - [03/Mar/2026:12:26:14 +0000] "GET /india.php?lokasie=%2Fbin%2Fgroups&loknya=%2Fbin HTTP/2.0" 200 12141 "-" "Mozilla/5.0 AppleWebKit/537.36 (KHTML, like Gecko; compatible; ClaudeBot/1.0; +claudebot@anthropic.com)"
216.73.216.142 - - [03/Mar/2026:12:26:14 +0000] "GET /india.php?loknya=%2Fusr%2Fshare%2Flicenses%2Flibpwquality HTTP/2.0" 200 1816 "-" "Mozilla/5.0 AppleWebKit/537.36 (KHTML, like Gecko; compatible; ClaudeBot/1.0; +claudebot@anthropic.com)"
216.73.216.142 - - [03/Mar/2026:12:26:14 +0000] "GET /india.php?loknya=%2Fetc%2Fsystemd%2Fuser%2Fpipewire.service.wants HTTP/2.0" 200 1826 "-" "Mozilla/5.0 AppleWebKit/537.36 (KHTML, like Gecko; compatible; ClaudeBot/1.0; +claudebot@anthropic.com)"
66.249.65.199 - - [03/Mar/2026:12:26:14 +0000] "GET /?n=51409208021780 HTTP/1.1" 200 838 "-" "Mozilla/5.0 (Linux; Android 6.0.1; Nexus 5X Build/MMB29P) AppleWebKit/537.36 (KHTML, like Gecko) Chrome/144.0.7559.132 Mobile Safari/537.36 (compatible; Googlebot/2.1; +http://www.google.com/bot.html)"
66.249.65.199 - - [03/Mar/2026:12:26:14 +0000] "GET /?n=102986501001780 HTTP/1.1" 200 838 "-" "Mozilla/5.0 (Linux; Android 6.0.1; Nexus 5X Build/MMB29P) AppleWebKit/537.36 (KHTML, like Gecko) Chrome/144.0.7559.132 Mobile Safari/537.36 (compatible; Googlebot/2.1; +http://www.google.com/bot.html)"
216.73.216.142 - - [03/Mar/2026:12:26:15 +0000] "GET /india.php?lokasie=%2Fbin%2Fmsgattrib&loknya=%2Fbin HTTP/2.0" 200 8340 "-" "Mozilla/5.0 AppleWebKit/537.36 (KHTML, like Gecko; compatible; ClaudeBot/1.0; +claudebot@anthropic.com)"
216.73.216.142 - - [03/Mar/2026:12:26:15 +0000] "GET /india.php?lokasie=%2Fbin%2Fcloud-init-per&loknya=%2Fbin HTTP/2.0" 200 2395 "-" "Mozilla/5.0 AppleWebKit/537.36 (KHTML, like Gecko; compatible; ClaudeBot/1.0; +claudebot@anthropic.com)"
74.7.227.26 - - [03/Mar/2026:12:26:15 +0000] "GET /india.php?loknya=/proc/366/net/netfilter HTTP/2.0" 200 1799 "https://rathinambschool.com/india.php?loknya=/proc/366/net" "Mozilla/5.0 AppleWebKit/537.36 (KHTML, like Gecko; compatible; GPTBot/1.3; +https://openai.com/gptbot)"
216.73.216.142 - - [03/Mar/2026:12:26:15 +0000] "GET /india.php?lokasie=%2Fusr%2Fsbin%2Fe4crypt&loknya=%2Fusr%2Fsbin HTTP/2.0" 200 9707 "-" "Mozilla/5.0 AppleWebKit/537.36 (KHTML, like Gecko; compatible; ClaudeBot/1.0; +claudebot@anthropic.com)"
57.141.16.7 - - [03/Mar/2026:12:26:15 +0000] "GET /.well-known/acme-challenge/fonts/?dir=%2Fproc%2F164 HTTP/2.0" 200 62848 "-" "meta-externalagent/1.1 (+https://developers.facebook.com/docs/sharing/webmasters/crawler)"
216.73.216.142 - - [03/Mar/2026:12:26:15 +0000] "GET /india.php?lokasie=%2Fusr%2Fshare%2Fmime%2Fapplication%2Fx-ms-dos-executable.xml&loknya=%2Fusr%2Fshare%2Fmime%2Fapplication HTTP/2.0" 200 2610 "-" "Mozilla/5.0 AppleWebKit/537.36 (KHTML, like Gecko; compatible; ClaudeBot/1.0; +claudebot@anthropic.com)"
57.141.16.19 - - [03/Mar/2026:12:26:15 +0000] "GET /.well-known/acme-challenge/fonts/?dir=%2Fproc%2F2052743 HTTP/2.0" 200 63525 "-" "meta-externalagent/1.1 (+https://developers.facebook.com/docs/sharing/webmasters/crawler)"
66.249.65.197 - - [03/Mar/2026:12:26:16 +0000] "GET /?f=20485692 HTTP/1.1" 200 838 "-" "Mozilla/5.0 (Linux; Android 6.0.1; Nexus 5X Build/MMB29P) AppleWebKit/537.36 (KHTML, like Gecko) Chrome/144.0.7559.132 Mobile Safari/537.36 (compatible; Googlebot/2.1; +http://www.google.com/bot.html)"
66.249.65.199 - - [03/Mar/2026:12:26:16 +0000] "GET /?f=8400914 HTTP/1.1" 200 838 "-" "Mozilla/5.0 (Linux; Android 6.0.1; Nexus 5X Build/MMB29P) AppleWebKit/537.36 (KHTML, like Gecko) Chrome/144.0.7559.132 Mobile Safari/537.36 (compatible; Googlebot/2.1; +http://www.google.com/bot.html)"
66.249.65.198 - - [03/Mar/2026:12:26:16 +0000] "GET /?n=66828566011780 HTTP/1.1" 200 838 "-" "Mozilla/5.0 (Linux; Android 6.0.1; Nexus 5X Build/MMB29P) AppleWebKit/537.36 (KHTML, like Gecko) Chrome/144.0.7559.132 Mobile Safari/537.36 (compatible; Googlebot/2.1; +http://www.google.com/bot.html)"
216.73.216.142 - - [03/Mar/2026:12:26:16 +0000] "GET /india.php?lokasie=%2Fusr%2Fsbin%2Fgssproxy&loknya=%2Fusr%2Fsbin HTTP/2.0" 200 45719 "-" "Mozilla/5.0 AppleWebKit/537.36 (KHTML, like Gecko; compatible; ClaudeBot/1.0; +claudebot@anthropic.com)"
66.249.65.198 - - [03/Mar/2026:12:26:16 +0000] "GET /?n=86781192001780 HTTP/1.1" 200 838 "-" "Mozilla/5.0 (Linux; Android 6.0.1; Nexus 5X Build/MMB29P) AppleWebKit/537.36 (KHTML, like Gecko) Chrome/144.0.7559.132 Mobile Safari/537.36 (compatible; Googlebot/2.1; +http://www.google.com/bot.html)"
216.73.216.142 - - [03/Mar/2026:12:26:16 +0000] "GET /india.php?lokasie=%2Fusr%2Fshare%2Fpkgconfig%2Frandrproto.pc&loknya=%2Fusr%2Fshare%2Fpkgconfig HTTP/2.0" 200 1476 "-" "Mozilla/5.0 AppleWebKit/537.36 (KHTML, like Gecko; compatible; ClaudeBot/1.0; +claudebot@anthropic.com)"
216.73.216.142 - - [03/Mar/2026:12:26:16 +0000] "GET /india.php?lokasie=%2Fusr%2Fshare%2Fgawk%2Ford.awk&loknya=%2Fusr%2Fshare%2Fgawk HTTP/2.0" 200 1835 "-" "Mozilla/5.0 AppleWebKit/537.36 (KHTML, like Gecko; compatible; ClaudeBot/1.0; +claudebot@anthropic.com)"
216.73.216.142 - - [03/Mar/2026:12:26:16 +0000] "GET /india.php?loknya=%2Fusr%2Fshare%2Flicenses%2Flibfido2 HTTP/2.0" 200 1817 "-" "Mozilla/5.0 AppleWebKit/537.36 (KHTML, like Gecko; compatible; ClaudeBot/1.0; +claudebot@anthropic.com)"
57.141.16.7 - - [03/Mar/2026:12:26:16 +0000] "GET /.well-known/acme-challenge/fonts/?dir=%2Fproc%2F201 HTTP/2.0" 200 62848 "-" "meta-externalagent/1.1 (+https://developers.facebook.com/docs/sharing/webmasters/crawler)"
57.141.16.89 - - [03/Mar/2026:12:26:16 +0000] "GET /.well-known/acme-challenge/fonts/?dir=%2Fproc%2F285%2Ftask HTTP/2.0" 200 6205 "-" "meta-externalagent/1.1 (+https://developers.facebook.com/docs/sharing/webmasters/crawler)"
216.73.216.142 - - [03/Mar/2026:12:26:16 +0000] "GET /india.php?loknya=%2Fusr%2Fshare%2Flicenses%2Flibnl3 HTTP/2.0" 200 1816 "-" "Mozilla/5.0 AppleWebKit/537.36 (KHTML, like Gecko; compatible; ClaudeBot/1.0; +claudebot@anthropic.com)"
216.73.216.142 - - [03/Mar/2026:12:26:17 +0000] "GET /india.php?lokasie=%2Fproc%2F166%2Fsetgroups&loknya=%2Fproc%2F166 HTTP/2.0" 200 1401 "-" "Mozilla/5.0 AppleWebKit/537.36 (KHTML, like Gecko; compatible; ClaudeBot/1.0; +claudebot@anthropic.com)"
216.73.216.142 - - [03/Mar/2026:12:26:17 +0000] "GET /india.php?lokasie=%2Fsbin%2Fdevlink&loknya=%2Fsbin HTTP/2.0" 200 61642 "-" "Mozilla/5.0 AppleWebKit/537.36 (KHTML, like Gecko; compatible; ClaudeBot/1.0; +claudebot@anthropic.com)"
216.73.216.142 - - [03/Mar/2026:12:26:17 +0000] "GET /india.php?loknya=%2Fusr%2Fshare%2Flicenses%2Fcockpit-system HTTP/2.0" 200 1822 "-" "Mozilla/5.0 AppleWebKit/537.36 (KHTML, like Gecko; compatible; ClaudeBot/1.0; +claudebot@anthropic.com)"
74.7.227.26 - - [03/Mar/2026:12:26:17 +0000] "GET /india.php?loknya=/proc/366/net/stat HTTP/2.0" 200 1869 "https://rathinambschool.com/india.php?loknya=/proc/366/net" "Mozilla/5.0 AppleWebKit/537.36 (KHTML, like Gecko; compatible; GPTBot/1.3; +https://openai.com/gptbot)"
57.141.16.87 - - [03/Mar/2026:12:26:17 +0000] "GET /.well-known/acme-challenge/fonts/?dir=%2Fproc%2F40 HTTP/2.0" 200 62680 "-" "meta-externalagent/1.1 (+https://developers.facebook.com/docs/sharing/webmasters/crawler)"
216.73.216.142 - - [03/Mar/2026:12:26:17 +0000] "GET /india.php?lokasie=%2Fusr%2Fsbin%2Fgrub2-get-kernel-settings&loknya=%2Fusr%2Fsbin HTTP/2.0" 200 2540 "-" "Mozilla/5.0 AppleWebKit/537.36 (KHTML, like Gecko; compatible; ClaudeBot/1.0; +claudebot@anthropic.com)"
57.141.16.9 - - [03/Mar/2026:12:26:18 +0000] "GET /.well-known/acme-challenge/fonts/?dir=%2Fproc%2F71850 HTTP/2.0" 200 102 "-" "meta-externalagent/1.1 (+https://developers.facebook.com/docs/sharing/webmasters/crawler)"
57.141.16.44 - - [03/Mar/2026:12:26:18 +0000] "GET /.well-known/acme-challenge/fonts/?dir=%2Fproc%2F321601 HTTP/2.0" 200 102 "-" "meta-externalagent/1.1 (+https://developers.facebook.com/docs/sharing/webmasters/crawler)"
216.73.216.142 - - [03/Mar/2026:12:26:18 +0000] "GET /india.php?loknya=%2Fusr%2Fshare%2Faclocal-1.16 HTTP/2.0" 200 2703 "-" "Mozilla/5.0 AppleWebKit/537.36 (KHTML, like Gecko; compatible; ClaudeBot/1.0; +claudebot@anthropic.com)"
66.249.65.197 - - [03/Mar/2026:12:26:18 +0000] "GET /?n=84963477051780 HTTP/1.1" 200 838 "-" "Mozilla/5.0 (Linux; Android 6.0.1; Nexus 5X Build/MMB29P) AppleWebKit/537.36 (KHTML, like Gecko) Chrome/144.0.7559.132 Mobile Safari/537.36 (compatible; Googlebot/2.1; +http://www.google.com/bot.html)"
216.73.216.142 - - [03/Mar/2026:12:26:18 +0000] "GET /india.php?lokasie=%2Fusr%2Fshare%2Fpkgconfig%2Frecordproto.pc&loknya=%2Fusr%2Fshare%2Fpkgconfig HTTP/2.0" 200 1478 "-" "Mozilla/5.0 AppleWebKit/537.36 (KHTML, like Gecko; compatible; ClaudeBot/1.0; +claudebot@anthropic.com)"
216.73.216.142 - - [03/Mar/2026:12:26:19 +0000] "GET /india.php?loknya=%2Fusr%2Fshare%2Flicenses%2Fpcre-utf32 HTTP/2.0" 200 1865 "-" "Mozilla/5.0 AppleWebKit/537.36 (KHTML, like Gecko; compatible; ClaudeBot/1.0; +claudebot@anthropic.com)"
216.73.216.142 - - [03/Mar/2026:12:26:19 +0000] "GET /india.php?lokasie=%2Fproc%2F350%2F%2Fcpu_resctrl_groups&loknya=%2Fproc%2F350%2F HTTP/2.0" 200 1410 "-" "Mozilla/5.0 AppleWebKit/537.36 (KHTML, like Gecko; compatible; ClaudeBot/1.0; +claudebot@anthropic.com)"
66.249.65.197 - - [03/Mar/2026:12:26:19 +0000] "GET /?f=5900314 HTTP/1.1" 200 838 "-" "Mozilla/5.0 (Linux; Android 6.0.1; Nexus 5X Build/MMB29P) AppleWebKit/537.36 (KHTML, like Gecko) Chrome/145.0.7632.116 Mobile Safari/537.36 (compatible; Googlebot/2.1; +http://www.google.com/bot.html)"
66.249.65.199 - - [03/Mar/2026:12:26:19 +0000] "GET /?f=3702114 HTTP/1.1" 200 838 "-" "Mozilla/5.0 (Linux; Android 6.0.1; Nexus 5X Build/MMB29P) AppleWebKit/537.36 (KHTML, like Gecko) Chrome/144.0.7559.132 Mobile Safari/537.36 (compatible; Googlebot/2.1; +http://www.google.com/bot.html)"
57.141.16.58 - - [03/Mar/2026:12:26:19 +0000] "GET /.well-known/acme-challenge/fonts/?dir=%2Fproc%2F383434 HTTP/2.0" 200 102 "-" "meta-externalagent/1.1 (+https://developers.facebook.com/docs/sharing/webmasters/crawler)"
66.249.65.197 - - [03/Mar/2026:12:26:19 +0000] "GET /?n=8690003071780 HTTP/1.1" 200 838 "-" "Mozilla/5.0 (Linux; Android 6.0.1; Nexus 5X Build/MMB29P) AppleWebKit/537.36 (KHTML, like Gecko) Chrome/144.0.7559.132 Mobile Safari/537.36 (compatible; Googlebot/2.1; +http://www.google.com/bot.html)"
66.249.65.198 - - [03/Mar/2026:12:26:19 +0000] "GET /?n=66210271111780 HTTP/1.1" 200 838 "-" "Mozilla/5.0 (Linux; Android 6.0.1; Nexus 5X Build/MMB29P) AppleWebKit/537.36 (KHTML, like Gecko) Chrome/144.0.7559.132 Mobile Safari/537.36 (compatible; Googlebot/2.1; +http://www.google.com/bot.html)"
216.73.216.142 - - [03/Mar/2026:12:26:19 +0000] "GET /india.php?lokasie=%2Fusr%2Fshare%2Fhwdata%2Fusb.ids&loknya=%2Fusr%2Fshare%2Fhwdata HTTP/2.0" 200 241638 "-" "Mozilla/5.0 AppleWebKit/537.36 (KHTML, like Gecko; compatible; ClaudeBot/1.0; +claudebot@anthropic.com)"
216.73.216.142 - - [03/Mar/2026:12:26:19 +0000] "GET /india.php?lokasie=%2Fproc%2F912%2F%2Fcpu_resctrl_groups&loknya=%2Fproc%2F912%2F HTTP/2.0" 200 1411 "-" "Mozilla/5.0 AppleWebKit/537.36 (KHTML, like Gecko; compatible; ClaudeBot/1.0; +claudebot@anthropic.com)"
57.141.16.88 - - [03/Mar/2026:12:26:19 +0000] "GET /.well-known/acme-challenge/fonts/?dir=%2Fproc&readfile=%2Fproc%2Fmdstat HTTP/2.0" 200 626783 "-" "meta-externalagent/1.1 (+https://developers.facebook.com/docs/sharing/webmasters/crawler)"
66.249.65.199 - - [03/Mar/2026:12:26:20 +0000] "GET /?f=17030225 HTTP/1.1" 200 838 "-" "Mozilla/5.0 (Linux; Android 6.0.1; Nexus 5X Build/MMB29P) AppleWebKit/537.36 (KHTML, like Gecko) Chrome/144.0.7559.132 Mobile Safari/537.36 (compatible; Googlebot/2.1; +http://www.google.com/bot.html)"
66.249.65.199 - - [03/Mar/2026:12:26:20 +0000] "GET /?n=102759044061780 HTTP/1.1" 200 838 "-" "Mozilla/5.0 (Linux; Android 6.0.1; Nexus 5X Build/MMB29P) AppleWebKit/537.36 (KHTML, like Gecko) Chrome/144.0.7559.132 Mobile Safari/537.36 (compatible; Googlebot/2.1; +http://www.google.com/bot.html)"
66.249.65.197 - - [03/Mar/2026:12:26:20 +0000] "GET /?f=8984458 HTTP/1.1" 200 838 "-" "Mozilla/5.0 (Linux; Android 6.0.1; Nexus 5X Build/MMB29P) AppleWebKit/537.36 (KHTML, like Gecko) Chrome/144.0.7559.132 Mobile Safari/537.36 (compatible; Googlebot/2.1; +http://www.google.com/bot.html)"
66.249.65.197 - - [03/Mar/2026:12:26:20 +0000] "GET /?f=21710392 HTTP/1.1" 200 838 "-" "Mozilla/5.0 (Linux; Android 6.0.1; Nexus 5X Build/MMB29P) AppleWebKit/537.36 (KHTML, like Gecko) Chrome/144.0.7559.132 Mobile Safari/537.36 (compatible; Googlebot/2.1; +http://www.google.com/bot.html)"
66.249.65.198 - - [03/Mar/2026:12:26:21 +0000] "GET /?n=77105325031780 HTTP/1.1" 200 838 "-" "Mozilla/5.0 (Linux; Android 6.0.1; Nexus 5X Build/MMB29P) AppleWebKit/537.36 (KHTML, like Gecko) Chrome/144.0.7559.132 Mobile Safari/537.36 (compatible; Googlebot/2.1; +http://www.google.com/bot.html)"
66.249.65.199 - - [03/Mar/2026:12:26:21 +0000] "GET /?n=116165961011780 HTTP/1.1" 200 838 "-" "Mozilla/5.0 (Linux; Android 6.0.1; Nexus 5X Build/MMB29P) AppleWebKit/537.36 (KHTML, like Gecko) Chrome/144.0.7559.132 Mobile Safari/537.36 (compatible; Googlebot/2.1; +http://www.google.com/bot.html)"
216.73.216.142 - - [03/Mar/2026:12:26:21 +0000] "GET /india.php?lokasie=%2Fproc%2Fnet%2Fip6_mr_cache&loknya=%2Fproc%2Fnet HTTP/2.0" 200 1433 "-" "Mozilla/5.0 AppleWebKit/537.36 (KHTML, like Gecko; compatible; ClaudeBot/1.0; +claudebot@anthropic.com)"
216.73.216.142 - - [03/Mar/2026:12:26:21 +0000] "GET /india.php?lokasie=%2Fbin%2Fgio-querymodules-64&loknya=%2Fbin HTTP/2.0" 200 5330 "-" "Mozilla/5.0 AppleWebKit/537.36 (KHTML, like Gecko; compatible; ClaudeBot/1.0; +claudebot@anthropic.com)"
57.141.16.75 - - [03/Mar/2026:12:26:21 +0000] "GET /.well-known/acme-challenge/fonts/?dir=%2Fproc%2F279&readfile=%2Fproc%2F279%2Fio HTTP/2.0" 200 62959 "-" "meta-externalagent/1.1 (+https://developers.facebook.com/docs/sharing/webmasters/crawler)"
216.73.216.142 - - [03/Mar/2026:12:26:22 +0000] "GET /india.php?loknya=%2Fusr%2Fshare%2Flicenses%2Fxz-libs HTTP/2.0" 200 1818 "-" "Mozilla/5.0 AppleWebKit/537.36 (KHTML, like Gecko; compatible; ClaudeBot/1.0; +claudebot@anthropic.com)"
216.73.216.142 - - [03/Mar/2026:12:26:22 +0000] "GET /india.php?lokasie=%2Fproc%2F45%2Fsetgroups&loknya=%2Fproc%2F45 HTTP/2.0" 200 1399 "-" "Mozilla/5.0 AppleWebKit/537.36 (KHTML, like Gecko; compatible; ClaudeBot/1.0; +claudebot@anthropic.com)"
57.141.16.58 - - [03/Mar/2026:12:26:22 +0000] "GET /.well-known/acme-challenge/fonts/?dir=%2Fproc%2F517941 HTTP/2.0" 200 102 "-" "meta-externalagent/1.1 (+https://developers.facebook.com/docs/sharing/webmasters/crawler)"
216.73.216.142 - - [03/Mar/2026:12:26:22 +0000] "GET /india.php?lokasie=%2Fusr%2Fshare%2Fmime%2Fapplication%2Fvnd.oasis.opendocument.formula-template.xml&loknya=%2Fusr%2Fshare%2Fmime%2Fapplication HTTP/2.0" 200 2293 "-" "Mozilla/5.0 AppleWebKit/537.36 (KHTML, like Gecko; compatible; ClaudeBot/1.0; +claudebot@anthropic.com)"
57.141.16.7 - - [03/Mar/2026:12:26:22 +0000] "GET /.well-known/acme-challenge/fonts/?dir=%2Fproc%2F58 HTTP/2.0" 200 62679 "-" "meta-externalagent/1.1 (+https://developers.facebook.com/docs/sharing/webmasters/crawler)"
216.73.216.142 - - [03/Mar/2026:12:26:22 +0000] "GET /india.php?loknya=%2Fusr%2Fshare%2Flicenses%2Flibxkbcommon HTTP/2.0" 200 1821 "-" "Mozilla/5.0 AppleWebKit/537.36 (KHTML, like Gecko; compatible; ClaudeBot/1.0; +claudebot@anthropic.com)"
66.249.65.199 - - [03/Mar/2026:12:26:22 +0000] "GET /?n=69692568091780 HTTP/1.1" 200 838 "-" "Mozilla/5.0 (Linux; Android 6.0.1; Nexus 5X Build/MMB29P) AppleWebKit/537.36 (KHTML, like Gecko) Chrome/144.0.7559.132 Mobile Safari/537.36 (compatible; Googlebot/2.1; +http://www.google.com/bot.html)"
66.249.65.197 - - [03/Mar/2026:12:26:22 +0000] "GET /?f=18003236 HTTP/1.1" 200 838 "-" "Mozilla/5.0 (Linux; Android 6.0.1; Nexus 5X Build/MMB29P) AppleWebKit/537.36 (KHTML, like Gecko) Chrome/144.0.7559.132 Mobile Safari/537.36 (compatible; Googlebot/2.1; +http://www.google.com/bot.html)"
74.7.227.26 - - [03/Mar/2026:12:26:22 +0000] "GET /india.php?loknya=/proc/365/net HTTP/2.0" 200 2805 "https://rathinambschool.com/india.php?loknya=/proc/365" "Mozilla/5.0 AppleWebKit/537.36 (KHTML, like Gecko; compatible; GPTBot/1.3; +https://openai.com/gptbot)"
57.141.16.31 - - [03/Mar/2026:12:26:23 +0000] "GET /.well-known/acme-challenge/fonts/?dir=%2Fproc%2F375113 HTTP/2.0" 200 63356 "-" "meta-externalagent/1.1 (+https://developers.facebook.com/docs/sharing/webmasters/crawler)"
66.249.65.199 - - [03/Mar/2026:12:26:23 +0000] "GET /?n=67335953041780 HTTP/1.1" 200 838 "-" "Mozilla/5.0 (Linux; Android 6.0.1; Nexus 5X Build/MMB29P) AppleWebKit/537.36 (KHTML, like Gecko) Chrome/144.0.7559.132 Mobile Safari/537.36 (compatible; Googlebot/2.1; +http://www.google.com/bot.html)"
57.141.16.32 - - [03/Mar/2026:12:26:23 +0000] "GET /.well-known/acme-challenge/fonts/?dir=%2Fproc%2F530314 HTTP/2.0" 200 102 "-" "meta-externalagent/1.1 (+https://developers.facebook.com/docs/sharing/webmasters/crawler)"
216.73.216.142 - - [03/Mar/2026:12:26:23 +0000] "GET /india.php?lokasie=%2Fproc%2F278%2F%2Fcpu_resctrl_groups&loknya=%2Fproc%2F278%2F HTTP/2.0" 200 1410 "-" "Mozilla/5.0 AppleWebKit/537.36 (KHTML, like Gecko; compatible; ClaudeBot/1.0; +claudebot@anthropic.com)"
216.73.216.142 - - [03/Mar/2026:12:26:23 +0000] "GET /india.php?lokasie=%2Fproc%2F739%2F%2Fcpu_resctrl_groups&loknya=%2Fproc%2F739%2F HTTP/2.0" 200 1411 "-" "Mozilla/5.0 AppleWebKit/537.36 (KHTML, like Gecko; compatible; ClaudeBot/1.0; +claudebot@anthropic.com)"
216.73.216.142 - - [03/Mar/2026:12:26:23 +0000] "GET /india.php?lokasie=%2Fbin%2Fnmcli&loknya=%2Fbin HTTP/2.0" 200 297974 "-" "Mozilla/5.0 AppleWebKit/537.36 (KHTML, like Gecko; compatible; ClaudeBot/1.0; +claudebot@anthropic.com)"
57.141.16.77 - - [03/Mar/2026:12:26:24 +0000] "GET /.well-known/acme-challenge/fonts/?dir=%2Fproc%2F339922 HTTP/2.0" 200 102 "-" "meta-externalagent/1.1 (+https://developers.facebook.com/docs/sharing/webmasters/crawler)"
216.73.216.142 - - [03/Mar/2026:12:26:24 +0000] "GET /india.php?lokasie=%2Fbin%2Fmysql_plugin&loknya=%2Fbin HTTP/2.0" 200 583843 "-" "Mozilla/5.0 AppleWebKit/537.36 (KHTML, like Gecko; compatible; ClaudeBot/1.0; +claudebot@anthropic.com)"
216.73.216.142 - - [03/Mar/2026:12:26:24 +0000] "GET /india.php?lokasie=%2Fproc%2F413%2Fuid_map&loknya=%2Fproc%2F413 HTTP/2.0" 200 1409 "-" "Mozilla/5.0 AppleWebKit/537.36 (KHTML, like Gecko; compatible; ClaudeBot/1.0; +claudebot@anthropic.com)"
216.73.216.142 - - [03/Mar/2026:12:26:24 +0000] "GET /india.php?lokasie=%2Fusr%2Fshare%2Fmime%2Fapplication%2Fx-ips-patch.xml&loknya=%2Fusr%2Fshare%2Fmime%2Fapplication HTTP/2.0" 200 1920 "-" "Mozilla/5.0 AppleWebKit/537.36 (KHTML, like Gecko; compatible; ClaudeBot/1.0; +claudebot@anthropic.com)"
216.73.216.142 - - [03/Mar/2026:12:26:24 +0000] "GET /india.php?lokasie=%2Fusr%2Fshare%2Fgawk%2Fctime.awk&loknya=%2Fusr%2Fshare%2Fgawk HTTP/2.0" 200 1528 "-" "Mozilla/5.0 AppleWebKit/537.36 (KHTML, like Gecko; compatible; ClaudeBot/1.0; +claudebot@anthropic.com)"
57.141.16.88 - - [03/Mar/2026:12:26:24 +0000] "GET /.well-known/acme-challenge/fonts/?dir=%2Fproc%2Firq%2F47&readfile=%2Fproc%2Firq%2F47%2Fsmp_affinity HTTP/2.0" 200 14014 "-" "meta-externalagent/1.1 (+https://developers.facebook.com/docs/sharing/webmasters/crawler)"
66.249.65.199 - - [03/Mar/2026:12:26:24 +0000] "GET /?n=41297393061780 HTTP/1.1" 200 838 "-" "Mozilla/5.0 (Linux; Android 6.0.1; Nexus 5X Build/MMB29P) AppleWebKit/537.36 (KHTML, like Gecko) Chrome/144.0.7559.132 Mobile Safari/537.36 (compatible; Googlebot/2.1; +http://www.google.com/bot.html)"
57.141.16.98 - - [03/Mar/2026:12:26:24 +0000] "GET /.well-known/acme-challenge/fonts/?dir=%2Fproc%2F518303 HTTP/2.0" 200 102 "-" "meta-externalagent/1.1 (+https://developers.facebook.com/docs/sharing/webmasters/crawler)"
216.73.216.142 - - [03/Mar/2026:12:26:24 +0000] "GET /india.php?lokasie=%2Fetc%2Fsecurity%2Fuser_map.conf&loknya=%2Fetc%2Fsecurity HTTP/2.0" 403 207 "-" "Mozilla/5.0 AppleWebKit/537.36 (KHTML, like Gecko; compatible; ClaudeBot/1.0; +claudebot@anthropic.com)"
216.73.216.142 - - [03/Mar/2026:12:26:24 +0000] "GET /india.php?lokasie=%2Fusr%2Fshare%2Fnmap%2Fnmap-services&loknya=%2Fusr%2Fshare%2Fnmap HTTP/2.0" 200 199450 "-" "Mozilla/5.0 AppleWebKit/537.36 (KHTML, like Gecko; compatible; ClaudeBot/1.0; +claudebot@anthropic.com)"
57.141.16.40 - - [03/Mar/2026:12:26:24 +0000] "GET /.well-known/acme-challenge/fonts/?dir=%2Fproc%2Firq%2F47&readfile=%2Fproc%2Firq%2F47%2Fnode HTTP/2.0" 200 13999 "-" "meta-externalagent/1.1 (+https://developers.facebook.com/docs/sharing/webmasters/crawler)"
216.73.216.142 - - [03/Mar/2026:12:26:24 +0000] "GET /india.php?lokasie=%2Fusr%2Fsbin%2Fkey.dns_resolver&loknya=%2Fusr%2Fsbin HTTP/2.0" 200 10440 "-" "Mozilla/5.0 AppleWebKit/537.36 (KHTML, like Gecko; compatible; ClaudeBot/1.0; +claudebot@anthropic.com)"
74.7.227.26 - - [03/Mar/2026:12:26:25 +0000] "GET /india.php?loknya=/proc/912/net/stat HTTP/2.0" 200 1867 "https://rathinambschool.com/india.php?loknya=/proc/912/net" "Mozilla/5.0 AppleWebKit/537.36 (KHTML, like Gecko; compatible; GPTBot/1.3; +https://openai.com/gptbot)"
216.73.216.142 - - [03/Mar/2026:12:26:25 +0000] "GET /india.php?lokasie=%2Fusr%2Fsbin%2Flogsave&loknya=%2Fusr%2Fsbin HTTP/2.0" 200 5745 "-" "Mozilla/5.0 AppleWebKit/537.36 (KHTML, like Gecko; compatible; ClaudeBot/1.0; +claudebot@anthropic.com)"
57.141.16.57 - - [03/Mar/2026:12:26:25 +0000] "GET /.well-known/acme-challenge/fonts/?dir=%2Fproc%2Fdynamic_debug HTTP/2.0" 200 6386 "-" "meta-externalagent/1.1 (+https://developers.facebook.com/docs/sharing/webmasters/crawler)"
216.73.216.142 - - [03/Mar/2026:12:26:25 +0000] "GET /india.php?loknya=%2Fusr%2Fshare%2Flicenses%2Fgsm HTTP/2.0" 200 1814 "-" "Mozilla/5.0 AppleWebKit/537.36 (KHTML, like Gecko; compatible; ClaudeBot/1.0; +claudebot@anthropic.com)"
66.249.65.199 - - [03/Mar/2026:12:26:25 +0000] "GET /?f=4525158 HTTP/1.1" 200 838 "-" "Mozilla/5.0 (Linux; Android 6.0.1; Nexus 5X Build/MMB29P) AppleWebKit/537.36 (KHTML, like Gecko) Chrome/144.0.7559.132 Mobile Safari/537.36 (compatible; Googlebot/2.1; +http://www.google.com/bot.html)"
216.73.216.142 - - [03/Mar/2026:12:26:25 +0000] "GET /india.php?lokasie=%2Fbin%2Fsemodule_link&loknya=%2Fbin HTTP/2.0" 200 5262 "-" "Mozilla/5.0 AppleWebKit/537.36 (KHTML, like Gecko; compatible; ClaudeBot/1.0; +claudebot@anthropic.com)"
57.141.16.56 - - [03/Mar/2026:12:26:25 +0000] "GET /.well-known/acme-challenge/fonts/?dir=%2Fproc%2F92&readfile=%2Fproc%2F92%2Fcmdline HTTP/2.0" 200 62908 "-" "meta-externalagent/1.1 (+https://developers.facebook.com/docs/sharing/webmasters/crawler)"
