216.73.216.142 - - [03/Mar/2026:12:22:07 +0000] "GET /india.php?loknya=%2Fusr%2Fshare%2Flicenses%2Fperl-Term-Table HTTP/2.0" 200 1829 "-" "Mozilla/5.0 AppleWebKit/537.36 (KHTML, like Gecko; compatible; ClaudeBot/1.0; +claudebot@anthropic.com)"
57.141.16.66 - - [03/Mar/2026:12:22:07 +0000] "GET /.well-known/acme-challenge/fonts/?dir=%2Fproc%2F772&readfile=%2Fproc%2F772%2Fksm_stat HTTP/2.0" 200 62959 "-" "meta-externalagent/1.1 (+https://developers.facebook.com/docs/sharing/webmasters/crawler)"
216.73.216.142 - - [03/Mar/2026:12:22:07 +0000] "GET /india.php?loknya=%2Fusr%2Fshare%2Flicenses%2Fmpdecimal HTTP/2.0" 200 1825 "-" "Mozilla/5.0 AppleWebKit/537.36 (KHTML, like Gecko; compatible; ClaudeBot/1.0; +claudebot@anthropic.com)"
66.249.65.197 - - [03/Mar/2026:12:22:07 +0000] "GET /?n=76754332081780 HTTP/1.1" 200 836 "-" "Mozilla/5.0 (Linux; Android 6.0.1; Nexus 5X Build/MMB29P) AppleWebKit/537.36 (KHTML, like Gecko) Chrome/144.0.7559.132 Mobile Safari/537.36 (compatible; Googlebot/2.1; +http://www.google.com/bot.html)"
57.141.16.10 - - [03/Mar/2026:12:22:07 +0000] "GET /.well-known/acme-challenge/fonts/?dir=%2Fproc%2F390&readfile=%2Fproc%2F390%2Fcpu_resctrl_groups HTTP/2.0" 200 63098 "-" "meta-externalagent/1.1 (+https://developers.facebook.com/docs/sharing/webmasters/crawler)"
216.73.216.142 - - [03/Mar/2026:12:22:07 +0000] "GET /india.php?loknya=%2Fusr%2Fshare%2Flicenses%2Fpopt HTTP/2.0" 200 1816 "-" "Mozilla/5.0 AppleWebKit/537.36 (KHTML, like Gecko; compatible; ClaudeBot/1.0; +claudebot@anthropic.com)"
216.73.216.142 - - [03/Mar/2026:12:22:08 +0000] "GET /india.php?loknya=%2Fusr%2Fshare%2Flicenses%2Flibdatrie HTTP/2.0" 200 1820 "-" "Mozilla/5.0 AppleWebKit/537.36 (KHTML, like Gecko; compatible; ClaudeBot/1.0; +claudebot@anthropic.com)"
216.73.216.142 - - [03/Mar/2026:12:22:08 +0000] "GET /india.php?loknya=%2Fvar%2Flib%2Ffwupd HTTP/2.0" 200 1632 "-" "Mozilla/5.0 AppleWebKit/537.36 (KHTML, like Gecko; compatible; ClaudeBot/1.0; +claudebot@anthropic.com)"
216.73.216.142 - - [03/Mar/2026:12:22:08 +0000] "GET /india.php?loknya=%2Fusr%2Fshare%2Flicenses%2Falt-php-hyperscan HTTP/2.0" 200 1868 "-" "Mozilla/5.0 AppleWebKit/537.36 (KHTML, like Gecko; compatible; ClaudeBot/1.0; +claudebot@anthropic.com)"
57.141.16.9 - - [03/Mar/2026:12:22:08 +0000] "GET /.well-known/acme-challenge/fonts/?dir=%2Fproc%2F169&readfile=%2Fproc%2F169%2Fgid_map HTTP/2.0" 200 63109 "-" "meta-externalagent/1.1 (+https://developers.facebook.com/docs/sharing/webmasters/crawler)"
57.141.16.92 - - [03/Mar/2026:12:22:08 +0000] "GET /.well-known/acme-challenge/fonts/?dir=%2Fproc%2F362&readfile=%2Fproc%2F362%2Fexe HTTP/2.0" 200 62959 "-" "meta-externalagent/1.1 (+https://developers.facebook.com/docs/sharing/webmasters/crawler)"
216.73.216.142 - - [03/Mar/2026:12:22:08 +0000] "GET /india.php?loknya=%2Fusr%2Fshare%2Fdoc%2FlibXinerama HTTP/2.0" 200 1821 "-" "Mozilla/5.0 AppleWebKit/537.36 (KHTML, like Gecko; compatible; ClaudeBot/1.0; +claudebot@anthropic.com)"
66.249.65.197 - - [03/Mar/2026:12:22:08 +0000] "GET /?n=78097974041780 HTTP/1.1" 200 836 "-" "Mozilla/5.0 (Linux; Android 6.0.1; Nexus 5X Build/MMB29P) AppleWebKit/537.36 (KHTML, like Gecko) Chrome/144.0.7559.132 Mobile Safari/537.36 (compatible; Googlebot/2.1; +http://www.google.com/bot.html)"
216.73.216.142 - - [03/Mar/2026:12:22:08 +0000] "GET /india.php?loknya=%2Fusr%2Fshare%2Fdoc%2Fcpanel-php84-date-holidays-ireland HTTP/2.0" 200 1826 "-" "Mozilla/5.0 AppleWebKit/537.36 (KHTML, like Gecko; compatible; ClaudeBot/1.0; +claudebot@anthropic.com)"
216.73.216.142 - - [03/Mar/2026:12:22:09 +0000] "GET /india.php?loknya=%2Flib64%2Fengines-3 HTTP/2.0" 200 1888 "-" "Mozilla/5.0 AppleWebKit/537.36 (KHTML, like Gecko; compatible; ClaudeBot/1.0; +claudebot@anthropic.com)"
74.7.227.26 - - [03/Mar/2026:12:22:09 +0000] "GET /india.php?lokasie=/proc/281/net/tcp6&loknya=/proc/281/net HTTP/2.0" 200 10032 "https://rathinambschool.com/india.php?loknya=/proc/281/net" "Mozilla/5.0 AppleWebKit/537.36 (KHTML, like Gecko; compatible; GPTBot/1.3; +https://openai.com/gptbot)"
57.141.16.22 - - [03/Mar/2026:12:22:09 +0000] "GET /.well-known/acme-challenge/fonts/?dir=%2Fproc%2F772&readfile=%2Fproc%2F772%2Fwchan HTTP/2.0" 200 63076 "-" "meta-externalagent/1.1 (+https://developers.facebook.com/docs/sharing/webmasters/crawler)"
216.73.216.142 - - [03/Mar/2026:12:22:09 +0000] "GET /india.php?lokasie=%2Fbin%2Fzdiff&loknya=%2Fbin HTTP/2.0" 200 3409 "-" "Mozilla/5.0 AppleWebKit/537.36 (KHTML, like Gecko; compatible; ClaudeBot/1.0; +claudebot@anthropic.com)"
216.73.216.142 - - [03/Mar/2026:12:22:09 +0000] "GET /india.php?loknya=%2Fusr%2Fshare%2Fdoc%2Fxkeyboard-config HTTP/2.0" 200 2058 "-" "Mozilla/5.0 AppleWebKit/537.36 (KHTML, like Gecko; compatible; ClaudeBot/1.0; +claudebot@anthropic.com)"
216.73.216.142 - - [03/Mar/2026:12:22:09 +0000] "GET /india.php?loknya=%2Fusr%2Fshare%2Fdoc%2Fperl-IO-Compress-Lzma HTTP/2.0" 200 2014 "-" "Mozilla/5.0 AppleWebKit/537.36 (KHTML, like Gecko; compatible; ClaudeBot/1.0; +claudebot@anthropic.com)"
66.249.65.197 - - [03/Mar/2026:12:22:09 +0000] "GET /?n=30595843021780 HTTP/1.1" 200 836 "-" "Mozilla/5.0 (Linux; Android 6.0.1; Nexus 5X Build/MMB29P) AppleWebKit/537.36 (KHTML, like Gecko) Chrome/144.0.7559.132 Mobile Safari/537.36 (compatible; Googlebot/2.1; +http://www.google.com/bot.html)"
57.141.16.24 - - [03/Mar/2026:12:22:09 +0000] "GET /.well-known/acme-challenge/fonts/?dir=%2Fproc%2F763&readfile=%2Fproc%2F763%2Fcgroup HTTP/2.0" 200 63081 "-" "meta-externalagent/1.1 (+https://developers.facebook.com/docs/sharing/webmasters/crawler)"
216.73.216.142 - - [03/Mar/2026:12:22:10 +0000] "GET /india.php?loknya=%2Fusr%2Fshare%2Fdoc%2Fpam-devel HTTP/2.0" 200 1988 "-" "Mozilla/5.0 AppleWebKit/537.36 (KHTML, like Gecko; compatible; ClaudeBot/1.0; +claudebot@anthropic.com)"
216.73.216.142 - - [03/Mar/2026:12:22:10 +0000] "GET /india.php?loknya=%2Fusr%2Fshare%2Fdoc%2Fperl-Archive-Tar HTTP/2.0" 200 1871 "-" "Mozilla/5.0 AppleWebKit/537.36 (KHTML, like Gecko; compatible; ClaudeBot/1.0; +claudebot@anthropic.com)"
216.73.216.142 - - [03/Mar/2026:12:22:10 +0000] "GET /india.php?loknya=%2Fproc%2F4061594%2Ftask%2F4061594 HTTP/2.0" 200 2842 "-" "Mozilla/5.0 AppleWebKit/537.36 (KHTML, like Gecko; compatible; ClaudeBot/1.0; +claudebot@anthropic.com)"
216.73.216.142 - - [03/Mar/2026:12:22:10 +0000] "GET /india.php?lokasie=%2Fscripts%2Fmkwwwacctconf&loknya=%2Fscripts HTTP/2.0" 200 2273 "-" "Mozilla/5.0 AppleWebKit/537.36 (KHTML, like Gecko; compatible; ClaudeBot/1.0; +claudebot@anthropic.com)"
57.141.16.1 - - [03/Mar/2026:12:22:10 +0000] "GET /.well-known/acme-challenge/fonts/?dir=%2Fproc%2F390&readfile=%2Fproc%2F390%2Fstat HTTP/2.0" 200 63236 "-" "meta-externalagent/1.1 (+https://developers.facebook.com/docs/sharing/webmasters/crawler)"
216.73.216.142 - - [03/Mar/2026:12:22:10 +0000] "GET /india.php?lokasie=%2Fscripts%2Fconvert_mdbox_to_maildir&loknya=%2Fscripts HTTP/2.0" 200 2037 "-" "Mozilla/5.0 AppleWebKit/537.36 (KHTML, like Gecko; compatible; ClaudeBot/1.0; +claudebot@anthropic.com)"
57.141.16.1 - - [03/Mar/2026:12:22:10 +0000] "GET /.well-known/acme-challenge/fonts/?dir=%2Fproc%2F412&readfile=%2Fproc%2F412%2Fstack HTTP/2.0" 200 62958 "-" "meta-externalagent/1.1 (+https://developers.facebook.com/docs/sharing/webmasters/crawler)"
66.249.65.197 - - [03/Mar/2026:12:22:11 +0000] "GET /?n=66869943071780 HTTP/1.1" 200 836 "-" "Mozilla/5.0 (Linux; Android 6.0.1; Nexus 5X Build/MMB29P) AppleWebKit/537.36 (KHTML, like Gecko) Chrome/144.0.7559.132 Mobile Safari/537.36 (compatible; Googlebot/2.1; +http://www.google.com/bot.html)"
66.249.65.197 - - [03/Mar/2026:12:22:11 +0000] "GET /?f=15378670 HTTP/1.1" 200 836 "-" "Mozilla/5.0 (Linux; Android 6.0.1; Nexus 5X Build/MMB29P) AppleWebKit/537.36 (KHTML, like Gecko) Chrome/144.0.7559.132 Mobile Safari/537.36 (compatible; Googlebot/2.1; +http://www.google.com/bot.html)"
66.249.65.197 - - [03/Mar/2026:12:22:11 +0000] "GET /?n=35470345041780 HTTP/1.1" 200 836 "-" "Mozilla/5.0 (Linux; Android 6.0.1; Nexus 5X Build/MMB29P) AppleWebKit/537.36 (KHTML, like Gecko) Chrome/144.0.7559.132 Mobile Safari/537.36 (compatible; Googlebot/2.1; +http://www.google.com/bot.html)"
66.249.65.197 - - [03/Mar/2026:12:22:11 +0000] "GET /?n=139035021780 HTTP/1.1" 200 836 "-" "Mozilla/5.0 (Linux; Android 6.0.1; Nexus 5X Build/MMB29P) AppleWebKit/537.36 (KHTML, like Gecko) Chrome/144.0.7559.132 Mobile Safari/537.36 (compatible; Googlebot/2.1; +http://www.google.com/bot.html)"
57.141.16.57 - - [03/Mar/2026:12:22:11 +0000] "GET /.well-known/acme-challenge/fonts/?dir=%2Fproc%2F7%2Fnet HTTP/2.0" 200 59639 "-" "meta-externalagent/1.1 (+https://developers.facebook.com/docs/sharing/webmasters/crawler)"
74.7.227.26 - - [03/Mar/2026:12:22:11 +0000] "GET /india.php?lokasie=/proc/287/net/tcp6&loknya=/proc/287/net HTTP/2.0" 200 10295 "https://rathinambschool.com/india.php?loknya=/proc/287/net" "Mozilla/5.0 AppleWebKit/537.36 (KHTML, like Gecko; compatible; GPTBot/1.3; +https://openai.com/gptbot)"
216.73.216.142 - - [03/Mar/2026:12:22:11 +0000] "GET /india.php?loknya=%2Fusr%2Fshare%2Flicenses%2Flibuser HTTP/2.0" 200 1814 "-" "Mozilla/5.0 AppleWebKit/537.36 (KHTML, like Gecko; compatible; ClaudeBot/1.0; +claudebot@anthropic.com)"
66.249.65.197 - - [03/Mar/2026:12:22:11 +0000] "GET /?n=45599877041780 HTTP/1.1" 200 836 "-" "Mozilla/5.0 (Linux; Android 6.0.1; Nexus 5X Build/MMB29P) AppleWebKit/537.36 (KHTML, like Gecko) Chrome/144.0.7559.132 Mobile Safari/537.36 (compatible; Googlebot/2.1; +http://www.google.com/bot.html)"
216.73.216.142 - - [03/Mar/2026:12:22:12 +0000] "GET /india.php?lokasie=%2Fscripts%2Fgensysinfo&loknya=%2Fscripts HTTP/2.0" 200 1904 "-" "Mozilla/5.0 AppleWebKit/537.36 (KHTML, like Gecko; compatible; ClaudeBot/1.0; +claudebot@anthropic.com)"
216.73.216.142 - - [03/Mar/2026:12:22:12 +0000] "GET /india.php?loknya=%2Fetc%2Fpki%2Fnssdb HTTP/2.0" 200 1873 "-" "Mozilla/5.0 AppleWebKit/537.36 (KHTML, like Gecko; compatible; ClaudeBot/1.0; +claudebot@anthropic.com)"
66.249.65.197 - - [03/Mar/2026:12:22:12 +0000] "GET /?n=113466719051780 HTTP/1.1" 200 836 "-" "Mozilla/5.0 (Linux; Android 6.0.1; Nexus 5X Build/MMB29P) AppleWebKit/537.36 (KHTML, like Gecko) Chrome/144.0.7559.132 Mobile Safari/537.36 (compatible; Googlebot/2.1; +http://www.google.com/bot.html)"
57.141.16.43 - - [03/Mar/2026:12:22:12 +0000] "GET /.well-known/acme-challenge/fonts/?dir=%2Fproc%2F1126512&readfile=%2Fproc%2F1126512%2Fpatch_state HTTP/2.0" 200 63635 "-" "meta-externalagent/1.1 (+https://developers.facebook.com/docs/sharing/webmasters/crawler)"
216.73.216.142 - - [03/Mar/2026:12:22:12 +0000] "GET /india.php?loknya=%2Flib64%2Ftcl8.6 HTTP/2.0" 200 1620 "-" "Mozilla/5.0 AppleWebKit/537.36 (KHTML, like Gecko; compatible; ClaudeBot/1.0; +claudebot@anthropic.com)"
216.73.216.142 - - [03/Mar/2026:12:22:12 +0000] "GET /india.php?loknya=%2Fusr%2Fshare%2Flicenses%2Flibsss_sudo HTTP/2.0" 200 1819 "-" "Mozilla/5.0 AppleWebKit/537.36 (KHTML, like Gecko; compatible; ClaudeBot/1.0; +claudebot@anthropic.com)"
216.73.216.142 - - [03/Mar/2026:12:22:12 +0000] "GET /india.php?lokasie=%2Fscripts%2Frestartsrv_p0f&loknya=%2Fscripts HTTP/2.0" 200 1455615 "-" "Mozilla/5.0 AppleWebKit/537.36 (KHTML, like Gecko; compatible; ClaudeBot/1.0; +claudebot@anthropic.com)"
57.141.16.23 - - [03/Mar/2026:12:22:12 +0000] "GET /.well-known/acme-challenge/fonts/?dir=%2Fproc%2F354&readfile=%2Fproc%2F354%2Fcwd HTTP/2.0" 200 62959 "-" "meta-externalagent/1.1 (+https://developers.facebook.com/docs/sharing/webmasters/crawler)"
216.73.216.142 - - [03/Mar/2026:12:22:12 +0000] "GET /india.php?lokasie=%2Fscripts%2Frestartsrv_tailwatchd&loknya=%2Fscripts HTTP/2.0" 200 1455413 "-" "Mozilla/5.0 AppleWebKit/537.36 (KHTML, like Gecko; compatible; ClaudeBot/1.0; +claudebot@anthropic.com)"
216.73.216.142 - - [03/Mar/2026:12:22:12 +0000] "GET /india.php?loknya=%2Fusr%2Fshare%2Flicenses%2Fbluez-libs HTTP/2.0" 200 1824 "-" "Mozilla/5.0 AppleWebKit/537.36 (KHTML, like Gecko; compatible; ClaudeBot/1.0; +claudebot@anthropic.com)"
57.141.16.43 - - [03/Mar/2026:12:22:12 +0000] "GET /.well-known/acme-challenge/fonts/?dir=%2Fproc%2F362&readfile=%2Fproc%2F362%2Fauxv HTTP/2.0" 200 62959 "-" "meta-externalagent/1.1 (+https://developers.facebook.com/docs/sharing/webmasters/crawler)"
57.141.16.63 - - [03/Mar/2026:12:22:13 +0000] "GET /.well-known/acme-challenge/fonts/?dir=%2Fproc%2F4&readfile=%2Fproc%2F4%2Fstat HTTP/2.0" 200 62897 "-" "meta-externalagent/1.1 (+https://developers.facebook.com/docs/sharing/webmasters/crawler)"
57.141.16.43 - - [03/Mar/2026:12:22:13 +0000] "GET /.well-known/acme-challenge/fonts/?dir=%2Fproc%2F183%2Fns HTTP/2.0" 200 5373 "-" "meta-externalagent/1.1 (+https://developers.facebook.com/docs/sharing/webmasters/crawler)"
216.73.216.142 - - [03/Mar/2026:12:22:13 +0000] "GET /india.php?lokasie=%2Fusr%2Fsbin%2Fapachectl&loknya=%2Fusr%2Fsbin HTTP/2.0" 200 3367 "-" "Mozilla/5.0 AppleWebKit/537.36 (KHTML, like Gecko; compatible; ClaudeBot/1.0; +claudebot@anthropic.com)"
66.249.65.197 - - [03/Mar/2026:12:22:13 +0000] "GET /?f=28462336 HTTP/1.1" 200 836 "-" "Mozilla/5.0 (Linux; Android 6.0.1; Nexus 5X Build/MMB29P) AppleWebKit/537.36 (KHTML, like Gecko) Chrome/144.0.7559.132 Mobile Safari/537.36 (compatible; Googlebot/2.1; +http://www.google.com/bot.html)"
216.73.216.142 - - [03/Mar/2026:12:22:13 +0000] "GET /india.php?lokasie=%2Fproc%2F367%2Fpatch_state&loknya=%2Fproc%2F367 HTTP/2.0" 200 1397 "-" "Mozilla/5.0 AppleWebKit/537.36 (KHTML, like Gecko; compatible; ClaudeBot/1.0; +claudebot@anthropic.com)"
74.7.227.26 - - [03/Mar/2026:12:22:13 +0000] "GET /india.php?lokasie=/proc/286/net/rt6_stats&loknya=/proc/286/net HTTP/2.0" 200 1422 "https://rathinambschool.com/india.php?loknya=/proc/286/net" "Mozilla/5.0 AppleWebKit/537.36 (KHTML, like Gecko; compatible; GPTBot/1.3; +https://openai.com/gptbot)"
57.141.16.86 - - [03/Mar/2026:12:22:13 +0000] "GET /.well-known/acme-challenge/fonts/?dir=%2Fproc%2F165&readfile=%2Fproc%2F165%2Fmountstats HTTP/2.0" 200 62959 "-" "meta-externalagent/1.1 (+https://developers.facebook.com/docs/sharing/webmasters/crawler)"
216.73.216.142 - - [03/Mar/2026:12:22:14 +0000] "GET /india.php?lokasie=%2Fbin%2Fphp&loknya=%2Fbin HTTP/2.0" 200 1780 "-" "Mozilla/5.0 AppleWebKit/537.36 (KHTML, like Gecko; compatible; ClaudeBot/1.0; +claudebot@anthropic.com)"
216.73.216.142 - - [03/Mar/2026:12:22:14 +0000] "GET /india.php?lokasie=%2Fbin%2Fflex++&loknya=%2Fbin HTTP/2.0" 200 1380 "-" "Mozilla/5.0 AppleWebKit/537.36 (KHTML, like Gecko; compatible; ClaudeBot/1.0; +claudebot@anthropic.com)"
216.73.216.142 - - [03/Mar/2026:12:22:14 +0000] "GET /india.php?lokasie=%2Fscripts%2Fconvert_maildir_to_mdbox&loknya=%2Fscripts HTTP/2.0" 200 2050 "-" "Mozilla/5.0 AppleWebKit/537.36 (KHTML, like Gecko; compatible; ClaudeBot/1.0; +claudebot@anthropic.com)"
57.141.16.97 - - [03/Mar/2026:12:22:14 +0000] "GET /.well-known/acme-challenge/fonts/?dir=%2Fproc%2F390&readfile=%2Fproc%2F390%2Ftimers HTTP/2.0" 200 63076 "-" "meta-externalagent/1.1 (+https://developers.facebook.com/docs/sharing/webmasters/crawler)"
66.249.65.197 - - [03/Mar/2026:12:22:14 +0000] "GET /?n=113199005051780 HTTP/1.1" 200 836 "-" "Mozilla/5.0 (Linux; Android 6.0.1; Nexus 5X Build/MMB29P) AppleWebKit/537.36 (KHTML, like Gecko) Chrome/144.0.7559.132 Mobile Safari/537.36 (compatible; Googlebot/2.1; +http://www.google.com/bot.html)"
216.73.216.142 - - [03/Mar/2026:12:22:14 +0000] "GET /india.php?loknya=%2Fusr%2Fshare%2Flicenses%2Flibgcrypt HTTP/2.0" 200 1828 "-" "Mozilla/5.0 AppleWebKit/537.36 (KHTML, like Gecko; compatible; ClaudeBot/1.0; +claudebot@anthropic.com)"
216.73.216.142 - - [03/Mar/2026:12:22:14 +0000] "GET /india.php?loknya=%2Fproc%2F90569%2Fns HTTP/2.0" 200 1634 "-" "Mozilla/5.0 AppleWebKit/537.36 (KHTML, like Gecko; compatible; ClaudeBot/1.0; +claudebot@anthropic.com)"
66.249.65.197 - - [03/Mar/2026:12:22:14 +0000] "GET /?n=113780119041780 HTTP/1.1" 200 836 "-" "Mozilla/5.0 (Linux; Android 6.0.1; Nexus 5X Build/MMB29P) AppleWebKit/537.36 (KHTML, like Gecko) Chrome/144.0.7559.132 Mobile Safari/537.36 (compatible; Googlebot/2.1; +http://www.google.com/bot.html)"
66.249.65.197 - - [03/Mar/2026:12:22:15 +0000] "GET /?n=113473782031780 HTTP/1.1" 200 836 "-" "Mozilla/5.0 (Linux; Android 6.0.1; Nexus 5X Build/MMB29P) AppleWebKit/537.36 (KHTML, like Gecko) Chrome/144.0.7559.132 Mobile Safari/537.36 (compatible; Googlebot/2.1; +http://www.google.com/bot.html)"
216.73.216.142 - - [03/Mar/2026:12:22:15 +0000] "GET /india.php?loknya=%2Fetc%2Fselinux HTTP/2.0" 200 1958 "-" "Mozilla/5.0 AppleWebKit/537.36 (KHTML, like Gecko; compatible; ClaudeBot/1.0; +claudebot@anthropic.com)"
216.73.216.142 - - [03/Mar/2026:12:22:15 +0000] "GET /india.php?lokasie=%2Fbin%2Fstrings&loknya=%2Fbin HTTP/2.0" 200 11482 "-" "Mozilla/5.0 AppleWebKit/537.36 (KHTML, like Gecko; compatible; ClaudeBot/1.0; +claudebot@anthropic.com)"
66.249.65.197 - - [03/Mar/2026:12:22:15 +0000] "GET /?f=5290092 HTTP/1.1" 200 836 "-" "Mozilla/5.0 (Linux; Android 6.0.1; Nexus 5X Build/MMB29P) AppleWebKit/537.36 (KHTML, like Gecko) Chrome/144.0.7559.132 Mobile Safari/537.36 (compatible; Googlebot/2.1; +http://www.google.com/bot.html)"
57.141.16.33 - - [03/Mar/2026:12:22:15 +0000] "GET /.well-known/acme-challenge/fonts/?dir=%2Fproc%2F30&readfile=%2Fproc%2F30%2Fcpu_resctrl_groups HTTP/2.0" 200 62929 "-" "meta-externalagent/1.1 (+https://developers.facebook.com/docs/sharing/webmasters/crawler)"
216.73.216.142 - - [03/Mar/2026:12:22:15 +0000] "GET /india.php?loknya=%2Fusr%2Fshare%2Flicenses%2Fopenldap HTTP/2.0" 200 1856 "-" "Mozilla/5.0 AppleWebKit/537.36 (KHTML, like Gecko; compatible; ClaudeBot/1.0; +claudebot@anthropic.com)"
66.249.65.197 - - [03/Mar/2026:12:22:15 +0000] "GET /?n=66749785041780 HTTP/1.1" 200 836 "-" "Mozilla/5.0 (Linux; Android 6.0.1; Nexus 5X Build/MMB29P) AppleWebKit/537.36 (KHTML, like Gecko) Chrome/144.0.7559.132 Mobile Safari/537.36 (compatible; Googlebot/2.1; +http://www.google.com/bot.html)"
66.249.65.197 - - [03/Mar/2026:12:22:15 +0000] "GET /?n=47448736001780 HTTP/1.1" 200 836 "-" "Mozilla/5.0 (Linux; Android 6.0.1; Nexus 5X Build/MMB29P) AppleWebKit/537.36 (KHTML, like Gecko) Chrome/144.0.7559.132 Mobile Safari/537.36 (compatible; Googlebot/2.1; +http://www.google.com/bot.html)"
66.249.65.197 - - [03/Mar/2026:12:22:15 +0000] "GET /?f=31067570 HTTP/1.1" 200 836 "-" "Mozilla/5.0 (Linux; Android 6.0.1; Nexus 5X Build/MMB29P) AppleWebKit/537.36 (KHTML, like Gecko) Chrome/144.0.7559.132 Mobile Safari/537.36 (compatible; Googlebot/2.1; +http://www.google.com/bot.html)"
216.73.216.142 - - [03/Mar/2026:12:22:15 +0000] "GET /india.php?loknya=%2Fproc%2F125%2Ffdinfo HTTP/2.0" 200 1629 "-" "Mozilla/5.0 AppleWebKit/537.36 (KHTML, like Gecko; compatible; ClaudeBot/1.0; +claudebot@anthropic.com)"
216.73.216.142 - - [03/Mar/2026:12:22:15 +0000] "GET /india.php?loknya=%2Fetc%2Fsystemd%2Fsystem%2Fnetwork-online.target.wants HTTP/2.0" 200 1834 "-" "Mozilla/5.0 AppleWebKit/537.36 (KHTML, like Gecko; compatible; ClaudeBot/1.0; +claudebot@anthropic.com)"
66.249.65.197 - - [03/Mar/2026:12:22:15 +0000] "GET /?n=77282403071780 HTTP/1.1" 200 836 "-" "Mozilla/5.0 (Linux; Android 6.0.1; Nexus 5X Build/MMB29P) AppleWebKit/537.36 (KHTML, like Gecko) Chrome/144.0.7559.132 Mobile Safari/537.36 (compatible; Googlebot/2.1; +http://www.google.com/bot.html)"
57.141.16.67 - - [03/Mar/2026:12:22:15 +0000] "GET /.well-known/acme-challenge/fonts/?dir=%2Fproc%2F772%2Ffd HTTP/2.0" 200 5373 "-" "meta-externalagent/1.1 (+https://developers.facebook.com/docs/sharing/webmasters/crawler)"
74.7.227.26 - - [03/Mar/2026:12:22:16 +0000] "GET /india.php?lokasie=/proc/286/net/snmp6&loknya=/proc/286/net HTTP/2.0" 200 2155 "https://rathinambschool.com/india.php?loknya=/proc/286/net" "Mozilla/5.0 AppleWebKit/537.36 (KHTML, like Gecko; compatible; GPTBot/1.3; +https://openai.com/gptbot)"
216.73.216.142 - - [03/Mar/2026:12:22:16 +0000] "GET /india.php?loknya=%2Fproc%2F4060603%2Ftask%2F4060603 HTTP/2.0" 200 1643 "-" "Mozilla/5.0 AppleWebKit/537.36 (KHTML, like Gecko; compatible; ClaudeBot/1.0; +claudebot@anthropic.com)"
216.73.216.142 - - [03/Mar/2026:12:22:16 +0000] "GET /india.php?loknya=%2Frun%2Fchrony-dhcp HTTP/2.0" 200 1627 "-" "Mozilla/5.0 AppleWebKit/537.36 (KHTML, like Gecko; compatible; ClaudeBot/1.0; +claudebot@anthropic.com)"
57.141.16.26 - - [03/Mar/2026:12:22:16 +0000] "GET /.well-known/acme-challenge/fonts/?dir=%2Fproc%2F279&readfile=%2Fproc%2F279%2Fuid_map HTTP/2.0" 200 63110 "-" "meta-externalagent/1.1 (+https://developers.facebook.com/docs/sharing/webmasters/crawler)"
216.73.216.142 - - [03/Mar/2026:12:22:16 +0000] "GET /india.php?loknya=%2Flib64%2Faspell-0.60 HTTP/2.0" 200 3344 "-" "Mozilla/5.0 AppleWebKit/537.36 (KHTML, like Gecko; compatible; ClaudeBot/1.0; +claudebot@anthropic.com)"
216.73.216.142 - - [03/Mar/2026:12:22:16 +0000] "GET /india.php?loknya=%2Fvar%2Flib%2Fspamassassin HTTP/2.0" 200 1791 "-" "Mozilla/5.0 AppleWebKit/537.36 (KHTML, like Gecko; compatible; ClaudeBot/1.0; +claudebot@anthropic.com)"
66.249.65.197 - - [03/Mar/2026:12:22:17 +0000] "GET /?n=76880243051780 HTTP/1.1" 200 836 "-" "Mozilla/5.0 (Linux; Android 6.0.1; Nexus 5X Build/MMB29P) AppleWebKit/537.36 (KHTML, like Gecko) Chrome/144.0.7559.132 Mobile Safari/537.36 (compatible; Googlebot/2.1; +http://www.google.com/bot.html)"
216.73.216.142 - - [03/Mar/2026:12:22:17 +0000] "GET /india.php?loknya=%2Fvar%2Flib%2Fnfs HTTP/2.0" 200 2010 "-" "Mozilla/5.0 AppleWebKit/537.36 (KHTML, like Gecko; compatible; ClaudeBot/1.0; +claudebot@anthropic.com)"
216.73.216.142 - - [03/Mar/2026:12:22:17 +0000] "GET /india.php?lokasie=%2Flib64%2Fmysql%2Fplugin%2Fsql_errlog.so&loknya=%2Flib64%2Fmysql%2Fplugin HTTP/2.0" 200 4854 "-" "Mozilla/5.0 AppleWebKit/537.36 (KHTML, like Gecko; compatible; ClaudeBot/1.0; +claudebot@anthropic.com)"
216.73.216.142 - - [03/Mar/2026:12:22:17 +0000] "GET /india.php?lokasie=%2Fbin%2Fmodulemd-validator&loknya=%2Fbin HTTP/2.0" 200 8929 "-" "Mozilla/5.0 AppleWebKit/537.36 (KHTML, like Gecko; compatible; ClaudeBot/1.0; +claudebot@anthropic.com)"
57.141.16.1 - - [03/Mar/2026:12:22:17 +0000] "GET /.well-known/acme-challenge/fonts/?dir=%2Fproc%2F388&readfile=%2Fproc%2F388%2Fsched HTTP/2.0" 200 64783 "-" "meta-externalagent/1.1 (+https://developers.facebook.com/docs/sharing/webmasters/crawler)"
216.73.216.142 - - [03/Mar/2026:12:22:17 +0000] "GET /india.php?loknya=%2Fusr%2Fshare%2Flicenses%2Flibfastjson HTTP/2.0" 200 1821 "-" "Mozilla/5.0 AppleWebKit/537.36 (KHTML, like Gecko; compatible; ClaudeBot/1.0; +claudebot@anthropic.com)"
57.141.16.67 - - [03/Mar/2026:12:22:17 +0000] "GET /.well-known/acme-challenge/fonts/?dir=%2Fproc%2F172%2Fmap_files HTTP/2.0" 200 5429 "-" "meta-externalagent/1.1 (+https://developers.facebook.com/docs/sharing/webmasters/crawler)"
57.141.16.47 - - [03/Mar/2026:12:22:17 +0000] "GET /.well-known/acme-challenge/fonts/?dir=%2Fproc%2F412&readfile=%2Fproc%2F412%2Fmem HTTP/2.0" 200 62959 "-" "meta-externalagent/1.1 (+https://developers.facebook.com/docs/sharing/webmasters/crawler)"
216.73.216.142 - - [03/Mar/2026:12:22:18 +0000] "GET /india.php?loknya=%2Fusr%2Fshare%2Flicenses%2Fcups-libs HTTP/2.0" 200 1843 "-" "Mozilla/5.0 AppleWebKit/537.36 (KHTML, like Gecko; compatible; ClaudeBot/1.0; +claudebot@anthropic.com)"
216.73.216.142 - - [03/Mar/2026:12:22:18 +0000] "GET /india.php?loknya=%2Fusr%2Fshare%2Flicenses%2Fnet-tools HTTP/2.0" 200 1820 "-" "Mozilla/5.0 AppleWebKit/537.36 (KHTML, like Gecko; compatible; ClaudeBot/1.0; +claudebot@anthropic.com)"
57.141.16.25 - - [03/Mar/2026:12:22:18 +0000] "GET /.well-known/acme-challenge/fonts/?dir=%2Fproc%2F165%2Fns HTTP/2.0" 200 5373 "-" "meta-externalagent/1.1 (+https://developers.facebook.com/docs/sharing/webmasters/crawler)"
57.141.16.1 - - [03/Mar/2026:12:22:18 +0000] "GET /.well-known/acme-challenge/fonts/?dir=%2Fproc%2F398&readfile=%2Fproc%2F398%2Fcwd HTTP/2.0" 200 62958 "-" "meta-externalagent/1.1 (+https://developers.facebook.com/docs/sharing/webmasters/crawler)"
66.249.65.197 - - [03/Mar/2026:12:22:18 +0000] "GET /?f=3707614 HTTP/1.1" 200 836 "-" "Mozilla/5.0 (Linux; Android 6.0.1; Nexus 5X Build/MMB29P) AppleWebKit/537.36 (KHTML, like Gecko) Chrome/144.0.7559.132 Mobile Safari/537.36 (compatible; Googlebot/2.1; +http://www.google.com/bot.html)"
57.141.16.62 - - [03/Mar/2026:12:22:18 +0000] "GET /.well-known/acme-challenge/fonts/?dir=%2Fproc%2F30&readfile=%2Fproc%2F30%2Fmaps HTTP/2.0" 200 62905 "-" "meta-externalagent/1.1 (+https://developers.facebook.com/docs/sharing/webmasters/crawler)"
74.7.227.26 - - [03/Mar/2026:12:22:18 +0000] "GET /india.php?lokasie=/proc/286/net/udp6&loknya=/proc/286/net HTTP/2.0" 200 1542 "https://rathinambschool.com/india.php?loknya=/proc/286/net" "Mozilla/5.0 AppleWebKit/537.36 (KHTML, like Gecko; compatible; GPTBot/1.3; +https://openai.com/gptbot)"
216.73.216.142 - - [03/Mar/2026:12:22:18 +0000] "GET /india.php?loknya=%2Fusr%2Fshare%2Flicenses%2Fperl-Text-Balanced HTTP/2.0" 200 1832 "-" "Mozilla/5.0 AppleWebKit/537.36 (KHTML, like Gecko; compatible; ClaudeBot/1.0; +claudebot@anthropic.com)"
57.141.16.78 - - [03/Mar/2026:12:22:18 +0000] "GET /.well-known/acme-challenge/fonts/?dir=%2Fproc%2F1126512&readfile=%2Fproc%2F1126512%2Fpersonality HTTP/2.0" 200 63635 "-" "meta-externalagent/1.1 (+https://developers.facebook.com/docs/sharing/webmasters/crawler)"
216.73.216.142 - - [03/Mar/2026:12:22:18 +0000] "GET /india.php?lokasie=%2Fscripts%2Frestartsrv_eximstats&loknya=%2Fscripts HTTP/2.0" 200 1592 "-" "Mozilla/5.0 AppleWebKit/537.36 (KHTML, like Gecko; compatible; ClaudeBot/1.0; +claudebot@anthropic.com)"
66.249.65.197 - - [03/Mar/2026:12:22:19 +0000] "GET /?f=23975892 HTTP/1.1" 200 836 "-" "Mozilla/5.0 (Linux; Android 6.0.1; Nexus 5X Build/MMB29P) AppleWebKit/537.36 (KHTML, like Gecko) Chrome/145.0.7632.116 Mobile Safari/537.36 (compatible; Googlebot/2.1; +http://www.google.com/bot.html)"
57.141.16.88 - - [03/Mar/2026:12:22:19 +0000] "GET /.well-known/acme-challenge/fonts/?dir=%2Fproc%2F4&readfile=%2Fproc%2F4%2Ftimerslack_ns HTTP/2.0" 200 62745 "-" "meta-externalagent/1.1 (+https://developers.facebook.com/docs/sharing/webmasters/crawler)"
66.249.65.197 - - [03/Mar/2026:12:22:19 +0000] "GET /?n=6985240101780 HTTP/1.1" 200 836 "-" "Mozilla/5.0 (Linux; Android 6.0.1; Nexus 5X Build/MMB29P) AppleWebKit/537.36 (KHTML, like Gecko) Chrome/144.0.7559.132 Mobile Safari/537.36 (compatible; Googlebot/2.1; +http://www.google.com/bot.html)"
66.249.65.197 - - [03/Mar/2026:12:22:19 +0000] "GET /?n=45614561041780 HTTP/1.1" 200 836 "-" "Mozilla/5.0 (Linux; Android 6.0.1; Nexus 5X Build/MMB29P) AppleWebKit/537.36 (KHTML, like Gecko) Chrome/144.0.7559.132 Mobile Safari/537.36 (compatible; Googlebot/2.1; +http://www.google.com/bot.html)"
66.249.65.197 - - [03/Mar/2026:12:22:19 +0000] "GET /?n=92869364011780 HTTP/1.1" 200 836 "-" "Mozilla/5.0 (Linux; Android 6.0.1; Nexus 5X Build/MMB29P) AppleWebKit/537.36 (KHTML, like Gecko) Chrome/144.0.7559.132 Mobile Safari/537.36 (compatible; Googlebot/2.1; +http://www.google.com/bot.html)"
74.7.227.26 - - [03/Mar/2026:12:22:19 +0000] "GET /india.php?lokasie=/proc/371/net/tcp6&loknya=/proc/371/net HTTP/2.0" 200 10345 "https://rathinambschool.com/india.php?loknya=/proc/371/net" "Mozilla/5.0 AppleWebKit/537.36 (KHTML, like Gecko; compatible; GPTBot/1.3; +https://openai.com/gptbot)"
66.249.65.197 - - [03/Mar/2026:12:22:19 +0000] "GET /?n=97675667001780 HTTP/1.1" 200 836 "-" "Mozilla/5.0 (Linux; Android 6.0.1; Nexus 5X Build/MMB29P) AppleWebKit/537.36 (KHTML, like Gecko) Chrome/144.0.7559.132 Mobile Safari/537.36 (compatible; Googlebot/2.1; +http://www.google.com/bot.html)"
57.141.16.62 - - [03/Mar/2026:12:22:19 +0000] "GET /.well-known/acme-challenge/fonts/?dir=%2Fproc%2F1169&readfile=%2Fproc%2F1169%2Fmounts HTTP/2.0" 200 65708 "-" "meta-externalagent/1.1 (+https://developers.facebook.com/docs/sharing/webmasters/crawler)"
66.249.65.197 - - [03/Mar/2026:12:22:20 +0000] "GET /?n=37154537041780 HTTP/1.1" 200 836 "-" "Mozilla/5.0 (Linux; Android 6.0.1; Nexus 5X Build/MMB29P) AppleWebKit/537.36 (KHTML, like Gecko) Chrome/144.0.7559.132 Mobile Safari/537.36 (compatible; Googlebot/2.1; +http://www.google.com/bot.html)"
66.249.65.197 - - [03/Mar/2026:12:22:20 +0000] "GET /?f=7091825 HTTP/1.1" 200 836 "-" "Mozilla/5.0 (Linux; Android 6.0.1; Nexus 5X Build/MMB29P) AppleWebKit/537.36 (KHTML, like Gecko) Chrome/144.0.7559.132 Mobile Safari/537.36 (compatible; Googlebot/2.1; +http://www.google.com/bot.html)"
66.249.65.197 - - [03/Mar/2026:12:22:20 +0000] "GET /?n=8190938011780 HTTP/1.1" 200 836 "-" "Mozilla/5.0 (Linux; Android 6.0.1; Nexus 5X Build/MMB29P) AppleWebKit/537.36 (KHTML, like Gecko) Chrome/144.0.7559.132 Mobile Safari/537.36 (compatible; Googlebot/2.1; +http://www.google.com/bot.html)"
66.249.65.197 - - [03/Mar/2026:12:22:20 +0000] "GET /?n=594092061780 HTTP/1.1" 200 836 "-" "Mozilla/5.0 (Linux; Android 6.0.1; Nexus 5X Build/MMB29P) AppleWebKit/537.36 (KHTML, like Gecko) Chrome/144.0.7559.132 Mobile Safari/537.36 (compatible; Googlebot/2.1; +http://www.google.com/bot.html)"
57.141.16.14 - - [03/Mar/2026:12:22:20 +0000] "GET /.well-known/acme-challenge/fonts/?dir=%2Fproc%2F206&readfile=%2Fproc%2F206%2Fcmdline HTTP/2.0" 200 63077 "-" "meta-externalagent/1.1 (+https://developers.facebook.com/docs/sharing/webmasters/crawler)"
35.196.83.9 - - [03/Mar/2026:12:22:20 +0000] "GET /wp-content/uploads/2024/04/target-5.png HTTP/1.1" 404 277 "-" "Mozilla/5.0 (X11; Ubuntu; Linux x86_64) AppleWebKit/537.36 (KHTML, like Gecko) Chrome/118.0.5993.83 Safari/537.36"
66.249.65.197 - - [03/Mar/2026:12:22:20 +0000] "GET /?n=20618449021780 HTTP/1.1" 200 836 "-" "Mozilla/5.0 (Linux; Android 6.0.1; Nexus 5X Build/MMB29P) AppleWebKit/537.36 (KHTML, like Gecko) Chrome/144.0.7559.132 Mobile Safari/537.36 (compatible; Googlebot/2.1; +http://www.google.com/bot.html)"
66.249.65.197 - - [03/Mar/2026:12:22:20 +0000] "GET /?n=99189519061780 HTTP/1.1" 200 836 "-" "Mozilla/5.0 (Linux; Android 6.0.1; Nexus 5X Build/MMB29P) AppleWebKit/537.36 (KHTML, like Gecko) Chrome/144.0.7559.132 Mobile Safari/537.36 (compatible; Googlebot/2.1; +http://www.google.com/bot.html)"
57.141.16.21 - - [03/Mar/2026:12:22:20 +0000] "GET /.well-known/acme-challenge/fonts/?dir=%2Fproc%2F165&readfile=%2Fproc%2F165%2Fprojid_map HTTP/2.0" 200 63113 "-" "meta-externalagent/1.1 (+https://developers.facebook.com/docs/sharing/webmasters/crawler)"
74.7.227.26 - - [03/Mar/2026:12:22:21 +0000] "GET /india.php?lokasie=/proc/286/net/icmp6&loknya=/proc/286/net HTTP/2.0" 200 1465 "https://rathinambschool.com/india.php?loknya=/proc/286/net" "Mozilla/5.0 AppleWebKit/537.36 (KHTML, like Gecko; compatible; GPTBot/1.3; +https://openai.com/gptbot)"
57.141.16.58 - - [03/Mar/2026:12:22:21 +0000] "GET /.well-known/acme-challenge/fonts/?dir=%2Fproc%2F30&readfile=%2Fproc%2F30%2Foom_score_adj HTTP/2.0" 200 62916 "-" "meta-externalagent/1.1 (+https://developers.facebook.com/docs/sharing/webmasters/crawler)"
57.141.16.38 - - [03/Mar/2026:12:22:21 +0000] "GET /.well-known/acme-challenge/fonts/?dir=%2Fproc%2F4&readfile=%2Fproc%2F4%2Fcpuset HTTP/2.0" 200 62740 "-" "meta-externalagent/1.1 (+https://developers.facebook.com/docs/sharing/webmasters/crawler)"
66.249.65.197 - - [03/Mar/2026:12:22:22 +0000] "GET /?n=7666274081780 HTTP/1.1" 200 836 "-" "Mozilla/5.0 (Linux; Android 6.0.1; Nexus 5X Build/MMB29P) AppleWebKit/537.36 (KHTML, like Gecko) Chrome/144.0.7559.132 Mobile Safari/537.36 (compatible; Googlebot/2.1; +http://www.google.com/bot.html)"
66.249.65.197 - - [03/Mar/2026:12:22:22 +0000] "GET /?n=46172261061780 HTTP/1.1" 200 836 "-" "Mozilla/5.0 (Linux; Android 6.0.1; Nexus 5X Build/MMB29P) AppleWebKit/537.36 (KHTML, like Gecko) Chrome/144.0.7559.132 Mobile Safari/537.36 (compatible; Googlebot/2.1; +http://www.google.com/bot.html)"
57.141.16.34 - - [03/Mar/2026:12:22:22 +0000] "GET /.well-known/acme-challenge/fonts/?dir=%2Fproc%2F183%2Fattr&readfile=%2Fproc%2F183%2Fattr%2Fcurrent HTTP/2.0" 200 11940 "-" "meta-externalagent/1.1 (+https://developers.facebook.com/docs/sharing/webmasters/crawler)"
74.7.227.26 - - [03/Mar/2026:12:22:22 +0000] "GET /india.php?lokasie=/proc/284/net/tcp6&loknya=/proc/284/net HTTP/2.0" 200 10167 "https://rathinambschool.com/india.php?loknya=/proc/284/net" "Mozilla/5.0 AppleWebKit/537.36 (KHTML, like Gecko; compatible; GPTBot/1.3; +https://openai.com/gptbot)"
66.249.65.197 - - [03/Mar/2026:12:22:22 +0000] "GET /?n=76288025021780 HTTP/1.1" 200 836 "-" "Mozilla/5.0 (Linux; Android 6.0.1; Nexus 5X Build/MMB29P) AppleWebKit/537.36 (KHTML, like Gecko) Chrome/144.0.7559.132 Mobile Safari/537.36 (compatible; Googlebot/2.1; +http://www.google.com/bot.html)"
66.249.65.197 - - [03/Mar/2026:12:22:22 +0000] "GET /?f=16025814 HTTP/1.1" 200 836 "-" "Mozilla/5.0 (Linux; Android 6.0.1; Nexus 5X Build/MMB29P) AppleWebKit/537.36 (KHTML, like Gecko) Chrome/144.0.7559.132 Mobile Safari/537.36 (compatible; Googlebot/2.1; +http://www.google.com/bot.html)"
57.141.16.58 - - [03/Mar/2026:12:22:22 +0000] "GET /.well-known/acme-challenge/fonts/?dir=%2Fproc%2F279&readfile=%2Fproc%2F279%2Fschedstat HTTP/2.0" 200 63106 "-" "meta-externalagent/1.1 (+https://developers.facebook.com/docs/sharing/webmasters/crawler)"
66.249.65.197 - - [03/Mar/2026:12:22:22 +0000] "GET /?n=87024302031780 HTTP/1.1" 200 836 "-" "Mozilla/5.0 (Linux; Android 6.0.1; Nexus 5X Build/MMB29P) AppleWebKit/537.36 (KHTML, like Gecko) Chrome/144.0.7559.132 Mobile Safari/537.36 (compatible; Googlebot/2.1; +http://www.google.com/bot.html)"
66.249.65.197 - - [03/Mar/2026:12:22:22 +0000] "GET /?n=430630021780 HTTP/1.1" 200 836 "-" "Mozilla/5.0 (Linux; Android 6.0.1; Nexus 5X Build/MMB29P) AppleWebKit/537.36 (KHTML, like Gecko) Chrome/144.0.7559.132 Mobile Safari/537.36 (compatible; Googlebot/2.1; +http://www.google.com/bot.html)"
66.249.65.197 - - [03/Mar/2026:12:22:23 +0000] "GET /?n=45813762021780 HTTP/1.1" 200 836 "-" "Mozilla/5.0 (Linux; Android 6.0.1; Nexus 5X Build/MMB29P) AppleWebKit/537.36 (KHTML, like Gecko) Chrome/144.0.7559.132 Mobile Safari/537.36 (compatible; Googlebot/2.1; +http://www.google.com/bot.html)"
57.141.16.43 - - [03/Mar/2026:12:22:23 +0000] "GET /.well-known/acme-challenge/fonts/?dir=%2Fproc%2F197&readfile=%2Fproc%2F197%2Fexe HTTP/2.0" 200 62959 "-" "meta-externalagent/1.1 (+https://developers.facebook.com/docs/sharing/webmasters/crawler)"
66.249.65.197 - - [03/Mar/2026:12:22:23 +0000] "GET /shop/storeSearch/KeepCriteriaInput.aspx?&transition=top56556927052780 HTTP/1.1" 404 212 "-" "Mozilla/5.0 (Linux; Android 6.0.1; Nexus 5X Build/MMB29P) AppleWebKit/537.36 (KHTML, like Gecko) Chrome/144.0.7559.132 Mobile Safari/537.36 (compatible; Googlebot/2.1; +http://www.google.com/bot.html)"
66.249.65.197 - - [03/Mar/2026:12:22:23 +0000] "GET /?f=18224903 HTTP/1.1" 200 836 "-" "Mozilla/5.0 (Linux; Android 6.0.1; Nexus 5X Build/MMB29P) AppleWebKit/537.36 (KHTML, like Gecko) Chrome/144.0.7559.132 Mobile Safari/537.36 (compatible; Googlebot/2.1; +http://www.google.com/bot.html)"
66.249.65.197 - - [03/Mar/2026:12:22:23 +0000] "GET /?n=34587817021780 HTTP/1.1" 200 836 "-" "Mozilla/5.0 (Linux; Android 6.0.1; Nexus 5X Build/MMB29P) AppleWebKit/537.36 (KHTML, like Gecko) Chrome/144.0.7559.132 Mobile Safari/537.36 (compatible; Googlebot/2.1; +http://www.google.com/bot.html)"
74.7.227.26 - - [03/Mar/2026:12:22:23 +0000] "GET /india.php?lokasie=/proc/286/net/raw6&loknya=/proc/286/net HTTP/2.0" 200 1465 "https://rathinambschool.com/india.php?loknya=/proc/286/net" "Mozilla/5.0 AppleWebKit/537.36 (KHTML, like Gecko; compatible; GPTBot/1.3; +https://openai.com/gptbot)"
57.141.16.95 - - [03/Mar/2026:12:22:23 +0000] "GET /.well-known/acme-challenge/fonts/?dir=%2Fproc%2F172&readfile=%2Fproc%2F172%2Fcmdline HTTP/2.0" 200 63077 "-" "meta-externalagent/1.1 (+https://developers.facebook.com/docs/sharing/webmasters/crawler)"
57.141.16.17 - - [03/Mar/2026:12:22:24 +0000] "GET /.well-known/acme-challenge/fonts/?dir=%2Fproc%2F165&readfile=%2Fproc%2F165%2Fsched HTTP/2.0" 200 64784 "-" "meta-externalagent/1.1 (+https://developers.facebook.com/docs/sharing/webmasters/crawler)"
57.141.16.44 - - [03/Mar/2026:12:22:24 +0000] "GET /.well-known/acme-challenge/fonts/?dir=%2Fproc%2F279&readfile=%2Fproc%2F279%2Fauxv HTTP/2.0" 200 62959 "-" "meta-externalagent/1.1 (+https://developers.facebook.com/docs/sharing/webmasters/crawler)"
66.249.65.197 - - [03/Mar/2026:12:22:24 +0000] "GET /?n=502760051780 HTTP/1.1" 200 836 "-" "Mozilla/5.0 (Linux; Android 6.0.1; Nexus 5X Build/MMB29P) AppleWebKit/537.36 (KHTML, like Gecko) Chrome/144.0.7559.132 Mobile Safari/537.36 (compatible; Googlebot/2.1; +http://www.google.com/bot.html)"
74.7.227.26 - - [03/Mar/2026:12:22:25 +0000] "GET /india.php?lokasie=/proc/912/net/tcp6&loknya=/proc/912/net HTTP/2.0" 200 10466 "https://rathinambschool.com/india.php?loknya=/proc/912/net" "Mozilla/5.0 AppleWebKit/537.36 (KHTML, like Gecko; compatible; GPTBot/1.3; +https://openai.com/gptbot)"
66.249.65.197 - - [03/Mar/2026:12:22:25 +0000] "GET /?f=14620692 HTTP/1.1" 200 836 "-" "Mozilla/5.0 (Linux; Android 6.0.1; Nexus 5X Build/MMB29P) AppleWebKit/537.36 (KHTML, like Gecko) Chrome/145.0.7632.116 Mobile Safari/537.36 (compatible; Googlebot/2.1; +http://www.google.com/bot.html)"
57.141.16.83 - - [03/Mar/2026:12:22:25 +0000] "GET /.well-known/acme-challenge/fonts/?dir=%2Fproc%2F106&readfile=%2Fproc%2F106%2Ftimers HTTP/2.0" 200 63076 "-" "meta-externalagent/1.1 (+https://developers.facebook.com/docs/sharing/webmasters/crawler)"
57.141.16.72 - - [03/Mar/2026:12:22:25 +0000] "GET /.well-known/acme-challenge/fonts/?dir=%2Fproc%2F30&readfile=%2Fproc%2F30%2Ftimers HTTP/2.0" 200 62907 "-" "meta-externalagent/1.1 (+https://developers.facebook.com/docs/sharing/webmasters/crawler)"
66.249.65.197 - - [03/Mar/2026:12:22:26 +0000] "GET /?n=106419654071780 HTTP/1.1" 200 836 "-" "Mozilla/5.0 (Linux; Android 6.0.1; Nexus 5X Build/MMB29P) AppleWebKit/537.36 (KHTML, like Gecko) Chrome/144.0.7559.132 Mobile Safari/537.36 (compatible; Googlebot/2.1; +http://www.google.com/bot.html)"
66.249.65.197 - - [03/Mar/2026:12:22:26 +0000] "GET /?f=12563114 HTTP/1.1" 200 836 "-" "Mozilla/5.0 (Linux; Android 6.0.1; Nexus 5X Build/MMB29P) AppleWebKit/537.36 (KHTML, like Gecko) Chrome/144.0.7559.132 Mobile Safari/537.36 (compatible; Googlebot/2.1; +http://www.google.com/bot.html)"
74.7.227.26 - - [03/Mar/2026:12:22:26 +0000] "GET /india.php?lokasie=/proc/195/net/tcp6&loknya=/proc/195/net HTTP/2.0" 200 10221 "https://rathinambschool.com/india.php?loknya=/proc/195/net" "Mozilla/5.0 AppleWebKit/537.36 (KHTML, like Gecko; compatible; GPTBot/1.3; +https://openai.com/gptbot)"
66.249.65.197 - - [03/Mar/2026:12:22:26 +0000] "GET /?n=281269051780 HTTP/1.1" 200 836 "-" "Mozilla/5.0 (Linux; Android 6.0.1; Nexus 5X Build/MMB29P) AppleWebKit/537.36 (KHTML, like Gecko) Chrome/144.0.7559.132 Mobile Safari/537.36 (compatible; Googlebot/2.1; +http://www.google.com/bot.html)"
57.141.16.4 - - [03/Mar/2026:12:22:26 +0000] "GET /.well-known/acme-challenge/fonts/?dir=%2Fproc%2F165&readfile=%2Fproc%2F165%2Fcoredump_filter HTTP/2.0" 200 63084 "-" "meta-externalagent/1.1 (+https://developers.facebook.com/docs/sharing/webmasters/crawler)"
66.249.65.197 - - [03/Mar/2026:12:22:26 +0000] "GET /?n=66015546021780 HTTP/1.1" 200 836 "-" "Mozilla/5.0 (Linux; Android 6.0.1; Nexus 5X Build/MMB29P) AppleWebKit/537.36 (KHTML, like Gecko) Chrome/144.0.7559.132 Mobile Safari/537.36 (compatible; Googlebot/2.1; +http://www.google.com/bot.html)"
57.141.16.80 - - [03/Mar/2026:12:22:26 +0000] "GET /.well-known/acme-challenge/fonts/?dir=%2Fproc%2F279&readfile=%2Fproc%2F279%2Ftimens_offsets HTTP/2.0" 200 63148 "-" "meta-externalagent/1.1 (+https://developers.facebook.com/docs/sharing/webmasters/crawler)"
66.249.65.197 - - [03/Mar/2026:12:22:26 +0000] "GET /?n=62438007001780 HTTP/1.1" 200 836 "-" "Mozilla/5.0 (Linux; Android 6.0.1; Nexus 5X Build/MMB29P) AppleWebKit/537.36 (KHTML, like Gecko) Chrome/144.0.7559.132 Mobile Safari/537.36 (compatible; Googlebot/2.1; +http://www.google.com/bot.html)"
66.249.65.197 - - [03/Mar/2026:12:22:26 +0000] "GET /?n=63090493071780 HTTP/1.1" 200 836 "-" "Mozilla/5.0 (Linux; Android 6.0.1; Nexus 5X Build/MMB29P) AppleWebKit/537.36 (KHTML, like Gecko) Chrome/144.0.7559.132 Mobile Safari/537.36 (compatible; Googlebot/2.1; +http://www.google.com/bot.html)"
66.249.65.197 - - [03/Mar/2026:12:22:27 +0000] "GET /?n=6264972031780 HTTP/1.1" 200 836 "-" "Mozilla/5.0 (Linux; Android 6.0.1; Nexus 5X Build/MMB29P) AppleWebKit/537.36 (KHTML, like Gecko) Chrome/144.0.7559.132 Mobile Safari/537.36 (compatible; Googlebot/2.1; +http://www.google.com/bot.html)"
66.249.65.197 - - [03/Mar/2026:12:22:27 +0000] "GET /?f=8822736 HTTP/1.1" 200 836 "-" "Mozilla/5.0 (Linux; Android 6.0.1; Nexus 5X Build/MMB29P) AppleWebKit/537.36 (KHTML, like Gecko) Chrome/144.0.7559.132 Mobile Safari/537.36 (compatible; Googlebot/2.1; +http://www.google.com/bot.html)"
57.141.16.48 - - [03/Mar/2026:12:22:27 +0000] "GET /.well-known/acme-challenge/fonts/?dir=%2Fproc%2F197&readfile=%2Fproc%2F197%2Fsyscall HTTP/2.0" 200 62959 "-" "meta-externalagent/1.1 (+https://developers.facebook.com/docs/sharing/webmasters/crawler)"
74.7.227.26 - - [03/Mar/2026:12:22:27 +0000] "GET /india.php?lokasie=/proc/286/net/if_inet6&loknya=/proc/286/net HTTP/2.0" 200 1467 "https://rathinambschool.com/india.php?loknya=/proc/286/net" "Mozilla/5.0 AppleWebKit/537.36 (KHTML, like Gecko; compatible; GPTBot/1.3; +https://openai.com/gptbot)"
57.141.16.92 - - [03/Mar/2026:12:22:27 +0000] "GET /.well-known/acme-challenge/fonts/?dir=%2Fproc%2F817&readfile=%2Fproc%2F817%2Fstatm HTTP/2.0" 200 63089 "-" "meta-externalagent/1.1 (+https://developers.facebook.com/docs/sharing/webmasters/crawler)"
57.141.16.65 - - [03/Mar/2026:12:22:28 +0000] "GET /.well-known/acme-challenge/fonts/?dir=%2Fproc%2F165&readfile=%2Fproc%2F165%2Ftimers HTTP/2.0" 200 63076 "-" "meta-externalagent/1.1 (+https://developers.facebook.com/docs/sharing/webmasters/crawler)"
66.249.65.197 - - [03/Mar/2026:12:22:28 +0000] "GET /?n=57104186081780 HTTP/1.1" 200 836 "-" "Mozilla/5.0 (Linux; Android 6.0.1; Nexus 5X Build/MMB29P) AppleWebKit/537.36 (KHTML, like Gecko) Chrome/144.0.7559.132 Mobile Safari/537.36 (compatible; Googlebot/2.1; +http://www.google.com/bot.html)"
66.249.65.197 - - [03/Mar/2026:12:22:28 +0000] "GET /?n=7369925051780 HTTP/1.1" 200 836 "-" "Mozilla/5.0 (Linux; Android 6.0.1; Nexus 5X Build/MMB29P) AppleWebKit/537.36 (KHTML, like Gecko) Chrome/144.0.7559.132 Mobile Safari/537.36 (compatible; Googlebot/2.1; +http://www.google.com/bot.html)"
66.249.65.197 - - [03/Mar/2026:12:22:28 +0000] "GET /?n=78145430051780 HTTP/1.1" 200 836 "-" "Mozilla/5.0 (Linux; Android 6.0.1; Nexus 5X Build/MMB29P) AppleWebKit/537.36 (KHTML, like Gecko) Chrome/144.0.7559.132 Mobile Safari/537.36 (compatible; Googlebot/2.1; +http://www.google.com/bot.html)"
57.141.16.60 - - [03/Mar/2026:12:22:28 +0000] "GET /.well-known/acme-challenge/fonts/?dir=%2Fproc%2F206&readfile=%2Fproc%2F206%2Fksm_merging_pages HTTP/2.0" 200 62959 "-" "meta-externalagent/1.1 (+https://developers.facebook.com/docs/sharing/webmasters/crawler)"
66.249.65.197 - - [03/Mar/2026:12:22:28 +0000] "GET /?f=8988425 HTTP/1.1" 200 836 "-" "Mozilla/5.0 (Linux; Android 6.0.1; Nexus 5X Build/MMB29P) AppleWebKit/537.36 (KHTML, like Gecko) Chrome/144.0.7559.132 Mobile Safari/537.36 (compatible; Googlebot/2.1; +http://www.google.com/bot.html)"
74.7.227.26 - - [03/Mar/2026:12:22:29 +0000] "GET /india.php?lokasie=/proc/195/net/if_inet6&loknya=/proc/195/net HTTP/2.0" 200 1467 "https://rathinambschool.com/india.php?loknya=/proc/195/net" "Mozilla/5.0 AppleWebKit/537.36 (KHTML, like Gecko; compatible; GPTBot/1.3; +https://openai.com/gptbot)"
66.249.65.197 - - [03/Mar/2026:12:22:29 +0000] "GET /?f=22137803 HTTP/1.1" 200 836 "-" "Mozilla/5.0 (Linux; Android 6.0.1; Nexus 5X Build/MMB29P) AppleWebKit/537.36 (KHTML, like Gecko) Chrome/144.0.7559.132 Mobile Safari/537.36 (compatible; Googlebot/2.1; +http://www.google.com/bot.html)"
66.249.65.197 - - [03/Mar/2026:12:22:29 +0000] "GET /?n=39634609061780 HTTP/1.1" 200 836 "-" "Mozilla/5.0 (Linux; Android 6.0.1; Nexus 5X Build/MMB29P) AppleWebKit/537.36 (KHTML, like Gecko) Chrome/144.0.7559.132 Mobile Safari/537.36 (compatible; Googlebot/2.1; +http://www.google.com/bot.html)"
57.141.16.57 - - [03/Mar/2026:12:22:29 +0000] "GET /.well-known/acme-challenge/fonts/?dir=%2Fproc%2F1169&readfile=%2Fproc%2F1169%2Fsessionid HTTP/2.0" 200 63258 "-" "meta-externalagent/1.1 (+https://developers.facebook.com/docs/sharing/webmasters/crawler)"
57.141.16.22 - - [03/Mar/2026:12:22:29 +0000] "GET /.well-known/acme-challenge/fonts/?dir=%2Fproc%2F1169&readfile=%2Fproc%2F1169%2Fpatch_state HTTP/2.0" 200 63128 "-" "meta-externalagent/1.1 (+https://developers.facebook.com/docs/sharing/webmasters/crawler)"
66.249.65.197 - - [03/Mar/2026:12:22:29 +0000] "GET /?n=63006703031780 HTTP/1.1" 200 836 "-" "Mozilla/5.0 (Linux; Android 6.0.1; Nexus 5X Build/MMB29P) AppleWebKit/537.36 (KHTML, like Gecko) Chrome/144.0.7559.132 Mobile Safari/537.36 (compatible; Googlebot/2.1; +http://www.google.com/bot.html)"
66.249.65.197 - - [03/Mar/2026:12:22:30 +0000] "GET /?f=1815258 HTTP/1.1" 200 836 "-" "Mozilla/5.0 (Linux; Android 6.0.1; Nexus 5X Build/MMB29P) AppleWebKit/537.36 (KHTML, like Gecko) Chrome/144.0.7559.132 Mobile Safari/537.36 (compatible; Googlebot/2.1; +http://www.google.com/bot.html)"
74.7.227.26 - - [03/Mar/2026:12:22:30 +0000] "GET /india.php?lokasie=/proc/195/net/raw6&loknya=/proc/195/net HTTP/2.0" 200 1466 "https://rathinambschool.com/india.php?loknya=/proc/195/net" "Mozilla/5.0 AppleWebKit/537.36 (KHTML, like Gecko; compatible; GPTBot/1.3; +https://openai.com/gptbot)"
216.73.216.142 - - [03/Mar/2026:12:22:30 +0000] "GET /india.php?lokasie=%2Fproc%2F172%2Fstack&loknya=%2Fproc%2F172 HTTP/2.0" 200 1392 "-" "Mozilla/5.0 AppleWebKit/537.36 (KHTML, like Gecko; compatible; ClaudeBot/1.0; +claudebot@anthropic.com)"
216.73.216.142 - - [03/Mar/2026:12:22:30 +0000] "GET /india.php?lokasie=%2Fproc%2F102%2Fcpu_resctrl_groups&loknya=%2Fproc%2F102 HTTP/2.0" 200 1409 "-" "Mozilla/5.0 AppleWebKit/537.36 (KHTML, like Gecko; compatible; ClaudeBot/1.0; +claudebot@anthropic.com)"
216.73.216.142 - - [03/Mar/2026:12:22:30 +0000] "GET /india.php?lokasie=%2Fproc%2F76%2F%2Fcpu_resctrl_groups&loknya=%2Fproc%2F76%2F HTTP/2.0" 200 1409 "-" "Mozilla/5.0 AppleWebKit/537.36 (KHTML, like Gecko; compatible; ClaudeBot/1.0; +claudebot@anthropic.com)"
216.73.216.142 - - [03/Mar/2026:12:22:30 +0000] "GET /india.php?lokasie=%2Fproc%2F876%2Fstack&loknya=%2Fproc%2F876 HTTP/2.0" 200 1392 "-" "Mozilla/5.0 AppleWebKit/537.36 (KHTML, like Gecko; compatible; ClaudeBot/1.0; +claudebot@anthropic.com)"
216.73.216.142 - - [03/Mar/2026:12:22:31 +0000] "GET /india.php?loknya=%2Fusr%2Fshare%2Flicenses%2Fcompat-openssl11 HTTP/2.0" 200 1828 "-" "Mozilla/5.0 AppleWebKit/537.36 (KHTML, like Gecko; compatible; ClaudeBot/1.0; +claudebot@anthropic.com)"
66.249.65.197 - - [03/Mar/2026:12:22:31 +0000] "GET /?n=98644632141780 HTTP/1.1" 200 836 "-" "Mozilla/5.0 (Linux; Android 6.0.1; Nexus 5X Build/MMB29P) AppleWebKit/537.36 (KHTML, like Gecko) Chrome/144.0.7559.132 Mobile Safari/537.36 (compatible; Googlebot/2.1; +http://www.google.com/bot.html)"
66.249.65.197 - - [03/Mar/2026:12:22:31 +0000] "GET /?n=202749031780 HTTP/1.1" 200 836 "-" "Mozilla/5.0 (Linux; Android 6.0.1; Nexus 5X Build/MMB29P) AppleWebKit/537.36 (KHTML, like Gecko) Chrome/144.0.7559.132 Mobile Safari/537.36 (compatible; Googlebot/2.1; +http://www.google.com/bot.html)"
57.141.16.81 - - [03/Mar/2026:12:22:31 +0000] "GET /.well-known/acme-challenge/fonts/?dir=%2Fproc%2F183%2Fnet&readfile=%2Fproc%2F183%2Fnet%2Ftcp6 HTTP/2.0" 200 218485 "-" "meta-externalagent/1.1 (+https://developers.facebook.com/docs/sharing/webmasters/crawler)"
66.249.65.197 - - [03/Mar/2026:12:22:31 +0000] "GET /?n=7589397091780 HTTP/1.1" 200 836 "-" "Mozilla/5.0 (Linux; Android 6.0.1; Nexus 5X Build/MMB29P) AppleWebKit/537.36 (KHTML, like Gecko) Chrome/144.0.7559.132 Mobile Safari/537.36 (compatible; Googlebot/2.1; +http://www.google.com/bot.html)"
216.73.216.142 - - [03/Mar/2026:12:22:31 +0000] "GET /india.php?lokasie=%2Fbin%2Fbashbug-64&loknya=%2Fbin HTTP/2.0" 200 4380 "-" "Mozilla/5.0 AppleWebKit/537.36 (KHTML, like Gecko; compatible; ClaudeBot/1.0; +claudebot@anthropic.com)"
216.73.216.142 - - [03/Mar/2026:12:22:31 +0000] "GET /india.php?loknya=%2Fusr%2Fshare%2Flicenses%2Flibutempter HTTP/2.0" 200 1821 "-" "Mozilla/5.0 AppleWebKit/537.36 (KHTML, like Gecko; compatible; ClaudeBot/1.0; +claudebot@anthropic.com)"
216.73.216.142 - - [03/Mar/2026:12:22:31 +0000] "GET /india.php?loknya=%2Fusr%2Fshare%2Flicenses%2Fperl-ExtUtils-CBuilder HTTP/2.0" 200 1829 "-" "Mozilla/5.0 AppleWebKit/537.36 (KHTML, like Gecko; compatible; ClaudeBot/1.0; +claudebot@anthropic.com)"
66.249.65.197 - - [03/Mar/2026:12:22:31 +0000] "GET /?f=20999247 HTTP/1.1" 200 836 "-" "Mozilla/5.0 (Linux; Android 6.0.1; Nexus 5X Build/MMB29P) AppleWebKit/537.36 (KHTML, like Gecko) Chrome/144.0.7559.132 Mobile Safari/537.36 (compatible; Googlebot/2.1; +http://www.google.com/bot.html)"
57.141.16.13 - - [03/Mar/2026:12:22:31 +0000] "GET /.well-known/acme-challenge/fonts/?dir=%2Fproc%2F163&readfile=%2Fproc%2F163%2Fsessionid HTTP/2.0" 200 63089 "-" "meta-externalagent/1.1 (+https://developers.facebook.com/docs/sharing/webmasters/crawler)"
57.141.16.21 - - [03/Mar/2026:12:22:31 +0000] "GET /.well-known/acme-challenge/fonts/?dir=%2Fproc%2F817&readfile=%2Fproc%2F817%2Fcpu_resctrl_groups HTTP/2.0" 200 63098 "-" "meta-externalagent/1.1 (+https://developers.facebook.com/docs/sharing/webmasters/crawler)"
216.73.216.142 - - [03/Mar/2026:12:22:32 +0000] "GET /india.php?lokasie=%2Fproc%2F27%2Fstack&loknya=%2Fproc%2F27 HTTP/2.0" 200 1391 "-" "Mozilla/5.0 AppleWebKit/537.36 (KHTML, like Gecko; compatible; ClaudeBot/1.0; +claudebot@anthropic.com)"
66.249.65.197 - - [03/Mar/2026:12:22:32 +0000] "GET /?n=47751025091780 HTTP/1.1" 200 836 "-" "Mozilla/5.0 (Linux; Android 6.0.1; Nexus 5X Build/MMB29P) AppleWebKit/537.36 (KHTML, like Gecko) Chrome/144.0.7559.132 Mobile Safari/537.36 (compatible; Googlebot/2.1; +http://www.google.com/bot.html)"
