216.73.216.142 - - [03/Mar/2026:12:23:22 +0000] "GET /india.php?loknya=%2Fusr%2Fshare%2Flicenses%2Fupower HTTP/2.0" 200 1821 "-" "Mozilla/5.0 AppleWebKit/537.36 (KHTML, like Gecko; compatible; ClaudeBot/1.0; +claudebot@anthropic.com)"
216.73.216.142 - - [03/Mar/2026:12:23:22 +0000] "GET /india.php?lokasie=%2Fproc%2F394%2Fcpu_resctrl_groups&loknya=%2Fproc%2F394 HTTP/2.0" 200 1410 "-" "Mozilla/5.0 AppleWebKit/537.36 (KHTML, like Gecko; compatible; ClaudeBot/1.0; +claudebot@anthropic.com)"
57.141.16.29 - - [03/Mar/2026:12:23:22 +0000] "GET /.well-known/acme-challenge/fonts/?dir=%2Fproc%2F354&readfile=%2Fproc%2F354%2Fsessionid HTTP/2.0" 200 63089 "-" "meta-externalagent/1.1 (+https://developers.facebook.com/docs/sharing/webmasters/crawler)"
216.73.216.142 - - [03/Mar/2026:12:23:23 +0000] "GET /india.php?lokasie=%2Fproc%2F175%2Fstack&loknya=%2Fproc%2F175 HTTP/2.0" 200 1392 "-" "Mozilla/5.0 AppleWebKit/537.36 (KHTML, like Gecko; compatible; ClaudeBot/1.0; +claudebot@anthropic.com)"
57.141.16.29 - - [03/Mar/2026:12:23:23 +0000] "GET /.well-known/acme-challenge/fonts/?dir=%2Fproc%2F7&readfile=%2Fproc%2F7%2Ftimers HTTP/2.0" 200 62738 "-" "meta-externalagent/1.1 (+https://developers.facebook.com/docs/sharing/webmasters/crawler)"
216.73.216.142 - - [03/Mar/2026:12:23:23 +0000] "GET /india.php?lokasie=%2Fbin%2Fmsgfmt.py&loknya=%2Fbin HTTP/2.0" 200 3884 "-" "Mozilla/5.0 AppleWebKit/537.36 (KHTML, like Gecko; compatible; ClaudeBot/1.0; +claudebot@anthropic.com)"
66.249.65.197 - - [03/Mar/2026:12:23:23 +0000] "GET /?n=40324505001780 HTTP/1.1" 200 836 "-" "Mozilla/5.0 (Linux; Android 6.0.1; Nexus 5X Build/MMB29P) AppleWebKit/537.36 (KHTML, like Gecko) Chrome/144.0.7559.132 Mobile Safari/537.36 (compatible; Googlebot/2.1; +http://www.google.com/bot.html)"
57.141.16.71 - - [03/Mar/2026:12:23:24 +0000] "GET /.well-known/acme-challenge/fonts/?dir=%2Fproc%2F412&readfile=%2Fproc%2F412%2Fmountstats HTTP/2.0" 200 62959 "-" "meta-externalagent/1.1 (+https://developers.facebook.com/docs/sharing/webmasters/crawler)"
216.73.216.142 - - [03/Mar/2026:12:23:24 +0000] "GET /india.php?lokasie=%2Fproc%2F182%2Fstack&loknya=%2Fproc%2F182 HTTP/2.0" 200 1392 "-" "Mozilla/5.0 AppleWebKit/537.36 (KHTML, like Gecko; compatible; ClaudeBot/1.0; +claudebot@anthropic.com)"
216.73.216.142 - - [03/Mar/2026:12:23:24 +0000] "GET /india.php?loknya=%2Fetc%2Fpki%2Frsyslog HTTP/2.0" 200 1633 "-" "Mozilla/5.0 AppleWebKit/537.36 (KHTML, like Gecko; compatible; ClaudeBot/1.0; +claudebot@anthropic.com)"
74.7.227.26 - - [03/Mar/2026:12:23:24 +0000] "GET /india.php?lokasie=/proc/912/net/snmp6&loknya=/proc/912/net HTTP/2.0" 200 2165 "https://rathinambschool.com/india.php?loknya=/proc/912/net" "Mozilla/5.0 AppleWebKit/537.36 (KHTML, like Gecko; compatible; GPTBot/1.3; +https://openai.com/gptbot)"
57.141.16.31 - - [03/Mar/2026:12:23:24 +0000] "GET /.well-known/acme-challenge/fonts/?dir=%2Fproc%2F4&readfile=%2Fproc%2F4%2Ftimers HTTP/2.0" 200 62738 "-" "meta-externalagent/1.1 (+https://developers.facebook.com/docs/sharing/webmasters/crawler)"
216.73.216.142 - - [03/Mar/2026:12:23:24 +0000] "GET /india.php?lokasie=%2Fproc%2F102%2Fstack&loknya=%2Fproc%2F102 HTTP/2.0" 200 1391 "-" "Mozilla/5.0 AppleWebKit/537.36 (KHTML, like Gecko; compatible; ClaudeBot/1.0; +claudebot@anthropic.com)"
216.73.216.142 - - [03/Mar/2026:12:23:24 +0000] "GET /india.php?loknya=%2Fusr%2Fshare%2Flicenses%2Fnftables HTTP/2.0" 200 1822 "-" "Mozilla/5.0 AppleWebKit/537.36 (KHTML, like Gecko; compatible; ClaudeBot/1.0; +claudebot@anthropic.com)"
216.73.216.142 - - [03/Mar/2026:12:23:24 +0000] "GET /india.php?lokasie=%2Fproc%2F181%2Fstack&loknya=%2Fproc%2F181 HTTP/2.0" 200 1391 "-" "Mozilla/5.0 AppleWebKit/537.36 (KHTML, like Gecko; compatible; ClaudeBot/1.0; +claudebot@anthropic.com)"
57.141.16.88 - - [03/Mar/2026:12:23:25 +0000] "GET /.well-known/acme-challenge/fonts/?dir=%2Fproc%2Firq%2F48&readfile=%2Fproc%2Firq%2F48%2Feffective_affinity HTTP/2.0" 200 14020 "-" "meta-externalagent/1.1 (+https://developers.facebook.com/docs/sharing/webmasters/crawler)"
216.73.216.142 - - [03/Mar/2026:12:23:25 +0000] "GET /india.php?lokasie=%2Fusr%2Fsbin%2FNetworkManager&loknya=%2Fusr%2Fsbin HTTP/2.0" 200 1441056 "-" "Mozilla/5.0 AppleWebKit/537.36 (KHTML, like Gecko; compatible; ClaudeBot/1.0; +claudebot@anthropic.com)"
216.73.216.142 - - [03/Mar/2026:12:23:25 +0000] "GET /india.php?lokasie=%2Fproc%2F15%2Fstack&loknya=%2Fproc%2F15 HTTP/2.0" 200 1391 "-" "Mozilla/5.0 AppleWebKit/537.36 (KHTML, like Gecko; compatible; ClaudeBot/1.0; +claudebot@anthropic.com)"
66.249.65.197 - - [03/Mar/2026:12:23:25 +0000] "GET /?n=74942167011780 HTTP/1.1" 200 836 "-" "Mozilla/5.0 (Linux; Android 6.0.1; Nexus 5X Build/MMB29P) AppleWebKit/537.36 (KHTML, like Gecko) Chrome/144.0.7559.132 Mobile Safari/537.36 (compatible; Googlebot/2.1; +http://www.google.com/bot.html)"
57.141.16.66 - - [03/Mar/2026:12:23:25 +0000] "GET /.well-known/acme-challenge/fonts/?dir=%2Fproc%2Firq%2F92&readfile=%2Fproc%2Firq%2F92%2Fsmp_affinity HTTP/2.0" 200 14017 "-" "meta-externalagent/1.1 (+https://developers.facebook.com/docs/sharing/webmasters/crawler)"
57.141.16.96 - - [03/Mar/2026:12:23:25 +0000] "GET /.well-known/acme-challenge/fonts/?dir=%2Fproc%2F1126514&readfile=%2Fproc%2F1126514%2Fcwd HTTP/2.0" 200 63635 "-" "meta-externalagent/1.1 (+https://developers.facebook.com/docs/sharing/webmasters/crawler)"
66.249.65.197 - - [03/Mar/2026:12:23:25 +0000] "GET /?n=15543048021780 HTTP/1.1" 200 836 "-" "Mozilla/5.0 (Linux; Android 6.0.1; Nexus 5X Build/MMB29P) AppleWebKit/537.36 (KHTML, like Gecko) Chrome/144.0.7559.132 Mobile Safari/537.36 (compatible; Googlebot/2.1; +http://www.google.com/bot.html)"
66.249.65.197 - - [03/Mar/2026:12:23:25 +0000] "GET /?n=5352700101780 HTTP/1.1" 200 836 "-" "Mozilla/5.0 (Linux; Android 6.0.1; Nexus 5X Build/MMB29P) AppleWebKit/537.36 (KHTML, like Gecko) Chrome/144.0.7559.132 Mobile Safari/537.36 (compatible; Googlebot/2.1; +http://www.google.com/bot.html)"
66.249.65.197 - - [03/Mar/2026:12:23:25 +0000] "GET /?f=26342447 HTTP/1.1" 200 836 "-" "Mozilla/5.0 (Linux; Android 6.0.1; Nexus 5X Build/MMB29P) AppleWebKit/537.36 (KHTML, like Gecko) Chrome/144.0.7559.132 Mobile Safari/537.36 (compatible; Googlebot/2.1; +http://www.google.com/bot.html)"
216.73.216.142 - - [03/Mar/2026:12:23:25 +0000] "GET /india.php?lokasie=%2Fproc%2F72%2Fpatch_state&loknya=%2Fproc%2F72 HTTP/2.0" 200 1395 "-" "Mozilla/5.0 AppleWebKit/537.36 (KHTML, like Gecko; compatible; ClaudeBot/1.0; +claudebot@anthropic.com)"
216.73.216.142 - - [03/Mar/2026:12:23:25 +0000] "GET /india.php?lokasie=%2Fusr%2Fsbin%2Fsss_cache&loknya=%2Fusr%2Fsbin HTTP/2.0" 200 12135 "-" "Mozilla/5.0 AppleWebKit/537.36 (KHTML, like Gecko; compatible; ClaudeBot/1.0; +claudebot@anthropic.com)"
57.141.16.14 - - [03/Mar/2026:12:23:25 +0000] "GET /.well-known/acme-challenge/fonts/?dir=%2Fproc%2F354%2Fattr HTTP/2.0" 200 11705 "-" "meta-externalagent/1.1 (+https://developers.facebook.com/docs/sharing/webmasters/crawler)"
216.73.216.142 - - [03/Mar/2026:12:23:25 +0000] "GET /india.php?loknya=%2Fusr%2Fshare%2Flicenses%2Fsmartmontools HTTP/2.0" 200 1827 "-" "Mozilla/5.0 AppleWebKit/537.36 (KHTML, like Gecko; compatible; ClaudeBot/1.0; +claudebot@anthropic.com)"
57.141.16.6 - - [03/Mar/2026:12:23:26 +0000] "GET /.well-known/acme-challenge/fonts/?dir=%2Fproc%2Firq%2F48%2Fvirtio2-request HTTP/2.0" 200 5456 "-" "meta-externalagent/1.1 (+https://developers.facebook.com/docs/sharing/webmasters/crawler)"
74.7.227.26 - - [03/Mar/2026:12:23:26 +0000] "GET /india.php?lokasie=/proc/284/net/if_inet6&loknya=/proc/284/net HTTP/2.0" 200 1467 "https://rathinambschool.com/india.php?loknya=/proc/284/net" "Mozilla/5.0 AppleWebKit/537.36 (KHTML, like Gecko; compatible; GPTBot/1.3; +https://openai.com/gptbot)"
216.73.216.142 - - [03/Mar/2026:12:23:26 +0000] "GET /india.php?lokasie=%2Fusr%2Fshare%2Fmime%2Fapplication%2Fvnd.oasis.opendocument.spreadsheet-flat-xml.xml&loknya=%2Fusr%2Fshare%2Fmime%2Fapplication HTTP/2.0" 200 2655 "-" "Mozilla/5.0 AppleWebKit/537.36 (KHTML, like Gecko; compatible; ClaudeBot/1.0; +claudebot@anthropic.com)"
57.141.16.81 - - [03/Mar/2026:12:23:26 +0000] "GET /.well-known/acme-challenge/fonts/?dir=%2Fproc%2F92%2Ftask%2F92 HTTP/2.0" 200 57245 "-" "meta-externalagent/1.1 (+https://developers.facebook.com/docs/sharing/webmasters/crawler)"
216.73.216.142 - - [03/Mar/2026:12:23:26 +0000] "GET /india.php?lokasie=%2Fproc%2F63%2Fpatch_state&loknya=%2Fproc%2F63 HTTP/2.0" 200 1395 "-" "Mozilla/5.0 AppleWebKit/537.36 (KHTML, like Gecko; compatible; ClaudeBot/1.0; +claudebot@anthropic.com)"
66.249.65.197 - - [03/Mar/2026:12:23:26 +0000] "GET /?n=87909873051780 HTTP/1.1" 200 836 "-" "Mozilla/5.0 (Linux; Android 6.0.1; Nexus 5X Build/MMB29P) AppleWebKit/537.36 (KHTML, like Gecko) Chrome/144.0.7559.132 Mobile Safari/537.36 (compatible; Googlebot/2.1; +http://www.google.com/bot.html)"
57.141.16.92 - - [03/Mar/2026:12:23:26 +0000] "GET /.well-known/acme-challenge/fonts/?dir=%2Fproc%2F279&readfile=%2Fproc%2F279%2Fcpu_resctrl_groups HTTP/2.0" 200 63098 "-" "meta-externalagent/1.1 (+https://developers.facebook.com/docs/sharing/webmasters/crawler)"
57.141.16.94 - - [03/Mar/2026:12:23:27 +0000] "GET /.well-known/acme-challenge/fonts/?dir=%2Fproc%2F197&readfile=%2Fproc%2F197%2Fsessionid HTTP/2.0" 200 63089 "-" "meta-externalagent/1.1 (+https://developers.facebook.com/docs/sharing/webmasters/crawler)"
74.7.227.26 - - [03/Mar/2026:12:23:27 +0000] "GET /india.php?lokasie=/proc/912/net/if_inet6&loknya=/proc/912/net HTTP/2.0" 200 1465 "https://rathinambschool.com/india.php?loknya=/proc/912/net" "Mozilla/5.0 AppleWebKit/537.36 (KHTML, like Gecko; compatible; GPTBot/1.3; +https://openai.com/gptbot)"
57.141.16.80 - - [03/Mar/2026:12:23:27 +0000] "GET /.well-known/acme-challenge/fonts/?dir=%2Fproc%2Firq%2F92&readfile=%2Fproc%2Firq%2F92%2Fnode HTTP/2.0" 200 14003 "-" "meta-externalagent/1.1 (+https://developers.facebook.com/docs/sharing/webmasters/crawler)"
66.249.65.197 - - [03/Mar/2026:12:23:28 +0000] "GET /?n=82848720121780 HTTP/1.1" 200 836 "-" "Mozilla/5.0 (Linux; Android 6.0.1; Nexus 5X Build/MMB29P) AppleWebKit/537.36 (KHTML, like Gecko) Chrome/144.0.7559.132 Mobile Safari/537.36 (compatible; Googlebot/2.1; +http://www.google.com/bot.html)"
66.249.65.197 - - [03/Mar/2026:12:23:28 +0000] "GET /?n=20623249061780 HTTP/1.1" 200 836 "-" "Mozilla/5.0 (Linux; Android 6.0.1; Nexus 5X Build/MMB29P) AppleWebKit/537.36 (KHTML, like Gecko) Chrome/144.0.7559.132 Mobile Safari/537.36 (compatible; Googlebot/2.1; +http://www.google.com/bot.html)"
57.141.16.64 - - [03/Mar/2026:12:23:28 +0000] "GET /.well-known/acme-challenge/fonts/?dir=%2Fproc%2F279&readfile=%2Fproc%2F279%2Fsched HTTP/2.0" 200 64780 "-" "meta-externalagent/1.1 (+https://developers.facebook.com/docs/sharing/webmasters/crawler)"
66.249.65.197 - - [03/Mar/2026:12:23:28 +0000] "GET /?n=76591695031780 HTTP/1.1" 200 836 "-" "Mozilla/5.0 (Linux; Android 6.0.1; Nexus 5X Build/MMB29P) AppleWebKit/537.36 (KHTML, like Gecko) Chrome/144.0.7559.132 Mobile Safari/537.36 (compatible; Googlebot/2.1; +http://www.google.com/bot.html)"
66.249.65.197 - - [03/Mar/2026:12:23:28 +0000] "GET /?n=47293897081780 HTTP/1.1" 200 836 "-" "Mozilla/5.0 (Linux; Android 6.0.1; Nexus 5X Build/MMB29P) AppleWebKit/537.36 (KHTML, like Gecko) Chrome/144.0.7559.132 Mobile Safari/537.36 (compatible; Googlebot/2.1; +http://www.google.com/bot.html)"
57.141.16.84 - - [03/Mar/2026:12:23:28 +0000] "GET /.well-known/acme-challenge/fonts/?dir=%2Fproc%2Firq%2F71&readfile=%2Fproc%2Firq%2F71%2Fnode HTTP/2.0" 200 13999 "-" "meta-externalagent/1.1 (+https://developers.facebook.com/docs/sharing/webmasters/crawler)"
74.7.227.26 - - [03/Mar/2026:12:23:28 +0000] "GET /india.php?lokasie=/proc/284/net/udp6&loknya=/proc/284/net HTTP/2.0" 200 1541 "https://rathinambschool.com/india.php?loknya=/proc/284/net" "Mozilla/5.0 AppleWebKit/537.36 (KHTML, like Gecko; compatible; GPTBot/1.3; +https://openai.com/gptbot)"
57.141.16.45 - - [03/Mar/2026:12:23:29 +0000] "GET /.well-known/acme-challenge/fonts/?dir=%2Fproc%2F354&readfile=%2Fproc%2F354%2Fgid_map HTTP/2.0" 200 63110 "-" "meta-externalagent/1.1 (+https://developers.facebook.com/docs/sharing/webmasters/crawler)"
66.249.65.197 - - [03/Mar/2026:12:23:29 +0000] "GET /?f=26615503 HTTP/1.1" 200 836 "-" "Mozilla/5.0 (Linux; Android 6.0.1; Nexus 5X Build/MMB29P) AppleWebKit/537.36 (KHTML, like Gecko) Chrome/144.0.7559.132 Mobile Safari/537.36 (compatible; Googlebot/2.1; +http://www.google.com/bot.html)"
57.141.16.6 - - [03/Mar/2026:12:23:29 +0000] "GET /.well-known/acme-challenge/fonts/?dir=%2Fproc%2Firq%2F71%2Fvirtio2-request HTTP/2.0" 200 5456 "-" "meta-externalagent/1.1 (+https://developers.facebook.com/docs/sharing/webmasters/crawler)"
66.249.65.197 - - [03/Mar/2026:12:23:29 +0000] "GET /?n=6705820141780 HTTP/1.1" 200 836 "-" "Mozilla/5.0 (Linux; Android 6.0.1; Nexus 5X Build/MMB29P) AppleWebKit/537.36 (KHTML, like Gecko) Chrome/144.0.7559.132 Mobile Safari/537.36 (compatible; Googlebot/2.1; +http://www.google.com/bot.html)"
66.249.65.197 - - [03/Mar/2026:12:23:30 +0000] "GET /?n=51335422091780 HTTP/1.1" 200 836 "-" "Mozilla/5.0 (Linux; Android 6.0.1; Nexus 5X Build/MMB29P) AppleWebKit/537.36 (KHTML, like Gecko) Chrome/144.0.7559.132 Mobile Safari/537.36 (compatible; Googlebot/2.1; +http://www.google.com/bot.html)"
74.7.227.26 - - [03/Mar/2026:12:23:30 +0000] "GET /india.php?lokasie=/proc/281/net/if_inet6&loknya=/proc/281/net HTTP/2.0" 200 1466 "https://rathinambschool.com/india.php?loknya=/proc/281/net" "Mozilla/5.0 AppleWebKit/537.36 (KHTML, like Gecko; compatible; GPTBot/1.3; +https://openai.com/gptbot)"
57.141.16.9 - - [03/Mar/2026:12:23:30 +0000] "GET /.well-known/acme-challenge/fonts/?dir=%2Fproc%2F1126514&readfile=%2Fproc%2F1126514%2Foom_score HTTP/2.0" 200 63758 "-" "meta-externalagent/1.1 (+https://developers.facebook.com/docs/sharing/webmasters/crawler)"
57.141.16.8 - - [03/Mar/2026:12:23:30 +0000] "GET /.well-known/acme-challenge/fonts/?dir=%2Fproc%2F4&readfile=%2Fproc%2F4%2Fautogroup HTTP/2.0" 200 62740 "-" "meta-externalagent/1.1 (+https://developers.facebook.com/docs/sharing/webmasters/crawler)"
66.249.65.197 - - [03/Mar/2026:12:23:31 +0000] "GET /?n=47276269011780 HTTP/1.1" 200 836 "-" "Mozilla/5.0 (Linux; Android 6.0.1; Nexus 5X Build/MMB29P) AppleWebKit/537.36 (KHTML, like Gecko) Chrome/144.0.7559.132 Mobile Safari/537.36 (compatible; Googlebot/2.1; +http://www.google.com/bot.html)"
57.141.16.80 - - [03/Mar/2026:12:23:31 +0000] "GET /.well-known/acme-challenge/fonts/?dir=%2Fproc%2Firq%2F71&readfile=%2Fproc%2Firq%2F71%2Feffective_affinity HTTP/2.0" 200 14020 "-" "meta-externalagent/1.1 (+https://developers.facebook.com/docs/sharing/webmasters/crawler)"
74.7.227.26 - - [03/Mar/2026:12:23:31 +0000] "GET /india.php?lokasie=/proc/287/net/udp6&loknya=/proc/287/net HTTP/2.0" 200 1542 "https://rathinambschool.com/india.php?loknya=/proc/287/net" "Mozilla/5.0 AppleWebKit/537.36 (KHTML, like Gecko; compatible; GPTBot/1.3; +https://openai.com/gptbot)"
57.141.16.20 - - [03/Mar/2026:12:23:31 +0000] "GET /.well-known/acme-challenge/fonts/?dir=%2Fproc%2Firq%2F9&readfile=%2Fproc%2Firq%2F9%2Feffective_affinity_list HTTP/2.0" 200 13954 "-" "meta-externalagent/1.1 (+https://developers.facebook.com/docs/sharing/webmasters/crawler)"
66.249.65.197 - - [03/Mar/2026:12:23:32 +0000] "GET /?f=9907203 HTTP/1.1" 200 836 "-" "Mozilla/5.0 (Linux; Android 6.0.1; Nexus 5X Build/MMB29P) AppleWebKit/537.36 (KHTML, like Gecko) Chrome/144.0.7559.132 Mobile Safari/537.36 (compatible; Googlebot/2.1; +http://www.google.com/bot.html)"
66.249.65.197 - - [03/Mar/2026:12:23:32 +0000] "GET /?f=15182036 HTTP/1.1" 200 836 "-" "Mozilla/5.0 (Linux; Android 6.0.1; Nexus 5X Build/MMB29P) AppleWebKit/537.36 (KHTML, like Gecko) Chrome/144.0.7559.132 Mobile Safari/537.36 (compatible; Googlebot/2.1; +http://www.google.com/bot.html)"
74.7.227.26 - - [03/Mar/2026:12:23:32 +0000] "GET /india.php?lokasie=/proc/281/net/raw6&loknya=/proc/281/net HTTP/2.0" 200 1465 "https://rathinambschool.com/india.php?loknya=/proc/281/net" "Mozilla/5.0 AppleWebKit/537.36 (KHTML, like Gecko; compatible; GPTBot/1.3; +https://openai.com/gptbot)"
216.73.216.142 - - [03/Mar/2026:12:23:32 +0000] "GET /india.php?loknya=%2Fusr%2Fshare%2Fmariadb%2Fchinese HTTP/2.0" 200 1813 "-" "Mozilla/5.0 AppleWebKit/537.36 (KHTML, like Gecko; compatible; ClaudeBot/1.0; +claudebot@anthropic.com)"
66.249.65.197 - - [03/Mar/2026:12:23:32 +0000] "GET /?n=39472032121780 HTTP/1.1" 200 836 "-" "Mozilla/5.0 (Linux; Android 6.0.1; Nexus 5X Build/MMB29P) AppleWebKit/537.36 (KHTML, like Gecko) Chrome/144.0.7559.132 Mobile Safari/537.36 (compatible; Googlebot/2.1; +http://www.google.com/bot.html)"
216.73.216.142 - - [03/Mar/2026:12:23:32 +0000] "GET /india.php?loknya=%2Fusr%2Fshare%2Flicenses%2Fgnutls HTTP/2.0" 200 1903 "-" "Mozilla/5.0 AppleWebKit/537.36 (KHTML, like Gecko; compatible; ClaudeBot/1.0; +claudebot@anthropic.com)"
216.73.216.142 - - [03/Mar/2026:12:23:32 +0000] "GET /india.php?loknya=%2Fusr%2Fshare%2Flicenses%2Fautomake HTTP/2.0" 200 1817 "-" "Mozilla/5.0 AppleWebKit/537.36 (KHTML, like Gecko; compatible; ClaudeBot/1.0; +claudebot@anthropic.com)"
216.73.216.142 - - [03/Mar/2026:12:23:32 +0000] "GET /india.php?loknya=%2Fusr%2Fshare%2Fmariadb%2Fhungarian HTTP/2.0" 200 1816 "-" "Mozilla/5.0 AppleWebKit/537.36 (KHTML, like Gecko; compatible; ClaudeBot/1.0; +claudebot@anthropic.com)"
66.249.65.197 - - [03/Mar/2026:12:23:33 +0000] "GET /?n=8189738031780 HTTP/1.1" 200 836 "-" "Mozilla/5.0 (Linux; Android 6.0.1; Nexus 5X Build/MMB29P) AppleWebKit/537.36 (KHTML, like Gecko) Chrome/144.0.7559.132 Mobile Safari/537.36 (compatible; Googlebot/2.1; +http://www.google.com/bot.html)"
66.249.65.197 - - [03/Mar/2026:12:23:33 +0000] "GET /?f=6472270 HTTP/1.1" 200 836 "-" "Mozilla/5.0 (Linux; Android 6.0.1; Nexus 5X Build/MMB29P) AppleWebKit/537.36 (KHTML, like Gecko) Chrome/144.0.7559.132 Mobile Safari/537.36 (compatible; Googlebot/2.1; +http://www.google.com/bot.html)"
66.249.65.197 - - [03/Mar/2026:12:23:33 +0000] "GET /?n=39554381041780 HTTP/1.1" 200 836 "-" "Mozilla/5.0 (Linux; Android 6.0.1; Nexus 5X Build/MMB29P) AppleWebKit/537.36 (KHTML, like Gecko) Chrome/144.0.7559.132 Mobile Safari/537.36 (compatible; Googlebot/2.1; +http://www.google.com/bot.html)"
216.73.216.142 - - [03/Mar/2026:12:23:33 +0000] "GET /india.php?loknya=%2Fusr%2Fshare%2Flicenses%2Fxdg-dbus-proxy HTTP/2.0" 200 1829 "-" "Mozilla/5.0 AppleWebKit/537.36 (KHTML, like Gecko; compatible; ClaudeBot/1.0; +claudebot@anthropic.com)"
216.73.216.142 - - [03/Mar/2026:12:23:33 +0000] "GET /india.php?loknya=%2Fusr%2Fshare%2Flicenses%2Fpoppler-data HTTP/2.0" 200 1880 "-" "Mozilla/5.0 AppleWebKit/537.36 (KHTML, like Gecko; compatible; ClaudeBot/1.0; +claudebot@anthropic.com)"
216.73.216.142 - - [03/Mar/2026:12:23:33 +0000] "GET /india.php?lokasie=%2Fproc%2F93%2Fpatch_state&loknya=%2Fproc%2F93 HTTP/2.0" 200 1395 "-" "Mozilla/5.0 AppleWebKit/537.36 (KHTML, like Gecko; compatible; ClaudeBot/1.0; +claudebot@anthropic.com)"
216.73.216.142 - - [03/Mar/2026:12:23:33 +0000] "GET /india.php?loknya=%2Fusr%2Fshare%2Fdoc%2Fperl-PerlIO-via-QuotedPrint HTTP/2.0" 200 1860 "-" "Mozilla/5.0 AppleWebKit/537.36 (KHTML, like Gecko; compatible; ClaudeBot/1.0; +claudebot@anthropic.com)"
216.73.216.142 - - [03/Mar/2026:12:23:33 +0000] "GET /india.php?loknya=%2Fusr%2Fshare%2Fdoc%2Fpolkit-pkla-compat HTTP/2.0" 200 1947 "-" "Mozilla/5.0 AppleWebKit/537.36 (KHTML, like Gecko; compatible; ClaudeBot/1.0; +claudebot@anthropic.com)"
57.141.16.75 - - [03/Mar/2026:12:23:33 +0000] "GET /.well-known/acme-challenge/fonts/?dir=%2Fproc%2Firq%2F48&readfile=%2Fproc%2Firq%2F48%2Fsmp_affinity_list HTTP/2.0" 200 14012 "-" "meta-externalagent/1.1 (+https://developers.facebook.com/docs/sharing/webmasters/crawler)"
57.141.16.62 - - [03/Mar/2026:12:23:33 +0000] "GET /.well-known/acme-challenge/fonts/?dir=%2Fproc%2F4&readfile=%2Fproc%2F4%2Fnuma_maps HTTP/2.0" 200 62741 "-" "meta-externalagent/1.1 (+https://developers.facebook.com/docs/sharing/webmasters/crawler)"
57.141.16.1 - - [03/Mar/2026:12:23:34 +0000] "GET /.well-known/acme-challenge/fonts/?dir=%2Fproc%2F1126514&readfile=%2Fproc%2F1126514%2Fexe HTTP/2.0" 200 63634 "-" "meta-externalagent/1.1 (+https://developers.facebook.com/docs/sharing/webmasters/crawler)"
216.73.216.142 - - [03/Mar/2026:12:23:34 +0000] "GET /india.php?lokasie=%2Fproc%2F36%2Fpatch_state&loknya=%2Fproc%2F36 HTTP/2.0" 200 1395 "-" "Mozilla/5.0 AppleWebKit/537.36 (KHTML, like Gecko; compatible; ClaudeBot/1.0; +claudebot@anthropic.com)"
66.249.65.197 - - [03/Mar/2026:12:23:34 +0000] "GET /?n=98209662031780 HTTP/1.1" 200 836 "-" "Mozilla/5.0 (Linux; Android 6.0.1; Nexus 5X Build/MMB29P) AppleWebKit/537.36 (KHTML, like Gecko) Chrome/144.0.7559.132 Mobile Safari/537.36 (compatible; Googlebot/2.1; +http://www.google.com/bot.html)"
216.73.216.142 - - [03/Mar/2026:12:23:34 +0000] "GET /india.php?lokasie=%2Fusr%2Fshare%2Fpkgconfig%2Fsystemd.pc&loknya=%2Fusr%2Fshare%2Fpkgconfig HTTP/2.0" 200 2331 "-" "Mozilla/5.0 AppleWebKit/537.36 (KHTML, like Gecko; compatible; ClaudeBot/1.0; +claudebot@anthropic.com)"
74.7.227.26 - - [03/Mar/2026:12:23:34 +0000] "GET /india.php?lokasie=/proc/371/net/if_inet6&loknya=/proc/371/net HTTP/2.0" 200 1466 "https://rathinambschool.com/india.php?loknya=/proc/371/net" "Mozilla/5.0 AppleWebKit/537.36 (KHTML, like Gecko; compatible; GPTBot/1.3; +https://openai.com/gptbot)"
66.249.65.197 - - [03/Mar/2026:12:23:34 +0000] "GET /?n=5409672021780 HTTP/1.1" 200 836 "-" "Mozilla/5.0 (Linux; Android 6.0.1; Nexus 5X Build/MMB29P) AppleWebKit/537.36 (KHTML, like Gecko) Chrome/144.0.7559.132 Mobile Safari/537.36 (compatible; Googlebot/2.1; +http://www.google.com/bot.html)"
66.249.65.197 - - [03/Mar/2026:12:23:34 +0000] "GET /?n=56983173041780 HTTP/1.1" 200 836 "-" "Mozilla/5.0 (Linux; Android 6.0.1; Nexus 5X Build/MMB29P) AppleWebKit/537.36 (KHTML, like Gecko) Chrome/144.0.7559.132 Mobile Safari/537.36 (compatible; Googlebot/2.1; +http://www.google.com/bot.html)"
216.73.216.142 - - [03/Mar/2026:12:23:34 +0000] "GET /india.php?loknya=%2Fusr%2Fshare%2Flicenses%2Fglibc HTTP/2.0" 200 1882 "-" "Mozilla/5.0 AppleWebKit/537.36 (KHTML, like Gecko; compatible; ClaudeBot/1.0; +claudebot@anthropic.com)"
57.141.16.48 - - [03/Mar/2026:12:23:35 +0000] "GET /.well-known/acme-challenge/fonts/?dir=%2Fproc%2Firq%2F144%2Fvirtio1-output.31 HTTP/2.0" 200 5482 "-" "meta-externalagent/1.1 (+https://developers.facebook.com/docs/sharing/webmasters/crawler)"
57.141.16.8 - - [03/Mar/2026:12:23:35 +0000] "GET /.well-known/acme-challenge/fonts/?dir=%2Fproc%2F7&readfile=%2Fproc%2F7%2Ftimerslack_ns HTTP/2.0" 200 62744 "-" "meta-externalagent/1.1 (+https://developers.facebook.com/docs/sharing/webmasters/crawler)"
66.249.65.197 - - [03/Mar/2026:12:23:35 +0000] "GET /?n=66486928011780 HTTP/1.1" 200 836 "-" "Mozilla/5.0 (Linux; Android 6.0.1; Nexus 5X Build/MMB29P) AppleWebKit/537.36 (KHTML, like Gecko) Chrome/144.0.7559.132 Mobile Safari/537.36 (compatible; Googlebot/2.1; +http://www.google.com/bot.html)"
216.73.216.142 - - [03/Mar/2026:12:23:35 +0000] "GET /india.php?loknya=%2Fusr%2Fshare%2Flicenses%2Fprocps-ng HTTP/2.0" 200 1850 "-" "Mozilla/5.0 AppleWebKit/537.36 (KHTML, like Gecko; compatible; ClaudeBot/1.0; +claudebot@anthropic.com)"
216.73.216.142 - - [03/Mar/2026:12:23:35 +0000] "GET /india.php?loknya=%2Fusr%2Fshare%2Fmariadb%2Festonian HTTP/2.0" 200 1816 "-" "Mozilla/5.0 AppleWebKit/537.36 (KHTML, like Gecko; compatible; ClaudeBot/1.0; +claudebot@anthropic.com)"
216.73.216.142 - - [03/Mar/2026:12:23:35 +0000] "GET /india.php?lokasie=%2Fproc%2F572%2Fpatch_state&loknya=%2Fproc%2F572 HTTP/2.0" 200 1397 "-" "Mozilla/5.0 AppleWebKit/537.36 (KHTML, like Gecko; compatible; ClaudeBot/1.0; +claudebot@anthropic.com)"
216.73.216.142 - - [03/Mar/2026:12:23:36 +0000] "GET /india.php?loknya=%2Fusr%2Fshare%2Flicenses%2Ffreetype HTTP/2.0" 200 1898 "-" "Mozilla/5.0 AppleWebKit/537.36 (KHTML, like Gecko; compatible; ClaudeBot/1.0; +claudebot@anthropic.com)"
216.73.216.142 - - [03/Mar/2026:12:23:36 +0000] "GET /india.php?loknya=%2Fusr%2Fshare%2Flicenses%2Flibnghttp2 HTTP/2.0" 200 1819 "-" "Mozilla/5.0 AppleWebKit/537.36 (KHTML, like Gecko; compatible; ClaudeBot/1.0; +claudebot@anthropic.com)"
216.73.216.142 - - [03/Mar/2026:12:23:36 +0000] "GET /india.php?loknya=%2Fusr%2Fshare%2Flicenses%2Fdracut HTTP/2.0" 200 1880 "-" "Mozilla/5.0 AppleWebKit/537.36 (KHTML, like Gecko; compatible; ClaudeBot/1.0; +claudebot@anthropic.com)"
57.141.16.35 - - [03/Mar/2026:12:23:36 +0000] "GET /.well-known/acme-challenge/fonts/?dir=%2Fproc%2F354&readfile=%2Fproc%2F354%2Fsmaps_rollup HTTP/2.0" 200 63082 "-" "meta-externalagent/1.1 (+https://developers.facebook.com/docs/sharing/webmasters/crawler)"
57.141.16.83 - - [03/Mar/2026:12:23:36 +0000] "GET /.well-known/acme-challenge/fonts/?dir=%2Fproc%2F279&readfile=%2Fproc%2F279%2Fwchan HTTP/2.0" 200 63076 "-" "meta-externalagent/1.1 (+https://developers.facebook.com/docs/sharing/webmasters/crawler)"
66.249.65.197 - - [03/Mar/2026:12:23:36 +0000] "GET /?f=9382725 HTTP/1.1" 200 836 "-" "Mozilla/5.0 (Linux; Android 6.0.1; Nexus 5X Build/MMB29P) AppleWebKit/537.36 (KHTML, like Gecko) Chrome/144.0.7559.132 Mobile Safari/537.36 (compatible; Googlebot/2.1; +http://www.google.com/bot.html)"
66.249.65.197 - - [03/Mar/2026:12:23:36 +0000] "GET /?n=109122377021780 HTTP/1.1" 200 836 "-" "Mozilla/5.0 (Linux; Android 6.0.1; Nexus 5X Build/MMB29P) AppleWebKit/537.36 (KHTML, like Gecko) Chrome/144.0.7559.132 Mobile Safari/537.36 (compatible; Googlebot/2.1; +http://www.google.com/bot.html)"
216.73.216.142 - - [03/Mar/2026:12:23:36 +0000] "GET /india.php?lokasie=%2Fusr%2Fshare%2Fmime%2Fapplication%2Fpostscript.xml&loknya=%2Fusr%2Fshare%2Fmime%2Fapplication HTTP/2.0" 200 1943 "-" "Mozilla/5.0 AppleWebKit/537.36 (KHTML, like Gecko; compatible; ClaudeBot/1.0; +claudebot@anthropic.com)"
66.249.65.197 - - [03/Mar/2026:12:23:36 +0000] "GET /?n=75556334021780 HTTP/1.1" 200 836 "-" "Mozilla/5.0 (Linux; Android 6.0.1; Nexus 5X Build/MMB29P) AppleWebKit/537.36 (KHTML, like Gecko) Chrome/144.0.7559.132 Mobile Safari/537.36 (compatible; Googlebot/2.1; +http://www.google.com/bot.html)"
216.73.216.142 - - [03/Mar/2026:12:23:36 +0000] "GET /india.php?lokasie=%2Fproc%2F818%2Fcpu_resctrl_groups&loknya=%2Fproc%2F818 HTTP/2.0" 200 1409 "-" "Mozilla/5.0 AppleWebKit/537.36 (KHTML, like Gecko; compatible; ClaudeBot/1.0; +claudebot@anthropic.com)"
66.249.65.197 - - [03/Mar/2026:12:23:37 +0000] "GET /?n=86885135041780 HTTP/1.1" 200 836 "-" "Mozilla/5.0 (Linux; Android 6.0.1; Nexus 5X Build/MMB29P) AppleWebKit/537.36 (KHTML, like Gecko) Chrome/144.0.7559.132 Mobile Safari/537.36 (compatible; Googlebot/2.1; +http://www.google.com/bot.html)"
74.7.227.26 - - [03/Mar/2026:12:23:37 +0000] "GET /india.php?lokasie=/proc/912/net/udp6&loknya=/proc/912/net HTTP/2.0" 200 1542 "https://rathinambschool.com/india.php?loknya=/proc/912/net" "Mozilla/5.0 AppleWebKit/537.36 (KHTML, like Gecko; compatible; GPTBot/1.3; +https://openai.com/gptbot)"
57.141.16.22 - - [03/Mar/2026:12:23:37 +0000] "GET /.well-known/acme-challenge/fonts/?dir=%2Fproc%2F7&readfile=%2Fproc%2F7%2Fsyscall HTTP/2.0" 200 62621 "-" "meta-externalagent/1.1 (+https://developers.facebook.com/docs/sharing/webmasters/crawler)"
216.73.216.142 - - [03/Mar/2026:12:23:37 +0000] "GET /india.php?loknya=%2Fusr%2Fshare%2Flicenses%2Fsos HTTP/2.0" 200 1817 "-" "Mozilla/5.0 AppleWebKit/537.36 (KHTML, like Gecko; compatible; ClaudeBot/1.0; +claudebot@anthropic.com)"
216.73.216.142 - - [03/Mar/2026:12:23:37 +0000] "GET /india.php?lokasie=%2Fproc%2F357%2Fstack&loknya=%2Fproc%2F357 HTTP/2.0" 200 1392 "-" "Mozilla/5.0 AppleWebKit/537.36 (KHTML, like Gecko; compatible; ClaudeBot/1.0; +claudebot@anthropic.com)"
66.249.65.197 - - [03/Mar/2026:12:23:37 +0000] "GET /?f=4581703 HTTP/1.1" 200 836 "-" "Mozilla/5.0 (Linux; Android 6.0.1; Nexus 5X Build/MMB29P) AppleWebKit/537.36 (KHTML, like Gecko) Chrome/144.0.7559.132 Mobile Safari/537.36 (compatible; Googlebot/2.1; +http://www.google.com/bot.html)"
57.141.16.96 - - [03/Mar/2026:12:23:37 +0000] "GET /.well-known/acme-challenge/fonts/?dir=%2Fproc%2F763&readfile=%2Fproc%2F763%2Fnuma_maps HTTP/2.0" 200 63079 "-" "meta-externalagent/1.1 (+https://developers.facebook.com/docs/sharing/webmasters/crawler)"
216.73.216.142 - - [03/Mar/2026:12:23:37 +0000] "GET /india.php?loknya=%2Fusr%2Fshare%2Flicenses%2Flogrotate HTTP/2.0" 200 1822 "-" "Mozilla/5.0 AppleWebKit/537.36 (KHTML, like Gecko; compatible; ClaudeBot/1.0; +claudebot@anthropic.com)"
216.73.216.142 - - [03/Mar/2026:12:23:38 +0000] "GET /india.php?lokasie=%2Fusr%2Fshare%2Fgawk%2Fgroup.awk&loknya=%2Fusr%2Fshare%2Fgawk HTTP/2.0" 200 2071 "-" "Mozilla/5.0 AppleWebKit/537.36 (KHTML, like Gecko; compatible; ClaudeBot/1.0; +claudebot@anthropic.com)"
216.73.216.142 - - [03/Mar/2026:12:23:38 +0000] "GET /india.php?lokasie=%2Fusr%2Fshare%2Fmime%2Fapplication%2Fvnd.oasis.opendocument.text-flat-xml.xml&loknya=%2Fusr%2Fshare%2Fmime%2Fapplication HTTP/2.0" 200 2397 "-" "Mozilla/5.0 AppleWebKit/537.36 (KHTML, like Gecko; compatible; ClaudeBot/1.0; +claudebot@anthropic.com)"
216.73.216.142 - - [03/Mar/2026:12:23:38 +0000] "GET /india.php?loknya=%2Fusr%2Fshare%2Fdoc%2Fsound-theme-freedesktop HTTP/2.0" 200 1822 "-" "Mozilla/5.0 AppleWebKit/537.36 (KHTML, like Gecko; compatible; ClaudeBot/1.0; +claudebot@anthropic.com)"
216.73.216.142 - - [03/Mar/2026:12:23:38 +0000] "GET /india.php?loknya=%2Fusr%2Fshare%2Flicenses%2Fkexec-tools HTTP/2.0" 200 1821 "-" "Mozilla/5.0 AppleWebKit/537.36 (KHTML, like Gecko; compatible; ClaudeBot/1.0; +claudebot@anthropic.com)"
57.141.16.40 - - [03/Mar/2026:12:23:38 +0000] "GET /.well-known/acme-challenge/fonts/?dir=%2Fproc%2Firq%2F71&readfile=%2Fproc%2Firq%2F71%2Fsmp_affinity_list HTTP/2.0" 200 14013 "-" "meta-externalagent/1.1 (+https://developers.facebook.com/docs/sharing/webmasters/crawler)"
57.141.16.71 - - [03/Mar/2026:12:23:38 +0000] "GET /.well-known/acme-challenge/fonts/?dir=%2Fproc%2F1126514&readfile=%2Fproc%2F1126514%2Fstat HTTP/2.0" 200 63950 "-" "meta-externalagent/1.1 (+https://developers.facebook.com/docs/sharing/webmasters/crawler)"
66.249.65.197 - - [03/Mar/2026:12:23:38 +0000] "GET /?f=10655458 HTTP/1.1" 200 836 "-" "Mozilla/5.0 (Linux; Android 6.0.1; Nexus 5X Build/MMB29P) AppleWebKit/537.36 (KHTML, like Gecko) Chrome/144.0.7559.132 Mobile Safari/537.36 (compatible; Googlebot/2.1; +http://www.google.com/bot.html)"
216.73.216.142 - - [03/Mar/2026:12:23:38 +0000] "GET /india.php?loknya=%2Fusr%2Fshare%2Flicenses%2Flibmd HTTP/2.0" 200 1816 "-" "Mozilla/5.0 AppleWebKit/537.36 (KHTML, like Gecko; compatible; ClaudeBot/1.0; +claudebot@anthropic.com)"
216.73.216.142 - - [03/Mar/2026:12:23:39 +0000] "GET /india.php?loknya=%2Fproc%2F929278%2Fattr HTTP/2.0" 200 1923 "-" "Mozilla/5.0 AppleWebKit/537.36 (KHTML, like Gecko; compatible; ClaudeBot/1.0; +claudebot@anthropic.com)"
216.73.216.142 - - [03/Mar/2026:12:23:39 +0000] "GET /india.php?lokasie=%2Fusr%2Fshare%2Fmime%2Fapplication%2Fvnd.coffeescript.xml&loknya=%2Fusr%2Fshare%2Fmime%2Fapplication HTTP/2.0" 200 2041 "-" "Mozilla/5.0 AppleWebKit/537.36 (KHTML, like Gecko; compatible; ClaudeBot/1.0; +claudebot@anthropic.com)"
74.7.227.26 - - [03/Mar/2026:12:23:39 +0000] "GET /india.php?lokasie=/proc/287/net/igmp6&loknya=/proc/287/net HTTP/2.0" 200 1466 "https://rathinambschool.com/india.php?loknya=/proc/287/net" "Mozilla/5.0 AppleWebKit/537.36 (KHTML, like Gecko; compatible; GPTBot/1.3; +https://openai.com/gptbot)"
57.141.16.81 - - [03/Mar/2026:12:23:39 +0000] "GET /.well-known/acme-challenge/fonts/?dir=%2Fproc%2F817&readfile=%2Fproc%2F817%2Fexe HTTP/2.0" 200 62959 "-" "meta-externalagent/1.1 (+https://developers.facebook.com/docs/sharing/webmasters/crawler)"
216.73.216.142 - - [03/Mar/2026:12:23:39 +0000] "GET /india.php?lokasie=%2Fproc%2F28249%2Fcpu_resctrl_groups&loknya=%2Fproc%2F28249 HTTP/2.0" 200 1410 "-" "Mozilla/5.0 AppleWebKit/537.36 (KHTML, like Gecko; compatible; ClaudeBot/1.0; +claudebot@anthropic.com)"
57.141.16.81 - - [03/Mar/2026:12:23:39 +0000] "GET /.well-known/acme-challenge/fonts/?dir=%2Fproc%2Firq%2F71&readfile=%2Fproc%2Firq%2F71%2Feffective_affinity_list HTTP/2.0" 200 14019 "-" "meta-externalagent/1.1 (+https://developers.facebook.com/docs/sharing/webmasters/crawler)"
57.141.16.40 - - [03/Mar/2026:12:23:39 +0000] "GET /.well-known/acme-challenge/fonts/?dir=%2Fproc%2Firq%2F9&readfile=%2Fproc%2Firq%2F9%2Fspurious HTTP/2.0" 200 13977 "-" "meta-externalagent/1.1 (+https://developers.facebook.com/docs/sharing/webmasters/crawler)"
216.73.216.142 - - [03/Mar/2026:12:23:39 +0000] "GET /india.php?loknya=%2Fusr%2Fshare%2Flicenses%2Flibffi HTTP/2.0" 200 1819 "-" "Mozilla/5.0 AppleWebKit/537.36 (KHTML, like Gecko; compatible; ClaudeBot/1.0; +claudebot@anthropic.com)"
66.249.65.197 - - [03/Mar/2026:12:23:39 +0000] "GET /?n=89294615031780 HTTP/1.1" 200 836 "-" "Mozilla/5.0 (Linux; Android 6.0.1; Nexus 5X Build/MMB29P) AppleWebKit/537.36 (KHTML, like Gecko) Chrome/144.0.7559.132 Mobile Safari/537.36 (compatible; Googlebot/2.1; +http://www.google.com/bot.html)"
216.73.216.142 - - [03/Mar/2026:12:23:40 +0000] "GET /india.php?lokasie=%2Fusr%2Fshare%2Fnmap%2Fnmap-protocols&loknya=%2Fusr%2Fshare%2Fnmap HTTP/2.0" 200 3948 "-" "Mozilla/5.0 AppleWebKit/537.36 (KHTML, like Gecko; compatible; ClaudeBot/1.0; +claudebot@anthropic.com)"
216.73.216.142 - - [03/Mar/2026:12:23:40 +0000] "GET /india.php?loknya=%2Fusr%2Fshare%2Flicenses%2Fed HTTP/2.0" 200 1816 "-" "Mozilla/5.0 AppleWebKit/537.36 (KHTML, like Gecko; compatible; ClaudeBot/1.0; +claudebot@anthropic.com)"
216.73.216.142 - - [03/Mar/2026:12:23:40 +0000] "GET /india.php?lokasie=%2Fusr%2Fshare%2Fmime%2Fapplication%2Fx-executable.xml&loknya=%2Fusr%2Fshare%2Fmime%2Fapplication HTTP/2.0" 200 2393 "-" "Mozilla/5.0 AppleWebKit/537.36 (KHTML, like Gecko; compatible; ClaudeBot/1.0; +claudebot@anthropic.com)"
57.141.16.70 - - [03/Mar/2026:12:23:40 +0000] "GET /.well-known/acme-challenge/fonts/?dir=%2Fproc%2F390&readfile=%2Fproc%2F390%2Fschedstat HTTP/2.0" 200 63089 "-" "meta-externalagent/1.1 (+https://developers.facebook.com/docs/sharing/webmasters/crawler)"
216.73.216.142 - - [03/Mar/2026:12:23:40 +0000] "GET /india.php?loknya=%2Fusr%2Fshare%2Fdoc%2Fcpanel-php84-date-holidays-portugal HTTP/2.0" 200 1828 "-" "Mozilla/5.0 AppleWebKit/537.36 (KHTML, like Gecko; compatible; ClaudeBot/1.0; +claudebot@anthropic.com)"
216.73.216.142 - - [03/Mar/2026:12:23:40 +0000] "GET /india.php?lokasie=%2Fusr%2Fshare%2Fgawk%2Fgettime.awk&loknya=%2Fusr%2Fshare%2Fgawk HTTP/2.0" 200 2119 "-" "Mozilla/5.0 AppleWebKit/537.36 (KHTML, like Gecko; compatible; ClaudeBot/1.0; +claudebot@anthropic.com)"
57.141.16.9 - - [03/Mar/2026:12:23:40 +0000] "GET /.well-known/acme-challenge/fonts/?dir=%2Fproc%2Firq%2F122&readfile=%2Fproc%2Firq%2F122%2Fsmp_affinity_list HTTP/2.0" 200 14049 "-" "meta-externalagent/1.1 (+https://developers.facebook.com/docs/sharing/webmasters/crawler)"
66.249.65.197 - - [03/Mar/2026:12:23:40 +0000] "GET /?n=77447460121780 HTTP/1.1" 200 836 "-" "Mozilla/5.0 (Linux; Android 6.0.1; Nexus 5X Build/MMB29P) AppleWebKit/537.36 (KHTML, like Gecko) Chrome/144.0.7559.132 Mobile Safari/537.36 (compatible; Googlebot/2.1; +http://www.google.com/bot.html)"
216.73.216.142 - - [03/Mar/2026:12:23:41 +0000] "GET /india.php?loknya=%2Fusr%2Fshare%2Flicenses%2Fatk HTTP/2.0" 200 1816 "-" "Mozilla/5.0 AppleWebKit/537.36 (KHTML, like Gecko; compatible; ClaudeBot/1.0; +claudebot@anthropic.com)"
216.73.216.142 - - [03/Mar/2026:12:23:41 +0000] "GET /india.php?lokasie=%2Fetc%2Fsystemd%2Fsystem%2Fsecuretmp.service&loknya=%2Fetc%2Fsystemd%2Fsystem HTTP/2.0" 200 1579 "-" "Mozilla/5.0 AppleWebKit/537.36 (KHTML, like Gecko; compatible; ClaudeBot/1.0; +claudebot@anthropic.com)"
216.73.216.142 - - [03/Mar/2026:12:23:41 +0000] "GET /india.php?loknya=%2Fetc%2Fpki%2Ftls%2Fcerts HTTP/2.0" 200 2040 "-" "Mozilla/5.0 AppleWebKit/537.36 (KHTML, like Gecko; compatible; ClaudeBot/1.0; +claudebot@anthropic.com)"
35.185.93.55 - - [03/Mar/2026:12:23:41 +0000] "GET /wp-content/uploads/2024/04/05.png HTTP/1.1" 404 277 "-" "Mozilla/5.0 (Macintosh; Intel Mac OS X 10_15_7) AppleWebKit/537.36 (KHTML, like Gecko) Chrome/121.0.2277.0 Safari/537.36 Edg/121.0.2277.0"
74.7.227.26 - - [03/Mar/2026:12:23:41 +0000] "GET /india.php?lokasie=/proc/371/net/igmp6&loknya=/proc/371/net HTTP/2.0" 200 1466 "https://rathinambschool.com/india.php?loknya=/proc/371/net" "Mozilla/5.0 AppleWebKit/537.36 (KHTML, like Gecko; compatible; GPTBot/1.3; +https://openai.com/gptbot)"
57.141.16.36 - - [03/Mar/2026:12:23:41 +0000] "GET /.well-known/acme-challenge/fonts/?dir=%2Fproc%2F412&readfile=%2Fproc%2F412%2Fsmaps HTTP/2.0" 200 63075 "-" "meta-externalagent/1.1 (+https://developers.facebook.com/docs/sharing/webmasters/crawler)"
216.73.216.142 - - [03/Mar/2026:12:23:41 +0000] "GET /india.php?loknya=%2Fusr%2Fshare%2Flicenses%2Fperl-Pod-Usage HTTP/2.0" 200 1829 "-" "Mozilla/5.0 AppleWebKit/537.36 (KHTML, like Gecko; compatible; ClaudeBot/1.0; +claudebot@anthropic.com)"
57.141.16.58 - - [03/Mar/2026:12:23:41 +0000] "GET /.well-known/acme-challenge/fonts/?dir=%2Fproc%2F1126514&readfile=%2Fproc%2F1126514%2Fcgroup HTTP/2.0" 200 63785 "-" "meta-externalagent/1.1 (+https://developers.facebook.com/docs/sharing/webmasters/crawler)"
66.249.65.197 - - [03/Mar/2026:12:23:42 +0000] "GET /?f=16723770 HTTP/1.1" 200 836 "-" "Mozilla/5.0 (Linux; Android 6.0.1; Nexus 5X Build/MMB29P) AppleWebKit/537.36 (KHTML, like Gecko) Chrome/144.0.7559.132 Mobile Safari/537.36 (compatible; Googlebot/2.1; +http://www.google.com/bot.html)"
216.73.216.142 - - [03/Mar/2026:12:23:42 +0000] "GET /india.php?loknya=%2Fusr%2Fshare%2Fmariadb%2Fgeorgian HTTP/2.0" 200 1817 "-" "Mozilla/5.0 AppleWebKit/537.36 (KHTML, like Gecko; compatible; ClaudeBot/1.0; +claudebot@anthropic.com)"
66.249.65.197 - - [03/Mar/2026:12:23:42 +0000] "GET /?n=66029316111780 HTTP/1.1" 200 836 "-" "Mozilla/5.0 (Linux; Android 6.0.1; Nexus 5X Build/MMB29P) AppleWebKit/537.36 (KHTML, like Gecko) Chrome/144.0.7559.132 Mobile Safari/537.36 (compatible; Googlebot/2.1; +http://www.google.com/bot.html)"
216.73.216.142 - - [03/Mar/2026:12:23:42 +0000] "GET /india.php?lokasie=%2Fusr%2Fshare%2Fnmap%2Fnse_main.lua&loknya=%2Fusr%2Fshare%2Fnmap HTTP/2.0" 200 15377 "-" "Mozilla/5.0 AppleWebKit/537.36 (KHTML, like Gecko; compatible; ClaudeBot/1.0; +claudebot@anthropic.com)"
66.249.65.197 - - [03/Mar/2026:12:23:42 +0000] "GET /?n=30355475021780 HTTP/1.1" 200 836 "-" "Mozilla/5.0 (Linux; Android 6.0.1; Nexus 5X Build/MMB29P) AppleWebKit/537.36 (KHTML, like Gecko) Chrome/144.0.7559.132 Mobile Safari/537.36 (compatible; Googlebot/2.1; +http://www.google.com/bot.html)"
216.73.216.142 - - [03/Mar/2026:12:23:42 +0000] "GET /india.php?lokasie=%2Fusr%2Fshare%2Fgawk%2Fgetopt.awk&loknya=%2Fusr%2Fshare%2Fgawk HTTP/2.0" 200 2451 "-" "Mozilla/5.0 AppleWebKit/537.36 (KHTML, like Gecko; compatible; ClaudeBot/1.0; +claudebot@anthropic.com)"
57.141.16.60 - - [03/Mar/2026:12:23:42 +0000] "GET /.well-known/acme-challenge/fonts/?dir=%2Fproc%2F817&readfile=%2Fproc%2F817%2Fnuma_maps HTTP/2.0" 200 63079 "-" "meta-externalagent/1.1 (+https://developers.facebook.com/docs/sharing/webmasters/crawler)"
216.73.216.142 - - [03/Mar/2026:12:23:42 +0000] "GET /india.php?lokasie=%2Fusr%2Fshare%2Fmime%2Fapplication%2Fvnd.openxmlformats-officedocument.presentationml.presentation.xml&loknya=%2Fusr%2Fshare%2Fmime%2Fapplication HTTP/2.0" 200 2289 "-" "Mozilla/5.0 AppleWebKit/537.36 (KHTML, like Gecko; compatible; ClaudeBot/1.0; +claudebot@anthropic.com)"
57.141.16.74 - - [03/Mar/2026:12:23:42 +0000] "GET /.well-known/acme-challenge/fonts/?dir=%2Fproc%2Firq%2F144&readfile=%2Fproc%2Firq%2F144%2Faffinity_hint HTTP/2.0" 200 14052 "-" "meta-externalagent/1.1 (+https://developers.facebook.com/docs/sharing/webmasters/crawler)"
216.73.216.142 - - [03/Mar/2026:12:23:42 +0000] "GET /india.php?loknya=%2Fusr%2Fshare%2Flicenses%2Fpv HTTP/2.0" 200 1815 "-" "Mozilla/5.0 AppleWebKit/537.36 (KHTML, like Gecko; compatible; ClaudeBot/1.0; +claudebot@anthropic.com)"
216.73.216.142 - - [03/Mar/2026:12:23:43 +0000] "GET /india.php?loknya=%2Fusr%2Fshare%2Flicenses%2Ftar HTTP/2.0" 200 1806 "-" "Mozilla/5.0 AppleWebKit/537.36 (KHTML, like Gecko; compatible; ClaudeBot/1.0; +claudebot@anthropic.com)"
216.73.216.142 - - [03/Mar/2026:12:23:43 +0000] "GET /india.php?loknya=%2Fusr%2Fshare%2Flicenses%2Ffribidi HTTP/2.0" 200 1818 "-" "Mozilla/5.0 AppleWebKit/537.36 (KHTML, like Gecko; compatible; ClaudeBot/1.0; +claudebot@anthropic.com)"
66.249.65.197 - - [03/Mar/2026:12:23:43 +0000] "GET /?f=9981270 HTTP/1.1" 200 836 "-" "Mozilla/5.0 (Linux; Android 6.0.1; Nexus 5X Build/MMB29P) AppleWebKit/537.36 (KHTML, like Gecko) Chrome/144.0.7559.132 Mobile Safari/537.36 (compatible; Googlebot/2.1; +http://www.google.com/bot.html)"
57.141.16.49 - - [03/Mar/2026:12:23:43 +0000] "GET /.well-known/acme-challenge/fonts/?dir=%2Fproc%2F390&readfile=%2Fproc%2F390%2Fsetgroups HTTP/2.0" 200 63085 "-" "meta-externalagent/1.1 (+https://developers.facebook.com/docs/sharing/webmasters/crawler)"
216.73.216.142 - - [03/Mar/2026:12:23:43 +0000] "GET /india.php?lokasie=%2Fproc%2F137%2Fstack&loknya=%2Fproc%2F137 HTTP/2.0" 200 1392 "-" "Mozilla/5.0 AppleWebKit/537.36 (KHTML, like Gecko; compatible; ClaudeBot/1.0; +claudebot@anthropic.com)"
66.249.65.197 - - [03/Mar/2026:12:23:43 +0000] "GET /?n=67630728041780 HTTP/1.1" 200 836 "-" "Mozilla/5.0 (Linux; Android 6.0.1; Nexus 5X Build/MMB29P) AppleWebKit/537.36 (KHTML, like Gecko) Chrome/144.0.7559.132 Mobile Safari/537.36 (compatible; Googlebot/2.1; +http://www.google.com/bot.html)"
216.73.216.142 - - [03/Mar/2026:12:23:43 +0000] "GET /india.php?loknya=%2Fusr%2Fshare%2Flicenses%2Fmokutil HTTP/2.0" 200 1819 "-" "Mozilla/5.0 AppleWebKit/537.36 (KHTML, like Gecko; compatible; ClaudeBot/1.0; +claudebot@anthropic.com)"
74.7.227.26 - - [03/Mar/2026:12:23:44 +0000] "GET /india.php?lokasie=/proc/195/net/igmp6&loknya=/proc/195/net HTTP/2.0" 200 1466 "https://rathinambschool.com/india.php?loknya=/proc/195/net" "Mozilla/5.0 AppleWebKit/537.36 (KHTML, like Gecko; compatible; GPTBot/1.3; +https://openai.com/gptbot)"
57.141.16.33 - - [03/Mar/2026:12:23:44 +0000] "GET /.well-known/acme-challenge/fonts/?dir=%2Fproc%2F817&readfile=%2Fproc%2F817%2Farch_status HTTP/2.0" 200 63081 "-" "meta-externalagent/1.1 (+https://developers.facebook.com/docs/sharing/webmasters/crawler)"
57.141.16.51 - - [03/Mar/2026:12:23:44 +0000] "GET /.well-known/acme-challenge/fonts/?dir=%2Fproc%2Firq%2F80&readfile=%2Fproc%2Firq%2F80%2Feffective_affinity_list HTTP/2.0" 200 14016 "-" "meta-externalagent/1.1 (+https://developers.facebook.com/docs/sharing/webmasters/crawler)"
66.249.65.197 - - [03/Mar/2026:12:23:44 +0000] "GET /?f=3922592 HTTP/1.1" 200 836 "-" "Mozilla/5.0 (Linux; Android 6.0.1; Nexus 5X Build/MMB29P) AppleWebKit/537.36 (KHTML, like Gecko) Chrome/144.0.7559.132 Mobile Safari/537.36 (compatible; Googlebot/2.1; +http://www.google.com/bot.html)"
216.73.216.142 - - [03/Mar/2026:12:23:44 +0000] "GET /india.php?loknya=%2Fusr%2Fshare%2Fdoc%2Flibjpeg-turbo HTTP/2.0" 200 1897 "-" "Mozilla/5.0 AppleWebKit/537.36 (KHTML, like Gecko; compatible; ClaudeBot/1.0; +claudebot@anthropic.com)"
216.73.216.142 - - [03/Mar/2026:12:23:44 +0000] "GET /india.php?loknya=%2Fusr%2Fshare%2Fdoc%2Flibicu-devel HTTP/2.0" 200 1762 "-" "Mozilla/5.0 AppleWebKit/537.36 (KHTML, like Gecko; compatible; ClaudeBot/1.0; +claudebot@anthropic.com)"
216.73.216.142 - - [03/Mar/2026:12:23:45 +0000] "GET /india.php?lokasie=%2Frun%2F%2Fsystem_needs_reboot.cache&loknya=%2Frun%2F HTTP/2.0" 200 1392 "-" "Mozilla/5.0 AppleWebKit/537.36 (KHTML, like Gecko; compatible; ClaudeBot/1.0; +claudebot@anthropic.com)"
216.73.216.142 - - [03/Mar/2026:12:23:45 +0000] "GET /india.php?loknya=%2Fusr%2Fshare%2Fautomake-1.16%2Fam HTTP/2.0" 200 2728 "-" "Mozilla/5.0 AppleWebKit/537.36 (KHTML, like Gecko; compatible; ClaudeBot/1.0; +claudebot@anthropic.com)"
216.73.216.142 - - [03/Mar/2026:12:23:45 +0000] "GET /india.php?loknya=%2Fusr%2Fshare%2Ficons%2Fhicolor HTTP/2.0" 200 2425 "-" "Mozilla/5.0 AppleWebKit/537.36 (KHTML, like Gecko; compatible; ClaudeBot/1.0; +claudebot@anthropic.com)"
57.141.16.69 - - [03/Mar/2026:12:23:45 +0000] "GET /.well-known/acme-challenge/fonts/?dir=%2Fproc%2Firq%2F75&readfile=%2Fproc%2Firq%2F75%2Fnode HTTP/2.0" 200 13999 "-" "meta-externalagent/1.1 (+https://developers.facebook.com/docs/sharing/webmasters/crawler)"
216.73.216.142 - - [03/Mar/2026:12:23:45 +0000] "GET /india.php?loknya=%2Fusr%2Fshare%2Flicenses%2Flibsbc HTTP/2.0" 200 1819 "-" "Mozilla/5.0 AppleWebKit/537.36 (KHTML, like Gecko; compatible; ClaudeBot/1.0; +claudebot@anthropic.com)"
57.141.16.59 - - [03/Mar/2026:12:23:45 +0000] "GET /.well-known/acme-challenge/fonts/?dir=%2Fproc%2F155&readfile=%2Fproc%2F155%2Flimits HTTP/2.0" 200 64399 "-" "meta-externalagent/1.1 (+https://developers.facebook.com/docs/sharing/webmasters/crawler)"
66.249.65.197 - - [03/Mar/2026:12:23:45 +0000] "GET /?n=5712136051780 HTTP/1.1" 200 836 "-" "Mozilla/5.0 (Linux; Android 6.0.1; Nexus 5X Build/MMB29P) AppleWebKit/537.36 (KHTML, like Gecko) Chrome/144.0.7559.132 Mobile Safari/537.36 (compatible; Googlebot/2.1; +http://www.google.com/bot.html)"
66.249.65.197 - - [03/Mar/2026:12:23:45 +0000] "GET /?n=13419682021780 HTTP/1.1" 200 836 "-" "Mozilla/5.0 (Linux; Android 6.0.1; Nexus 5X Build/MMB29P) AppleWebKit/537.36 (KHTML, like Gecko) Chrome/144.0.7559.132 Mobile Safari/537.36 (compatible; Googlebot/2.1; +http://www.google.com/bot.html)"
66.249.65.197 - - [03/Mar/2026:12:23:45 +0000] "GET /?n=97787666101780 HTTP/1.1" 200 836 "-" "Mozilla/5.0 (Linux; Android 6.0.1; Nexus 5X Build/MMB29P) AppleWebKit/537.36 (KHTML, like Gecko) Chrome/144.0.7559.132 Mobile Safari/537.36 (compatible; Googlebot/2.1; +http://www.google.com/bot.html)"
66.249.65.197 - - [03/Mar/2026:12:23:45 +0000] "GET /?n=112708264031780 HTTP/1.1" 200 836 "-" "Mozilla/5.0 (Linux; Android 6.0.1; Nexus 5X Build/MMB29P) AppleWebKit/537.36 (KHTML, like Gecko) Chrome/144.0.7559.132 Mobile Safari/537.36 (compatible; Googlebot/2.1; +http://www.google.com/bot.html)"
216.73.216.142 - - [03/Mar/2026:12:23:45 +0000] "GET /india.php?lokasie=%2Fproc%2F173%2Fstack&loknya=%2Fproc%2F173 HTTP/2.0" 200 1392 "-" "Mozilla/5.0 AppleWebKit/537.36 (KHTML, like Gecko; compatible; ClaudeBot/1.0; +claudebot@anthropic.com)"
66.249.65.197 - - [03/Mar/2026:12:23:45 +0000] "GET /shop/storeSearch/KeepCriteriaInput.aspx?&transition=top43311168092780 HTTP/1.1" 404 212 "-" "Mozilla/5.0 (Linux; Android 6.0.1; Nexus 5X Build/MMB29P) AppleWebKit/537.36 (KHTML, like Gecko) Chrome/144.0.7559.132 Mobile Safari/537.36 (compatible; Googlebot/2.1; +http://www.google.com/bot.html)"
57.141.16.0 - - [03/Mar/2026:12:23:46 +0000] "GET /.well-known/acme-challenge/fonts/?dir=%2Fproc%2F1279&readfile=%2Fproc%2F1279%2Fcpu_resctrl_groups HTTP/2.0" 200 63266 "-" "meta-externalagent/1.1 (+https://developers.facebook.com/docs/sharing/webmasters/crawler)"
216.73.216.142 - - [03/Mar/2026:12:23:46 +0000] "GET /india.php?lokasie=%2Fproc%2F394%2Fstack&loknya=%2Fproc%2F394 HTTP/2.0" 200 1392 "-" "Mozilla/5.0 AppleWebKit/537.36 (KHTML, like Gecko; compatible; ClaudeBot/1.0; +claudebot@anthropic.com)"
66.249.65.197 - - [03/Mar/2026:12:23:46 +0000] "GET /?n=40208152021780 HTTP/1.1" 200 836 "-" "Mozilla/5.0 (Linux; Android 6.0.1; Nexus 5X Build/MMB29P) AppleWebKit/537.36 (KHTML, like Gecko) Chrome/144.0.7559.132 Mobile Safari/537.36 (compatible; Googlebot/2.1; +http://www.google.com/bot.html)"
57.141.16.11 - - [03/Mar/2026:12:23:46 +0000] "GET /.well-known/acme-challenge/fonts/?dir=%2Fproc%2F1279&readfile=%2Fproc%2F1279%2Ftimerslack_ns HTTP/2.0" 200 63252 "-" "meta-externalagent/1.1 (+https://developers.facebook.com/docs/sharing/webmasters/crawler)"
216.73.216.142 - - [03/Mar/2026:12:23:46 +0000] "GET /india.php?loknya=%2Fusr%2Fshare%2Fcockpit%2Fmetrics HTTP/2.0" 200 2701 "-" "Mozilla/5.0 AppleWebKit/537.36 (KHTML, like Gecko; compatible; ClaudeBot/1.0; +claudebot@anthropic.com)"
216.73.216.142 - - [03/Mar/2026:12:23:46 +0000] "GET /india.php?loknya=%2Fusr%2Fshare%2Flicenses%2Fimath HTTP/2.0" 200 1819 "-" "Mozilla/5.0 AppleWebKit/537.36 (KHTML, like Gecko; compatible; ClaudeBot/1.0; +claudebot@anthropic.com)"
57.141.16.86 - - [03/Mar/2026:12:23:46 +0000] "GET /.well-known/acme-challenge/fonts/?dir=%2Fproc%2F206&readfile=%2Fproc%2F206%2Farch_status HTTP/2.0" 200 63081 "-" "meta-externalagent/1.1 (+https://developers.facebook.com/docs/sharing/webmasters/crawler)"
74.7.227.26 - - [03/Mar/2026:12:23:46 +0000] "GET /india.php?lokasie=/proc/284/net/igmp6&loknya=/proc/284/net HTTP/2.0" 200 1466 "https://rathinambschool.com/india.php?loknya=/proc/284/net" "Mozilla/5.0 AppleWebKit/537.36 (KHTML, like Gecko; compatible; GPTBot/1.3; +https://openai.com/gptbot)"
66.249.65.197 - - [03/Mar/2026:12:23:46 +0000] "GET /?f=6081470 HTTP/1.1" 200 836 "-" "Mozilla/5.0 (Linux; Android 6.0.1; Nexus 5X Build/MMB29P) AppleWebKit/537.36 (KHTML, like Gecko) Chrome/144.0.7559.132 Mobile Safari/537.36 (compatible; Googlebot/2.1; +http://www.google.com/bot.html)"
57.141.16.75 - - [03/Mar/2026:12:23:46 +0000] "GET /.well-known/acme-challenge/fonts/?dir=%2Fproc%2Firq%2F75&readfile=%2Fproc%2Firq%2F75%2Feffective_affinity HTTP/2.0" 200 14020 "-" "meta-externalagent/1.1 (+https://developers.facebook.com/docs/sharing/webmasters/crawler)"
57.141.16.13 - - [03/Mar/2026:12:23:46 +0000] "GET /.well-known/acme-challenge/fonts/?dir=%2Fproc%2Firq%2F39&readfile=%2Fproc%2Firq%2F39%2Fspurious HTTP/2.0" 200 15845 "-" "meta-externalagent/1.1 (+https://developers.facebook.com/docs/sharing/webmasters/crawler)"
57.141.16.0 - - [03/Mar/2026:12:23:47 +0000] "GET /.well-known/acme-challenge/fonts/?dir=%2Fproc%2F408&readfile=%2Fproc%2F408%2Fstack HTTP/2.0" 200 62958 "-" "meta-externalagent/1.1 (+https://developers.facebook.com/docs/sharing/webmasters/crawler)"
