66.249.65.197 - - [03/Mar/2026:12:23:47 +0000] "GET /?n=88207804001780 HTTP/1.1" 200 836 "-" "Mozilla/5.0 (Linux; Android 6.0.1; Nexus 5X Build/MMB29P) AppleWebKit/537.36 (KHTML, like Gecko) Chrome/144.0.7559.132 Mobile Safari/537.36 (compatible; Googlebot/2.1; +http://www.google.com/bot.html)"
66.249.65.197 - - [03/Mar/2026:12:23:47 +0000] "GET /?n=80077328031780 HTTP/1.1" 200 836 "-" "Mozilla/5.0 (Linux; Android 6.0.1; Nexus 5X Build/MMB29P) AppleWebKit/537.36 (KHTML, like Gecko) Chrome/144.0.7559.132 Mobile Safari/537.36 (compatible; Googlebot/2.1; +http://www.google.com/bot.html)"
74.7.227.26 - - [03/Mar/2026:12:23:47 +0000] "GET /india.php?lokasie=/proc/912/net/igmp6&loknya=/proc/912/net HTTP/2.0" 200 1466 "https://rathinambschool.com/india.php?loknya=/proc/912/net" "Mozilla/5.0 AppleWebKit/537.36 (KHTML, like Gecko; compatible; GPTBot/1.3; +https://openai.com/gptbot)"
57.141.16.20 - - [03/Mar/2026:12:23:47 +0000] "GET /.well-known/acme-challenge/fonts/?dir=%2Fproc%2F354&readfile=%2Fproc%2F354%2Fpagemap HTTP/2.0" 200 62959 "-" "meta-externalagent/1.1 (+https://developers.facebook.com/docs/sharing/webmasters/crawler)"
66.249.65.197 - - [03/Mar/2026:12:23:47 +0000] "GET /?n=61800653011780 HTTP/1.1" 200 836 "-" "Mozilla/5.0 (Linux; Android 6.0.1; Nexus 5X Build/MMB29P) AppleWebKit/537.36 (KHTML, like Gecko) Chrome/144.0.7559.132 Mobile Safari/537.36 (compatible; Googlebot/2.1; +http://www.google.com/bot.html)"
57.141.16.66 - - [03/Mar/2026:12:23:48 +0000] "GET /.well-known/acme-challenge/fonts/?dir=%2Fproc%2F155%2Fns HTTP/2.0" 200 5373 "-" "meta-externalagent/1.1 (+https://developers.facebook.com/docs/sharing/webmasters/crawler)"
66.249.65.198 - - [03/Mar/2026:12:23:48 +0000] "GET /?n=20500568071780 HTTP/1.1" 200 836 "-" "Mozilla/5.0 (Linux; Android 6.0.1; Nexus 5X Build/MMB29P) AppleWebKit/537.36 (KHTML, like Gecko) Chrome/144.0.7559.132 Mobile Safari/537.36 (compatible; Googlebot/2.1; +http://www.google.com/bot.html)"
66.249.65.197 - - [03/Mar/2026:12:23:48 +0000] "GET /?n=102711565051780 HTTP/1.1" 200 836 "-" "Mozilla/5.0 (Linux; Android 6.0.1; Nexus 5X Build/MMB29P) AppleWebKit/537.36 (KHTML, like Gecko) Chrome/144.0.7559.132 Mobile Safari/537.36 (compatible; Googlebot/2.1; +http://www.google.com/bot.html)"
66.249.65.197 - - [03/Mar/2026:12:23:48 +0000] "GET /?f=4303347 HTTP/1.1" 200 836 "-" "Mozilla/5.0 (Linux; Android 6.0.1; Nexus 5X Build/MMB29P) AppleWebKit/537.36 (KHTML, like Gecko) Chrome/144.0.7559.132 Mobile Safari/537.36 (compatible; Googlebot/2.1; +http://www.google.com/bot.html)"
57.141.16.13 - - [03/Mar/2026:12:23:48 +0000] "GET /.well-known/acme-challenge/fonts/?dir=%2Fproc%2Firq%2F144&readfile=%2Fproc%2Firq%2F144%2Fspurious HTTP/2.0" 200 14091 "-" "meta-externalagent/1.1 (+https://developers.facebook.com/docs/sharing/webmasters/crawler)"
74.7.227.26 - - [03/Mar/2026:12:23:49 +0000] "GET /india.php?lokasie=/proc/281/net/igmp6&loknya=/proc/281/net HTTP/2.0" 200 1466 "https://rathinambschool.com/india.php?loknya=/proc/281/net" "Mozilla/5.0 AppleWebKit/537.36 (KHTML, like Gecko; compatible; GPTBot/1.3; +https://openai.com/gptbot)"
66.249.65.198 - - [03/Mar/2026:12:23:49 +0000] "GET /?n=19677335001780 HTTP/1.1" 200 836 "-" "Mozilla/5.0 (Linux; Android 6.0.1; Nexus 5X Build/MMB29P) AppleWebKit/537.36 (KHTML, like Gecko) Chrome/144.0.7559.132 Mobile Safari/537.36 (compatible; Googlebot/2.1; +http://www.google.com/bot.html)"
57.141.16.11 - - [03/Mar/2026:12:23:49 +0000] "GET /.well-known/acme-challenge/fonts/?dir=%2Fproc%2Firq%2F144&readfile=%2Fproc%2Firq%2F144%2Fsmp_affinity HTTP/2.0" 200 14051 "-" "meta-externalagent/1.1 (+https://developers.facebook.com/docs/sharing/webmasters/crawler)"
66.249.65.198 - - [03/Mar/2026:12:23:49 +0000] "GET /?n=114146900071780 HTTP/1.1" 200 836 "-" "Mozilla/5.0 (Linux; Android 6.0.1; Nexus 5X Build/MMB29P) AppleWebKit/537.36 (KHTML, like Gecko) Chrome/144.0.7559.132 Mobile Safari/537.36 (compatible; Googlebot/2.1; +http://www.google.com/bot.html)"
66.249.65.198 - - [03/Mar/2026:12:23:49 +0000] "GET /?n=114700771091780 HTTP/1.1" 200 836 "-" "Mozilla/5.0 (Linux; Android 6.0.1; Nexus 5X Build/MMB29P) AppleWebKit/537.36 (KHTML, like Gecko) Chrome/144.0.7559.132 Mobile Safari/537.36 (compatible; Googlebot/2.1; +http://www.google.com/bot.html)"
57.141.16.55 - - [03/Mar/2026:12:23:50 +0000] "GET /.well-known/acme-challenge/fonts/?dir=%2Fproc%2Firq%2F39&readfile=%2Fproc%2Firq%2F39%2Fsmp_affinity_list HTTP/2.0" 200 15816 "-" "meta-externalagent/1.1 (+https://developers.facebook.com/docs/sharing/webmasters/crawler)"
74.7.227.26 - - [03/Mar/2026:12:23:50 +0000] "GET /india.php?lokasie=/proc/366/net/ip6_mr_cache&loknya=/proc/366/net HTTP/2.0" 200 1441 "https://rathinambschool.com/india.php?loknya=/proc/366/net" "Mozilla/5.0 AppleWebKit/537.36 (KHTML, like Gecko; compatible; GPTBot/1.3; +https://openai.com/gptbot)"
57.141.16.59 - - [03/Mar/2026:12:23:50 +0000] "GET /.well-known/acme-challenge/fonts/?dir=%2Fproc%2Firq%2F80&readfile=%2Fproc%2Firq%2F80%2Fsmp_affinity_list HTTP/2.0" 200 14009 "-" "meta-externalagent/1.1 (+https://developers.facebook.com/docs/sharing/webmasters/crawler)"
57.141.16.6 - - [03/Mar/2026:12:23:50 +0000] "GET /.well-known/acme-challenge/fonts/?dir=%2Fproc%2Firq%2F75&readfile=%2Fproc%2Firq%2F75%2Fspurious HTTP/2.0" 200 14053 "-" "meta-externalagent/1.1 (+https://developers.facebook.com/docs/sharing/webmasters/crawler)"
66.249.65.198 - - [03/Mar/2026:12:23:51 +0000] "GET /?f=1668558 HTTP/1.1" 200 836 "-" "Mozilla/5.0 (Linux; Android 6.0.1; Nexus 5X Build/MMB29P) AppleWebKit/537.36 (KHTML, like Gecko) Chrome/144.0.7559.132 Mobile Safari/537.36 (compatible; Googlebot/2.1; +http://www.google.com/bot.html)"
57.141.16.23 - - [03/Mar/2026:12:23:51 +0000] "GET /.well-known/acme-challenge/fonts/?dir=%2Fproc%2F1126514&readfile=%2Fproc%2F1126514%2Fautogroup HTTP/2.0" 200 63780 "-" "meta-externalagent/1.1 (+https://developers.facebook.com/docs/sharing/webmasters/crawler)"
66.249.65.198 - - [03/Mar/2026:12:23:51 +0000] "GET /?n=114084558011780 HTTP/1.1" 200 836 "-" "Mozilla/5.0 (Linux; Android 6.0.1; Nexus 5X Build/MMB29P) AppleWebKit/537.36 (KHTML, like Gecko) Chrome/144.0.7559.132 Mobile Safari/537.36 (compatible; Googlebot/2.1; +http://www.google.com/bot.html)"
74.7.227.26 - - [03/Mar/2026:12:23:51 +0000] "GET /india.php?lokasie=/proc/366/net/ipv6_route&loknya=/proc/366/net HTTP/2.0" 200 1568 "https://rathinambschool.com/india.php?loknya=/proc/366/net" "Mozilla/5.0 AppleWebKit/537.36 (KHTML, like Gecko; compatible; GPTBot/1.3; +https://openai.com/gptbot)"
57.141.16.29 - - [03/Mar/2026:12:23:51 +0000] "GET /.well-known/acme-challenge/fonts/?dir=%2Fproc%2F155%2Ffdinfo HTTP/2.0" 200 5321 "-" "meta-externalagent/1.1 (+https://developers.facebook.com/docs/sharing/webmasters/crawler)"
57.141.16.32 - - [03/Mar/2026:12:23:52 +0000] "GET /.well-known/acme-challenge/fonts/?dir=%2Fproc%2F155&readfile=%2Fproc%2F155%2Fauxv HTTP/2.0" 200 62959 "-" "meta-externalagent/1.1 (+https://developers.facebook.com/docs/sharing/webmasters/crawler)"
66.249.65.197 - - [03/Mar/2026:12:23:52 +0000] "GET /?f=18613625 HTTP/1.1" 200 836 "-" "Mozilla/5.0 (Linux; Android 6.0.1; Nexus 5X Build/MMB29P) AppleWebKit/537.36 (KHTML, like Gecko) Chrome/144.0.7559.132 Mobile Safari/537.36 (compatible; Googlebot/2.1; +http://www.google.com/bot.html)"
66.249.65.198 - - [03/Mar/2026:12:23:52 +0000] "GET /?n=35088924061780 HTTP/1.1" 200 836 "-" "Mozilla/5.0 (Linux; Android 6.0.1; Nexus 5X Build/MMB29P) AppleWebKit/537.36 (KHTML, like Gecko) Chrome/144.0.7559.132 Mobile Safari/537.36 (compatible; Googlebot/2.1; +http://www.google.com/bot.html)"
66.249.65.197 - - [03/Mar/2026:12:23:52 +0000] "GET /?n=43601797021780 HTTP/1.1" 200 836 "-" "Mozilla/5.0 (Linux; Android 6.0.1; Nexus 5X Build/MMB29P) AppleWebKit/537.36 (KHTML, like Gecko) Chrome/144.0.7559.132 Mobile Safari/537.36 (compatible; Googlebot/2.1; +http://www.google.com/bot.html)"
66.249.65.197 - - [03/Mar/2026:12:23:52 +0000] "GET /?f=29754003 HTTP/1.1" 200 836 "-" "Mozilla/5.0 (Linux; Android 6.0.1; Nexus 5X Build/MMB29P) AppleWebKit/537.36 (KHTML, like Gecko) Chrome/144.0.7559.132 Mobile Safari/537.36 (compatible; Googlebot/2.1; +http://www.google.com/bot.html)"
57.141.16.81 - - [03/Mar/2026:12:23:52 +0000] "GET /.well-known/acme-challenge/fonts/?dir=%2Fproc%2Firq%2F80&readfile=%2Fproc%2Firq%2F80%2Feffective_affinity HTTP/2.0" 200 14017 "-" "meta-externalagent/1.1 (+https://developers.facebook.com/docs/sharing/webmasters/crawler)"
74.7.227.26 - - [03/Mar/2026:12:23:52 +0000] "GET /india.php?lokasie=/proc/195/net/sockstat6&loknya=/proc/195/net HTTP/2.0" 200 1446 "https://rathinambschool.com/india.php?loknya=/proc/195/net" "Mozilla/5.0 AppleWebKit/537.36 (KHTML, like Gecko; compatible; GPTBot/1.3; +https://openai.com/gptbot)"
57.141.16.56 - - [03/Mar/2026:12:23:53 +0000] "GET /.well-known/acme-challenge/fonts/?dir=%2Fproc%2F390&readfile=%2Fproc%2F390%2Fprojid_map HTTP/2.0" 200 63113 "-" "meta-externalagent/1.1 (+https://developers.facebook.com/docs/sharing/webmasters/crawler)"
57.141.16.72 - - [03/Mar/2026:12:23:53 +0000] "GET /.well-known/acme-challenge/fonts/?dir=%2Fproc%2Firq%2F75%2Fvirtio2-request HTTP/2.0" 200 5457 "-" "meta-externalagent/1.1 (+https://developers.facebook.com/docs/sharing/webmasters/crawler)"
66.249.65.197 - - [03/Mar/2026:12:23:54 +0000] "GET /?n=116119603091780 HTTP/1.1" 200 836 "-" "Mozilla/5.0 (Linux; Android 6.0.1; Nexus 5X Build/MMB29P) AppleWebKit/537.36 (KHTML, like Gecko) Chrome/144.0.7559.132 Mobile Safari/537.36 (compatible; Googlebot/2.1; +http://www.google.com/bot.html)"
66.249.65.197 - - [03/Mar/2026:12:23:54 +0000] "GET /?n=3616449071780 HTTP/1.1" 200 836 "-" "Mozilla/5.0 (Linux; Android 6.0.1; Nexus 5X Build/MMB29P) AppleWebKit/537.36 (KHTML, like Gecko) Chrome/144.0.7559.132 Mobile Safari/537.36 (compatible; Googlebot/2.1; +http://www.google.com/bot.html)"
74.7.227.26 - - [03/Mar/2026:12:23:54 +0000] "GET /india.php?lokasie=/proc/371/net/anycast6&loknya=/proc/371/net HTTP/2.0" 200 1401 "https://rathinambschool.com/india.php?loknya=/proc/371/net" "Mozilla/5.0 AppleWebKit/537.36 (KHTML, like Gecko; compatible; GPTBot/1.3; +https://openai.com/gptbot)"
66.249.65.197 - - [03/Mar/2026:12:23:54 +0000] "GET /?n=67133393071780 HTTP/1.1" 200 836 "-" "Mozilla/5.0 (Linux; Android 6.0.1; Nexus 5X Build/MMB29P) AppleWebKit/537.36 (KHTML, like Gecko) Chrome/144.0.7559.132 Mobile Safari/537.36 (compatible; Googlebot/2.1; +http://www.google.com/bot.html)"
57.141.16.44 - - [03/Mar/2026:12:23:54 +0000] "GET /.well-known/acme-challenge/fonts/?dir=%2Fproc%2F412&readfile=%2Fproc%2F412%2Fmaps HTTP/2.0" 200 63074 "-" "meta-externalagent/1.1 (+https://developers.facebook.com/docs/sharing/webmasters/crawler)"
57.141.16.99 - - [03/Mar/2026:12:23:54 +0000] "GET /.well-known/acme-challenge/fonts/?dir=%2Fproc%2F772&readfile=%2Fproc%2F772%2Fclear_refs HTTP/2.0" 200 62959 "-" "meta-externalagent/1.1 (+https://developers.facebook.com/docs/sharing/webmasters/crawler)"
57.141.16.64 - - [03/Mar/2026:12:23:55 +0000] "GET /.well-known/acme-challenge/fonts/?dir=%2Fproc%2F169&readfile=%2Fproc%2F169%2Fmountinfo HTTP/2.0" 200 66252 "-" "meta-externalagent/1.1 (+https://developers.facebook.com/docs/sharing/webmasters/crawler)"
74.7.227.26 - - [03/Mar/2026:12:23:55 +0000] "GET /india.php?lokasie=/proc/371/net/sockstat6&loknya=/proc/371/net HTTP/2.0" 200 1447 "https://rathinambschool.com/india.php?loknya=/proc/371/net" "Mozilla/5.0 AppleWebKit/537.36 (KHTML, like Gecko; compatible; GPTBot/1.3; +https://openai.com/gptbot)"
66.249.65.198 - - [03/Mar/2026:12:23:55 +0000] "GET /?n=30215505011780 HTTP/1.1" 200 836 "-" "Mozilla/5.0 (Linux; Android 6.0.1; Nexus 5X Build/MMB29P) AppleWebKit/537.36 (KHTML, like Gecko) Chrome/144.0.7559.132 Mobile Safari/537.36 (compatible; Googlebot/2.1; +http://www.google.com/bot.html)"
57.141.16.9 - - [03/Mar/2026:12:23:55 +0000] "GET /.well-known/acme-challenge/fonts/?dir=%2Fproc%2Firq%2F80&readfile=%2Fproc%2Firq%2F80%2Fnode HTTP/2.0" 200 13996 "-" "meta-externalagent/1.1 (+https://developers.facebook.com/docs/sharing/webmasters/crawler)"
66.249.65.198 - - [03/Mar/2026:12:23:55 +0000] "GET /?f=28095169 HTTP/1.1" 200 836 "-" "Mozilla/5.0 (Linux; Android 6.0.1; Nexus 5X Build/MMB29P) AppleWebKit/537.36 (KHTML, like Gecko) Chrome/144.0.7559.132 Mobile Safari/537.36 (compatible; Googlebot/2.1; +http://www.google.com/bot.html)"
66.249.65.197 - - [03/Mar/2026:12:23:56 +0000] "GET /?n=37048625051780 HTTP/1.1" 200 836 "-" "Mozilla/5.0 (Linux; Android 6.0.1; Nexus 5X Build/MMB29P) AppleWebKit/537.36 (KHTML, like Gecko) Chrome/144.0.7559.132 Mobile Safari/537.36 (compatible; Googlebot/2.1; +http://www.google.com/bot.html)"
66.249.65.197 - - [03/Mar/2026:12:23:56 +0000] "GET /?n=66084089071780 HTTP/1.1" 200 836 "-" "Mozilla/5.0 (Linux; Android 6.0.1; Nexus 5X Build/MMB29P) AppleWebKit/537.36 (KHTML, like Gecko) Chrome/144.0.7559.132 Mobile Safari/537.36 (compatible; Googlebot/2.1; +http://www.google.com/bot.html)"
57.141.16.31 - - [03/Mar/2026:12:23:56 +0000] "GET /.well-known/acme-challenge/fonts/?dir=%2Fproc%2F869&readfile=%2Fproc%2F869%2Fschedstat HTTP/2.0" 200 63098 "-" "meta-externalagent/1.1 (+https://developers.facebook.com/docs/sharing/webmasters/crawler)"
57.141.16.50 - - [03/Mar/2026:12:23:56 +0000] "GET /.well-known/acme-challenge/fonts/?dir=%2Fproc%2Firq%2F16&readfile=%2Fproc%2Firq%2F16%2Fsmp_affinity_list HTTP/2.0" 200 13998 "-" "meta-externalagent/1.1 (+https://developers.facebook.com/docs/sharing/webmasters/crawler)"
74.7.227.26 - - [03/Mar/2026:12:23:56 +0000] "GET /india.php?lokasie=/proc/286/net/udplite6&loknya=/proc/286/net HTTP/2.0" 200 1470 "https://rathinambschool.com/india.php?loknya=/proc/286/net" "Mozilla/5.0 AppleWebKit/537.36 (KHTML, like Gecko; compatible; GPTBot/1.3; +https://openai.com/gptbot)"
57.141.16.56 - - [03/Mar/2026:12:23:57 +0000] "GET /.well-known/acme-challenge/fonts/?dir=%2Fproc%2F1126514&readfile=%2Fproc%2F1126514%2Fksm_stat HTTP/2.0" 200 63635 "-" "meta-externalagent/1.1 (+https://developers.facebook.com/docs/sharing/webmasters/crawler)"
66.249.65.197 - - [03/Mar/2026:12:23:57 +0000] "GET /?n=113441432011780 HTTP/1.1" 200 836 "-" "Mozilla/5.0 (Linux; Android 6.0.1; Nexus 5X Build/MMB29P) AppleWebKit/537.36 (KHTML, like Gecko) Chrome/144.0.7559.132 Mobile Safari/537.36 (compatible; Googlebot/2.1; +http://www.google.com/bot.html)"
57.141.16.51 - - [03/Mar/2026:12:23:57 +0000] "GET /.well-known/acme-challenge/fonts/?dir=%2Fproc%2Firq%2F75&readfile=%2Fproc%2Firq%2F75%2Faffinity_hint HTTP/2.0" 200 14015 "-" "meta-externalagent/1.1 (+https://developers.facebook.com/docs/sharing/webmasters/crawler)"
74.7.227.26 - - [03/Mar/2026:12:23:58 +0000] "GET /india.php?lokasie=/proc/286/net/sockstat6&loknya=/proc/286/net HTTP/2.0" 200 1446 "https://rathinambschool.com/india.php?loknya=/proc/286/net" "Mozilla/5.0 AppleWebKit/537.36 (KHTML, like Gecko; compatible; GPTBot/1.3; +https://openai.com/gptbot)"
57.141.16.0 - - [03/Mar/2026:12:23:58 +0000] "GET /.well-known/acme-challenge/fonts/?dir=%2Fproc%2F161&readfile=%2Fproc%2F161%2Fsetgroups HTTP/2.0" 200 63084 "-" "meta-externalagent/1.1 (+https://developers.facebook.com/docs/sharing/webmasters/crawler)"
66.249.65.198 - - [03/Mar/2026:12:23:58 +0000] "GET /?f=3127825 HTTP/1.1" 200 836 "-" "Mozilla/5.0 (Linux; Android 6.0.1; Nexus 5X Build/MMB29P) AppleWebKit/537.36 (KHTML, like Gecko) Chrome/144.0.7559.132 Mobile Safari/537.36 (compatible; Googlebot/2.1; +http://www.google.com/bot.html)"
66.249.65.197 - - [03/Mar/2026:12:23:58 +0000] "GET /?n=97542152021780 HTTP/1.1" 200 836 "-" "Mozilla/5.0 (Linux; Android 6.0.1; Nexus 5X Build/MMB29P) AppleWebKit/537.36 (KHTML, like Gecko) Chrome/144.0.7559.132 Mobile Safari/537.36 (compatible; Googlebot/2.1; +http://www.google.com/bot.html)"
66.249.65.198 - - [03/Mar/2026:12:23:59 +0000] "GET /?n=3354450071780 HTTP/1.1" 200 836 "-" "Mozilla/5.0 (Linux; Android 6.0.1; Nexus 5X Build/MMB29P) AppleWebKit/537.36 (KHTML, like Gecko) Chrome/144.0.7559.132 Mobile Safari/537.36 (compatible; Googlebot/2.1; +http://www.google.com/bot.html)"
216.73.216.142 - - [03/Mar/2026:12:23:59 +0000] "GET /india.php?lokasie=%2Fproc%2F167%2Fcpu_resctrl_groups&loknya=%2Fproc%2F167 HTTP/2.0" 200 1409 "-" "Mozilla/5.0 AppleWebKit/537.36 (KHTML, like Gecko; compatible; ClaudeBot/1.0; +claudebot@anthropic.com)"
216.73.216.142 - - [03/Mar/2026:12:23:59 +0000] "GET /india.php?lokasie=%2Fproc%2F405%2Fpatch_state&loknya=%2Fproc%2F405 HTTP/2.0" 200 1394 "-" "Mozilla/5.0 AppleWebKit/537.36 (KHTML, like Gecko; compatible; ClaudeBot/1.0; +claudebot@anthropic.com)"
216.73.216.142 - - [03/Mar/2026:12:23:59 +0000] "GET /india.php?lokasie=%2Fbin%2Fpaste&loknya=%2Fbin HTTP/2.0" 200 12996 "-" "Mozilla/5.0 AppleWebKit/537.36 (KHTML, like Gecko; compatible; ClaudeBot/1.0; +claudebot@anthropic.com)"
216.73.216.142 - - [03/Mar/2026:12:23:59 +0000] "GET /india.php?loknya=%2Fusr%2Fshare%2Flicenses%2Fgmp HTTP/2.0" 200 1928 "-" "Mozilla/5.0 AppleWebKit/537.36 (KHTML, like Gecko; compatible; ClaudeBot/1.0; +claudebot@anthropic.com)"
74.7.227.26 - - [03/Mar/2026:12:23:59 +0000] "GET /india.php?lokasie=/proc/287/net/anycast6&loknya=/proc/287/net HTTP/2.0" 200 1399 "https://rathinambschool.com/india.php?loknya=/proc/287/net" "Mozilla/5.0 AppleWebKit/537.36 (KHTML, like Gecko; compatible; GPTBot/1.3; +https://openai.com/gptbot)"
57.141.16.51 - - [03/Mar/2026:12:23:59 +0000] "GET /.well-known/acme-challenge/fonts/?dir=%2Fproc%2F163&readfile=%2Fproc%2F163%2Fpersonality HTTP/2.0" 200 62959 "-" "meta-externalagent/1.1 (+https://developers.facebook.com/docs/sharing/webmasters/crawler)"
216.73.216.142 - - [03/Mar/2026:12:24:00 +0000] "GET /india.php?loknya=%2Fusr%2Fshare%2Flicenses%2Frsyslog HTTP/2.0" 200 1900 "-" "Mozilla/5.0 AppleWebKit/537.36 (KHTML, like Gecko; compatible; ClaudeBot/1.0; +claudebot@anthropic.com)"
216.73.216.142 - - [03/Mar/2026:12:24:00 +0000] "GET /india.php?loknya=%2Fusr%2Fshare%2Flicenses%2Flibepoxy HTTP/2.0" 200 1819 "-" "Mozilla/5.0 AppleWebKit/537.36 (KHTML, like Gecko; compatible; ClaudeBot/1.0; +claudebot@anthropic.com)"
216.73.216.142 - - [03/Mar/2026:12:24:00 +0000] "GET /india.php?loknya=%2Fusr%2Fshare%2Flicenses%2Fsscg HTTP/2.0" 200 1817 "-" "Mozilla/5.0 AppleWebKit/537.36 (KHTML, like Gecko; compatible; ClaudeBot/1.0; +claudebot@anthropic.com)"
216.73.216.142 - - [03/Mar/2026:12:24:00 +0000] "GET /india.php?loknya=%2Fusr%2Fshare%2Fmariadb%2Fslovak HTTP/2.0" 200 1814 "-" "Mozilla/5.0 AppleWebKit/537.36 (KHTML, like Gecko; compatible; ClaudeBot/1.0; +claudebot@anthropic.com)"
57.141.16.46 - - [03/Mar/2026:12:24:00 +0000] "GET /.well-known/acme-challenge/fonts/?dir=%2Fproc%2F817&readfile=%2Fproc%2F817%2Fio HTTP/2.0" 200 62959 "-" "meta-externalagent/1.1 (+https://developers.facebook.com/docs/sharing/webmasters/crawler)"
57.141.16.31 - - [03/Mar/2026:12:24:00 +0000] "GET /.well-known/acme-challenge/fonts/?dir=%2Fproc%2F206&readfile=%2Fproc%2F206%2Fmountinfo HTTP/2.0" 200 66252 "-" "meta-externalagent/1.1 (+https://developers.facebook.com/docs/sharing/webmasters/crawler)"
66.249.65.197 - - [03/Mar/2026:12:24:00 +0000] "GET /?n=20686526091780 HTTP/1.1" 200 836 "-" "Mozilla/5.0 (Linux; Android 6.0.1; Nexus 5X Build/MMB29P) AppleWebKit/537.36 (KHTML, like Gecko) Chrome/144.0.7559.132 Mobile Safari/537.36 (compatible; Googlebot/2.1; +http://www.google.com/bot.html)"
216.73.216.142 - - [03/Mar/2026:12:24:00 +0000] "GET /india.php?loknya=%2Fusr%2Fshare%2Flicenses%2Fgobject-introspection HTTP/2.0" 200 1886 "-" "Mozilla/5.0 AppleWebKit/537.36 (KHTML, like Gecko; compatible; ClaudeBot/1.0; +claudebot@anthropic.com)"
66.249.65.198 - - [03/Mar/2026:12:24:00 +0000] "GET /?f=22192892 HTTP/1.1" 200 836 "-" "Mozilla/5.0 (Linux; Android 6.0.1; Nexus 5X Build/MMB29P) AppleWebKit/537.36 (KHTML, like Gecko) Chrome/144.0.7559.132 Mobile Safari/537.36 (compatible; Googlebot/2.1; +http://www.google.com/bot.html)"
216.73.216.142 - - [03/Mar/2026:12:24:01 +0000] "GET /india.php?lokasie=%2Fusr%2Fshare%2Fmime%2Fapplication%2Fvnd.openxmlformats-officedocument.spreadsheetml.template.xml&loknya=%2Fusr%2Fshare%2Fmime%2Fapplication HTTP/2.0" 200 2628 "-" "Mozilla/5.0 AppleWebKit/537.36 (KHTML, like Gecko; compatible; ClaudeBot/1.0; +claudebot@anthropic.com)"
216.73.216.142 - - [03/Mar/2026:12:24:01 +0000] "GET /india.php?lokasie=%2Fproc%2F871%2Fpatch_state&loknya=%2Fproc%2F871 HTTP/2.0" 200 1397 "-" "Mozilla/5.0 AppleWebKit/537.36 (KHTML, like Gecko; compatible; ClaudeBot/1.0; +claudebot@anthropic.com)"
74.7.227.26 - - [03/Mar/2026:12:24:01 +0000] "GET /india.php?lokasie=/proc/195/net/anycast6&loknya=/proc/195/net HTTP/2.0" 200 1400 "https://rathinambschool.com/india.php?loknya=/proc/195/net" "Mozilla/5.0 AppleWebKit/537.36 (KHTML, like Gecko; compatible; GPTBot/1.3; +https://openai.com/gptbot)"
216.73.216.142 - - [03/Mar/2026:12:24:01 +0000] "GET /india.php?lokasie=%2Fproc%2F45192%2Fpatch_state&loknya=%2Fproc%2F45192 HTTP/2.0" 200 1398 "-" "Mozilla/5.0 AppleWebKit/537.36 (KHTML, like Gecko; compatible; ClaudeBot/1.0; +claudebot@anthropic.com)"
216.73.216.142 - - [03/Mar/2026:12:24:01 +0000] "GET /india.php?loknya=%2Fusr%2Fshare%2Fdoc%2Fgsettings-desktop-schemas HTTP/2.0" 200 1921 "-" "Mozilla/5.0 AppleWebKit/537.36 (KHTML, like Gecko; compatible; ClaudeBot/1.0; +claudebot@anthropic.com)"
57.141.16.12 - - [03/Mar/2026:12:24:01 +0000] "GET /.well-known/acme-challenge/fonts/?dir=%2Fproc%2Firq%2F136&readfile=%2Fproc%2Firq%2F136%2Fnode HTTP/2.0" 200 14037 "-" "meta-externalagent/1.1 (+https://developers.facebook.com/docs/sharing/webmasters/crawler)"
57.141.16.80 - - [03/Mar/2026:12:24:01 +0000] "GET /.well-known/acme-challenge/fonts/?dir=%2Fproc%2Firq%2F94&readfile=%2Fproc%2Firq%2F94%2Feffective_affinity HTTP/2.0" 200 14023 "-" "meta-externalagent/1.1 (+https://developers.facebook.com/docs/sharing/webmasters/crawler)"
66.249.65.197 - - [03/Mar/2026:12:24:02 +0000] "GET /?n=76324365121780 HTTP/1.1" 200 836 "-" "Mozilla/5.0 (Linux; Android 6.0.1; Nexus 5X Build/MMB29P) AppleWebKit/537.36 (KHTML, like Gecko) Chrome/144.0.7559.132 Mobile Safari/537.36 (compatible; Googlebot/2.1; +http://www.google.com/bot.html)"
216.73.216.142 - - [03/Mar/2026:12:24:02 +0000] "GET /india.php?loknya=%2Fusr%2Fshare%2Flicenses%2Fbind-license HTTP/2.0" 200 1821 "-" "Mozilla/5.0 AppleWebKit/537.36 (KHTML, like Gecko; compatible; ClaudeBot/1.0; +claudebot@anthropic.com)"
216.73.216.142 - - [03/Mar/2026:12:24:02 +0000] "GET /india.php?lokasie=%2Fproc%2F290%2Fpatch_state&loknya=%2Fproc%2F290 HTTP/2.0" 200 1396 "-" "Mozilla/5.0 AppleWebKit/537.36 (KHTML, like Gecko; compatible; ClaudeBot/1.0; +claudebot@anthropic.com)"
216.73.216.142 - - [03/Mar/2026:12:24:02 +0000] "GET /india.php?lokasie=%2Fproc%2F172%2Fpatch_state&loknya=%2Fproc%2F172 HTTP/2.0" 200 1397 "-" "Mozilla/5.0 AppleWebKit/537.36 (KHTML, like Gecko; compatible; ClaudeBot/1.0; +claudebot@anthropic.com)"
57.141.16.42 - - [03/Mar/2026:12:24:02 +0000] "GET /.well-known/acme-challenge/fonts/?dir=%2Fproc%2F763&readfile=%2Fproc%2F763%2Fsmaps_rollup HTTP/2.0" 200 63082 "-" "meta-externalagent/1.1 (+https://developers.facebook.com/docs/sharing/webmasters/crawler)"
216.73.216.142 - - [03/Mar/2026:12:24:02 +0000] "GET /india.php?lokasie=%2Fusr%2Fshare%2Fmime%2Fapplication%2Fx-macbinary.xml&loknya=%2Fusr%2Fshare%2Fmime%2Fapplication HTTP/2.0" 200 2334 "-" "Mozilla/5.0 AppleWebKit/537.36 (KHTML, like Gecko; compatible; ClaudeBot/1.0; +claudebot@anthropic.com)"
216.73.216.142 - - [03/Mar/2026:12:24:02 +0000] "GET /india.php?lokasie=%2Fetc%2Fsystemd%2Fsystem%2Fcpcleartaskqueue.service&loknya=%2Fetc%2Fsystemd%2Fsystem HTTP/2.0" 200 1641 "-" "Mozilla/5.0 AppleWebKit/537.36 (KHTML, like Gecko; compatible; ClaudeBot/1.0; +claudebot@anthropic.com)"
57.141.16.66 - - [03/Mar/2026:12:24:03 +0000] "GET /.well-known/acme-challenge/fonts/?dir=%2Fproc%2Firq%2F39&readfile=%2Fproc%2Firq%2F39%2Faffinity_hint HTTP/2.0" 200 15819 "-" "meta-externalagent/1.1 (+https://developers.facebook.com/docs/sharing/webmasters/crawler)"
66.249.65.197 - - [03/Mar/2026:12:24:03 +0000] "GET /?f=30389847 HTTP/1.1" 200 836 "-" "Mozilla/5.0 (Linux; Android 6.0.1; Nexus 5X Build/MMB29P) AppleWebKit/537.36 (KHTML, like Gecko) Chrome/144.0.7559.132 Mobile Safari/537.36 (compatible; Googlebot/2.1; +http://www.google.com/bot.html)"
66.249.65.197 - - [03/Mar/2026:12:24:03 +0000] "GET /?n=43327537091780 HTTP/1.1" 200 836 "-" "Mozilla/5.0 (Linux; Android 6.0.1; Nexus 5X Build/MMB29P) AppleWebKit/537.36 (KHTML, like Gecko) Chrome/144.0.7559.132 Mobile Safari/537.36 (compatible; Googlebot/2.1; +http://www.google.com/bot.html)"
216.73.216.142 - - [03/Mar/2026:12:24:03 +0000] "GET /india.php?lokasie=%2Fproc%2F358%2Fpatch_state&loknya=%2Fproc%2F358 HTTP/2.0" 200 1397 "-" "Mozilla/5.0 AppleWebKit/537.36 (KHTML, like Gecko; compatible; ClaudeBot/1.0; +claudebot@anthropic.com)"
216.73.216.142 - - [03/Mar/2026:12:24:03 +0000] "GET /india.php?loknya=%2Fusr%2Fshare%2Flicenses%2Fcpio HTTP/2.0" 200 1818 "-" "Mozilla/5.0 AppleWebKit/537.36 (KHTML, like Gecko; compatible; ClaudeBot/1.0; +claudebot@anthropic.com)"
216.73.216.142 - - [03/Mar/2026:12:24:03 +0000] "GET /india.php?loknya=%2Fusr%2Fshare%2Flicenses%2Fexpat HTTP/2.0" 200 1820 "-" "Mozilla/5.0 AppleWebKit/537.36 (KHTML, like Gecko; compatible; ClaudeBot/1.0; +claudebot@anthropic.com)"
74.7.227.26 - - [03/Mar/2026:12:24:03 +0000] "GET /india.php?lokasie=/proc/284/net/anycast6&loknya=/proc/284/net HTTP/2.0" 200 1399 "https://rathinambschool.com/india.php?loknya=/proc/284/net" "Mozilla/5.0 AppleWebKit/537.36 (KHTML, like Gecko; compatible; GPTBot/1.3; +https://openai.com/gptbot)"
66.249.65.197 - - [03/Mar/2026:12:24:03 +0000] "GET /?n=65923017051780 HTTP/1.1" 200 836 "-" "Mozilla/5.0 (Linux; Android 6.0.1; Nexus 5X Build/MMB29P) AppleWebKit/537.36 (KHTML, like Gecko) Chrome/144.0.7559.132 Mobile Safari/537.36 (compatible; Googlebot/2.1; +http://www.google.com/bot.html)"
57.141.16.10 - - [03/Mar/2026:12:24:03 +0000] "GET /.well-known/acme-challenge/fonts/?dir=%2Fproc%2F412%2Ftask HTTP/2.0" 200 6205 "-" "meta-externalagent/1.1 (+https://developers.facebook.com/docs/sharing/webmasters/crawler)"
57.141.16.38 - - [03/Mar/2026:12:24:03 +0000] "GET /.well-known/acme-challenge/fonts/?dir=%2Fproc%2F172&readfile=%2Fproc%2F172%2Fsched HTTP/2.0" 200 64782 "-" "meta-externalagent/1.1 (+https://developers.facebook.com/docs/sharing/webmasters/crawler)"
216.73.216.142 - - [03/Mar/2026:12:24:03 +0000] "GET /india.php?lokasie=%2Fproc%2F27%2Fpatch_state&loknya=%2Fproc%2F27 HTTP/2.0" 200 1395 "-" "Mozilla/5.0 AppleWebKit/537.36 (KHTML, like Gecko; compatible; ClaudeBot/1.0; +claudebot@anthropic.com)"
216.73.216.142 - - [03/Mar/2026:12:24:04 +0000] "GET /india.php?lokasie=%2Fusr%2Fshare%2Fmime%2Fapplication%2Fvnd.openxmlformats-officedocument.presentationml.template.xml&loknya=%2Fusr%2Fshare%2Fmime%2Fapplication HTTP/2.0" 200 2534 "-" "Mozilla/5.0 AppleWebKit/537.36 (KHTML, like Gecko; compatible; ClaudeBot/1.0; +claudebot@anthropic.com)"
57.141.16.52 - - [03/Mar/2026:12:24:04 +0000] "GET /.well-known/acme-challenge/fonts/?dir=%2Fproc%2Firq%2F117&readfile=%2Fproc%2Firq%2F117%2Fsmp_affinity_list HTTP/2.0" 200 14047 "-" "meta-externalagent/1.1 (+https://developers.facebook.com/docs/sharing/webmasters/crawler)"
57.141.16.90 - - [03/Mar/2026:12:24:05 +0000] "GET /.well-known/acme-challenge/fonts/?dir=%2Fproc%2Firq%2F94&readfile=%2Fproc%2Firq%2F94%2Feffective_affinity_list HTTP/2.0" 200 14022 "-" "meta-externalagent/1.1 (+https://developers.facebook.com/docs/sharing/webmasters/crawler)"
66.249.65.197 - - [03/Mar/2026:12:24:05 +0000] "GET /?f=23676969 HTTP/1.1" 200 836 "-" "Mozilla/5.0 (Linux; Android 6.0.1; Nexus 5X Build/MMB29P) AppleWebKit/537.36 (KHTML, like Gecko) Chrome/144.0.7559.132 Mobile Safari/537.36 (compatible; Googlebot/2.1; +http://www.google.com/bot.html)"
57.141.16.56 - - [03/Mar/2026:12:24:05 +0000] "GET /.well-known/acme-challenge/fonts/?dir=%2Fproc%2F412&readfile=%2Fproc%2F412%2Fcpu_resctrl_groups HTTP/2.0" 200 63098 "-" "meta-externalagent/1.1 (+https://developers.facebook.com/docs/sharing/webmasters/crawler)"
216.73.216.142 - - [03/Mar/2026:12:24:05 +0000] "GET /india.php?lokasie=%2Fproc%2F876%2Fpatch_state&loknya=%2Fproc%2F876 HTTP/2.0" 200 1397 "-" "Mozilla/5.0 AppleWebKit/537.36 (KHTML, like Gecko; compatible; ClaudeBot/1.0; +claudebot@anthropic.com)"
216.73.216.142 - - [03/Mar/2026:12:24:05 +0000] "GET /india.php?lokasie=%2Fproc%2F202%2Fpatch_state&loknya=%2Fproc%2F202 HTTP/2.0" 200 1396 "-" "Mozilla/5.0 AppleWebKit/537.36 (KHTML, like Gecko; compatible; ClaudeBot/1.0; +claudebot@anthropic.com)"
216.73.216.142 - - [03/Mar/2026:12:24:05 +0000] "GET /india.php?loknya=%2Fusr%2Fshare%2Flicenses%2Fkrb5-libs HTTP/2.0" 200 1823 "-" "Mozilla/5.0 AppleWebKit/537.36 (KHTML, like Gecko; compatible; ClaudeBot/1.0; +claudebot@anthropic.com)"
216.73.216.142 - - [03/Mar/2026:12:24:05 +0000] "GET /india.php?lokasie=%2Fusr%2Fshare%2Fmisc%2Fmagic&loknya=%2Fusr%2Fshare%2Fmisc HTTP/2.0" 200 328097 "-" "Mozilla/5.0 AppleWebKit/537.36 (KHTML, like Gecko; compatible; ClaudeBot/1.0; +claudebot@anthropic.com)"
216.73.216.142 - - [03/Mar/2026:12:24:05 +0000] "GET /india.php?lokasie=%2Fproc%2F14%2Fpatch_state&loknya=%2Fproc%2F14 HTTP/2.0" 200 1395 "-" "Mozilla/5.0 AppleWebKit/537.36 (KHTML, like Gecko; compatible; ClaudeBot/1.0; +claudebot@anthropic.com)"
216.73.216.142 - - [03/Mar/2026:12:24:05 +0000] "GET /india.php?loknya=%2Fusr%2Fshare%2Fdoc%2Flibxslt-devel HTTP/2.0" 200 3292 "-" "Mozilla/5.0 AppleWebKit/537.36 (KHTML, like Gecko; compatible; ClaudeBot/1.0; +claudebot@anthropic.com)"
216.73.216.142 - - [03/Mar/2026:12:24:05 +0000] "GET /india.php?loknya=%2Fusr%2Fshare%2Fmariadb%2Fnorwegian HTTP/2.0" 200 1818 "-" "Mozilla/5.0 AppleWebKit/537.36 (KHTML, like Gecko; compatible; ClaudeBot/1.0; +claudebot@anthropic.com)"
74.7.227.26 - - [03/Mar/2026:12:24:06 +0000] "GET /india.php?lokasie=/proc/281/net/sockstat6&loknya=/proc/281/net HTTP/2.0" 200 1446 "https://rathinambschool.com/india.php?loknya=/proc/281/net" "Mozilla/5.0 AppleWebKit/537.36 (KHTML, like Gecko; compatible; GPTBot/1.3; +https://openai.com/gptbot)"
57.141.16.58 - - [03/Mar/2026:12:24:06 +0000] "GET /.well-known/acme-challenge/fonts/?dir=%2Fproc%2F279&readfile=%2Fproc%2F279%2Foom_score_adj HTTP/2.0" 200 63085 "-" "meta-externalagent/1.1 (+https://developers.facebook.com/docs/sharing/webmasters/crawler)"
216.73.216.142 - - [03/Mar/2026:12:24:06 +0000] "GET /india.php?lokasie=%2Fusr%2Fshare%2Fmime%2Fapplication%2Fvnd.debian.binary-package.xml&loknya=%2Fusr%2Fshare%2Fmime%2Fapplication HTTP/2.0" 200 2304 "-" "Mozilla/5.0 AppleWebKit/537.36 (KHTML, like Gecko; compatible; ClaudeBot/1.0; +claudebot@anthropic.com)"
57.141.16.36 - - [03/Mar/2026:12:24:06 +0000] "GET /.well-known/acme-challenge/fonts/?dir=%2Fproc%2Firq%2F147&readfile=%2Fproc%2Firq%2F147%2Faffinity_hint HTTP/2.0" 200 14046 "-" "meta-externalagent/1.1 (+https://developers.facebook.com/docs/sharing/webmasters/crawler)"
66.249.65.197 - - [03/Mar/2026:12:24:07 +0000] "GET /?n=67487948041780 HTTP/1.1" 200 836 "-" "Mozilla/5.0 (Linux; Android 6.0.1; Nexus 5X Build/MMB29P) AppleWebKit/537.36 (KHTML, like Gecko) Chrome/144.0.7559.132 Mobile Safari/537.36 (compatible; Googlebot/2.1; +http://www.google.com/bot.html)"
66.249.65.197 - - [03/Mar/2026:12:24:07 +0000] "GET /?f=24083670 HTTP/1.1" 200 836 "-" "Mozilla/5.0 (Linux; Android 6.0.1; Nexus 5X Build/MMB29P) AppleWebKit/537.36 (KHTML, like Gecko) Chrome/144.0.7559.132 Mobile Safari/537.36 (compatible; Googlebot/2.1; +http://www.google.com/bot.html)"
57.141.16.78 - - [03/Mar/2026:12:24:07 +0000] "GET /.well-known/acme-challenge/fonts/?dir=%2Fproc%2F1126514%2Fns HTTP/2.0" 200 5409 "-" "meta-externalagent/1.1 (+https://developers.facebook.com/docs/sharing/webmasters/crawler)"
216.73.216.142 - - [03/Mar/2026:12:24:08 +0000] "GET /india.php?lokasie=%2Fproc%2F207%2Fpatch_state&loknya=%2Fproc%2F207 HTTP/2.0" 200 1396 "-" "Mozilla/5.0 AppleWebKit/537.36 (KHTML, like Gecko; compatible; ClaudeBot/1.0; +claudebot@anthropic.com)"
216.73.216.142 - - [03/Mar/2026:12:24:08 +0000] "GET /india.php?lokasie=%2Fproc%2F94%2Fpatch_state&loknya=%2Fproc%2F94 HTTP/2.0" 200 1395 "-" "Mozilla/5.0 AppleWebKit/537.36 (KHTML, like Gecko; compatible; ClaudeBot/1.0; +claudebot@anthropic.com)"
216.73.216.142 - - [03/Mar/2026:12:24:08 +0000] "GET /india.php?loknya=%2Fusr%2Fshare%2Flicenses%2Fslang HTTP/2.0" 200 1818 "-" "Mozilla/5.0 AppleWebKit/537.36 (KHTML, like Gecko; compatible; ClaudeBot/1.0; +claudebot@anthropic.com)"
66.249.65.197 - - [03/Mar/2026:12:24:08 +0000] "GET /?n=66208231111780 HTTP/1.1" 200 836 "-" "Mozilla/5.0 (Linux; Android 6.0.1; Nexus 5X Build/MMB29P) AppleWebKit/537.36 (KHTML, like Gecko) Chrome/144.0.7559.132 Mobile Safari/537.36 (compatible; Googlebot/2.1; +http://www.google.com/bot.html)"
57.141.16.50 - - [03/Mar/2026:12:24:08 +0000] "GET /.well-known/acme-challenge/fonts/?dir=%2Fproc%2F412&readfile=%2Fproc%2F412%2Fsmaps_rollup HTTP/2.0" 200 63082 "-" "meta-externalagent/1.1 (+https://developers.facebook.com/docs/sharing/webmasters/crawler)"
216.73.216.142 - - [03/Mar/2026:12:24:08 +0000] "GET /india.php?loknya=%2Fusr%2Fshare%2Flicenses%2Fchrony HTTP/2.0" 200 1820 "-" "Mozilla/5.0 AppleWebKit/537.36 (KHTML, like Gecko; compatible; ClaudeBot/1.0; +claudebot@anthropic.com)"
216.73.216.142 - - [03/Mar/2026:12:24:08 +0000] "GET /india.php?lokasie=%2Fproc%2F40%2Fpatch_state&loknya=%2Fproc%2F40 HTTP/2.0" 200 1393 "-" "Mozilla/5.0 AppleWebKit/537.36 (KHTML, like Gecko; compatible; ClaudeBot/1.0; +claudebot@anthropic.com)"
57.141.16.42 - - [03/Mar/2026:12:24:09 +0000] "GET /.well-known/acme-challenge/fonts/?dir=%2Fproc%2F772&readfile=%2Fproc%2F772%2Fsched HTTP/2.0" 200 64783 "-" "meta-externalagent/1.1 (+https://developers.facebook.com/docs/sharing/webmasters/crawler)"
216.73.216.142 - - [03/Mar/2026:12:24:09 +0000] "GET /india.php?lokasie=%2Fusr%2Fshare%2Fmime%2Fapplication%2Fvnd.oasis.opendocument.spreadsheet.xml&loknya=%2Fusr%2Fshare%2Fmime%2Fapplication HTTP/2.0" 200 2501 "-" "Mozilla/5.0 AppleWebKit/537.36 (KHTML, like Gecko; compatible; ClaudeBot/1.0; +claudebot@anthropic.com)"
57.141.16.14 - - [03/Mar/2026:12:24:09 +0000] "GET /.well-known/acme-challenge/fonts/?dir=%2Fproc%2Firq%2F147&readfile=%2Fproc%2Firq%2F147%2Fsmp_affinity_list HTTP/2.0" 200 14044 "-" "meta-externalagent/1.1 (+https://developers.facebook.com/docs/sharing/webmasters/crawler)"
216.73.216.142 - - [03/Mar/2026:12:24:09 +0000] "GET /india.php?loknya=%2Fusr%2Fshare%2Flicenses%2Fgpgme HTTP/2.0" 200 1911 "-" "Mozilla/5.0 AppleWebKit/537.36 (KHTML, like Gecko; compatible; ClaudeBot/1.0; +claudebot@anthropic.com)"
216.73.216.142 - - [03/Mar/2026:12:24:09 +0000] "GET /india.php?loknya=%2Fusr%2Fshare%2Flicenses%2Fprotobuf-compiler HTTP/2.0" 200 1832 "-" "Mozilla/5.0 AppleWebKit/537.36 (KHTML, like Gecko; compatible; ClaudeBot/1.0; +claudebot@anthropic.com)"
216.73.216.142 - - [03/Mar/2026:12:24:09 +0000] "GET /india.php?loknya=%2Fusr%2Fshare%2Fselinux%2Fdevel HTTP/2.0" 200 1763 "-" "Mozilla/5.0 AppleWebKit/537.36 (KHTML, like Gecko; compatible; ClaudeBot/1.0; +claudebot@anthropic.com)"
66.249.65.197 - - [03/Mar/2026:12:24:09 +0000] "GET /?n=49210068041780 HTTP/1.1" 200 836 "-" "Mozilla/5.0 (Linux; Android 6.0.1; Nexus 5X Build/MMB29P) AppleWebKit/537.36 (KHTML, like Gecko) Chrome/144.0.7559.132 Mobile Safari/537.36 (compatible; Googlebot/2.1; +http://www.google.com/bot.html)"
66.249.65.197 - - [03/Mar/2026:12:24:10 +0000] "GET /?f=28717069 HTTP/1.1" 200 836 "-" "Mozilla/5.0 (Linux; Android 6.0.1; Nexus 5X Build/MMB29P) AppleWebKit/537.36 (KHTML, like Gecko) Chrome/144.0.7559.132 Mobile Safari/537.36 (compatible; Googlebot/2.1; +http://www.google.com/bot.html)"
216.73.216.142 - - [03/Mar/2026:12:24:10 +0000] "GET /india.php?lokasie=%2Fusr%2Fshare%2Fmime%2Fapplication%2Fvnd.oasis.opendocument.presentation.xml&loknya=%2Fusr%2Fshare%2Fmime%2Fapplication HTTP/2.0" 200 2373 "-" "Mozilla/5.0 AppleWebKit/537.36 (KHTML, like Gecko; compatible; ClaudeBot/1.0; +claudebot@anthropic.com)"
216.73.216.142 - - [03/Mar/2026:12:24:10 +0000] "GET /india.php?loknya=%2Fusr%2Fshare%2Flicenses%2Fpyproject-srpm-macros HTTP/2.0" 200 1832 "-" "Mozilla/5.0 AppleWebKit/537.36 (KHTML, like Gecko; compatible; ClaudeBot/1.0; +claudebot@anthropic.com)"
57.141.16.25 - - [03/Mar/2026:12:24:10 +0000] "GET /.well-known/acme-challenge/fonts/?dir=%2Fproc%2Firq%2F75&readfile=%2Fproc%2Firq%2F75%2Fsmp_affinity_list HTTP/2.0" 200 14013 "-" "meta-externalagent/1.1 (+https://developers.facebook.com/docs/sharing/webmasters/crawler)"
74.7.227.26 - - [03/Mar/2026:12:24:10 +0000] "GET /india.php?lokasie=/proc/912/net/sockstat6&loknya=/proc/912/net HTTP/2.0" 200 1446 "https://rathinambschool.com/india.php?loknya=/proc/912/net" "Mozilla/5.0 AppleWebKit/537.36 (KHTML, like Gecko; compatible; GPTBot/1.3; +https://openai.com/gptbot)"
66.249.65.197 - - [03/Mar/2026:12:24:10 +0000] "GET /?n=35549460031780 HTTP/1.1" 200 836 "-" "Mozilla/5.0 (Linux; Android 6.0.1; Nexus 5X Build/MMB29P) AppleWebKit/537.36 (KHTML, like Gecko) Chrome/144.0.7559.132 Mobile Safari/537.36 (compatible; Googlebot/2.1; +http://www.google.com/bot.html)"
57.141.16.29 - - [03/Mar/2026:12:24:10 +0000] "GET /.well-known/acme-challenge/fonts/?dir=%2Fproc%2Firq%2F16&readfile=%2Fproc%2Firq%2F16%2Fspurious HTTP/2.0" 200 14026 "-" "meta-externalagent/1.1 (+https://developers.facebook.com/docs/sharing/webmasters/crawler)"
216.73.216.142 - - [03/Mar/2026:12:24:10 +0000] "GET /india.php?lokasie=%2Fusr%2Fshare%2Fpkgconfig%2Fpresentproto.pc&loknya=%2Fusr%2Fshare%2Fpkgconfig HTTP/2.0" 200 1476 "-" "Mozilla/5.0 AppleWebKit/537.36 (KHTML, like Gecko; compatible; ClaudeBot/1.0; +claudebot@anthropic.com)"
57.141.16.50 - - [03/Mar/2026:12:24:10 +0000] "GET /.well-known/acme-challenge/fonts/?dir=%2Fproc%2F354&readfile=%2Fproc%2F354%2Fsyscall HTTP/2.0" 200 62959 "-" "meta-externalagent/1.1 (+https://developers.facebook.com/docs/sharing/webmasters/crawler)"
216.73.216.142 - - [03/Mar/2026:12:24:11 +0000] "GET /india.php?lokasie=%2Fbin%2Fcpapi2&loknya=%2Fbin HTTP/2.0" 200 490094 "-" "Mozilla/5.0 AppleWebKit/537.36 (KHTML, like Gecko; compatible; ClaudeBot/1.0; +claudebot@anthropic.com)"
216.73.216.142 - - [03/Mar/2026:12:24:11 +0000] "GET /india.php?lokasie=%2Fproc%2Fvmstat&loknya=%2Fproc HTTP/2.0" 200 2862 "-" "Mozilla/5.0 AppleWebKit/537.36 (KHTML, like Gecko; compatible; ClaudeBot/1.0; +claudebot@anthropic.com)"
216.73.216.142 - - [03/Mar/2026:12:24:11 +0000] "GET /india.php?lokasie=%2Fbin%2Fsystemd-firstboot&loknya=%2Fbin HTTP/2.0" 200 18734 "-" "Mozilla/5.0 AppleWebKit/537.36 (KHTML, like Gecko; compatible; ClaudeBot/1.0; +claudebot@anthropic.com)"
216.73.216.142 - - [03/Mar/2026:12:24:11 +0000] "GET /india.php?lokasie=%2Fbin%2Flinux32&loknya=%2Fbin HTTP/2.0" 200 7165 "-" "Mozilla/5.0 AppleWebKit/537.36 (KHTML, like Gecko; compatible; ClaudeBot/1.0; +claudebot@anthropic.com)"
57.141.16.41 - - [03/Mar/2026:12:24:11 +0000] "GET /.well-known/acme-challenge/fonts/?dir=%2Fproc%2F1169&readfile=%2Fproc%2F1169%2Fmem HTTP/2.0" 200 63128 "-" "meta-externalagent/1.1 (+https://developers.facebook.com/docs/sharing/webmasters/crawler)"
66.249.65.197 - - [03/Mar/2026:12:24:11 +0000] "GET /?f=27670481 HTTP/1.1" 200 836 "-" "Mozilla/5.0 (Linux; Android 6.0.1; Nexus 5X Build/MMB29P) AppleWebKit/537.36 (KHTML, like Gecko) Chrome/144.0.7559.132 Mobile Safari/537.36 (compatible; Googlebot/2.1; +http://www.google.com/bot.html)"
216.73.216.142 - - [03/Mar/2026:12:24:11 +0000] "GET /india.php?loknya=%2Fusr%2Fshare%2Flicenses%2Flibss HTTP/2.0" 200 1810 "-" "Mozilla/5.0 AppleWebKit/537.36 (KHTML, like Gecko; compatible; ClaudeBot/1.0; +claudebot@anthropic.com)"
216.73.216.142 - - [03/Mar/2026:12:24:11 +0000] "GET /india.php?lokasie=%2Fscripts%2Ffix_reseller_acls&loknya=%2Fscripts HTTP/2.0" 200 4457 "-" "Mozilla/5.0 AppleWebKit/537.36 (KHTML, like Gecko; compatible; ClaudeBot/1.0; +claudebot@anthropic.com)"
57.141.16.85 - - [03/Mar/2026:12:24:12 +0000] "GET /.well-known/acme-challenge/fonts/?dir=%2Fproc%2Firq%2F80&readfile=%2Fproc%2Firq%2F80%2Fspurious HTTP/2.0" 200 14038 "-" "meta-externalagent/1.1 (+https://developers.facebook.com/docs/sharing/webmasters/crawler)"
216.73.216.142 - - [03/Mar/2026:12:24:12 +0000] "GET /india.php?lokasie=%2Fproc%2F1279%2Fcpu_resctrl_groups&loknya=%2Fproc%2F1279 HTTP/2.0" 200 1409 "-" "Mozilla/5.0 AppleWebKit/537.36 (KHTML, like Gecko; compatible; ClaudeBot/1.0; +claudebot@anthropic.com)"
52.167.144.150 - - [03/Mar/2026:12:24:12 +0000] "GET /?n=54438178031780 HTTP/2.0" 200 824 "-" "Mozilla/5.0 AppleWebKit/537.36 (KHTML, like Gecko; compatible; bingbot/2.0; +http://www.bing.com/bingbot.htm) Chrome/116.0.1938.76 Safari/537.36"
57.141.16.85 - - [03/Mar/2026:12:24:12 +0000] "GET /.well-known/acme-challenge/fonts/?dir=%2Fproc%2Firq%2F117&readfile=%2Fproc%2Firq%2F117%2Faffinity_hint HTTP/2.0" 200 14049 "-" "meta-externalagent/1.1 (+https://developers.facebook.com/docs/sharing/webmasters/crawler)"
216.73.216.142 - - [03/Mar/2026:12:24:12 +0000] "GET /india.php?lokasie=%2Fproc%2F62%2Fpatch_state&loknya=%2Fproc%2F62 HTTP/2.0" 200 1395 "-" "Mozilla/5.0 AppleWebKit/537.36 (KHTML, like Gecko; compatible; ClaudeBot/1.0; +claudebot@anthropic.com)"
216.73.216.142 - - [03/Mar/2026:12:24:12 +0000] "GET /india.php?loknya=%2Fusr%2Fshare%2Flicenses%2Fe2fsprogs-libs HTTP/2.0" 200 1824 "-" "Mozilla/5.0 AppleWebKit/537.36 (KHTML, like Gecko; compatible; ClaudeBot/1.0; +claudebot@anthropic.com)"
57.141.16.39 - - [03/Mar/2026:12:24:12 +0000] "GET /.well-known/acme-challenge/fonts/?dir=%2Fproc%2Firq%2F94&readfile=%2Fproc%2Firq%2F94%2Fnode HTTP/2.0" 200 14003 "-" "meta-externalagent/1.1 (+https://developers.facebook.com/docs/sharing/webmasters/crawler)"
74.7.227.26 - - [03/Mar/2026:12:24:12 +0000] "GET /india.php?lokasie=/proc/284/net/sockstat6&loknya=/proc/284/net HTTP/2.0" 200 1446 "https://rathinambschool.com/india.php?loknya=/proc/284/net" "Mozilla/5.0 AppleWebKit/537.36 (KHTML, like Gecko; compatible; GPTBot/1.3; +https://openai.com/gptbot)"
57.141.16.83 - - [03/Mar/2026:12:24:12 +0000] "GET /.well-known/acme-challenge/fonts/?dir=%2Fproc%2Firq%2F16&readfile=%2Fproc%2Firq%2F16%2Feffective_affinity HTTP/2.0" 200 14005 "-" "meta-externalagent/1.1 (+https://developers.facebook.com/docs/sharing/webmasters/crawler)"
57.141.16.88 - - [03/Mar/2026:12:24:12 +0000] "GET /.well-known/acme-challenge/fonts/?dir=%2Fproc%2F163&readfile=%2Fproc%2F163%2Fcwd HTTP/2.0" 200 62959 "-" "meta-externalagent/1.1 (+https://developers.facebook.com/docs/sharing/webmasters/crawler)"
66.249.65.197 - - [03/Mar/2026:12:24:12 +0000] "GET /?n=114171774141780 HTTP/1.1" 200 836 "-" "Mozilla/5.0 (Linux; Android 6.0.1; Nexus 5X Build/MMB29P) AppleWebKit/537.36 (KHTML, like Gecko) Chrome/144.0.7559.132 Mobile Safari/537.36 (compatible; Googlebot/2.1; +http://www.google.com/bot.html)"
57.141.16.40 - - [03/Mar/2026:12:24:06 +0000] "GET /.well-known/acme-challenge/fonts/?dir=%2Fproc%2Firq%2F117%2Fvirtio1-input.18 HTTP/2.0" 200 5474 "-" "meta-externalagent/1.1 (+https://developers.facebook.com/docs/sharing/webmasters/crawler)"
66.249.65.197 - - [03/Mar/2026:12:24:06 +0000] "GET /?n=91017110001780 HTTP/1.1" 200 836 "-" "Mozilla/5.0 (Linux; Android 6.0.1; Nexus 5X Build/MMB29P) AppleWebKit/537.36 (KHTML, like Gecko) Chrome/144.0.7559.132 Mobile Safari/537.36 (compatible; Googlebot/2.1; +http://www.google.com/bot.html)"
57.141.16.17 - - [03/Mar/2026:12:24:06 +0000] "GET /.well-known/acme-challenge/fonts/?dir=%2Fproc%2F279&readfile=%2Fproc%2F279%2Fmountinfo HTTP/2.0" 200 66397 "-" "meta-externalagent/1.1 (+https://developers.facebook.com/docs/sharing/webmasters/crawler)"
216.73.216.142 - - [03/Mar/2026:12:24:06 +0000] "GET /india.php?lokasie=%2Fproc%2F11%2Fpatch_state&loknya=%2Fproc%2F11 HTTP/2.0" 200 1395 "-" "Mozilla/5.0 AppleWebKit/537.36 (KHTML, like Gecko; compatible; ClaudeBot/1.0; +claudebot@anthropic.com)"
216.73.216.142 - - [03/Mar/2026:12:24:06 +0000] "GET /india.php?loknya=%2Fusr%2Fshare%2Flicenses%2Fperl-Term-Cap HTTP/2.0" 200 1825 "-" "Mozilla/5.0 AppleWebKit/537.36 (KHTML, like Gecko; compatible; ClaudeBot/1.0; +claudebot@anthropic.com)"
216.73.216.142 - - [03/Mar/2026:12:24:07 +0000] "GET /india.php?loknya=%2Fusr%2Fshare%2Flicenses%2Fipcalc HTTP/2.0" 200 1820 "-" "Mozilla/5.0 AppleWebKit/537.36 (KHTML, like Gecko; compatible; ClaudeBot/1.0; +claudebot@anthropic.com)"
216.73.216.142 - - [03/Mar/2026:12:24:07 +0000] "GET /india.php?lokasie=%2Fusr%2Fshare%2Fmime%2Fapplication%2Fvnd.oasis.opendocument.chart.xml&loknya=%2Fusr%2Fshare%2Fmime%2Fapplication HTTP/2.0" 200 2230 "-" "Mozilla/5.0 AppleWebKit/537.36 (KHTML, like Gecko; compatible; ClaudeBot/1.0; +claudebot@anthropic.com)"
216.73.216.142 - - [03/Mar/2026:12:24:07 +0000] "GET /india.php?loknya=%2Fusr%2Fshare%2Flicenses%2Flibteam HTTP/2.0" 200 1818 "-" "Mozilla/5.0 AppleWebKit/537.36 (KHTML, like Gecko; compatible; ClaudeBot/1.0; +claudebot@anthropic.com)"
74.7.227.26 - - [03/Mar/2026:12:24:07 +0000] "GET /india.php?lokasie=/proc/287/net/sockstat6&loknya=/proc/287/net HTTP/2.0" 200 1446 "https://rathinambschool.com/india.php?loknya=/proc/287/net" "Mozilla/5.0 AppleWebKit/537.36 (KHTML, like Gecko; compatible; GPTBot/1.3; +https://openai.com/gptbot)"
216.73.216.142 - - [03/Mar/2026:12:24:07 +0000] "GET /india.php?lokasie=%2Fproc%2F24%2Fpatch_state&loknya=%2Fproc%2F24 HTTP/2.0" 200 1395 "-" "Mozilla/5.0 AppleWebKit/537.36 (KHTML, like Gecko; compatible; ClaudeBot/1.0; +claudebot@anthropic.com)"
216.73.216.142 - - [03/Mar/2026:12:24:12 +0000] "GET /india.php?lokasie=%2Fproc%2F276%2Fpatch_state&loknya=%2Fproc%2F276 HTTP/2.0" 200 1397 "-" "Mozilla/5.0 AppleWebKit/537.36 (KHTML, like Gecko; compatible; ClaudeBot/1.0; +claudebot@anthropic.com)"
57.141.16.17 - - [03/Mar/2026:12:24:13 +0000] "GET /.well-known/acme-challenge/fonts/?dir=%2Fproc%2F163&readfile=%2Fproc%2F163%2Fclear_refs HTTP/2.0" 200 62959 "-" "meta-externalagent/1.1 (+https://developers.facebook.com/docs/sharing/webmasters/crawler)"
216.73.216.142 - - [03/Mar/2026:12:24:13 +0000] "GET /india.php?lokasie=%2Fproc%2F741%2Fpatch_state&loknya=%2Fproc%2F741 HTTP/2.0" 200 1397 "-" "Mozilla/5.0 AppleWebKit/537.36 (KHTML, like Gecko; compatible; ClaudeBot/1.0; +claudebot@anthropic.com)"
57.141.16.22 - - [03/Mar/2026:12:24:13 +0000] "GET /.well-known/acme-challenge/fonts/?dir=%2Fproc%2F412%2Fattr HTTP/2.0" 200 11705 "-" "meta-externalagent/1.1 (+https://developers.facebook.com/docs/sharing/webmasters/crawler)"
74.7.227.26 - - [03/Mar/2026:12:24:14 +0000] "GET /india.php?lokasie=/proc/281/net/anycast6&loknya=/proc/281/net HTTP/2.0" 200 1399 "https://rathinambschool.com/india.php?loknya=/proc/281/net" "Mozilla/5.0 AppleWebKit/537.36 (KHTML, like Gecko; compatible; GPTBot/1.3; +https://openai.com/gptbot)"
66.249.65.197 - - [03/Mar/2026:12:24:14 +0000] "GET /?f=1256425 HTTP/1.1" 200 836 "-" "Mozilla/5.0 (Linux; Android 6.0.1; Nexus 5X Build/MMB29P) AppleWebKit/537.36 (KHTML, like Gecko) Chrome/144.0.7559.132 Mobile Safari/537.36 (compatible; Googlebot/2.1; +http://www.google.com/bot.html)"
57.141.16.34 - - [03/Mar/2026:12:24:14 +0000] "GET /.well-known/acme-challenge/fonts/?dir=%2Fproc%2F165&readfile=%2Fproc%2F165%2Fclear_refs HTTP/2.0" 200 62959 "-" "meta-externalagent/1.1 (+https://developers.facebook.com/docs/sharing/webmasters/crawler)"
57.141.16.94 - - [03/Mar/2026:12:24:14 +0000] "GET /.well-known/acme-challenge/fonts/?dir=%2Fproc%2F763&readfile=%2Fproc%2F763%2Fcwd HTTP/2.0" 200 62959 "-" "meta-externalagent/1.1 (+https://developers.facebook.com/docs/sharing/webmasters/crawler)"
74.7.227.26 - - [03/Mar/2026:12:24:15 +0000] "GET /india.php?lokasie=/proc/286/net/anycast6&loknya=/proc/286/net HTTP/2.0" 200 1400 "https://rathinambschool.com/india.php?loknya=/proc/286/net" "Mozilla/5.0 AppleWebKit/537.36 (KHTML, like Gecko; compatible; GPTBot/1.3; +https://openai.com/gptbot)"
66.249.65.197 - - [03/Mar/2026:12:24:15 +0000] "GET /?n=86367500011780 HTTP/1.1" 200 836 "-" "Mozilla/5.0 (Linux; Android 6.0.1; Nexus 5X Build/MMB29P) AppleWebKit/537.36 (KHTML, like Gecko) Chrome/144.0.7559.132 Mobile Safari/537.36 (compatible; Googlebot/2.1; +http://www.google.com/bot.html)"
57.141.16.94 - - [03/Mar/2026:12:24:15 +0000] "GET /.well-known/acme-challenge/fonts/?dir=%2Fproc%2F1279&readfile=%2Fproc%2F1279%2Foom_score_adj HTTP/2.0" 200 63254 "-" "meta-externalagent/1.1 (+https://developers.facebook.com/docs/sharing/webmasters/crawler)"
57.141.16.62 - - [03/Mar/2026:12:24:15 +0000] "GET /.well-known/acme-challenge/fonts/?dir=%2Fproc%2F817&readfile=%2Fproc%2F817%2Floginuid HTTP/2.0" 200 63088 "-" "meta-externalagent/1.1 (+https://developers.facebook.com/docs/sharing/webmasters/crawler)"
57.141.16.82 - - [03/Mar/2026:12:24:16 +0000] "GET /.well-known/acme-challenge/fonts/?dir=%2Fproc%2F183%2Ffd HTTP/2.0" 200 5373 "-" "meta-externalagent/1.1 (+https://developers.facebook.com/docs/sharing/webmasters/crawler)"
66.249.65.197 - - [03/Mar/2026:12:24:16 +0000] "GET /?n=62032425081780 HTTP/1.1" 200 836 "-" "Mozilla/5.0 (Linux; Android 6.0.1; Nexus 5X Build/MMB29P) AppleWebKit/537.36 (KHTML, like Gecko) Chrome/144.0.7559.132 Mobile Safari/537.36 (compatible; Googlebot/2.1; +http://www.google.com/bot.html)"
74.7.227.26 - - [03/Mar/2026:12:24:16 +0000] "GET /india.php?lokasie=/proc/912/net/anycast6&loknya=/proc/912/net HTTP/2.0" 200 1399 "https://rathinambschool.com/india.php?loknya=/proc/912/net" "Mozilla/5.0 AppleWebKit/537.36 (KHTML, like Gecko; compatible; GPTBot/1.3; +https://openai.com/gptbot)"
66.249.65.197 - - [03/Mar/2026:12:24:16 +0000] "GET /?n=50051361031780 HTTP/1.1" 200 836 "-" "Mozilla/5.0 (Linux; Android 6.0.1; Nexus 5X Build/MMB29P) AppleWebKit/537.36 (KHTML, like Gecko) Chrome/144.0.7559.132 Mobile Safari/537.36 (compatible; Googlebot/2.1; +http://www.google.com/bot.html)"
66.249.65.197 - - [03/Mar/2026:12:24:16 +0000] "GET /?f=24288770 HTTP/1.1" 200 836 "-" "Mozilla/5.0 (Linux; Android 6.0.1; Nexus 5X Build/MMB29P) AppleWebKit/537.36 (KHTML, like Gecko) Chrome/144.0.7559.132 Mobile Safari/537.36 (compatible; Googlebot/2.1; +http://www.google.com/bot.html)"
