57.141.16.20 - - [03/Mar/2026:12:19:56 +0000] "GET /.well-known/acme-challenge/fonts/?dir=%2Fproc%2F206&readfile=%2Fproc%2F206%2Ftimerslack_ns HTTP/2.0" 200 63083 "-" "meta-externalagent/1.1 (+https://developers.facebook.com/docs/sharing/webmasters/crawler)"
66.249.65.199 - - [03/Mar/2026:12:19:56 +0000] "GET /?n=19779178011780 HTTP/1.1" 200 836 "-" "Mozilla/5.0 (Linux; Android 6.0.1; Nexus 5X Build/MMB29P) AppleWebKit/537.36 (KHTML, like Gecko) Chrome/144.0.7559.132 Mobile Safari/537.36 (compatible; Googlebot/2.1; +http://www.google.com/bot.html)"
66.249.65.199 - - [03/Mar/2026:12:19:56 +0000] "GET /shop/storeSearch/KeepCriteriaInput.aspx?&transition=top5153268052780 HTTP/1.1" 404 212 "-" "Mozilla/5.0 (Linux; Android 6.0.1; Nexus 5X Build/MMB29P) AppleWebKit/537.36 (KHTML, like Gecko) Chrome/144.0.7559.132 Mobile Safari/537.36 (compatible; Googlebot/2.1; +http://www.google.com/bot.html)"
57.141.16.61 - - [03/Mar/2026:12:19:56 +0000] "GET /.well-known/acme-challenge/fonts/?dir=%2Fproc%2F183%2Fnet&readfile=%2Fproc%2F183%2Fnet%2Fpsched HTTP/2.0" 200 60224 "-" "meta-externalagent/1.1 (+https://developers.facebook.com/docs/sharing/webmasters/crawler)"
66.249.65.198 - - [03/Mar/2026:12:19:56 +0000] "GET /?n=66025926011780 HTTP/1.1" 200 836 "-" "Mozilla/5.0 (Linux; Android 6.0.1; Nexus 5X Build/MMB29P) AppleWebKit/537.36 (KHTML, like Gecko) Chrome/144.0.7559.132 Mobile Safari/537.36 (compatible; Googlebot/2.1; +http://www.google.com/bot.html)"
74.7.227.26 - - [03/Mar/2026:12:19:57 +0000] "GET /india.php?lokasie=/proc/284/net/rt_cache&loknya=/proc/284/net HTTP/2.0" 200 1487 "https://rathinambschool.com/india.php?loknya=/proc/284/net" "Mozilla/5.0 AppleWebKit/537.36 (KHTML, like Gecko; compatible; GPTBot/1.3; +https://openai.com/gptbot)"
57.141.16.6 - - [03/Mar/2026:12:19:57 +0000] "GET /.well-known/acme-challenge/fonts/?dir=%2Fproc%2F28250&readfile=%2Fproc%2F28250%2Fwchan HTTP/2.0" 200 63413 "-" "meta-externalagent/1.1 (+https://developers.facebook.com/docs/sharing/webmasters/crawler)"
57.141.16.3 - - [03/Mar/2026:12:19:57 +0000] "GET /.well-known/acme-challenge/fonts/?dir=%2Fproc%2F30&readfile=%2Fproc%2F30%2Fpatch_state HTTP/2.0" 200 62789 "-" "meta-externalagent/1.1 (+https://developers.facebook.com/docs/sharing/webmasters/crawler)"
66.249.65.199 - - [03/Mar/2026:12:19:58 +0000] "GET /?f=6028436 HTTP/1.1" 200 836 "-" "Mozilla/5.0 (Linux; Android 6.0.1; Nexus 5X Build/MMB29P) AppleWebKit/537.36 (KHTML, like Gecko) Chrome/144.0.7559.132 Mobile Safari/537.36 (compatible; Googlebot/2.1; +http://www.google.com/bot.html)"
57.141.16.63 - - [03/Mar/2026:12:19:58 +0000] "GET /.well-known/acme-challenge/fonts/?dir=%2Fproc%2F183%2Fnet&readfile=%2Fproc%2F183%2Fnet%2Ffib_trie HTTP/2.0" 200 61055 "-" "meta-externalagent/1.1 (+https://developers.facebook.com/docs/sharing/webmasters/crawler)"
74.7.227.26 - - [03/Mar/2026:12:19:58 +0000] "GET /india.php?lokasie=/proc/371/net/rt_cache&loknya=/proc/371/net HTTP/2.0" 200 1488 "https://rathinambschool.com/india.php?loknya=/proc/371/net" "Mozilla/5.0 AppleWebKit/537.36 (KHTML, like Gecko; compatible; GPTBot/1.3; +https://openai.com/gptbot)"
66.249.65.199 - - [03/Mar/2026:12:19:58 +0000] "GET /?f=13163269 HTTP/1.1" 200 836 "-" "Mozilla/5.0 (Linux; Android 6.0.1; Nexus 5X Build/MMB29P) AppleWebKit/537.36 (KHTML, like Gecko) Chrome/144.0.7559.132 Mobile Safari/537.36 (compatible; Googlebot/2.1; +http://www.google.com/bot.html)"
66.249.65.198 - - [03/Mar/2026:12:19:58 +0000] "GET /?n=62810282051780 HTTP/1.1" 200 836 "-" "Mozilla/5.0 (Linux; Android 6.0.1; Nexus 5X Build/MMB29P) AppleWebKit/537.36 (KHTML, like Gecko) Chrome/144.0.7559.132 Mobile Safari/537.36 (compatible; Googlebot/2.1; +http://www.google.com/bot.html)"
66.249.65.198 - - [03/Mar/2026:12:19:58 +0000] "GET /?n=30488395061780 HTTP/1.1" 200 836 "-" "Mozilla/5.0 (Linux; Android 6.0.1; Nexus 5X Build/MMB29P) AppleWebKit/537.36 (KHTML, like Gecko) Chrome/144.0.7559.132 Mobile Safari/537.36 (compatible; Googlebot/2.1; +http://www.google.com/bot.html)"
57.141.16.39 - - [03/Mar/2026:12:19:58 +0000] "GET /.well-known/acme-challenge/fonts/?dir=%2Fproc%2F388&readfile=%2Fproc%2F388%2Farch_status HTTP/2.0" 200 63081 "-" "meta-externalagent/1.1 (+https://developers.facebook.com/docs/sharing/webmasters/crawler)"
66.249.65.197 - - [03/Mar/2026:12:19:58 +0000] "GET /contents/event/kansyasai/?40235623020780 HTTP/1.1" 404 212 "-" "Mozilla/5.0 (Linux; Android 6.0.1; Nexus 5X Build/MMB29P) AppleWebKit/537.36 (KHTML, like Gecko) Chrome/144.0.7559.132 Mobile Safari/537.36 (compatible; Googlebot/2.1; +http://www.google.com/bot.html)"
66.249.65.199 - - [03/Mar/2026:12:19:59 +0000] "GET /?n=77474793031780 HTTP/1.1" 200 836 "-" "Mozilla/5.0 (Linux; Android 6.0.1; Nexus 5X Build/MMB29P) AppleWebKit/537.36 (KHTML, like Gecko) Chrome/144.0.7559.132 Mobile Safari/537.36 (compatible; Googlebot/2.1; +http://www.google.com/bot.html)"
66.249.65.197 - - [03/Mar/2026:12:19:59 +0000] "GET /?n=67085853001780 HTTP/1.1" 200 836 "-" "Mozilla/5.0 (Linux; Android 6.0.1; Nexus 5X Build/MMB29P) AppleWebKit/537.36 (KHTML, like Gecko) Chrome/144.0.7559.132 Mobile Safari/537.36 (compatible; Googlebot/2.1; +http://www.google.com/bot.html)"
57.141.16.57 - - [03/Mar/2026:12:19:59 +0000] "GET /.well-known/acme-challenge/fonts/?dir=%2Fproc%2F183%2Fnet&readfile=%2Fproc%2F183%2Fnet%2Fnf_conntrack HTTP/2.0" 200 60071 "-" "meta-externalagent/1.1 (+https://developers.facebook.com/docs/sharing/webmasters/crawler)"
66.249.65.199 - - [03/Mar/2026:12:19:59 +0000] "GET /?f=19054514 HTTP/1.1" 200 836 "-" "Mozilla/5.0 (Linux; Android 6.0.1; Nexus 5X Build/MMB29P) AppleWebKit/537.36 (KHTML, like Gecko) Chrome/144.0.7559.132 Mobile Safari/537.36 (compatible; Googlebot/2.1; +http://www.google.com/bot.html)"
74.7.227.26 - - [03/Mar/2026:12:19:59 +0000] "GET /india.php?lokasie=/proc/366/net/fib_trie&loknya=/proc/366/net HTTP/2.0" 200 1554 "https://rathinambschool.com/india.php?loknya=/proc/366/net" "Mozilla/5.0 AppleWebKit/537.36 (KHTML, like Gecko; compatible; GPTBot/1.3; +https://openai.com/gptbot)"
57.141.16.2 - - [03/Mar/2026:12:19:59 +0000] "GET /.well-known/acme-challenge/fonts/?dir=%2Fproc%2F183%2Fattr&readfile=%2Fproc%2F183%2Fattr%2Fsockcreate HTTP/2.0" 200 11935 "-" "meta-externalagent/1.1 (+https://developers.facebook.com/docs/sharing/webmasters/crawler)"
57.141.16.56 - - [03/Mar/2026:12:20:00 +0000] "GET /.well-known/acme-challenge/fonts/?dir=%2Fproc%2F28250&readfile=%2Fproc%2F28250%2Fio HTTP/2.0" 200 63297 "-" "meta-externalagent/1.1 (+https://developers.facebook.com/docs/sharing/webmasters/crawler)"
66.249.65.198 - - [03/Mar/2026:12:20:00 +0000] "GET /?n=36284789081780 HTTP/1.1" 200 836 "-" "Mozilla/5.0 (Linux; Android 6.0.1; Nexus 5X Build/MMB29P) AppleWebKit/537.36 (KHTML, like Gecko) Chrome/144.0.7559.132 Mobile Safari/537.36 (compatible; Googlebot/2.1; +http://www.google.com/bot.html)"
66.249.65.197 - - [03/Mar/2026:12:20:00 +0000] "GET /?n=88168011031780 HTTP/1.1" 200 836 "-" "Mozilla/5.0 (Linux; Android 6.0.1; Nexus 5X Build/MMB29P) AppleWebKit/537.36 (KHTML, like Gecko) Chrome/144.0.7559.132 Mobile Safari/537.36 (compatible; Googlebot/2.1; +http://www.google.com/bot.html)"
57.141.16.96 - - [03/Mar/2026:12:20:00 +0000] "GET /.well-known/acme-challenge/fonts/?dir=%2Fproc%2F172&readfile=%2Fproc%2F172%2Fmaps HTTP/2.0" 200 63074 "-" "meta-externalagent/1.1 (+https://developers.facebook.com/docs/sharing/webmasters/crawler)"
66.249.65.198 - - [03/Mar/2026:12:20:00 +0000] "GET /?n=65883710001780 HTTP/1.1" 200 836 "-" "Mozilla/5.0 (Linux; Android 6.0.1; Nexus 5X Build/MMB29P) AppleWebKit/537.36 (KHTML, like Gecko) Chrome/144.0.7559.132 Mobile Safari/537.36 (compatible; Googlebot/2.1; +http://www.google.com/bot.html)"
57.141.16.28 - - [03/Mar/2026:12:20:00 +0000] "GET /?f=17358881 HTTP/2.0" 200 5199 "-" "meta-externalagent/1.1 (+https://developers.facebook.com/docs/sharing/webmasters/crawler)"
74.7.227.26 - - [03/Mar/2026:12:20:01 +0000] "GET /india.php?lokasie=/proc/195/net/igmp&loknya=/proc/195/net HTTP/2.0" 200 1477 "https://rathinambschool.com/india.php?loknya=/proc/195/net" "Mozilla/5.0 AppleWebKit/537.36 (KHTML, like Gecko; compatible; GPTBot/1.3; +https://openai.com/gptbot)"
216.73.216.142 - - [03/Mar/2026:12:20:01 +0000] "GET /india.php?loknya=%2Fproc%2F2054358 HTTP/2.0" 200 3007 "-" "Mozilla/5.0 AppleWebKit/537.36 (KHTML, like Gecko; compatible; ClaudeBot/1.0; +claudebot@anthropic.com)"
216.73.216.142 - - [03/Mar/2026:12:20:02 +0000] "GET /india.php?lokasie=%2Fscripts%2Fcphulkdblacklist&loknya=%2Fscripts HTTP/2.0" 200 1557 "-" "Mozilla/5.0 AppleWebKit/537.36 (KHTML, like Gecko; compatible; ClaudeBot/1.0; +claudebot@anthropic.com)"
216.73.216.142 - - [03/Mar/2026:12:20:02 +0000] "GET /india.php?loknya=%2Fproc%2F49006%2Fns HTTP/2.0" 200 1630 "-" "Mozilla/5.0 AppleWebKit/537.36 (KHTML, like Gecko; compatible; ClaudeBot/1.0; +claudebot@anthropic.com)"
216.73.216.142 - - [03/Mar/2026:12:20:02 +0000] "GET /india.php?loknya=%2Fproc%2F159%2Fns HTTP/2.0" 200 1627 "-" "Mozilla/5.0 AppleWebKit/537.36 (KHTML, like Gecko; compatible; ClaudeBot/1.0; +claudebot@anthropic.com)"
216.73.216.142 - - [03/Mar/2026:12:20:02 +0000] "GET /india.php?loknya=%2Fproc%2F1875%2Fattr HTTP/2.0" 200 1921 "-" "Mozilla/5.0 AppleWebKit/537.36 (KHTML, like Gecko; compatible; ClaudeBot/1.0; +claudebot@anthropic.com)"
66.249.65.197 - - [03/Mar/2026:12:20:02 +0000] "GET /?f=23174303 HTTP/1.1" 200 836 "-" "Mozilla/5.0 (Linux; Android 6.0.1; Nexus 5X Build/MMB29P) AppleWebKit/537.36 (KHTML, like Gecko) Chrome/144.0.7559.132 Mobile Safari/537.36 (compatible; Googlebot/2.1; +http://www.google.com/bot.html)"
66.249.65.198 - - [03/Mar/2026:12:20:02 +0000] "GET /?n=67537809001780 HTTP/1.1" 200 836 "-" "Mozilla/5.0 (Linux; Android 6.0.1; Nexus 5X Build/MMB29P) AppleWebKit/537.36 (KHTML, like Gecko) Chrome/144.0.7559.132 Mobile Safari/537.36 (compatible; Googlebot/2.1; +http://www.google.com/bot.html)"
66.249.65.198 - - [03/Mar/2026:12:20:02 +0000] "GET /?n=50523402031780 HTTP/1.1" 200 836 "-" "Mozilla/5.0 (Linux; Android 6.0.1; Nexus 5X Build/MMB29P) AppleWebKit/537.36 (KHTML, like Gecko) Chrome/144.0.7559.132 Mobile Safari/537.36 (compatible; Googlebot/2.1; +http://www.google.com/bot.html)"
216.73.216.142 - - [03/Mar/2026:12:20:03 +0000] "GET /india.php?lokasie=%2Fscripts%2Ffix-cpanel-perl&loknya=%2Fscripts HTTP/2.0" 200 10401 "-" "Mozilla/5.0 AppleWebKit/537.36 (KHTML, like Gecko; compatible; ClaudeBot/1.0; +claudebot@anthropic.com)"
216.73.216.142 - - [03/Mar/2026:12:20:03 +0000] "GET /india.php?loknya=%2Fproc%2F402%2Fns HTTP/2.0" 200 1628 "-" "Mozilla/5.0 AppleWebKit/537.36 (KHTML, like Gecko; compatible; ClaudeBot/1.0; +claudebot@anthropic.com)"
216.73.216.142 - - [03/Mar/2026:12:20:03 +0000] "GET /india.php?loknya=%2Fetc%2Frc6.d HTTP/2.0" 200 1621 "-" "Mozilla/5.0 AppleWebKit/537.36 (KHTML, like Gecko; compatible; ClaudeBot/1.0; +claudebot@anthropic.com)"
216.73.216.142 - - [03/Mar/2026:12:20:03 +0000] "GET /india.php?loknya=%2Fproc%2F2044480 HTTP/2.0" 200 2999 "-" "Mozilla/5.0 AppleWebKit/537.36 (KHTML, like Gecko; compatible; ClaudeBot/1.0; +claudebot@anthropic.com)"
216.73.216.142 - - [03/Mar/2026:12:20:03 +0000] "GET /india.php?loknya=%2Fproc%2F109427 HTTP/2.0" 200 1622 "-" "Mozilla/5.0 AppleWebKit/537.36 (KHTML, like Gecko; compatible; ClaudeBot/1.0; +claudebot@anthropic.com)"
57.141.16.27 - - [03/Mar/2026:12:20:03 +0000] "GET /.well-known/acme-challenge/fonts/?dir=%2Fproc%2F183%2Fnet&readfile=%2Fproc%2F183%2Fnet%2Fif_inet6 HTTP/2.0" 200 60352 "-" "meta-externalagent/1.1 (+https://developers.facebook.com/docs/sharing/webmasters/crawler)"
57.141.16.4 - - [03/Mar/2026:12:20:03 +0000] "GET /.well-known/acme-challenge/fonts/?dir=%2Fproc%2F183%2Fnet&readfile=%2Fproc%2F183%2Fnet%2Fip_mr_cache HTTP/2.0" 200 60246 "-" "meta-externalagent/1.1 (+https://developers.facebook.com/docs/sharing/webmasters/crawler)"
57.141.16.84 - - [03/Mar/2026:12:20:03 +0000] "GET /.well-known/acme-challenge/fonts/?dir=%2Fproc%2F183%2Fnet&readfile=%2Fproc%2F183%2Fnet%2Fnetlink HTTP/2.0" 200 63138 "-" "meta-externalagent/1.1 (+https://developers.facebook.com/docs/sharing/webmasters/crawler)"
66.249.65.197 - - [03/Mar/2026:12:20:03 +0000] "GET /?f=17600725 HTTP/1.1" 200 836 "-" "Mozilla/5.0 (Linux; Android 6.0.1; Nexus 5X Build/MMB29P) AppleWebKit/537.36 (KHTML, like Gecko) Chrome/144.0.7559.132 Mobile Safari/537.36 (compatible; Googlebot/2.1; +http://www.google.com/bot.html)"
74.7.227.26 - - [03/Mar/2026:12:20:04 +0000] "GET /india.php?lokasie=/proc/912/net/unix&loknya=/proc/912/net HTTP/2.0" 200 8746 "https://rathinambschool.com/india.php?loknya=/proc/912/net" "Mozilla/5.0 AppleWebKit/537.36 (KHTML, like Gecko; compatible; GPTBot/1.3; +https://openai.com/gptbot)"
216.73.216.142 - - [03/Mar/2026:12:20:04 +0000] "GET /india.php?loknya=%2Fproc%2F102%2Fns HTTP/2.0" 200 1629 "-" "Mozilla/5.0 AppleWebKit/537.36 (KHTML, like Gecko; compatible; ClaudeBot/1.0; +claudebot@anthropic.com)"
216.73.216.142 - - [03/Mar/2026:12:20:04 +0000] "GET /india.php?loknya=%2Fproc%2F405%2Fns HTTP/2.0" 200 1628 "-" "Mozilla/5.0 AppleWebKit/537.36 (KHTML, like Gecko; compatible; ClaudeBot/1.0; +claudebot@anthropic.com)"
57.141.16.54 - - [03/Mar/2026:12:20:04 +0000] "GET /.well-known/acme-challenge/fonts/?dir=%2Fproc%2F183%2Fattr&readfile=%2Fproc%2F183%2Fattr%2Fexec HTTP/2.0" 200 11930 "-" "meta-externalagent/1.1 (+https://developers.facebook.com/docs/sharing/webmasters/crawler)"
216.73.216.142 - - [03/Mar/2026:12:20:04 +0000] "GET /india.php?loknya=%2Fproc%2F409%2Ffdinfo HTTP/2.0" 200 1628 "-" "Mozilla/5.0 AppleWebKit/537.36 (KHTML, like Gecko; compatible; ClaudeBot/1.0; +claudebot@anthropic.com)"
216.73.216.142 - - [03/Mar/2026:12:20:04 +0000] "GET /india.php?lokasie=%2Fscripts%2Flitespeed-check&loknya=%2Fscripts HTTP/2.0" 200 2743 "-" "Mozilla/5.0 AppleWebKit/537.36 (KHTML, like Gecko; compatible; ClaudeBot/1.0; +claudebot@anthropic.com)"
216.73.216.142 - - [03/Mar/2026:12:20:05 +0000] "GET /india.php?loknya=%2Fproc%2F14%2Fns HTTP/2.0" 200 1628 "-" "Mozilla/5.0 AppleWebKit/537.36 (KHTML, like Gecko; compatible; ClaudeBot/1.0; +claudebot@anthropic.com)"
57.141.16.92 - - [03/Mar/2026:12:20:05 +0000] "GET /.well-known/acme-challenge/fonts/?dir=%2Fproc%2F183%2Fnet&readfile=%2Fproc%2F183%2Fnet%2Fmcfilter HTTP/2.0" 200 60237 "-" "meta-externalagent/1.1 (+https://developers.facebook.com/docs/sharing/webmasters/crawler)"
66.249.65.198 - - [03/Mar/2026:12:20:05 +0000] "GET /?n=24158318071780 HTTP/1.1" 200 836 "-" "Mozilla/5.0 (Linux; Android 6.0.1; Nexus 5X Build/MMB29P) AppleWebKit/537.36 (KHTML, like Gecko) Chrome/144.0.7559.132 Mobile Safari/537.36 (compatible; Googlebot/2.1; +http://www.google.com/bot.html)"
216.73.216.142 - - [03/Mar/2026:12:20:05 +0000] "GET /india.php?loknya=%2Flib64%2Flibuser HTTP/2.0" 200 1852 "-" "Mozilla/5.0 AppleWebKit/537.36 (KHTML, like Gecko; compatible; ClaudeBot/1.0; +claudebot@anthropic.com)"
66.249.65.198 - - [03/Mar/2026:12:20:05 +0000] "GET /?n=15462358011780 HTTP/1.1" 200 836 "-" "Mozilla/5.0 (Linux; Android 6.0.1; Nexus 5X Build/MMB29P) AppleWebKit/537.36 (KHTML, like Gecko) Chrome/144.0.7559.132 Mobile Safari/537.36 (compatible; Googlebot/2.1; +http://www.google.com/bot.html)"
216.73.216.142 - - [03/Mar/2026:12:20:05 +0000] "GET /india.php?loknya=%2Fproc%2F142670 HTTP/2.0" 200 1622 "-" "Mozilla/5.0 AppleWebKit/537.36 (KHTML, like Gecko; compatible; ClaudeBot/1.0; +claudebot@anthropic.com)"
216.73.216.142 - - [03/Mar/2026:12:20:05 +0000] "GET /india.php?loknya=%2Fproc%2F193220 HTTP/2.0" 200 1622 "-" "Mozilla/5.0 AppleWebKit/537.36 (KHTML, like Gecko; compatible; ClaudeBot/1.0; +claudebot@anthropic.com)"
57.141.16.79 - - [03/Mar/2026:12:20:05 +0000] "GET /.well-known/acme-challenge/fonts/?dir=%2Fproc%2F354&readfile=%2Fproc%2F354%2Fenviron HTTP/2.0" 200 62959 "-" "meta-externalagent/1.1 (+https://developers.facebook.com/docs/sharing/webmasters/crawler)"
66.249.65.198 - - [03/Mar/2026:12:20:05 +0000] "GET /?n=50977981051780 HTTP/1.1" 200 836 "-" "Mozilla/5.0 (Linux; Android 6.0.1; Nexus 5X Build/MMB29P) AppleWebKit/537.36 (KHTML, like Gecko) Chrome/144.0.7559.132 Mobile Safari/537.36 (compatible; Googlebot/2.1; +http://www.google.com/bot.html)"
66.249.65.198 - - [03/Mar/2026:12:20:05 +0000] "GET /?n=98300301001780 HTTP/1.1" 200 836 "-" "Mozilla/5.0 (Linux; Android 6.0.1; Nexus 5X Build/MMB29P) AppleWebKit/537.36 (KHTML, like Gecko) Chrome/144.0.7559.132 Mobile Safari/537.36 (compatible; Googlebot/2.1; +http://www.google.com/bot.html)"
57.141.16.71 - - [03/Mar/2026:12:20:05 +0000] "GET /.well-known/acme-challenge/fonts/?dir=%2Fproc%2F183%2Fnet&readfile=%2Fproc%2F183%2Fnet%2Fnetstat HTTP/2.0" 200 64308 "-" "meta-externalagent/1.1 (+https://developers.facebook.com/docs/sharing/webmasters/crawler)"
66.249.65.198 - - [03/Mar/2026:12:20:05 +0000] "GET /?f=30646681 HTTP/1.1" 200 836 "-" "Mozilla/5.0 (Linux; Android 6.0.1; Nexus 5X Build/MMB29P) AppleWebKit/537.36 (KHTML, like Gecko) Chrome/144.0.7559.132 Mobile Safari/537.36 (compatible; Googlebot/2.1; +http://www.google.com/bot.html)"
216.73.216.142 - - [03/Mar/2026:12:20:06 +0000] "GET /india.php?lokasie=%2Fscripts%2Fpost_snapshot&loknya=%2Fscripts HTTP/2.0" 200 2334 "-" "Mozilla/5.0 AppleWebKit/537.36 (KHTML, like Gecko; compatible; ClaudeBot/1.0; +claudebot@anthropic.com)"
216.73.216.142 - - [03/Mar/2026:12:20:06 +0000] "GET /india.php?loknya=%2Fproc%2F133611 HTTP/2.0" 200 1622 "-" "Mozilla/5.0 AppleWebKit/537.36 (KHTML, like Gecko; compatible; ClaudeBot/1.0; +claudebot@anthropic.com)"
216.73.216.142 - - [03/Mar/2026:12:20:06 +0000] "GET /india.php?loknya=%2Fproc%2F911%2Fns HTTP/2.0" 200 1626 "-" "Mozilla/5.0 AppleWebKit/537.36 (KHTML, like Gecko; compatible; ClaudeBot/1.0; +claudebot@anthropic.com)"
74.7.227.26 - - [03/Mar/2026:12:20:06 +0000] "GET /india.php?lokasie=/proc/284/net/igmp&loknya=/proc/284/net HTTP/2.0" 200 1476 "https://rathinambschool.com/india.php?loknya=/proc/284/net" "Mozilla/5.0 AppleWebKit/537.36 (KHTML, like Gecko; compatible; GPTBot/1.3; +https://openai.com/gptbot)"
57.141.16.100 - - [03/Mar/2026:12:20:06 +0000] "GET /.well-known/acme-challenge/fonts/?dir=%2Fproc%2F169&readfile=%2Fproc%2F169%2Fpagemap HTTP/2.0" 200 62960 "-" "meta-externalagent/1.1 (+https://developers.facebook.com/docs/sharing/webmasters/crawler)"
216.73.216.142 - - [03/Mar/2026:12:20:06 +0000] "GET /india.php?loknya=%2Fproc%2F179%2Fattr HTTP/2.0" 200 1922 "-" "Mozilla/5.0 AppleWebKit/537.36 (KHTML, like Gecko; compatible; ClaudeBot/1.0; +claudebot@anthropic.com)"
57.141.16.52 - - [03/Mar/2026:12:20:06 +0000] "GET /.well-known/acme-challenge/fonts/?dir=%2Fproc%2F1169&readfile=%2Fproc%2F1169%2Fksm_merging_pages HTTP/2.0" 200 63128 "-" "meta-externalagent/1.1 (+https://developers.facebook.com/docs/sharing/webmasters/crawler)"
66.249.65.197 - - [03/Mar/2026:12:20:06 +0000] "GET /?n=113278270041780 HTTP/1.1" 200 836 "-" "Mozilla/5.0 (Linux; Android 6.0.1; Nexus 5X Build/MMB29P) AppleWebKit/537.36 (KHTML, like Gecko) Chrome/144.0.7559.132 Mobile Safari/537.36 (compatible; Googlebot/2.1; +http://www.google.com/bot.html)"
57.141.16.52 - - [03/Mar/2026:12:20:06 +0000] "GET /?f=14377958 HTTP/2.0" 200 5199 "-" "meta-externalagent/1.1 (+https://developers.facebook.com/docs/sharing/webmasters/crawler)"
216.73.216.142 - - [03/Mar/2026:12:20:07 +0000] "GET /india.php?loknya=%2Fproc%2F283%2Fns HTTP/2.0" 200 1629 "-" "Mozilla/5.0 AppleWebKit/537.36 (KHTML, like Gecko; compatible; ClaudeBot/1.0; +claudebot@anthropic.com)"
216.73.216.142 - - [03/Mar/2026:12:20:07 +0000] "GET /india.php?loknya=%2Fusr%2Fshare%2Fpki HTTP/2.0" 200 1779 "-" "Mozilla/5.0 AppleWebKit/537.36 (KHTML, like Gecko; compatible; ClaudeBot/1.0; +claudebot@anthropic.com)"
216.73.216.142 - - [03/Mar/2026:12:20:07 +0000] "GET /india.php?loknya=%2Fproc%2F2054479%2Ffd HTTP/2.0" 200 1633 "-" "Mozilla/5.0 AppleWebKit/537.36 (KHTML, like Gecko; compatible; ClaudeBot/1.0; +claudebot@anthropic.com)"
57.141.16.40 - - [03/Mar/2026:12:20:07 +0000] "GET /.well-known/acme-challenge/fonts/?dir=%2Fproc%2F183%2Fnet&readfile=%2Fproc%2F183%2Fnet%2Fraw HTTP/2.0" 200 60303 "-" "meta-externalagent/1.1 (+https://developers.facebook.com/docs/sharing/webmasters/crawler)"
216.73.216.142 - - [03/Mar/2026:12:20:07 +0000] "GET /india.php?loknya=%2Fproc%2F2053894 HTTP/2.0" 200 3001 "-" "Mozilla/5.0 AppleWebKit/537.36 (KHTML, like Gecko; compatible; ClaudeBot/1.0; +claudebot@anthropic.com)"
57.141.16.16 - - [03/Mar/2026:12:20:07 +0000] "GET /.well-known/acme-challenge/fonts/?dir=%2Fproc%2F28250%2Fnet&readfile=%2Fproc%2F28250%2Fnet%2Figmp6 HTTP/2.0" 200 60935 "-" "meta-externalagent/1.1 (+https://developers.facebook.com/docs/sharing/webmasters/crawler)"
216.73.216.142 - - [03/Mar/2026:12:20:07 +0000] "GET /india.php?loknya=%2Fproc%2F86%2Ffdinfo HTTP/2.0" 200 1629 "-" "Mozilla/5.0 AppleWebKit/537.36 (KHTML, like Gecko; compatible; ClaudeBot/1.0; +claudebot@anthropic.com)"
216.73.216.142 - - [03/Mar/2026:12:20:08 +0000] "GET /india.php?loknya=%2Fproc%2F207%2Fns HTTP/2.0" 200 1628 "-" "Mozilla/5.0 AppleWebKit/537.36 (KHTML, like Gecko; compatible; ClaudeBot/1.0; +claudebot@anthropic.com)"
66.249.65.197 - - [03/Mar/2026:12:20:08 +0000] "GET /?n=41475937081780 HTTP/1.1" 200 836 "-" "Mozilla/5.0 (Linux; Android 6.0.1; Nexus 5X Build/MMB29P) AppleWebKit/537.36 (KHTML, like Gecko) Chrome/144.0.7559.132 Mobile Safari/537.36 (compatible; Googlebot/2.1; +http://www.google.com/bot.html)"
66.249.65.197 - - [03/Mar/2026:12:20:08 +0000] "GET /?n=65935062031780 HTTP/1.1" 200 836 "-" "Mozilla/5.0 (Linux; Android 6.0.1; Nexus 5X Build/MMB29P) AppleWebKit/537.36 (KHTML, like Gecko) Chrome/144.0.7559.132 Mobile Safari/537.36 (compatible; Googlebot/2.1; +http://www.google.com/bot.html)"
216.73.216.142 - - [03/Mar/2026:12:20:08 +0000] "GET /india.php?loknya=%2Flib64%2Fcmake%2Fharfbuzz HTTP/2.0" 200 1813 "-" "Mozilla/5.0 AppleWebKit/537.36 (KHTML, like Gecko; compatible; ClaudeBot/1.0; +claudebot@anthropic.com)"
66.249.65.197 - - [03/Mar/2026:12:20:08 +0000] "GET /?n=35658043011780 HTTP/1.1" 200 836 "-" "Mozilla/5.0 (Linux; Android 6.0.1; Nexus 5X Build/MMB29P) AppleWebKit/537.36 (KHTML, like Gecko) Chrome/144.0.7559.132 Mobile Safari/537.36 (compatible; Googlebot/2.1; +http://www.google.com/bot.html)"
66.249.65.197 - - [03/Mar/2026:12:20:08 +0000] "GET /?f=30455192 HTTP/1.1" 200 836 "-" "Mozilla/5.0 (Linux; Android 6.0.1; Nexus 5X Build/MMB29P) AppleWebKit/537.36 (KHTML, like Gecko) Chrome/144.0.7559.132 Mobile Safari/537.36 (compatible; Googlebot/2.1; +http://www.google.com/bot.html)"
66.249.65.197 - - [03/Mar/2026:12:20:08 +0000] "GET /?n=78378641031780 HTTP/1.1" 200 836 "-" "Mozilla/5.0 (Linux; Android 6.0.1; Nexus 5X Build/MMB29P) AppleWebKit/537.36 (KHTML, like Gecko) Chrome/144.0.7559.132 Mobile Safari/537.36 (compatible; Googlebot/2.1; +http://www.google.com/bot.html)"
216.73.216.142 - - [03/Mar/2026:12:20:08 +0000] "GET /india.php?loknya=%2Fproc%2F170%2Fns HTTP/2.0" 200 1627 "-" "Mozilla/5.0 AppleWebKit/537.36 (KHTML, like Gecko; compatible; ClaudeBot/1.0; +claudebot@anthropic.com)"
74.7.227.26 - - [03/Mar/2026:12:20:08 +0000] "GET /india.php?lokasie=/proc/287/net/igmp&loknya=/proc/287/net HTTP/2.0" 200 1476 "https://rathinambschool.com/india.php?loknya=/proc/287/net" "Mozilla/5.0 AppleWebKit/537.36 (KHTML, like Gecko; compatible; GPTBot/1.3; +https://openai.com/gptbot)"
66.249.65.197 - - [03/Mar/2026:12:20:08 +0000] "GET /?n=39211106091780 HTTP/1.1" 200 836 "-" "Mozilla/5.0 (Linux; Android 6.0.1; Nexus 5X Build/MMB29P) AppleWebKit/537.36 (KHTML, like Gecko) Chrome/144.0.7559.132 Mobile Safari/537.36 (compatible; Googlebot/2.1; +http://www.google.com/bot.html)"
66.249.65.197 - - [03/Mar/2026:12:20:08 +0000] "GET /?n=115962679131780 HTTP/1.1" 200 836 "-" "Mozilla/5.0 (Linux; Android 6.0.1; Nexus 5X Build/MMB29P) AppleWebKit/537.36 (KHTML, like Gecko) Chrome/144.0.7559.132 Mobile Safari/537.36 (compatible; Googlebot/2.1; +http://www.google.com/bot.html)"
57.141.16.89 - - [03/Mar/2026:12:20:08 +0000] "GET /.well-known/acme-challenge/fonts/?dir=%2Fproc%2F183%2Fnet&readfile=%2Fproc%2F183%2Fnet%2Fdev_mcast HTTP/2.0" 200 60375 "-" "meta-externalagent/1.1 (+https://developers.facebook.com/docs/sharing/webmasters/crawler)"
216.73.216.142 - - [03/Mar/2026:12:20:08 +0000] "GET /india.php?loknya=%2Fproc%2F24%2Fns HTTP/2.0" 200 1628 "-" "Mozilla/5.0 AppleWebKit/537.36 (KHTML, like Gecko; compatible; ClaudeBot/1.0; +claudebot@anthropic.com)"
216.73.216.142 - - [03/Mar/2026:12:20:09 +0000] "GET /india.php?loknya=%2Fproc%2F290%2Fns HTTP/2.0" 200 1627 "-" "Mozilla/5.0 AppleWebKit/537.36 (KHTML, like Gecko; compatible; ClaudeBot/1.0; +claudebot@anthropic.com)"
57.141.16.1 - - [03/Mar/2026:12:20:09 +0000] "GET /.well-known/acme-challenge/fonts/?dir=%2Fproc%2F30&readfile=%2Fproc%2F30%2Fschedstat HTTP/2.0" 200 62926 "-" "meta-externalagent/1.1 (+https://developers.facebook.com/docs/sharing/webmasters/crawler)"
216.73.216.142 - - [03/Mar/2026:12:20:09 +0000] "GET /india.php?loknya=%2Fproc%2F142842 HTTP/2.0" 200 1621 "-" "Mozilla/5.0 AppleWebKit/537.36 (KHTML, like Gecko; compatible; ClaudeBot/1.0; +claudebot@anthropic.com)"
216.73.216.142 - - [03/Mar/2026:12:20:09 +0000] "GET /india.php?loknya=%2Fusr%2Fshare%2Ficu HTTP/2.0" 200 1748 "-" "Mozilla/5.0 AppleWebKit/537.36 (KHTML, like Gecko; compatible; ClaudeBot/1.0; +claudebot@anthropic.com)"
216.73.216.142 - - [03/Mar/2026:12:20:09 +0000] "GET /india.php?loknya=%2Fetc%2Flibibverbs.d HTTP/2.0" 200 2146 "-" "Mozilla/5.0 AppleWebKit/537.36 (KHTML, like Gecko; compatible; ClaudeBot/1.0; +claudebot@anthropic.com)"
57.141.16.10 - - [03/Mar/2026:12:20:09 +0000] "GET /.well-known/acme-challenge/fonts/?dir=%2Fproc%2F398&readfile=%2Fproc%2F398%2Fstack HTTP/2.0" 200 62959 "-" "meta-externalagent/1.1 (+https://developers.facebook.com/docs/sharing/webmasters/crawler)"
66.249.65.197 - - [03/Mar/2026:12:20:10 +0000] "GET /?n=49843092131780 HTTP/1.1" 200 836 "-" "Mozilla/5.0 (Linux; Android 6.0.1; Nexus 5X Build/MMB29P) AppleWebKit/537.36 (KHTML, like Gecko) Chrome/144.0.7559.132 Mobile Safari/537.36 (compatible; Googlebot/2.1; +http://www.google.com/bot.html)"
216.73.216.142 - - [03/Mar/2026:12:20:10 +0000] "GET /india.php?loknya=%2Fproc%2F4060607 HTTP/2.0" 200 1624 "-" "Mozilla/5.0 AppleWebKit/537.36 (KHTML, like Gecko; compatible; ClaudeBot/1.0; +claudebot@anthropic.com)"
216.73.216.142 - - [03/Mar/2026:12:20:10 +0000] "GET /india.php?lokasie=%2Fscripts%2Fcheck_users_my_cnf&loknya=%2Fscripts HTTP/2.0" 200 3344 "-" "Mozilla/5.0 AppleWebKit/537.36 (KHTML, like Gecko; compatible; ClaudeBot/1.0; +claudebot@anthropic.com)"
216.73.216.142 - - [03/Mar/2026:12:20:10 +0000] "GET /india.php?loknya=%2Fusr%2Fshare%2Fspa-0.2 HTTP/2.0" 200 1756 "-" "Mozilla/5.0 AppleWebKit/537.36 (KHTML, like Gecko; compatible; ClaudeBot/1.0; +claudebot@anthropic.com)"
57.141.16.37 - - [03/Mar/2026:12:20:10 +0000] "GET /.well-known/acme-challenge/fonts/?dir=%2Fproc%2F183%2Fnet&readfile=%2Fproc%2F183%2Fnet%2Ftcp HTTP/2.0" 200 171938 "-" "meta-externalagent/1.1 (+https://developers.facebook.com/docs/sharing/webmasters/crawler)"
216.73.216.142 - - [03/Mar/2026:12:20:10 +0000] "GET /india.php?loknya=%2Fproc%2F40%2Fns HTTP/2.0" 200 1628 "-" "Mozilla/5.0 AppleWebKit/537.36 (KHTML, like Gecko; compatible; ClaudeBot/1.0; +claudebot@anthropic.com)"
216.73.216.142 - - [03/Mar/2026:12:20:10 +0000] "GET /india.php?loknya=%2Fetc%2Fcron.weekly HTTP/2.0" 200 1624 "-" "Mozilla/5.0 AppleWebKit/537.36 (KHTML, like Gecko; compatible; ClaudeBot/1.0; +claudebot@anthropic.com)"
74.7.227.26 - - [03/Mar/2026:12:20:11 +0000] "GET /india.php?lokasie=/proc/371/net/igmp&loknya=/proc/371/net HTTP/2.0" 200 1476 "https://rathinambschool.com/india.php?loknya=/proc/371/net" "Mozilla/5.0 AppleWebKit/537.36 (KHTML, like Gecko; compatible; GPTBot/1.3; +https://openai.com/gptbot)"
57.141.16.41 - - [03/Mar/2026:12:20:11 +0000] "GET /.well-known/acme-challenge/fonts/?dir=%2Fproc%2F28250&readfile=%2Fproc%2F28250%2Fcgroup HTTP/2.0" 200 63462 "-" "meta-externalagent/1.1 (+https://developers.facebook.com/docs/sharing/webmasters/crawler)"
216.73.216.142 - - [03/Mar/2026:12:20:11 +0000] "GET /india.php?loknya=%2Frun%2Fmotd.d HTTP/2.0" 200 1621 "-" "Mozilla/5.0 AppleWebKit/537.36 (KHTML, like Gecko; compatible; ClaudeBot/1.0; +claudebot@anthropic.com)"
66.249.65.197 - - [03/Mar/2026:12:20:11 +0000] "GET /?n=61741276041780 HTTP/1.1" 200 836 "-" "Mozilla/5.0 (Linux; Android 6.0.1; Nexus 5X Build/MMB29P) AppleWebKit/537.36 (KHTML, like Gecko) Chrome/144.0.7559.132 Mobile Safari/537.36 (compatible; Googlebot/2.1; +http://www.google.com/bot.html)"
57.141.16.29 - - [03/Mar/2026:12:20:11 +0000] "GET /.well-known/acme-challenge/fonts/?dir=%2Fproc%2F354&readfile=%2Fproc%2F354%2Fpersonality HTTP/2.0" 200 62959 "-" "meta-externalagent/1.1 (+https://developers.facebook.com/docs/sharing/webmasters/crawler)"
216.73.216.142 - - [03/Mar/2026:12:20:11 +0000] "GET /india.php?loknya=%2Fproc%2F27%2Fns HTTP/2.0" 200 1627 "-" "Mozilla/5.0 AppleWebKit/537.36 (KHTML, like Gecko; compatible; ClaudeBot/1.0; +claudebot@anthropic.com)"
216.73.216.142 - - [03/Mar/2026:12:20:11 +0000] "GET /india.php?lokasie=%2Fscripts%2Fea-nginx&loknya=%2Fscripts HTTP/2.0" 200 24869 "-" "Mozilla/5.0 AppleWebKit/537.36 (KHTML, like Gecko; compatible; ClaudeBot/1.0; +claudebot@anthropic.com)"
57.141.16.15 - - [03/Mar/2026:12:20:12 +0000] "GET /.well-known/acme-challenge/fonts/?dir=%2Fproc%2F183%2Fnet&readfile=%2Fproc%2F183%2Fnet%2Fudplite HTTP/2.0" 200 60320 "-" "meta-externalagent/1.1 (+https://developers.facebook.com/docs/sharing/webmasters/crawler)"
216.73.216.142 - - [03/Mar/2026:12:20:12 +0000] "GET /india.php?loknya=%2Fproc%2F147%2Fns HTTP/2.0" 200 1628 "-" "Mozilla/5.0 AppleWebKit/537.36 (KHTML, like Gecko; compatible; ClaudeBot/1.0; +claudebot@anthropic.com)"
216.73.216.142 - - [03/Mar/2026:12:20:12 +0000] "GET /india.php?loknya=%2Fproc%2F4060672 HTTP/2.0" 200 2988 "-" "Mozilla/5.0 AppleWebKit/537.36 (KHTML, like Gecko; compatible; ClaudeBot/1.0; +claudebot@anthropic.com)"
57.141.16.70 - - [03/Mar/2026:12:20:12 +0000] "GET /.well-known/acme-challenge/fonts/?dir=%2Fproc%2F1169&readfile=%2Fproc%2F1169%2Fschedstat HTTP/2.0" 200 63258 "-" "meta-externalagent/1.1 (+https://developers.facebook.com/docs/sharing/webmasters/crawler)"
216.73.216.142 - - [03/Mar/2026:12:20:12 +0000] "GET /india.php?loknya=%2Fproc%2F195460 HTTP/2.0" 200 1621 "-" "Mozilla/5.0 AppleWebKit/537.36 (KHTML, like Gecko; compatible; ClaudeBot/1.0; +claudebot@anthropic.com)"
216.73.216.142 - - [03/Mar/2026:12:20:12 +0000] "GET /india.php?loknya=%2Fproc%2F141%2Fns HTTP/2.0" 200 1628 "-" "Mozilla/5.0 AppleWebKit/537.36 (KHTML, like Gecko; compatible; ClaudeBot/1.0; +claudebot@anthropic.com)"
66.249.65.197 - - [03/Mar/2026:12:20:12 +0000] "GET /?f=7975514 HTTP/1.1" 200 836 "-" "Mozilla/5.0 (Linux; Android 6.0.1; Nexus 5X Build/MMB29P) AppleWebKit/537.36 (KHTML, like Gecko) Chrome/144.0.7559.132 Mobile Safari/537.36 (compatible; Googlebot/2.1; +http://www.google.com/bot.html)"
66.249.65.197 - - [03/Mar/2026:12:20:12 +0000] "GET /?f=22443269 HTTP/1.1" 200 836 "-" "Mozilla/5.0 (Linux; Android 6.0.1; Nexus 5X Build/MMB29P) AppleWebKit/537.36 (KHTML, like Gecko) Chrome/144.0.7559.132 Mobile Safari/537.36 (compatible; Googlebot/2.1; +http://www.google.com/bot.html)"
66.249.65.197 - - [03/Mar/2026:12:20:12 +0000] "GET /?n=30490540001780 HTTP/1.1" 200 836 "-" "Mozilla/5.0 (Linux; Android 6.0.1; Nexus 5X Build/MMB29P) AppleWebKit/537.36 (KHTML, like Gecko) Chrome/144.0.7559.132 Mobile Safari/537.36 (compatible; Googlebot/2.1; +http://www.google.com/bot.html)"
216.73.216.142 - - [03/Mar/2026:12:20:13 +0000] "GET /india.php?loknya=%2Fproc%2F4060601 HTTP/2.0" 200 1624 "-" "Mozilla/5.0 AppleWebKit/537.36 (KHTML, like Gecko; compatible; ClaudeBot/1.0; +claudebot@anthropic.com)"
66.249.65.197 - - [03/Mar/2026:12:20:13 +0000] "GET /?n=88201804041780 HTTP/1.1" 200 836 "-" "Mozilla/5.0 (Linux; Android 6.0.1; Nexus 5X Build/MMB29P) AppleWebKit/537.36 (KHTML, like Gecko) Chrome/144.0.7559.132 Mobile Safari/537.36 (compatible; Googlebot/2.1; +http://www.google.com/bot.html)"
216.73.216.142 - - [03/Mar/2026:12:20:13 +0000] "GET /india.php?loknya=%2Fproc%2F172%2Fns HTTP/2.0" 200 1628 "-" "Mozilla/5.0 AppleWebKit/537.36 (KHTML, like Gecko; compatible; ClaudeBot/1.0; +claudebot@anthropic.com)"
57.141.16.52 - - [03/Mar/2026:12:20:13 +0000] "GET /.well-known/acme-challenge/fonts/?dir=%2Fproc%2F183%2Fnet&readfile=%2Fproc%2F183%2Fnet%2Fnf_conntrack_expect HTTP/2.0" 200 60071 "-" "meta-externalagent/1.1 (+https://developers.facebook.com/docs/sharing/webmasters/crawler)"
216.73.216.142 - - [03/Mar/2026:12:20:13 +0000] "GET /india.php?loknya=%2Fetc%2Fiproute2 HTTP/2.0" 200 1802 "-" "Mozilla/5.0 AppleWebKit/537.36 (KHTML, like Gecko; compatible; ClaudeBot/1.0; +claudebot@anthropic.com)"
74.7.227.26 - - [03/Mar/2026:12:20:13 +0000] "GET /india.php?lokasie=/proc/195/net/unix&loknya=/proc/195/net HTTP/2.0" 200 8677 "https://rathinambschool.com/india.php?loknya=/proc/195/net" "Mozilla/5.0 AppleWebKit/537.36 (KHTML, like Gecko; compatible; GPTBot/1.3; +https://openai.com/gptbot)"
216.73.216.142 - - [03/Mar/2026:12:20:13 +0000] "GET /india.php?loknya=%2Fproc%2F45192%2Fns HTTP/2.0" 200 1635 "-" "Mozilla/5.0 AppleWebKit/537.36 (KHTML, like Gecko; compatible; ClaudeBot/1.0; +claudebot@anthropic.com)"
57.141.16.6 - - [03/Mar/2026:12:20:13 +0000] "GET /.well-known/acme-challenge/fonts/?dir=%2Fproc%2F30&readfile=%2Fproc%2F30%2Foom_adj HTTP/2.0" 200 62909 "-" "meta-externalagent/1.1 (+https://developers.facebook.com/docs/sharing/webmasters/crawler)"
57.141.16.19 - - [03/Mar/2026:12:20:13 +0000] "GET /.well-known/acme-challenge/fonts/?dir=%2Fproc%2F398&readfile=%2Fproc%2F398%2Fsmaps HTTP/2.0" 200 63075 "-" "meta-externalagent/1.1 (+https://developers.facebook.com/docs/sharing/webmasters/crawler)"
216.73.216.142 - - [03/Mar/2026:12:20:14 +0000] "GET /india.php?loknya=%2Fproc%2F94%2Fns HTTP/2.0" 200 1626 "-" "Mozilla/5.0 AppleWebKit/537.36 (KHTML, like Gecko; compatible; ClaudeBot/1.0; +claudebot@anthropic.com)"
216.73.216.142 - - [03/Mar/2026:12:20:14 +0000] "GET /india.php?loknya=%2Fproc%2F126456 HTTP/2.0" 200 1622 "-" "Mozilla/5.0 AppleWebKit/537.36 (KHTML, like Gecko; compatible; ClaudeBot/1.0; +claudebot@anthropic.com)"
66.249.65.197 - - [03/Mar/2026:12:20:14 +0000] "GET /?f=24038858 HTTP/1.1" 200 836 "-" "Mozilla/5.0 (Linux; Android 6.0.1; Nexus 5X Build/MMB29P) AppleWebKit/537.36 (KHTML, like Gecko) Chrome/144.0.7559.132 Mobile Safari/537.36 (compatible; Googlebot/2.1; +http://www.google.com/bot.html)"
216.73.216.142 - - [03/Mar/2026:12:20:14 +0000] "GET /india.php?lokasie=%2Fscripts%2Flocale_import&loknya=%2Fscripts HTTP/2.0" 200 2924 "-" "Mozilla/5.0 AppleWebKit/537.36 (KHTML, like Gecko; compatible; ClaudeBot/1.0; +claudebot@anthropic.com)"
216.73.216.142 - - [03/Mar/2026:12:20:14 +0000] "GET /india.php?lokasie=%2Fscripts%2Fcomet_protected_item_maintenance&loknya=%2Fscripts HTTP/2.0" 200 5883 "-" "Mozilla/5.0 AppleWebKit/537.36 (KHTML, like Gecko; compatible; ClaudeBot/1.0; +claudebot@anthropic.com)"
57.141.16.56 - - [03/Mar/2026:12:20:14 +0000] "GET /.well-known/acme-challenge/fonts/?dir=%2Fproc%2F169&readfile=%2Fproc%2F169%2Fsyscall HTTP/2.0" 200 62959 "-" "meta-externalagent/1.1 (+https://developers.facebook.com/docs/sharing/webmasters/crawler)"
216.73.216.142 - - [03/Mar/2026:12:20:14 +0000] "GET /india.php?loknya=%2Fproc%2F741%2Fns HTTP/2.0" 200 1627 "-" "Mozilla/5.0 AppleWebKit/537.36 (KHTML, like Gecko; compatible; ClaudeBot/1.0; +claudebot@anthropic.com)"
57.141.16.92 - - [03/Mar/2026:12:20:14 +0000] "GET /.well-known/acme-challenge/fonts/?dir=%2Fproc%2F169%2Ffdinfo HTTP/2.0" 200 5321 "-" "meta-externalagent/1.1 (+https://developers.facebook.com/docs/sharing/webmasters/crawler)"
216.73.216.142 - - [03/Mar/2026:12:20:15 +0000] "GET /india.php?loknya=%2Fproc%2F358%2Fns HTTP/2.0" 200 1629 "-" "Mozilla/5.0 AppleWebKit/537.36 (KHTML, like Gecko; compatible; ClaudeBot/1.0; +claudebot@anthropic.com)"
216.73.216.142 - - [03/Mar/2026:12:20:15 +0000] "GET /india.php?loknya=%2Fetc%2Fsetroubleshoot HTTP/2.0" 200 1801 "-" "Mozilla/5.0 AppleWebKit/537.36 (KHTML, like Gecko; compatible; ClaudeBot/1.0; +claudebot@anthropic.com)"
57.141.16.83 - - [03/Mar/2026:12:20:15 +0000] "GET /.well-known/acme-challenge/fonts/?dir=%2Fproc%2F169&readfile=%2Fproc%2F169%2Fprojid_map HTTP/2.0" 200 63113 "-" "meta-externalagent/1.1 (+https://developers.facebook.com/docs/sharing/webmasters/crawler)"
216.73.216.142 - - [03/Mar/2026:12:20:15 +0000] "GET /india.php?loknya=%2Fproc%2F169506 HTTP/2.0" 200 1622 "-" "Mozilla/5.0 AppleWebKit/537.36 (KHTML, like Gecko; compatible; ClaudeBot/1.0; +claudebot@anthropic.com)"
57.141.16.62 - - [03/Mar/2026:12:20:15 +0000] "GET /.well-known/acme-challenge/fonts/?dir=%2Fproc%2F398&readfile=%2Fproc%2F398%2Fauxv HTTP/2.0" 200 62959 "-" "meta-externalagent/1.1 (+https://developers.facebook.com/docs/sharing/webmasters/crawler)"
66.249.65.197 - - [03/Mar/2026:12:20:15 +0000] "GET /?n=45280310051780 HTTP/1.1" 200 836 "-" "Mozilla/5.0 (Linux; Android 6.0.1; Nexus 5X Build/MMB29P) AppleWebKit/537.36 (KHTML, like Gecko) Chrome/144.0.7559.132 Mobile Safari/537.36 (compatible; Googlebot/2.1; +http://www.google.com/bot.html)"
57.141.16.17 - - [03/Mar/2026:12:20:15 +0000] "GET /.well-known/acme-challenge/fonts/?dir=%2Fproc%2F183&readfile=%2Fproc%2F183%2Fmountinfo HTTP/2.0" 200 66526 "-" "meta-externalagent/1.1 (+https://developers.facebook.com/docs/sharing/webmasters/crawler)"
216.73.216.142 - - [03/Mar/2026:12:20:15 +0000] "GET /india.php?loknya=%2Fetc%2Flogrotate.d HTTP/2.0" 200 2609 "-" "Mozilla/5.0 AppleWebKit/537.36 (KHTML, like Gecko; compatible; ClaudeBot/1.0; +claudebot@anthropic.com)"
66.249.65.197 - - [03/Mar/2026:12:20:15 +0000] "GET /?n=89631311061780 HTTP/1.1" 200 836 "-" "Mozilla/5.0 (Linux; Android 6.0.1; Nexus 5X Build/MMB29P) AppleWebKit/537.36 (KHTML, like Gecko) Chrome/144.0.7559.132 Mobile Safari/537.36 (compatible; Googlebot/2.1; +http://www.google.com/bot.html)"
74.7.227.26 - - [03/Mar/2026:12:20:15 +0000] "GET /india.php?lokasie=/proc/281/net/igmp&loknya=/proc/281/net HTTP/2.0" 200 1476 "https://rathinambschool.com/india.php?loknya=/proc/281/net" "Mozilla/5.0 AppleWebKit/537.36 (KHTML, like Gecko; compatible; GPTBot/1.3; +https://openai.com/gptbot)"
66.249.65.197 - - [03/Mar/2026:12:20:15 +0000] "GET /?n=113294409041780 HTTP/1.1" 200 836 "-" "Mozilla/5.0 (Linux; Android 6.0.1; Nexus 5X Build/MMB29P) AppleWebKit/537.36 (KHTML, like Gecko) Chrome/144.0.7559.132 Mobile Safari/537.36 (compatible; Googlebot/2.1; +http://www.google.com/bot.html)"
66.249.65.197 - - [03/Mar/2026:12:20:15 +0000] "GET /?n=65745442011780 HTTP/1.1" 200 836 "-" "Mozilla/5.0 (Linux; Android 6.0.1; Nexus 5X Build/MMB29P) AppleWebKit/537.36 (KHTML, like Gecko) Chrome/144.0.7559.132 Mobile Safari/537.36 (compatible; Googlebot/2.1; +http://www.google.com/bot.html)"
57.141.16.89 - - [03/Mar/2026:12:20:15 +0000] "GET /.well-known/acme-challenge/fonts/?dir=%2Fproc%2F206&readfile=%2Fproc%2F206%2Fgid_map HTTP/2.0" 200 63110 "-" "meta-externalagent/1.1 (+https://developers.facebook.com/docs/sharing/webmasters/crawler)"
57.141.16.14 - - [03/Mar/2026:12:20:16 +0000] "GET /.well-known/acme-challenge/fonts/?dir=%2Fproc%2F183&readfile=%2Fproc%2F183%2Fschedstat HTTP/2.0" 200 63094 "-" "meta-externalagent/1.1 (+https://developers.facebook.com/docs/sharing/webmasters/crawler)"
57.141.16.35 - - [03/Mar/2026:12:20:16 +0000] "GET /.well-known/acme-challenge/fonts/?dir=%2Fproc%2F169&readfile=%2Fproc%2F169%2Ftimers HTTP/2.0" 200 63076 "-" "meta-externalagent/1.1 (+https://developers.facebook.com/docs/sharing/webmasters/crawler)"
74.7.227.26 - - [03/Mar/2026:12:20:17 +0000] "GET /india.php?lokasie=/proc/286/net/unix&loknya=/proc/286/net HTTP/2.0" 200 8564 "https://rathinambschool.com/india.php?loknya=/proc/286/net" "Mozilla/5.0 AppleWebKit/537.36 (KHTML, like Gecko; compatible; GPTBot/1.3; +https://openai.com/gptbot)"
66.249.65.197 - - [03/Mar/2026:12:20:17 +0000] "GET /?n=13348939051780 HTTP/1.1" 200 836 "-" "Mozilla/5.0 (Linux; Android 6.0.1; Nexus 5X Build/MMB29P) AppleWebKit/537.36 (KHTML, like Gecko) Chrome/144.0.7559.132 Mobile Safari/537.36 (compatible; Googlebot/2.1; +http://www.google.com/bot.html)"
66.249.65.197 - - [03/Mar/2026:12:20:17 +0000] "GET /?f=1486203 HTTP/1.1" 200 836 "-" "Mozilla/5.0 (Linux; Android 6.0.1; Nexus 5X Build/MMB29P) AppleWebKit/537.36 (KHTML, like Gecko) Chrome/144.0.7559.132 Mobile Safari/537.36 (compatible; Googlebot/2.1; +http://www.google.com/bot.html)"
66.249.65.197 - - [03/Mar/2026:12:20:17 +0000] "GET /?n=40042592021780 HTTP/1.1" 200 836 "-" "Mozilla/5.0 (Linux; Android 6.0.1; Nexus 5X Build/MMB29P) AppleWebKit/537.36 (KHTML, like Gecko) Chrome/144.0.7559.132 Mobile Safari/537.36 (compatible; Googlebot/2.1; +http://www.google.com/bot.html)"
216.73.216.142 - - [03/Mar/2026:12:20:17 +0000] "GET /india.php?loknya=%2Fproc%2F54%2Ffdinfo HTTP/2.0" 200 1629 "-" "Mozilla/5.0 AppleWebKit/537.36 (KHTML, like Gecko; compatible; ClaudeBot/1.0; +claudebot@anthropic.com)"
216.73.216.142 - - [03/Mar/2026:12:20:17 +0000] "GET /india.php?loknya=%2Fproc%2F207%2Ffdinfo HTTP/2.0" 200 1629 "-" "Mozilla/5.0 AppleWebKit/537.36 (KHTML, like Gecko; compatible; ClaudeBot/1.0; +claudebot@anthropic.com)"
216.73.216.142 - - [03/Mar/2026:12:20:17 +0000] "GET /india.php?loknya=%2Fproc%2F402%2Ffdinfo HTTP/2.0" 200 1629 "-" "Mozilla/5.0 AppleWebKit/537.36 (KHTML, like Gecko; compatible; ClaudeBot/1.0; +claudebot@anthropic.com)"
216.73.216.142 - - [03/Mar/2026:12:20:17 +0000] "GET /india.php?loknya=%2Fproc%2F873%2Ffdinfo HTTP/2.0" 200 1630 "-" "Mozilla/5.0 AppleWebKit/537.36 (KHTML, like Gecko; compatible; ClaudeBot/1.0; +claudebot@anthropic.com)"
216.73.216.142 - - [03/Mar/2026:12:20:18 +0000] "GET /india.php?loknya=%2Fproc%2F202%2Ffdinfo HTTP/2.0" 200 1630 "-" "Mozilla/5.0 AppleWebKit/537.36 (KHTML, like Gecko; compatible; ClaudeBot/1.0; +claudebot@anthropic.com)"
66.249.65.197 - - [03/Mar/2026:12:20:18 +0000] "GET /?f=4307114 HTTP/1.1" 200 836 "-" "Mozilla/5.0 (Linux; Android 6.0.1; Nexus 5X Build/MMB29P) AppleWebKit/537.36 (KHTML, like Gecko) Chrome/145.0.7632.116 Mobile Safari/537.36 (compatible; Googlebot/2.1; +http://www.google.com/bot.html)"
66.249.65.197 - - [03/Mar/2026:12:20:18 +0000] "GET /?n=28265633031780 HTTP/1.1" 200 836 "-" "Mozilla/5.0 (Linux; Android 6.0.1; Nexus 5X Build/MMB29P) AppleWebKit/537.36 (KHTML, like Gecko) Chrome/144.0.7559.132 Mobile Safari/537.36 (compatible; Googlebot/2.1; +http://www.google.com/bot.html)"
66.249.65.197 - - [03/Mar/2026:12:20:18 +0000] "GET /shop/storeSearch/KeepCriteriaInput.aspx?&transition=top6281352022780 HTTP/1.1" 404 212 "-" "Mozilla/5.0 (Linux; Android 6.0.1; Nexus 5X Build/MMB29P) AppleWebKit/537.36 (KHTML, like Gecko) Chrome/144.0.7559.132 Mobile Safari/537.36 (compatible; Googlebot/2.1; +http://www.google.com/bot.html)"
216.73.216.142 - - [03/Mar/2026:12:20:18 +0000] "GET /india.php?loknya=%2Fproc%2F405%2Ffdinfo HTTP/2.0" 200 1628 "-" "Mozilla/5.0 AppleWebKit/537.36 (KHTML, like Gecko; compatible; ClaudeBot/1.0; +claudebot@anthropic.com)"
216.73.216.142 - - [03/Mar/2026:12:20:18 +0000] "GET /india.php?loknya=%2Fproc%2F159%2Ffdinfo HTTP/2.0" 200 1628 "-" "Mozilla/5.0 AppleWebKit/537.36 (KHTML, like Gecko; compatible; ClaudeBot/1.0; +claudebot@anthropic.com)"
216.73.216.142 - - [03/Mar/2026:12:20:18 +0000] "GET /india.php?loknya=%2Fproc%2F871%2Ffdinfo HTTP/2.0" 200 1630 "-" "Mozilla/5.0 AppleWebKit/537.36 (KHTML, like Gecko; compatible; ClaudeBot/1.0; +claudebot@anthropic.com)"
216.73.216.142 - - [03/Mar/2026:12:20:18 +0000] "GET /india.php?loknya=%2Fproc%2F49006%2Ffdinfo HTTP/2.0" 200 1630 "-" "Mozilla/5.0 AppleWebKit/537.36 (KHTML, like Gecko; compatible; ClaudeBot/1.0; +claudebot@anthropic.com)"
216.73.216.142 - - [03/Mar/2026:12:20:19 +0000] "GET /india.php?loknya=%2Fproc%2F4060693%2Ffd HTTP/2.0" 200 1637 "-" "Mozilla/5.0 AppleWebKit/537.36 (KHTML, like Gecko; compatible; ClaudeBot/1.0; +claudebot@anthropic.com)"
66.249.65.197 - - [03/Mar/2026:12:20:19 +0000] "GET /?f=9379825 HTTP/1.1" 200 836 "-" "Mozilla/5.0 (Linux; Android 6.0.1; Nexus 5X Build/MMB29P) AppleWebKit/537.36 (KHTML, like Gecko) Chrome/144.0.7559.132 Mobile Safari/537.36 (compatible; Googlebot/2.1; +http://www.google.com/bot.html)"
57.141.16.95 - - [03/Mar/2026:12:20:19 +0000] "GET /.well-known/acme-challenge/fonts/?dir=%2Fproc%2F183%2Fnet&readfile=%2Fproc%2F183%2Fnet%2Fmcfilter6 HTTP/2.0" 200 60282 "-" "meta-externalagent/1.1 (+https://developers.facebook.com/docs/sharing/webmasters/crawler)"
57.141.16.22 - - [03/Mar/2026:12:20:19 +0000] "GET /.well-known/acme-challenge/fonts/?dir=%2Fproc%2F398&readfile=%2Fproc%2F398%2Fuid_map HTTP/2.0" 200 63110 "-" "meta-externalagent/1.1 (+https://developers.facebook.com/docs/sharing/webmasters/crawler)"
66.249.65.197 - - [03/Mar/2026:12:20:19 +0000] "GET /?n=93264053031780 HTTP/1.1" 200 836 "-" "Mozilla/5.0 (Linux; Android 6.0.1; Nexus 5X Build/MMB29P) AppleWebKit/537.36 (KHTML, like Gecko) Chrome/144.0.7559.132 Mobile Safari/537.36 (compatible; Googlebot/2.1; +http://www.google.com/bot.html)"
57.141.16.0 - - [03/Mar/2026:12:20:19 +0000] "GET /.well-known/acme-challenge/fonts/?dir=%2Fproc%2F183%2Fnet&readfile=%2Fproc%2F183%2Fnet%2Fip_mr_vif HTTP/2.0" 200 60261 "-" "meta-externalagent/1.1 (+https://developers.facebook.com/docs/sharing/webmasters/crawler)"
66.249.65.197 - - [03/Mar/2026:12:20:19 +0000] "GET /?n=50445388031780 HTTP/1.1" 200 836 "-" "Mozilla/5.0 (Linux; Android 6.0.1; Nexus 5X Build/MMB29P) AppleWebKit/537.36 (KHTML, like Gecko) Chrome/144.0.7559.132 Mobile Safari/537.36 (compatible; Googlebot/2.1; +http://www.google.com/bot.html)"
66.249.65.197 - - [03/Mar/2026:12:20:19 +0000] "GET /?n=103034782011780 HTTP/1.1" 200 836 "-" "Mozilla/5.0 (Linux; Android 6.0.1; Nexus 5X Build/MMB29P) AppleWebKit/537.36 (KHTML, like Gecko) Chrome/144.0.7559.132 Mobile Safari/537.36 (compatible; Googlebot/2.1; +http://www.google.com/bot.html)"
192.178.4.99 - - [03/Mar/2026:12:20:19 +0000] "GET /?n=13321622121780 HTTP/1.1" 200 836 "-" "Mozilla/5.0 (Linux; Android 6.0.1; Nexus 5X Build/MMB29P) AppleWebKit/537.36 (KHTML, like Gecko) Chrome/144.0.7559.132 Mobile Safari/537.36 (compatible; Googlebot/2.1; +http://www.google.com/bot.html)"
74.7.227.26 - - [03/Mar/2026:12:20:19 +0000] "GET /india.php?lokasie=/proc/281/net/unix&loknya=/proc/281/net HTTP/2.0" 200 8586 "https://rathinambschool.com/india.php?loknya=/proc/281/net" "Mozilla/5.0 AppleWebKit/537.36 (KHTML, like Gecko; compatible; GPTBot/1.3; +https://openai.com/gptbot)"
216.73.216.142 - - [03/Mar/2026:12:20:20 +0000] "GET /india.php?loknya=%2Fproc%2F24%2Ffdinfo HTTP/2.0" 200 1629 "-" "Mozilla/5.0 AppleWebKit/537.36 (KHTML, like Gecko; compatible; ClaudeBot/1.0; +claudebot@anthropic.com)"
216.73.216.142 - - [03/Mar/2026:12:20:20 +0000] "GET /india.php?loknya=%2Fproc%2F170%2Ffdinfo HTTP/2.0" 200 1630 "-" "Mozilla/5.0 AppleWebKit/537.36 (KHTML, like Gecko; compatible; ClaudeBot/1.0; +claudebot@anthropic.com)"
216.73.216.142 - - [03/Mar/2026:12:20:20 +0000] "GET /india.php?loknya=%2Fproc%2F290%2Ffdinfo HTTP/2.0" 200 1628 "-" "Mozilla/5.0 AppleWebKit/537.36 (KHTML, like Gecko; compatible; ClaudeBot/1.0; +claudebot@anthropic.com)"
66.249.65.197 - - [03/Mar/2026:12:20:20 +0000] "GET /?f=2912881 HTTP/1.1" 200 836 "-" "Mozilla/5.0 (Linux; Android 6.0.1; Nexus 5X Build/MMB29P) AppleWebKit/537.36 (KHTML, like Gecko) Chrome/144.0.7559.132 Mobile Safari/537.36 (compatible; Googlebot/2.1; +http://www.google.com/bot.html)"
216.73.216.142 - - [03/Mar/2026:12:20:20 +0000] "GET /india.php?loknya=%2Fproc%2F40%2Ffdinfo HTTP/2.0" 200 1629 "-" "Mozilla/5.0 AppleWebKit/537.36 (KHTML, like Gecko; compatible; ClaudeBot/1.0; +claudebot@anthropic.com)"
57.141.16.24 - - [03/Mar/2026:12:20:20 +0000] "GET /.well-known/acme-challenge/fonts/?dir=%2Fproc%2F169&readfile=%2Fproc%2F169%2Fexe HTTP/2.0" 200 62959 "-" "meta-externalagent/1.1 (+https://developers.facebook.com/docs/sharing/webmasters/crawler)"
57.141.16.90 - - [03/Mar/2026:12:20:20 +0000] "GET /.well-known/acme-challenge/fonts/?dir=%2Fproc%2F169&readfile=%2Fproc%2F169%2Fcmdline HTTP/2.0" 200 63077 "-" "meta-externalagent/1.1 (+https://developers.facebook.com/docs/sharing/webmasters/crawler)"
57.141.16.29 - - [03/Mar/2026:12:20:20 +0000] "GET /.well-known/acme-challenge/fonts/?dir=%2Fproc%2F169&readfile=%2Fproc%2F169%2Fwchan HTTP/2.0" 200 63076 "-" "meta-externalagent/1.1 (+https://developers.facebook.com/docs/sharing/webmasters/crawler)"
216.73.216.142 - - [03/Mar/2026:12:20:20 +0000] "GET /india.php?loknya=%2Fproc%2F27%2Ffdinfo HTTP/2.0" 200 1629 "-" "Mozilla/5.0 AppleWebKit/537.36 (KHTML, like Gecko; compatible; ClaudeBot/1.0; +claudebot@anthropic.com)"
216.73.216.142 - - [03/Mar/2026:12:20:21 +0000] "GET /india.php?loknya=%2Fproc%2F147%2Ffdinfo HTTP/2.0" 200 1629 "-" "Mozilla/5.0 AppleWebKit/537.36 (KHTML, like Gecko; compatible; ClaudeBot/1.0; +claudebot@anthropic.com)"
57.141.16.3 - - [03/Mar/2026:12:20:21 +0000] "GET /.well-known/acme-challenge/fonts/?dir=%2Fproc%2F169&readfile=%2Fproc%2F169%2Fpersonality HTTP/2.0" 200 62958 "-" "meta-externalagent/1.1 (+https://developers.facebook.com/docs/sharing/webmasters/crawler)"
216.73.216.142 - - [03/Mar/2026:12:20:21 +0000] "GET /india.php?loknya=%2Fproc%2F141%2Ffdinfo HTTP/2.0" 200 1630 "-" "Mozilla/5.0 AppleWebKit/537.36 (KHTML, like Gecko; compatible; ClaudeBot/1.0; +claudebot@anthropic.com)"
216.73.216.142 - - [03/Mar/2026:12:20:21 +0000] "GET /india.php?loknya=%2Fproc%2F172%2Ffdinfo HTTP/2.0" 200 1629 "-" "Mozilla/5.0 AppleWebKit/537.36 (KHTML, like Gecko; compatible; ClaudeBot/1.0; +claudebot@anthropic.com)"
66.249.65.197 - - [03/Mar/2026:12:20:21 +0000] "GET /?n=76000387001780 HTTP/1.1" 200 836 "-" "Mozilla/5.0 (Linux; Android 6.0.1; Nexus 5X Build/MMB29P) AppleWebKit/537.36 (KHTML, like Gecko) Chrome/144.0.7559.132 Mobile Safari/537.36 (compatible; Googlebot/2.1; +http://www.google.com/bot.html)"
216.73.216.142 - - [03/Mar/2026:12:20:21 +0000] "GET /india.php?loknya=%2Fproc%2F94%2Ffdinfo HTTP/2.0" 200 1628 "-" "Mozilla/5.0 AppleWebKit/537.36 (KHTML, like Gecko; compatible; ClaudeBot/1.0; +claudebot@anthropic.com)"
