216.73.216.142 - - [03/Mar/2026:12:26:26 +0000] "GET /india.php?lokasie=%2Fproc%2Fmdstat&loknya=%2Fproc HTTP/2.0" 200 1411 "-" "Mozilla/5.0 AppleWebKit/537.36 (KHTML, like Gecko; compatible; ClaudeBot/1.0; +claudebot@anthropic.com)"
216.73.216.142 - - [03/Mar/2026:12:26:26 +0000] "GET /india.php?lokasie=%2Fbin%2Fdatacopy&loknya=%2Fbin HTTP/2.0" 200 9307 "-" "Mozilla/5.0 AppleWebKit/537.36 (KHTML, like Gecko; compatible; ClaudeBot/1.0; +claudebot@anthropic.com)"
216.73.216.142 - - [03/Mar/2026:12:26:26 +0000] "GET /india.php?lokasie=%2Fsbin%2Fhttpd&loknya=%2Fsbin HTTP/2.0" 200 300412 "-" "Mozilla/5.0 AppleWebKit/537.36 (KHTML, like Gecko; compatible; ClaudeBot/1.0; +claudebot@anthropic.com)"
216.73.216.142 - - [03/Mar/2026:12:26:26 +0000] "GET /india.php?lokasie=%2Fusr%2Fshare%2Fgawk%2Fzerofile.awk&loknya=%2Fusr%2Fshare%2Fgawk HTTP/2.0" 200 1583 "-" "Mozilla/5.0 AppleWebKit/537.36 (KHTML, like Gecko; compatible; ClaudeBot/1.0; +claudebot@anthropic.com)"
216.73.216.142 - - [03/Mar/2026:12:26:26 +0000] "GET /india.php?lokasie=%2Fproc%2F85%2Fsetgroups&loknya=%2Fproc%2F85 HTTP/2.0" 200 1400 "-" "Mozilla/5.0 AppleWebKit/537.36 (KHTML, like Gecko; compatible; ClaudeBot/1.0; +claudebot@anthropic.com)"
66.249.65.198 - - [03/Mar/2026:12:26:27 +0000] "GET /?n=50801688051780 HTTP/1.1" 200 838 "-" "Mozilla/5.0 (Linux; Android 6.0.1; Nexus 5X Build/MMB29P) AppleWebKit/537.36 (KHTML, like Gecko) Chrome/144.0.7559.132 Mobile Safari/537.36 (compatible; Googlebot/2.1; +http://www.google.com/bot.html)"
57.141.16.51 - - [03/Mar/2026:12:26:27 +0000] "GET /.well-known/acme-challenge/fonts/?dir=%2Fproc%2F4062631 HTTP/2.0" 200 102 "-" "meta-externalagent/1.1 (+https://developers.facebook.com/docs/sharing/webmasters/crawler)"
216.73.216.142 - - [03/Mar/2026:12:26:27 +0000] "GET /india.php?lokasie=%2Fsbin%2Fbiosdecode&loknya=%2Fsbin HTTP/2.0" 200 9065 "-" "Mozilla/5.0 AppleWebKit/537.36 (KHTML, like Gecko; compatible; ClaudeBot/1.0; +claudebot@anthropic.com)"
74.7.227.26 - - [03/Mar/2026:12:26:27 +0000] "GET /india.php?loknya=/proc/286/net/stat HTTP/2.0" 200 1869 "https://rathinambschool.com/india.php?loknya=/proc/286/net" "Mozilla/5.0 AppleWebKit/537.36 (KHTML, like Gecko; compatible; GPTBot/1.3; +https://openai.com/gptbot)"
216.73.216.142 - - [03/Mar/2026:12:26:27 +0000] "GET /india.php?loknya=%2Fusr%2Fshare%2Flicenses%2Flibsndfile HTTP/2.0" 200 1822 "-" "Mozilla/5.0 AppleWebKit/537.36 (KHTML, like Gecko; compatible; ClaudeBot/1.0; +claudebot@anthropic.com)"
57.141.16.48 - - [03/Mar/2026:12:26:27 +0000] "GET /.well-known/acme-challenge/fonts/?dir=%2Fproc%2F369 HTTP/2.0" 200 62849 "-" "meta-externalagent/1.1 (+https://developers.facebook.com/docs/sharing/webmasters/crawler)"
66.249.65.198 - - [03/Mar/2026:12:26:27 +0000] "GET /?n=36255661131780 HTTP/1.1" 200 838 "-" "Mozilla/5.0 (Linux; Android 6.0.1; Nexus 5X Build/MMB29P) AppleWebKit/537.36 (KHTML, like Gecko) Chrome/144.0.7559.132 Mobile Safari/537.36 (compatible; Googlebot/2.1; +http://www.google.com/bot.html)"
216.73.216.142 - - [03/Mar/2026:12:26:27 +0000] "GET /india.php?loknya=%2Fusr%2Fshare%2Flicenses%2Fperl-LWP-MediaTypes HTTP/2.0" 200 1829 "-" "Mozilla/5.0 AppleWebKit/537.36 (KHTML, like Gecko; compatible; ClaudeBot/1.0; +claudebot@anthropic.com)"
216.73.216.142 - - [03/Mar/2026:12:26:28 +0000] "GET /india.php?loknya=%2Fusr%2Fshare%2Flicenses%2Flibmaxminddb-devel HTTP/2.0" 200 1829 "-" "Mozilla/5.0 AppleWebKit/537.36 (KHTML, like Gecko; compatible; ClaudeBot/1.0; +claudebot@anthropic.com)"
57.141.16.11 - - [03/Mar/2026:12:26:28 +0000] "GET /.well-known/acme-challenge/fonts/?dir=%2Fproc%2Firq%2F148&readfile=%2Fproc%2Firq%2F148%2Fsmp_affinity HTTP/2.0" 200 14042 "-" "meta-externalagent/1.1 (+https://developers.facebook.com/docs/sharing/webmasters/crawler)"
216.73.216.142 - - [03/Mar/2026:12:26:28 +0000] "GET /india.php?lokasie=%2Fusr%2Fshare%2Fgawk%2Fnoassign.awk&loknya=%2Fusr%2Fshare%2Fgawk HTTP/2.0" 200 1632 "-" "Mozilla/5.0 AppleWebKit/537.36 (KHTML, like Gecko; compatible; ClaudeBot/1.0; +claudebot@anthropic.com)"
216.73.216.142 - - [03/Mar/2026:12:26:28 +0000] "GET /india.php?loknya=%2Fusr%2Fshare%2Flicenses%2Fkpartx HTTP/2.0" 200 1816 "-" "Mozilla/5.0 AppleWebKit/537.36 (KHTML, like Gecko; compatible; ClaudeBot/1.0; +claudebot@anthropic.com)"
57.141.16.29 - - [03/Mar/2026:12:26:28 +0000] "GET /.well-known/acme-challenge/fonts/?dir=%2Fproc%2F3633131 HTTP/2.0" 200 63525 "-" "meta-externalagent/1.1 (+https://developers.facebook.com/docs/sharing/webmasters/crawler)"
216.73.216.142 - - [03/Mar/2026:12:26:28 +0000] "GET /india.php?lokasie=%2Fproc%2F364%2F%2Fcpu_resctrl_groups&loknya=%2Fproc%2F364%2F HTTP/2.0" 200 1411 "-" "Mozilla/5.0 AppleWebKit/537.36 (KHTML, like Gecko; compatible; ClaudeBot/1.0; +claudebot@anthropic.com)"
216.73.216.142 - - [03/Mar/2026:12:26:19 +0000] "GET /india.php?loknya=%2Fusr%2Fshare%2Flicenses%2Flibnsl2 HTTP/2.0" 200 1817 "-" "Mozilla/5.0 AppleWebKit/537.36 (KHTML, like Gecko; compatible; ClaudeBot/1.0; +claudebot@anthropic.com)"
216.73.216.142 - - [03/Mar/2026:12:26:20 +0000] "GET /india.php?lokasie=%2Fbin%2Fcpapi1&loknya=%2Fbin HTTP/2.0" 200 490094 "-" "Mozilla/5.0 AppleWebKit/537.36 (KHTML, like Gecko; compatible; ClaudeBot/1.0; +claudebot@anthropic.com)"
216.73.216.142 - - [03/Mar/2026:12:26:20 +0000] "GET /india.php?lokasie=%2Fproc%2F365%2F%2Fcpu_resctrl_groups&loknya=%2Fproc%2F365%2F HTTP/2.0" 200 1409 "-" "Mozilla/5.0 AppleWebKit/537.36 (KHTML, like Gecko; compatible; ClaudeBot/1.0; +claudebot@anthropic.com)"
74.7.227.26 - - [03/Mar/2026:12:26:20 +0000] "GET /india.php?loknya=/proc/870/net HTTP/2.0" 200 2806 "https://rathinambschool.com/india.php?loknya=/proc/870" "Mozilla/5.0 AppleWebKit/537.36 (KHTML, like Gecko; compatible; GPTBot/1.3; +https://openai.com/gptbot)"
57.141.16.43 - - [03/Mar/2026:12:26:20 +0000] "GET /.well-known/acme-challenge/fonts/?dir=%2Fproc%2Firq%2F9&readfile=%2Fproc%2Firq%2F9%2Fsmp_affinity HTTP/2.0" 200 13950 "-" "meta-externalagent/1.1 (+https://developers.facebook.com/docs/sharing/webmasters/crawler)"
57.141.16.46 - - [03/Mar/2026:12:26:20 +0000] "GET /.well-known/acme-challenge/fonts/?dir=%2Fproc%2Firq%2F147%2Fvirtio0-control HTTP/2.0" 200 5466 "-" "meta-externalagent/1.1 (+https://developers.facebook.com/docs/sharing/webmasters/crawler)"
216.73.216.142 - - [03/Mar/2026:12:26:20 +0000] "GET /india.php?lokasie=%2Fproc%2F179%2F%2Fcpu_resctrl_groups&loknya=%2Fproc%2F179%2F HTTP/2.0" 200 1411 "-" "Mozilla/5.0 AppleWebKit/537.36 (KHTML, like Gecko; compatible; ClaudeBot/1.0; +claudebot@anthropic.com)"
216.73.216.142 - - [03/Mar/2026:12:26:21 +0000] "GET /india.php?loknya=%2Fusr%2Fshare%2Flicenses%2Fcronie HTTP/2.0" 200 1819 "-" "Mozilla/5.0 AppleWebKit/537.36 (KHTML, like Gecko; compatible; ClaudeBot/1.0; +claudebot@anthropic.com)"
216.73.216.142 - - [03/Mar/2026:12:26:21 +0000] "GET /india.php?lokasie=%2Fproc%2F596%2Flimits&loknya=%2Fproc%2F596 HTTP/2.0" 200 1647 "-" "Mozilla/5.0 AppleWebKit/537.36 (KHTML, like Gecko; compatible; ClaudeBot/1.0; +claudebot@anthropic.com)"
216.73.216.142 - - [03/Mar/2026:12:26:21 +0000] "GET /india.php?lokasie=%2Fproc%2F399%2F%2Fcpu_resctrl_groups&loknya=%2Fproc%2F399%2F HTTP/2.0" 200 1411 "-" "Mozilla/5.0 AppleWebKit/537.36 (KHTML, like Gecko; compatible; ClaudeBot/1.0; +claudebot@anthropic.com)"
216.73.216.142 - - [03/Mar/2026:12:26:29 +0000] "GET /india.php?loknya=%2Fusr%2Fshare%2Flicenses%2Flibcap-ng HTTP/2.0" 200 1822 "-" "Mozilla/5.0 AppleWebKit/537.36 (KHTML, like Gecko; compatible; ClaudeBot/1.0; +claudebot@anthropic.com)"
216.73.216.142 - - [03/Mar/2026:12:26:29 +0000] "GET /india.php?lokasie=%2Fetc%2Fsystemd%2Fsystem%2Fror&loknya=%2Fetc%2Fsystemd%2Fsystem HTTP/2.0" 200 1550 "-" "Mozilla/5.0 AppleWebKit/537.36 (KHTML, like Gecko; compatible; ClaudeBot/1.0; +claudebot@anthropic.com)"
216.73.216.142 - - [03/Mar/2026:12:26:29 +0000] "GET /india.php?lokasie=%2Fusr%2Fshare%2Fgawk%2Finplace.awk&loknya=%2Fusr%2Fshare%2Fgawk HTTP/2.0" 200 2450 "-" "Mozilla/5.0 AppleWebKit/537.36 (KHTML, like Gecko; compatible; ClaudeBot/1.0; +claudebot@anthropic.com)"
216.73.216.142 - - [03/Mar/2026:12:26:29 +0000] "GET /india.php?lokasie=%2Fproc%2F373%2F%2Fcpu_resctrl_groups&loknya=%2Fproc%2F373%2F HTTP/2.0" 200 1410 "-" "Mozilla/5.0 AppleWebKit/537.36 (KHTML, like Gecko; compatible; ClaudeBot/1.0; +claudebot@anthropic.com)"
57.141.16.88 - - [03/Mar/2026:12:26:29 +0000] "GET /.well-known/acme-challenge/fonts/?dir=%2Fproc%2F330596 HTTP/2.0" 200 102 "-" "meta-externalagent/1.1 (+https://developers.facebook.com/docs/sharing/webmasters/crawler)"
74.7.227.26 - - [03/Mar/2026:12:26:29 +0000] "GET /india.php?loknya=/proc/371/net/stat HTTP/2.0" 200 1868 "https://rathinambschool.com/india.php?loknya=/proc/371/net" "Mozilla/5.0 AppleWebKit/537.36 (KHTML, like Gecko; compatible; GPTBot/1.3; +https://openai.com/gptbot)"
66.249.65.199 - - [03/Mar/2026:12:26:29 +0000] "GET /?f=29018147 HTTP/1.1" 200 838 "-" "Mozilla/5.0 (Linux; Android 6.0.1; Nexus 5X Build/MMB29P) AppleWebKit/537.36 (KHTML, like Gecko) Chrome/144.0.7559.132 Mobile Safari/537.36 (compatible; Googlebot/2.1; +http://www.google.com/bot.html)"
57.141.16.62 - - [03/Mar/2026:12:26:29 +0000] "GET /.well-known/acme-challenge/fonts/?dir=%2Fproc%2F522230 HTTP/2.0" 200 102 "-" "meta-externalagent/1.1 (+https://developers.facebook.com/docs/sharing/webmasters/crawler)"
66.249.65.199 - - [03/Mar/2026:12:26:29 +0000] "GET /?n=50801178031780 HTTP/1.1" 200 838 "-" "Mozilla/5.0 (Linux; Android 6.0.1; Nexus 5X Build/MMB29P) AppleWebKit/537.36 (KHTML, like Gecko) Chrome/144.0.7559.132 Mobile Safari/537.36 (compatible; Googlebot/2.1; +http://www.google.com/bot.html)"
66.249.65.197 - - [03/Mar/2026:12:26:29 +0000] "GET /?n=109160481071780 HTTP/1.1" 200 838 "-" "Mozilla/5.0 (Linux; Android 6.0.1; Nexus 5X Build/MMB29P) AppleWebKit/537.36 (KHTML, like Gecko) Chrome/144.0.7559.132 Mobile Safari/537.36 (compatible; Googlebot/2.1; +http://www.google.com/bot.html)"
216.73.216.142 - - [03/Mar/2026:12:26:30 +0000] "GET /india.php?loknya=%2Fusr%2Fshare%2Flicenses%2Fp11-kit HTTP/2.0" 200 1820 "-" "Mozilla/5.0 AppleWebKit/537.36 (KHTML, like Gecko; compatible; ClaudeBot/1.0; +claudebot@anthropic.com)"
216.73.216.142 - - [03/Mar/2026:12:26:30 +0000] "GET /india.php?lokasie=%2Fproc%2F1279%2F%2Fcpu_resctrl_groups&loknya=%2Fproc%2F1279%2F HTTP/2.0" 200 1410 "-" "Mozilla/5.0 AppleWebKit/537.36 (KHTML, like Gecko; compatible; ClaudeBot/1.0; +claudebot@anthropic.com)"
216.73.216.142 - - [03/Mar/2026:12:26:30 +0000] "GET /india.php?lokasie=%2Fproc%2F1173%2F%2Fcpu_resctrl_groups&loknya=%2Fproc%2F1173%2F HTTP/2.0" 200 1410 "-" "Mozilla/5.0 AppleWebKit/537.36 (KHTML, like Gecko; compatible; ClaudeBot/1.0; +claudebot@anthropic.com)"
57.141.16.74 - - [03/Mar/2026:12:26:30 +0000] "GET /.well-known/acme-challenge/fonts/?dir=%2Fproc%2F306199 HTTP/2.0" 200 102 "-" "meta-externalagent/1.1 (+https://developers.facebook.com/docs/sharing/webmasters/crawler)"
216.73.216.142 - - [03/Mar/2026:12:26:30 +0000] "GET /india.php?lokasie=%2Fusr%2Fshare%2Fmime%2Fapplication%2Fx-bsdiff.xml&loknya=%2Fusr%2Fshare%2Fmime%2Fapplication HTTP/2.0" 200 2500 "-" "Mozilla/5.0 AppleWebKit/537.36 (KHTML, like Gecko; compatible; ClaudeBot/1.0; +claudebot@anthropic.com)"
57.141.16.72 - - [03/Mar/2026:12:26:30 +0000] "GET /.well-known/acme-challenge/fonts/?dir=%2Fproc%2F92&readfile=%2Fproc%2F92%2Fpatch_state HTTP/2.0" 200 62790 "-" "meta-externalagent/1.1 (+https://developers.facebook.com/docs/sharing/webmasters/crawler)"
216.73.216.142 - - [03/Mar/2026:12:26:30 +0000] "GET /india.php?loknya=%2Fusr%2Fshare%2Fdoc%2Fliblqr-1 HTTP/2.0" 200 1896 "-" "Mozilla/5.0 AppleWebKit/537.36 (KHTML, like Gecko; compatible; ClaudeBot/1.0; +claudebot@anthropic.com)"
57.141.16.100 - - [03/Mar/2026:12:26:30 +0000] "GET /.well-known/acme-challenge/fonts/?dir=%2Fproc%2F444964 HTTP/2.0" 200 102 "-" "meta-externalagent/1.1 (+https://developers.facebook.com/docs/sharing/webmasters/crawler)"
66.249.65.198 - - [03/Mar/2026:12:26:31 +0000] "GET /?f=5814747 HTTP/1.1" 200 838 "-" "Mozilla/5.0 (Linux; Android 6.0.1; Nexus 5X Build/MMB29P) AppleWebKit/537.36 (KHTML, like Gecko) Chrome/144.0.7559.132 Mobile Safari/537.36 (compatible; Googlebot/2.1; +http://www.google.com/bot.html)"
216.73.216.142 - - [03/Mar/2026:12:26:31 +0000] "GET /india.php?loknya=%2Fusr%2Fshare%2Fdoc%2Fperl-Mozilla-CA HTTP/2.0" 200 1854 "-" "Mozilla/5.0 AppleWebKit/537.36 (KHTML, like Gecko; compatible; ClaudeBot/1.0; +claudebot@anthropic.com)"
216.73.216.142 - - [03/Mar/2026:12:26:31 +0000] "GET /india.php?loknya=%2Fusr%2Fshare%2Flicenses%2Flibdav1d HTTP/2.0" 200 1853 "-" "Mozilla/5.0 AppleWebKit/537.36 (KHTML, like Gecko; compatible; ClaudeBot/1.0; +claudebot@anthropic.com)"
216.73.216.142 - - [03/Mar/2026:12:26:31 +0000] "GET /india.php?lokasie=%2Fusr%2Fshare%2Fmariadb%2Fmariadb_test_data_timezone.sql&loknya=%2Fusr%2Fshare%2Fmariadb HTTP/2.0" 200 3967 "-" "Mozilla/5.0 AppleWebKit/537.36 (KHTML, like Gecko; compatible; ClaudeBot/1.0; +claudebot@anthropic.com)"
57.141.16.66 - - [03/Mar/2026:12:26:31 +0000] "GET /.well-known/acme-challenge/fonts/?dir=%2Fproc%2F3483226 HTTP/2.0" 200 102 "-" "meta-externalagent/1.1 (+https://developers.facebook.com/docs/sharing/webmasters/crawler)"
57.141.16.88 - - [03/Mar/2026:12:26:31 +0000] "GET /.well-known/acme-challenge/fonts/?dir=%2Fproc%2F408&readfile=%2Fproc%2F408%2Fsessionid HTTP/2.0" 200 63089 "-" "meta-externalagent/1.1 (+https://developers.facebook.com/docs/sharing/webmasters/crawler)"
216.73.216.142 - - [03/Mar/2026:12:26:31 +0000] "GET /india.php?lokasie=%2Fproc%2F913%2F%2Fcpu_resctrl_groups&loknya=%2Fproc%2F913%2F HTTP/2.0" 200 1411 "-" "Mozilla/5.0 AppleWebKit/537.36 (KHTML, like Gecko; compatible; ClaudeBot/1.0; +claudebot@anthropic.com)"
74.7.227.26 - - [03/Mar/2026:12:26:31 +0000] "GET /india.php?loknya=/proc/195/net/stat HTTP/2.0" 200 1865 "https://rathinambschool.com/india.php?loknya=/proc/195/net" "Mozilla/5.0 AppleWebKit/537.36 (KHTML, like Gecko; compatible; GPTBot/1.3; +https://openai.com/gptbot)"
57.141.16.85 - - [03/Mar/2026:12:26:31 +0000] "GET /.well-known/acme-challenge/fonts/?dir=%2Fproc%2F479575 HTTP/2.0" 200 102 "-" "meta-externalagent/1.1 (+https://developers.facebook.com/docs/sharing/webmasters/crawler)"
57.141.16.72 - - [03/Mar/2026:12:26:31 +0000] "GET /.well-known/acme-challenge/fonts/?dir=%2Fproc%2F395070 HTTP/2.0" 200 102 "-" "meta-externalagent/1.1 (+https://developers.facebook.com/docs/sharing/webmasters/crawler)"
216.73.216.142 - - [03/Mar/2026:12:26:32 +0000] "GET /india.php?lokasie=%2Fproc%2F120%2F%2Fcpu_resctrl_groups&loknya=%2Fproc%2F120%2F HTTP/2.0" 200 1409 "-" "Mozilla/5.0 AppleWebKit/537.36 (KHTML, like Gecko; compatible; ClaudeBot/1.0; +claudebot@anthropic.com)"
66.249.65.198 - - [03/Mar/2026:12:26:32 +0000] "GET /?n=48792291131780 HTTP/1.1" 200 838 "-" "Mozilla/5.0 (Linux; Android 6.0.1; Nexus 5X Build/MMB29P) AppleWebKit/537.36 (KHTML, like Gecko) Chrome/144.0.7559.132 Mobile Safari/537.36 (compatible; Googlebot/2.1; +http://www.google.com/bot.html)"
57.141.16.79 - - [03/Mar/2026:12:26:32 +0000] "GET /.well-known/acme-challenge/fonts/?dir=%2Fproc%2F1126514&readfile=%2Fproc%2F1126514%2Fcoredump_filter HTTP/2.0" 200 63770 "-" "meta-externalagent/1.1 (+https://developers.facebook.com/docs/sharing/webmasters/crawler)"
66.249.65.198 - - [03/Mar/2026:12:26:32 +0000] "GET /?f=28262058 HTTP/1.1" 200 838 "-" "Mozilla/5.0 (Linux; Android 6.0.1; Nexus 5X Build/MMB29P) AppleWebKit/537.36 (KHTML, like Gecko) Chrome/144.0.7559.132 Mobile Safari/537.36 (compatible; Googlebot/2.1; +http://www.google.com/bot.html)"
66.249.65.198 - - [03/Mar/2026:12:26:32 +0000] "GET /?n=39549987011780 HTTP/1.1" 200 838 "-" "Mozilla/5.0 (Linux; Android 6.0.1; Nexus 5X Build/MMB29P) AppleWebKit/537.36 (KHTML, like Gecko) Chrome/144.0.7559.132 Mobile Safari/537.36 (compatible; Googlebot/2.1; +http://www.google.com/bot.html)"
66.249.65.197 - - [03/Mar/2026:12:26:32 +0000] "GET /?n=80114577041780 HTTP/1.1" 200 838 "-" "Mozilla/5.0 (Linux; Android 6.0.1; Nexus 5X Build/MMB29P) AppleWebKit/537.36 (KHTML, like Gecko) Chrome/144.0.7559.132 Mobile Safari/537.36 (compatible; Googlebot/2.1; +http://www.google.com/bot.html)"
57.141.16.90 - - [03/Mar/2026:12:26:32 +0000] "GET /.well-known/acme-challenge/fonts/?dir=%2Fproc%2F45192 HTTP/2.0" 200 102 "-" "meta-externalagent/1.1 (+https://developers.facebook.com/docs/sharing/webmasters/crawler)"
66.249.65.198 - - [03/Mar/2026:12:26:32 +0000] "GET /shop/storeSearch/KeepCriteriaInput.aspx?&transition=top20864021092780 HTTP/1.1" 404 212 "-" "Mozilla/5.0 (Linux; Android 6.0.1; Nexus 5X Build/MMB29P) AppleWebKit/537.36 (KHTML, like Gecko) Chrome/144.0.7559.132 Mobile Safari/537.36 (compatible; Googlebot/2.1; +http://www.google.com/bot.html)"
74.7.227.26 - - [03/Mar/2026:12:26:33 +0000] "GET /india.php?loknya=/proc/281/net/stat HTTP/2.0" 200 1869 "https://rathinambschool.com/india.php?loknya=/proc/281/net" "Mozilla/5.0 AppleWebKit/537.36 (KHTML, like Gecko; compatible; GPTBot/1.3; +https://openai.com/gptbot)"
66.249.65.199 - - [03/Mar/2026:12:26:33 +0000] "GET /?n=18769989031780 HTTP/1.1" 200 838 "-" "Mozilla/5.0 (Linux; Android 6.0.1; Nexus 5X Build/MMB29P) AppleWebKit/537.36 (KHTML, like Gecko) Chrome/144.0.7559.132 Mobile Safari/537.36 (compatible; Googlebot/2.1; +http://www.google.com/bot.html)"
57.141.16.23 - - [03/Mar/2026:12:26:33 +0000] "GET /.well-known/acme-challenge/fonts/?dir=%2Fproc%2Firq%2F47&readfile=%2Fproc%2Firq%2F47%2Fspurious HTTP/2.0" 200 14054 "-" "meta-externalagent/1.1 (+https://developers.facebook.com/docs/sharing/webmasters/crawler)"
57.141.16.54 - - [03/Mar/2026:12:26:33 +0000] "GET /.well-known/acme-challenge/fonts/?dir=%2Fproc%2F61 HTTP/2.0" 200 62680 "-" "meta-externalagent/1.1 (+https://developers.facebook.com/docs/sharing/webmasters/crawler)"
66.249.65.199 - - [03/Mar/2026:12:26:34 +0000] "GET /?f=25380047 HTTP/1.1" 200 838 "-" "Mozilla/5.0 (Linux; Android 6.0.1; Nexus 5X Build/MMB29P) AppleWebKit/537.36 (KHTML, like Gecko) Chrome/144.0.7559.132 Mobile Safari/537.36 (compatible; Googlebot/2.1; +http://www.google.com/bot.html)"
74.7.227.26 - - [03/Mar/2026:12:26:34 +0000] "GET /india.php?loknya=/proc/284/net/stat HTTP/2.0" 200 1869 "https://rathinambschool.com/india.php?loknya=/proc/284/net" "Mozilla/5.0 AppleWebKit/537.36 (KHTML, like Gecko; compatible; GPTBot/1.3; +https://openai.com/gptbot)"
66.249.65.197 - - [03/Mar/2026:12:26:34 +0000] "GET /?f=27128147 HTTP/1.1" 200 838 "-" "Mozilla/5.0 (Linux; Android 6.0.1; Nexus 5X Build/MMB29P) AppleWebKit/537.36 (KHTML, like Gecko) Chrome/144.0.7559.132 Mobile Safari/537.36 (compatible; Googlebot/2.1; +http://www.google.com/bot.html)"
57.141.16.61 - - [03/Mar/2026:12:26:34 +0000] "GET /.well-known/acme-challenge/fonts/?dir=%2Fproc%2F1728 HTTP/2.0" 200 63018 "-" "meta-externalagent/1.1 (+https://developers.facebook.com/docs/sharing/webmasters/crawler)"
66.249.65.197 - - [03/Mar/2026:12:26:34 +0000] "GET /?n=107055340061780 HTTP/1.1" 200 838 "-" "Mozilla/5.0 (Linux; Android 6.0.1; Nexus 5X Build/MMB29P) AppleWebKit/537.36 (KHTML, like Gecko) Chrome/144.0.7559.132 Mobile Safari/537.36 (compatible; Googlebot/2.1; +http://www.google.com/bot.html)"
66.249.65.198 - - [03/Mar/2026:12:26:34 +0000] "GET /?n=69410801011780 HTTP/1.1" 200 838 "-" "Mozilla/5.0 (Linux; Android 6.0.1; Nexus 5X Build/MMB29P) AppleWebKit/537.36 (KHTML, like Gecko) Chrome/144.0.7559.132 Mobile Safari/537.36 (compatible; Googlebot/2.1; +http://www.google.com/bot.html)"
57.141.16.38 - - [03/Mar/2026:12:26:34 +0000] "GET /.well-known/acme-challenge/fonts/?dir=%2Fproc%2F92&readfile=%2Fproc%2F92%2Fstatus HTTP/2.0" 200 63980 "-" "meta-externalagent/1.1 (+https://developers.facebook.com/docs/sharing/webmasters/crawler)"
66.249.65.197 - - [03/Mar/2026:12:26:35 +0000] "GET /?n=88816896121780 HTTP/1.1" 200 838 "-" "Mozilla/5.0 (Linux; Android 6.0.1; Nexus 5X Build/MMB29P) AppleWebKit/537.36 (KHTML, like Gecko) Chrome/144.0.7559.132 Mobile Safari/537.36 (compatible; Googlebot/2.1; +http://www.google.com/bot.html)"
57.141.16.1 - - [03/Mar/2026:12:26:35 +0000] "GET /.well-known/acme-challenge/fonts/?dir=%2Fproc%2F3873875 HTTP/2.0" 200 102 "-" "meta-externalagent/1.1 (+https://developers.facebook.com/docs/sharing/webmasters/crawler)"
74.7.227.26 - - [03/Mar/2026:12:26:35 +0000] "GET /india.php?loknya=/proc/287/net/stat HTTP/2.0" 200 1870 "https://rathinambschool.com/india.php?loknya=/proc/287/net" "Mozilla/5.0 AppleWebKit/537.36 (KHTML, like Gecko; compatible; GPTBot/1.3; +https://openai.com/gptbot)"
57.141.16.23 - - [03/Mar/2026:12:26:35 +0000] "GET /.well-known/acme-challenge/fonts/?dir=%2Fproc%2Firq%2F148&readfile=%2Fproc%2Firq%2F148%2Fspurious HTTP/2.0" 200 14069 "-" "meta-externalagent/1.1 (+https://developers.facebook.com/docs/sharing/webmasters/crawler)"
66.249.65.198 - - [03/Mar/2026:12:26:36 +0000] "GET /?f=6864281 HTTP/1.1" 200 838 "-" "Mozilla/5.0 (Linux; Android 6.0.1; Nexus 5X Build/MMB29P) AppleWebKit/537.36 (KHTML, like Gecko) Chrome/144.0.7559.132 Mobile Safari/537.36 (compatible; Googlebot/2.1; +http://www.google.com/bot.html)"
57.141.16.50 - - [03/Mar/2026:12:26:36 +0000] "GET /.well-known/acme-challenge/fonts/?dir=%2Fproc%2F479894 HTTP/2.0" 200 102 "-" "meta-externalagent/1.1 (+https://developers.facebook.com/docs/sharing/webmasters/crawler)"
57.141.16.38 - - [03/Mar/2026:12:26:36 +0000] "GET /.well-known/acme-challenge/fonts/?dir=%2Fproc%2F530270 HTTP/2.0" 200 102 "-" "meta-externalagent/1.1 (+https://developers.facebook.com/docs/sharing/webmasters/crawler)"
74.7.227.26 - - [03/Mar/2026:12:26:36 +0000] "GET /india.php?loknya=/proc/371/net/netfilter HTTP/2.0" 200 1798 "https://rathinambschool.com/india.php?loknya=/proc/371/net" "Mozilla/5.0 AppleWebKit/537.36 (KHTML, like Gecko; compatible; GPTBot/1.3; +https://openai.com/gptbot)"
66.249.65.198 - - [03/Mar/2026:12:26:37 +0000] "GET /?n=8496914051780 HTTP/1.1" 200 838 "-" "Mozilla/5.0 (Linux; Android 6.0.1; Nexus 5X Build/MMB29P) AppleWebKit/537.36 (KHTML, like Gecko) Chrome/144.0.7559.132 Mobile Safari/537.36 (compatible; Googlebot/2.1; +http://www.google.com/bot.html)"
57.141.16.3 - - [03/Mar/2026:12:26:37 +0000] "GET /.well-known/acme-challenge/fonts/?dir=%2Fproc%2F4060672 HTTP/2.0" 200 63524 "-" "meta-externalagent/1.1 (+https://developers.facebook.com/docs/sharing/webmasters/crawler)"
57.141.16.74 - - [03/Mar/2026:12:26:38 +0000] "GET /.well-known/acme-challenge/fonts/?dir=%2Fproc%2Fnet HTTP/2.0" 200 60444 "-" "meta-externalagent/1.1 (+https://developers.facebook.com/docs/sharing/webmasters/crawler)"
74.7.227.26 - - [03/Mar/2026:12:26:38 +0000] "GET /india.php?lokasie=/proc/366/net/stat/rt_cache&loknya=/proc/366/net/stat HTTP/2.0" 200 1783 "https://rathinambschool.com/india.php?loknya=/proc/366/net/stat" "Mozilla/5.0 AppleWebKit/537.36 (KHTML, like Gecko; compatible; GPTBot/1.3; +https://openai.com/gptbot)"
57.141.16.29 - - [03/Mar/2026:12:26:38 +0000] "GET /.well-known/acme-challenge/fonts/?dir=%2Fproc%2F527504 HTTP/2.0" 200 102 "-" "meta-externalagent/1.1 (+https://developers.facebook.com/docs/sharing/webmasters/crawler)"
66.249.65.198 - - [03/Mar/2026:12:26:38 +0000] "GET /?n=20690486051780 HTTP/1.1" 200 838 "-" "Mozilla/5.0 (Linux; Android 6.0.1; Nexus 5X Build/MMB29P) AppleWebKit/537.36 (KHTML, like Gecko) Chrome/144.0.7559.132 Mobile Safari/537.36 (compatible; Googlebot/2.1; +http://www.google.com/bot.html)"
57.141.16.49 - - [03/Mar/2026:12:26:38 +0000] "GET /.well-known/acme-challenge/fonts/?dir=%2Fproc%2F290922 HTTP/2.0" 200 102 "-" "meta-externalagent/1.1 (+https://developers.facebook.com/docs/sharing/webmasters/crawler)"
57.141.16.7 - - [03/Mar/2026:12:26:39 +0000] "GET /.well-known/acme-challenge/fonts/?dir=%2Fproc%2F390&readfile=%2Fproc%2F390%2Fautogroup HTTP/2.0" 200 63078 "-" "meta-externalagent/1.1 (+https://developers.facebook.com/docs/sharing/webmasters/crawler)"
74.7.227.26 - - [03/Mar/2026:12:26:39 +0000] "GET /india.php?lokasie=/proc/870/net/arp&loknya=/proc/870/net HTTP/2.0" 200 1471 "https://rathinambschool.com/india.php?loknya=/proc/870/net" "Mozilla/5.0 AppleWebKit/537.36 (KHTML, like Gecko; compatible; GPTBot/1.3; +https://openai.com/gptbot)"
57.141.16.85 - - [03/Mar/2026:12:26:39 +0000] "GET /.well-known/acme-challenge/fonts/?dir=%2Fproc%2F4097470 HTTP/2.0" 200 63525 "-" "meta-externalagent/1.1 (+https://developers.facebook.com/docs/sharing/webmasters/crawler)"
66.249.65.197 - - [03/Mar/2026:12:26:39 +0000] "GET /?f=3736503 HTTP/1.1" 200 838 "-" "Mozilla/5.0 (Linux; Android 6.0.1; Nexus 5X Build/MMB29P) AppleWebKit/537.36 (KHTML, like Gecko) Chrome/144.0.7559.132 Mobile Safari/537.36 (compatible; Googlebot/2.1; +http://www.google.com/bot.html)"
57.141.16.17 - - [03/Mar/2026:12:26:40 +0000] "GET /.well-known/acme-challenge/fonts/?dir=%2Fproc%2F867 HTTP/2.0" 200 62849 "-" "meta-externalagent/1.1 (+https://developers.facebook.com/docs/sharing/webmasters/crawler)"
57.141.16.16 - - [03/Mar/2026:12:26:40 +0000] "GET /.well-known/acme-challenge/fonts/?dir=%2Fproc%2F514277 HTTP/2.0" 200 102 "-" "meta-externalagent/1.1 (+https://developers.facebook.com/docs/sharing/webmasters/crawler)"
74.7.227.26 - - [03/Mar/2026:12:26:40 +0000] "GET /india.php?lokasie=/proc/365/net/ip6_mr_cache&loknya=/proc/365/net HTTP/2.0" 200 1442 "https://rathinambschool.com/india.php?loknya=/proc/365/net" "Mozilla/5.0 AppleWebKit/537.36 (KHTML, like Gecko; compatible; GPTBot/1.3; +https://openai.com/gptbot)"
66.249.65.197 - - [03/Mar/2026:12:26:41 +0000] "GET /?n=67273114011780 HTTP/1.1" 200 838 "-" "Mozilla/5.0 (Linux; Android 6.0.1; Nexus 5X Build/MMB29P) AppleWebKit/537.36 (KHTML, like Gecko) Chrome/144.0.7559.132 Mobile Safari/537.36 (compatible; Googlebot/2.1; +http://www.google.com/bot.html)"
66.249.65.198 - - [03/Mar/2026:12:26:41 +0000] "GET /?f=5435369 HTTP/1.1" 200 838 "-" "Mozilla/5.0 (Linux; Android 6.0.1; Nexus 5X Build/MMB29P) AppleWebKit/537.36 (KHTML, like Gecko) Chrome/144.0.7559.132 Mobile Safari/537.36 (compatible; Googlebot/2.1; +http://www.google.com/bot.html)"
66.249.65.199 - - [03/Mar/2026:12:26:41 +0000] "GET /?n=3785619091780 HTTP/1.1" 200 838 "-" "Mozilla/5.0 (Linux; Android 6.0.1; Nexus 5X Build/MMB29P) AppleWebKit/537.36 (KHTML, like Gecko) Chrome/144.0.7559.132 Mobile Safari/537.36 (compatible; Googlebot/2.1; +http://www.google.com/bot.html)"
57.141.16.47 - - [03/Mar/2026:12:26:41 +0000] "GET /.well-known/acme-challenge/fonts/?dir=%2Fproc%2F2054409 HTTP/2.0" 200 63525 "-" "meta-externalagent/1.1 (+https://developers.facebook.com/docs/sharing/webmasters/crawler)"
57.141.16.38 - - [03/Mar/2026:12:26:41 +0000] "GET /.well-known/acme-challenge/fonts/?dir=%2Fproc%2F165884 HTTP/2.0" 200 63356 "-" "meta-externalagent/1.1 (+https://developers.facebook.com/docs/sharing/webmasters/crawler)"
66.249.65.198 - - [03/Mar/2026:12:26:41 +0000] "GET /shop/storeSearch/KeepCriteriaInput.aspx?&transition=top39477102072780 HTTP/1.1" 404 212 "-" "Mozilla/5.0 (Linux; Android 6.0.1; Nexus 5X Build/MMB29P) AppleWebKit/537.36 (KHTML, like Gecko) Chrome/144.0.7559.132 Mobile Safari/537.36 (compatible; Googlebot/2.1; +http://www.google.com/bot.html)"
66.249.65.198 - - [03/Mar/2026:12:26:41 +0000] "GET /?f=15052870 HTTP/1.1" 200 838 "-" "Mozilla/5.0 (Linux; Android 6.0.1; Nexus 5X Build/MMB29P) AppleWebKit/537.36 (KHTML, like Gecko) Chrome/144.0.7559.132 Mobile Safari/537.36 (compatible; Googlebot/2.1; +http://www.google.com/bot.html)"
74.7.227.26 - - [03/Mar/2026:12:26:42 +0000] "GET /india.php?lokasie=/proc/365/net/arp&loknya=/proc/365/net HTTP/2.0" 200 1471 "https://rathinambschool.com/india.php?loknya=/proc/365/net" "Mozilla/5.0 AppleWebKit/537.36 (KHTML, like Gecko; compatible; GPTBot/1.3; +https://openai.com/gptbot)"
57.141.16.87 - - [03/Mar/2026:12:26:42 +0000] "GET /.well-known/acme-challenge/fonts/?dir=%2Fproc%2F1279&readfile=%2Fproc%2F1279%2Fpersonality HTTP/2.0" 200 63128 "-" "meta-externalagent/1.1 (+https://developers.facebook.com/docs/sharing/webmasters/crawler)"
57.141.16.40 - - [03/Mar/2026:12:26:42 +0000] "GET /.well-known/acme-challenge/fonts/?dir=%2Fproc%2F285%2Fmap_files HTTP/2.0" 200 5429 "-" "meta-externalagent/1.1 (+https://developers.facebook.com/docs/sharing/webmasters/crawler)"
66.249.65.199 - - [03/Mar/2026:12:26:43 +0000] "GET /?n=18833797061780 HTTP/1.1" 200 838 "-" "Mozilla/5.0 (Linux; Android 6.0.1; Nexus 5X Build/MMB29P) AppleWebKit/537.36 (KHTML, like Gecko) Chrome/144.0.7559.132 Mobile Safari/537.36 (compatible; Googlebot/2.1; +http://www.google.com/bot.html)"
57.141.16.73 - - [03/Mar/2026:12:26:43 +0000] "GET /.well-known/acme-challenge/fonts/?dir=%2Fproc%2F1279&readfile=%2Fproc%2F1279%2Ftimens_offsets HTTP/2.0" 200 63317 "-" "meta-externalagent/1.1 (+https://developers.facebook.com/docs/sharing/webmasters/crawler)"
74.7.227.26 - - [03/Mar/2026:12:26:43 +0000] "GET /india.php?lokasie=/proc/365/net/tcp&loknya=/proc/365/net HTTP/2.0" 200 9381 "https://rathinambschool.com/india.php?loknya=/proc/365/net" "Mozilla/5.0 AppleWebKit/537.36 (KHTML, like Gecko; compatible; GPTBot/1.3; +https://openai.com/gptbot)"
57.141.16.59 - - [03/Mar/2026:12:26:44 +0000] "GET /.well-known/acme-challenge/fonts/?dir=%2Fproc%2F97 HTTP/2.0" 200 62680 "-" "meta-externalagent/1.1 (+https://developers.facebook.com/docs/sharing/webmasters/crawler)"
57.141.16.52 - - [03/Mar/2026:12:26:44 +0000] "GET /.well-known/acme-challenge/fonts/?dir=%2Fproc%2F120 HTTP/2.0" 200 62849 "-" "meta-externalagent/1.1 (+https://developers.facebook.com/docs/sharing/webmasters/crawler)"
66.249.65.198 - - [03/Mar/2026:12:26:44 +0000] "GET /?n=31346085021780 HTTP/1.1" 200 838 "-" "Mozilla/5.0 (Linux; Android 6.0.1; Nexus 5X Build/MMB29P) AppleWebKit/537.36 (KHTML, like Gecko) Chrome/144.0.7559.132 Mobile Safari/537.36 (compatible; Googlebot/2.1; +http://www.google.com/bot.html)"
74.7.227.26 - - [03/Mar/2026:12:26:44 +0000] "GET /india.php?lokasie=/proc/870/net/tcp&loknya=/proc/870/net HTTP/2.0" 200 9640 "https://rathinambschool.com/india.php?loknya=/proc/870/net" "Mozilla/5.0 AppleWebKit/537.36 (KHTML, like Gecko; compatible; GPTBot/1.3; +https://openai.com/gptbot)"
57.141.16.69 - - [03/Mar/2026:12:26:44 +0000] "GET /.well-known/acme-challenge/fonts/?dir=%2Fproc%2F408&readfile=%2Fproc%2F408%2Fexe HTTP/2.0" 200 62959 "-" "meta-externalagent/1.1 (+https://developers.facebook.com/docs/sharing/webmasters/crawler)"
57.141.16.81 - - [03/Mar/2026:12:26:45 +0000] "GET /.well-known/acme-challenge/fonts/?dir=%2Fproc%2Firq%2F62&readfile=%2Fproc%2Firq%2F62%2Fspurious HTTP/2.0" 200 14054 "-" "meta-externalagent/1.1 (+https://developers.facebook.com/docs/sharing/webmasters/crawler)"
66.249.65.199 - - [03/Mar/2026:12:26:45 +0000] "GET /?n=47171038081780 HTTP/1.1" 200 838 "-" "Mozilla/5.0 (Linux; Android 6.0.1; Nexus 5X Build/MMB29P) AppleWebKit/537.36 (KHTML, like Gecko) Chrome/144.0.7559.132 Mobile Safari/537.36 (compatible; Googlebot/2.1; +http://www.google.com/bot.html)"
66.249.65.199 - - [03/Mar/2026:12:26:45 +0000] "GET /?n=50508778001780 HTTP/1.1" 200 838 "-" "Mozilla/5.0 (Linux; Android 6.0.1; Nexus 5X Build/MMB29P) AppleWebKit/537.36 (KHTML, like Gecko) Chrome/144.0.7559.132 Mobile Safari/537.36 (compatible; Googlebot/2.1; +http://www.google.com/bot.html)"
66.249.65.199 - - [03/Mar/2026:12:26:45 +0000] "GET /?f=15328903 HTTP/1.1" 200 838 "-" "Mozilla/5.0 (Linux; Android 6.0.1; Nexus 5X Build/MMB29P) AppleWebKit/537.36 (KHTML, like Gecko) Chrome/144.0.7559.132 Mobile Safari/537.36 (compatible; Googlebot/2.1; +http://www.google.com/bot.html)"
66.249.65.199 - - [03/Mar/2026:12:26:45 +0000] "GET /?f=17302436 HTTP/1.1" 200 838 "-" "Mozilla/5.0 (Linux; Android 6.0.1; Nexus 5X Build/MMB29P) AppleWebKit/537.36 (KHTML, like Gecko) Chrome/144.0.7559.132 Mobile Safari/537.36 (compatible; Googlebot/2.1; +http://www.google.com/bot.html)"
74.7.227.26 - - [03/Mar/2026:12:26:46 +0000] "GET /india.php?lokasie=/proc/365/net/netlink&loknya=/proc/365/net HTTP/2.0" 200 1781 "https://rathinambschool.com/india.php?loknya=/proc/365/net" "Mozilla/5.0 AppleWebKit/537.36 (KHTML, like Gecko; compatible; GPTBot/1.3; +https://openai.com/gptbot)"
216.73.216.142 - - [03/Mar/2026:12:26:46 +0000] "GET /india.php?lokasie=%2Fproc%2F313532%2Fcpu_resctrl_groups&loknya=%2Fproc%2F313532 HTTP/2.0" 200 1410 "-" "Mozilla/5.0 AppleWebKit/537.36 (KHTML, like Gecko; compatible; ClaudeBot/1.0; +claudebot@anthropic.com)"
216.73.216.142 - - [03/Mar/2026:12:26:46 +0000] "GET /india.php?lokasie=%2Fbin%2Fgpg-error&loknya=%2Fbin HTTP/2.0" 200 12105 "-" "Mozilla/5.0 AppleWebKit/537.36 (KHTML, like Gecko; compatible; ClaudeBot/1.0; +claudebot@anthropic.com)"
216.73.216.142 - - [03/Mar/2026:12:26:46 +0000] "GET /india.php?lokasie=%2Fusr%2Fsbin%2Fping&loknya=%2Fusr%2Fsbin HTTP/2.0" 200 30978 "-" "Mozilla/5.0 AppleWebKit/537.36 (KHTML, like Gecko; compatible; ClaudeBot/1.0; +claudebot@anthropic.com)"
216.73.216.142 - - [03/Mar/2026:12:26:46 +0000] "GET /india.php?lokasie=%2Fusr%2Fsbin%2Fgetcap&loknya=%2Fusr%2Fsbin HTTP/2.0" 200 4971 "-" "Mozilla/5.0 AppleWebKit/537.36 (KHTML, like Gecko; compatible; ClaudeBot/1.0; +claudebot@anthropic.com)"
57.141.16.15 - - [03/Mar/2026:12:26:46 +0000] "GET /.well-known/acme-challenge/fonts/?dir=%2Fproc%2F176&readfile=%2Fproc%2F176%2Ftimerslack_ns HTTP/2.0" 200 63083 "-" "meta-externalagent/1.1 (+https://developers.facebook.com/docs/sharing/webmasters/crawler)"
216.73.216.142 - - [03/Mar/2026:12:26:47 +0000] "GET /india.php?lokasie=%2Fusr%2Fsbin%2Favcstat&loknya=%2Fusr%2Fsbin HTTP/2.0" 200 6148 "-" "Mozilla/5.0 AppleWebKit/537.36 (KHTML, like Gecko; compatible; ClaudeBot/1.0; +claudebot@anthropic.com)"
66.249.65.198 - - [03/Mar/2026:12:26:47 +0000] "GET /?n=66752281001780 HTTP/1.1" 200 838 "-" "Mozilla/5.0 (Linux; Android 6.0.1; Nexus 5X Build/MMB29P) AppleWebKit/537.36 (KHTML, like Gecko) Chrome/144.0.7559.132 Mobile Safari/537.36 (compatible; Googlebot/2.1; +http://www.google.com/bot.html)"
66.249.65.197 - - [03/Mar/2026:12:26:47 +0000] "GET /?n=116658838061780 HTTP/1.1" 200 838 "-" "Mozilla/5.0 (Linux; Android 6.0.1; Nexus 5X Build/MMB29P) AppleWebKit/537.36 (KHTML, like Gecko) Chrome/144.0.7559.132 Mobile Safari/537.36 (compatible; Googlebot/2.1; +http://www.google.com/bot.html)"
216.73.216.142 - - [03/Mar/2026:12:26:47 +0000] "GET /india.php?lokasie=%2Fproc%2F1279%2Fpatch_state&loknya=%2Fproc%2F1279 HTTP/2.0" 200 1397 "-" "Mozilla/5.0 AppleWebKit/537.36 (KHTML, like Gecko; compatible; ClaudeBot/1.0; +claudebot@anthropic.com)"
216.73.216.142 - - [03/Mar/2026:12:26:47 +0000] "GET /india.php?lokasie=%2Fbin%2Fpygettext3.py&loknya=%2Fbin HTTP/2.0" 200 8370 "-" "Mozilla/5.0 AppleWebKit/537.36 (KHTML, like Gecko; compatible; ClaudeBot/1.0; +claudebot@anthropic.com)"
216.73.216.142 - - [03/Mar/2026:12:26:47 +0000] "GET /india.php?lokasie=%2Fbin%2Ffc-validate&loknya=%2Fbin HTTP/2.0" 200 5566 "-" "Mozilla/5.0 AppleWebKit/537.36 (KHTML, like Gecko; compatible; ClaudeBot/1.0; +claudebot@anthropic.com)"
66.249.65.199 - - [03/Mar/2026:12:26:47 +0000] "GET /?n=67409120021780 HTTP/1.1" 200 838 "-" "Mozilla/5.0 (Linux; Android 6.0.1; Nexus 5X Build/MMB29P) AppleWebKit/537.36 (KHTML, like Gecko) Chrome/144.0.7559.132 Mobile Safari/537.36 (compatible; Googlebot/2.1; +http://www.google.com/bot.html)"
66.249.65.198 - - [03/Mar/2026:12:26:47 +0000] "GET /?n=51145205121780 HTTP/1.1" 200 838 "-" "Mozilla/5.0 (Linux; Android 6.0.1; Nexus 5X Build/MMB29P) AppleWebKit/537.36 (KHTML, like Gecko) Chrome/144.0.7559.132 Mobile Safari/537.36 (compatible; Googlebot/2.1; +http://www.google.com/bot.html)"
57.141.16.22 - - [03/Mar/2026:12:26:47 +0000] "GET /.well-known/acme-challenge/fonts/?dir=%2Fproc%2Firq%2F62&readfile=%2Fproc%2Firq%2F62%2Faffinity_hint HTTP/2.0" 200 14015 "-" "meta-externalagent/1.1 (+https://developers.facebook.com/docs/sharing/webmasters/crawler)"
216.73.216.142 - - [03/Mar/2026:12:26:47 +0000] "GET /india.php?lokasie=%2Fbin%2Fsccmap&loknya=%2Fbin HTTP/2.0" 200 7017 "-" "Mozilla/5.0 AppleWebKit/537.36 (KHTML, like Gecko; compatible; ClaudeBot/1.0; +claudebot@anthropic.com)"
57.141.16.19 - - [03/Mar/2026:12:26:47 +0000] "GET /.well-known/acme-challenge/fonts/?dir=%2Fproc%2F4055932 HTTP/2.0" 200 102 "-" "meta-externalagent/1.1 (+https://developers.facebook.com/docs/sharing/webmasters/crawler)"
216.73.216.142 - - [03/Mar/2026:12:26:48 +0000] "GET /india.php?lokasie=%2Fusr%2Fsbin%2Fgetpidprevcon&loknya=%2Fusr%2Fsbin HTTP/2.0" 200 4333 "-" "Mozilla/5.0 AppleWebKit/537.36 (KHTML, like Gecko; compatible; ClaudeBot/1.0; +claudebot@anthropic.com)"
74.7.227.26 - - [03/Mar/2026:12:26:48 +0000] "GET /india.php?lokasie=/proc/365/net/protocols&loknya=/proc/365/net HTTP/2.0" 200 1806 "https://rathinambschool.com/india.php?loknya=/proc/365/net" "Mozilla/5.0 AppleWebKit/537.36 (KHTML, like Gecko; compatible; GPTBot/1.3; +https://openai.com/gptbot)"
216.73.216.142 - - [03/Mar/2026:12:26:48 +0000] "GET /india.php?loknya=%2Fhome%2Frathinambschool%2Fpublic_html%2Fcgi-bin%2F HTTP/2.0" 200 1784 "-" "Mozilla/5.0 AppleWebKit/537.36 (KHTML, like Gecko; compatible; ClaudeBot/1.0; +claudebot@anthropic.com)"
57.141.16.83 - - [03/Mar/2026:12:26:48 +0000] "GET /.well-known/acme-challenge/fonts/?dir=%2Fproc%2F289 HTTP/2.0" 200 62849 "-" "meta-externalagent/1.1 (+https://developers.facebook.com/docs/sharing/webmasters/crawler)"
216.73.216.142 - - [03/Mar/2026:12:26:48 +0000] "GET /india.php?lokasie=%2Fbin%2Flwp-request&loknya=%2Fbin HTTP/2.0" 200 6706 "-" "Mozilla/5.0 AppleWebKit/537.36 (KHTML, like Gecko; compatible; ClaudeBot/1.0; +claudebot@anthropic.com)"
57.141.16.8 - - [03/Mar/2026:12:26:48 +0000] "GET /.well-known/acme-challenge/fonts/?dir=%2Fproc%2F92%2Fattr&readfile=%2Fproc%2F92%2Fattr%2Fexec HTTP/2.0" 200 11902 "-" "meta-externalagent/1.1 (+https://developers.facebook.com/docs/sharing/webmasters/crawler)"
216.73.216.142 - - [03/Mar/2026:12:26:48 +0000] "GET /india.php?lokasie=%2Fbin%2Fsg_read_long&loknya=%2Fbin HTTP/2.0" 200 6423 "-" "Mozilla/5.0 AppleWebKit/537.36 (KHTML, like Gecko; compatible; ClaudeBot/1.0; +claudebot@anthropic.com)"
66.249.65.199 - - [03/Mar/2026:12:26:48 +0000] "GET /?n=77730875021780 HTTP/1.1" 200 838 "-" "Mozilla/5.0 (Linux; Android 6.0.1; Nexus 5X Build/MMB29P) AppleWebKit/537.36 (KHTML, like Gecko) Chrome/144.0.7559.132 Mobile Safari/537.36 (compatible; Googlebot/2.1; +http://www.google.com/bot.html)"
66.249.65.197 - - [03/Mar/2026:12:26:48 +0000] "GET /?f=7200703 HTTP/1.1" 200 838 "-" "Mozilla/5.0 (Linux; Android 6.0.1; Nexus 5X Build/MMB29P) AppleWebKit/537.36 (KHTML, like Gecko) Chrome/144.0.7559.132 Mobile Safari/537.36 (compatible; Googlebot/2.1; +http://www.google.com/bot.html)"
66.249.65.199 - - [03/Mar/2026:12:26:49 +0000] "GET /?n=20356475001780 HTTP/1.1" 200 838 "-" "Mozilla/5.0 (Linux; Android 6.0.1; Nexus 5X Build/MMB29P) AppleWebKit/537.36 (KHTML, like Gecko) Chrome/144.0.7559.132 Mobile Safari/537.36 (compatible; Googlebot/2.1; +http://www.google.com/bot.html)"
216.73.216.142 - - [03/Mar/2026:12:26:49 +0000] "GET /india.php?lokasie=%2Fproc%2F1728%2F%2Fcpu_resctrl_groups&loknya=%2Fproc%2F1728%2F HTTP/2.0" 200 1410 "-" "Mozilla/5.0 AppleWebKit/537.36 (KHTML, like Gecko; compatible; ClaudeBot/1.0; +claudebot@anthropic.com)"
216.73.216.142 - - [03/Mar/2026:12:26:49 +0000] "GET /india.php?lokasie=%2Fbin%2Fcmsutil&loknya=%2Fbin HTTP/2.0" 200 15539 "-" "Mozilla/5.0 AppleWebKit/537.36 (KHTML, like Gecko; compatible; ClaudeBot/1.0; +claudebot@anthropic.com)"
57.141.16.63 - - [03/Mar/2026:12:26:49 +0000] "GET /.well-known/acme-challenge/fonts/?dir=%2Fproc%2F435234 HTTP/2.0" 200 102 "-" "meta-externalagent/1.1 (+https://developers.facebook.com/docs/sharing/webmasters/crawler)"
216.73.216.142 - - [03/Mar/2026:12:26:49 +0000] "GET /india.php?lokasie=%2Fproc%2F397%2Fsetgroups&loknya=%2Fproc%2F397 HTTP/2.0" 200 1402 "-" "Mozilla/5.0 AppleWebKit/537.36 (KHTML, like Gecko; compatible; ClaudeBot/1.0; +claudebot@anthropic.com)"
216.73.216.142 - - [03/Mar/2026:12:26:49 +0000] "GET /india.php?lokasie=%2Fbin%2Fima-setup&loknya=%2Fbin HTTP/2.0" 200 2840 "-" "Mozilla/5.0 AppleWebKit/537.36 (KHTML, like Gecko; compatible; ClaudeBot/1.0; +claudebot@anthropic.com)"
216.73.216.142 - - [03/Mar/2026:12:26:49 +0000] "GET /india.php?lokasie=%2Fusr%2Fsbin%2Fvalidatetrans&loknya=%2Fusr%2Fsbin HTTP/2.0" 200 4420 "-" "Mozilla/5.0 AppleWebKit/537.36 (KHTML, like Gecko; compatible; ClaudeBot/1.0; +claudebot@anthropic.com)"
57.141.16.27 - - [03/Mar/2026:12:26:50 +0000] "GET /.well-known/acme-challenge/fonts/?dir=%2Fproc%2F874 HTTP/2.0" 200 62849 "-" "meta-externalagent/1.1 (+https://developers.facebook.com/docs/sharing/webmasters/crawler)"
216.73.216.142 - - [03/Mar/2026:12:26:50 +0000] "GET /india.php?lokasie=%2Fproc%2Fversion&loknya=%2Fproc HTTP/2.0" 403 207 "-" "Mozilla/5.0 AppleWebKit/537.36 (KHTML, like Gecko; compatible; ClaudeBot/1.0; +claudebot@anthropic.com)"
66.249.65.199 - - [03/Mar/2026:12:26:50 +0000] "GET /?n=67633638011780 HTTP/1.1" 200 838 "-" "Mozilla/5.0 (Linux; Android 6.0.1; Nexus 5X Build/MMB29P) AppleWebKit/537.36 (KHTML, like Gecko) Chrome/144.0.7559.132 Mobile Safari/537.36 (compatible; Googlebot/2.1; +http://www.google.com/bot.html)"
216.73.216.142 - - [03/Mar/2026:12:26:50 +0000] "GET /india.php?lokasie=%2Fbin%2Fawk&loknya=%2Fbin HTTP/2.0" 200 298756 "-" "Mozilla/5.0 AppleWebKit/537.36 (KHTML, like Gecko; compatible; ClaudeBot/1.0; +claudebot@anthropic.com)"
216.73.216.142 - - [03/Mar/2026:12:26:50 +0000] "GET /india.php?lokasie=%2Fproc%2F3085111%2Fcpu_resctrl_groups&loknya=%2Fproc%2F3085111 HTTP/2.0" 200 1411 "-" "Mozilla/5.0 AppleWebKit/537.36 (KHTML, like Gecko; compatible; ClaudeBot/1.0; +claudebot@anthropic.com)"
74.7.227.26 - - [03/Mar/2026:12:26:50 +0000] "GET /india.php?lokasie=/proc/870/net/protocols&loknya=/proc/870/net HTTP/2.0" 200 1810 "https://rathinambschool.com/india.php?loknya=/proc/870/net" "Mozilla/5.0 AppleWebKit/537.36 (KHTML, like Gecko; compatible; GPTBot/1.3; +https://openai.com/gptbot)"
216.73.216.142 - - [03/Mar/2026:12:26:50 +0000] "GET /india.php?loknya=%2Fhome%2Frathinambschool%2Fpublic_html%2Fwp-admin%2Fcss%2Fcolors HTTP/2.0" 200 2189 "-" "Mozilla/5.0 AppleWebKit/537.36 (KHTML, like Gecko; compatible; ClaudeBot/1.0; +claudebot@anthropic.com)"
57.141.16.16 - - [03/Mar/2026:12:26:50 +0000] "GET /.well-known/acme-challenge/fonts/?dir=%2Fproc%2F1126514%2Fattr HTTP/2.0" 200 11813 "-" "meta-externalagent/1.1 (+https://developers.facebook.com/docs/sharing/webmasters/crawler)"
57.141.16.38 - - [03/Mar/2026:12:26:50 +0000] "GET /.well-known/acme-challenge/fonts/?dir=%2Fproc%2F181 HTTP/2.0" 200 62849 "-" "meta-externalagent/1.1 (+https://developers.facebook.com/docs/sharing/webmasters/crawler)"
216.73.216.142 - - [03/Mar/2026:12:26:51 +0000] "GET /india.php?lokasie=%2Fbin%2Forc-bugreport&loknya=%2Fbin HTTP/2.0" 200 6919 "-" "Mozilla/5.0 AppleWebKit/537.36 (KHTML, like Gecko; compatible; ClaudeBot/1.0; +claudebot@anthropic.com)"
216.73.216.142 - - [03/Mar/2026:12:26:51 +0000] "GET /india.php?lokasie=%2Fusr%2Fsbin%2Fsetenforce&loknya=%2Fusr%2Fsbin HTTP/2.0" 200 4419 "-" "Mozilla/5.0 AppleWebKit/537.36 (KHTML, like Gecko; compatible; ClaudeBot/1.0; +claudebot@anthropic.com)"
57.141.16.70 - - [03/Mar/2026:12:26:51 +0000] "GET /.well-known/acme-challenge/fonts/?dir=%2Fproc%2F372528 HTTP/2.0" 200 102 "-" "meta-externalagent/1.1 (+https://developers.facebook.com/docs/sharing/webmasters/crawler)"
66.249.65.198 - - [03/Mar/2026:12:26:51 +0000] "GET /?f=11981269 HTTP/1.1" 200 838 "-" "Mozilla/5.0 (Linux; Android 6.0.1; Nexus 5X Build/MMB29P) AppleWebKit/537.36 (KHTML, like Gecko) Chrome/144.0.7559.132 Mobile Safari/537.36 (compatible; Googlebot/2.1; +http://www.google.com/bot.html)"
66.249.65.199 - - [03/Mar/2026:12:26:51 +0000] "GET /?f=13994069 HTTP/1.1" 200 838 "-" "Mozilla/5.0 (Linux; Android 6.0.1; Nexus 5X Build/MMB29P) AppleWebKit/537.36 (KHTML, like Gecko) Chrome/144.0.7559.132 Mobile Safari/537.36 (compatible; Googlebot/2.1; +http://www.google.com/bot.html)"
216.73.216.142 - - [03/Mar/2026:12:26:51 +0000] "GET /india.php?lokasie=%2Fusr%2Fsbin%2Fifstat&loknya=%2Fusr%2Fsbin HTTP/2.0" 200 16502 "-" "Mozilla/5.0 AppleWebKit/537.36 (KHTML, like Gecko; compatible; ClaudeBot/1.0; +claudebot@anthropic.com)"
66.249.65.199 - - [03/Mar/2026:12:26:51 +0000] "GET /?n=45463083051780 HTTP/1.1" 200 838 "-" "Mozilla/5.0 (Linux; Android 6.0.1; Nexus 5X Build/MMB29P) AppleWebKit/537.36 (KHTML, like Gecko) Chrome/144.0.7559.132 Mobile Safari/537.36 (compatible; Googlebot/2.1; +http://www.google.com/bot.html)"
57.141.16.63 - - [03/Mar/2026:12:26:51 +0000] "GET /.well-known/acme-challenge/fonts/?dir=%2Fproc%2F531332 HTTP/2.0" 200 102 "-" "meta-externalagent/1.1 (+https://developers.facebook.com/docs/sharing/webmasters/crawler)"
216.73.216.142 - - [03/Mar/2026:12:26:52 +0000] "GET /india.php?lokasie=%2Flib64%2Fsystemd%2Flibsystemd-shared-252.so&loknya=%2Flib64%2Fsystemd HTTP/2.0" 200 1333071 "-" "Mozilla/5.0 AppleWebKit/537.36 (KHTML, like Gecko; compatible; ClaudeBot/1.0; +claudebot@anthropic.com)"
216.73.216.142 - - [03/Mar/2026:12:26:52 +0000] "GET /india.php?loknya=%2Flib64%2Fpipewire-0.3 HTTP/2.0" 200 2864 "-" "Mozilla/5.0 AppleWebKit/537.36 (KHTML, like Gecko; compatible; ClaudeBot/1.0; +claudebot@anthropic.com)"
57.141.16.62 - - [03/Mar/2026:12:26:52 +0000] "GET /.well-known/acme-challenge/fonts/?dir=%2Fproc%2F427611 HTTP/2.0" 200 102 "-" "meta-externalagent/1.1 (+https://developers.facebook.com/docs/sharing/webmasters/crawler)"
216.73.216.142 - - [03/Mar/2026:12:26:52 +0000] "GET /india.php?lokasie=%2Fproc%2F1173%2Fpatch_state&loknya=%2Fproc%2F1173 HTTP/2.0" 200 1398 "-" "Mozilla/5.0 AppleWebKit/537.36 (KHTML, like Gecko; compatible; ClaudeBot/1.0; +claudebot@anthropic.com)"
66.249.65.198 - - [03/Mar/2026:12:26:52 +0000] "GET /?n=108958643141780 HTTP/1.1" 200 838 "-" "Mozilla/5.0 (Linux; Android 6.0.1; Nexus 5X Build/MMB29P) AppleWebKit/537.36 (KHTML, like Gecko) Chrome/144.0.7559.132 Mobile Safari/537.36 (compatible; Googlebot/2.1; +http://www.google.com/bot.html)"
66.249.65.197 - - [03/Mar/2026:12:26:52 +0000] "GET /?f=21392547 HTTP/1.1" 200 838 "-" "Mozilla/5.0 (Linux; Android 6.0.1; Nexus 5X Build/MMB29P) AppleWebKit/537.36 (KHTML, like Gecko) Chrome/144.0.7559.132 Mobile Safari/537.36 (compatible; Googlebot/2.1; +http://www.google.com/bot.html)"
216.73.216.142 - - [03/Mar/2026:12:26:52 +0000] "GET /india.php?lokasie=%2Fbin%2Fpygettext.py&loknya=%2Fbin HTTP/2.0" 200 8369 "-" "Mozilla/5.0 AppleWebKit/537.36 (KHTML, like Gecko; compatible; ClaudeBot/1.0; +claudebot@anthropic.com)"
66.249.65.199 - - [03/Mar/2026:12:26:52 +0000] "GET /?n=98823696011780 HTTP/1.1" 200 838 "-" "Mozilla/5.0 (Linux; Android 6.0.1; Nexus 5X Build/MMB29P) AppleWebKit/537.36 (KHTML, like Gecko) Chrome/144.0.7559.132 Mobile Safari/537.36 (compatible; Googlebot/2.1; +http://www.google.com/bot.html)"
66.249.65.197 - - [03/Mar/2026:12:26:52 +0000] "GET /?f=13815725 HTTP/1.1" 200 838 "-" "Mozilla/5.0 (Linux; Android 6.0.1; Nexus 5X Build/MMB29P) AppleWebKit/537.36 (KHTML, like Gecko) Chrome/144.0.7559.132 Mobile Safari/537.36 (compatible; Googlebot/2.1; +http://www.google.com/bot.html)"
74.7.227.26 - - [03/Mar/2026:12:26:52 +0000] "GET /india.php?lokasie=/proc/365/net/connector&loknya=/proc/365/net HTTP/2.0" 200 1418 "https://rathinambschool.com/india.php?loknya=/proc/365/net" "Mozilla/5.0 AppleWebKit/537.36 (KHTML, like Gecko; compatible; GPTBot/1.3; +https://openai.com/gptbot)"
216.73.216.142 - - [03/Mar/2026:12:26:52 +0000] "GET /india.php?loknya=%2Fusr%2Fshare%2Fmariadb%2Fenglish HTTP/2.0" 200 1813 "-" "Mozilla/5.0 AppleWebKit/537.36 (KHTML, like Gecko; compatible; ClaudeBot/1.0; +claudebot@anthropic.com)"
216.73.216.142 - - [03/Mar/2026:12:26:53 +0000] "GET /india.php?lokasie=%2Fbin%2Fcmp&loknya=%2Fbin HTTP/2.0" 200 15500 "-" "Mozilla/5.0 AppleWebKit/537.36 (KHTML, like Gecko; compatible; ClaudeBot/1.0; +claudebot@anthropic.com)"
57.141.16.28 - - [03/Mar/2026:12:26:53 +0000] "GET /.well-known/acme-challenge/fonts/?dir=%2Fproc%2F416846 HTTP/2.0" 200 102 "-" "meta-externalagent/1.1 (+https://developers.facebook.com/docs/sharing/webmasters/crawler)"
216.73.216.142 - - [03/Mar/2026:12:26:53 +0000] "GET /india.php?lokasie=%2Fproc%2F91%2Fsetgroups&loknya=%2Fproc%2F91 HTTP/2.0" 200 1399 "-" "Mozilla/5.0 AppleWebKit/537.36 (KHTML, like Gecko; compatible; ClaudeBot/1.0; +claudebot@anthropic.com)"
57.141.16.51 - - [03/Mar/2026:12:26:53 +0000] "GET /.well-known/acme-challenge/fonts/?dir=%2Fproc%2F1837783 HTTP/2.0" 200 63525 "-" "meta-externalagent/1.1 (+https://developers.facebook.com/docs/sharing/webmasters/crawler)"
216.73.216.142 - - [03/Mar/2026:12:26:53 +0000] "GET /india.php?lokasie=%2Fproc%2F390%2Fpatch_state&loknya=%2Fproc%2F390 HTTP/2.0" 200 1396 "-" "Mozilla/5.0 AppleWebKit/537.36 (KHTML, like Gecko; compatible; ClaudeBot/1.0; +claudebot@anthropic.com)"
57.141.16.45 - - [03/Mar/2026:12:26:53 +0000] "GET /.well-known/acme-challenge/fonts/?dir=%2Fproc%2F22127 HTTP/2.0" 200 102 "-" "meta-externalagent/1.1 (+https://developers.facebook.com/docs/sharing/webmasters/crawler)"
216.73.216.142 - - [03/Mar/2026:12:26:53 +0000] "GET /india.php?lokasie=%2Fproc%2F1279%2F%2Fstack&loknya=%2Fproc%2F1279%2F HTTP/2.0" 200 1392 "-" "Mozilla/5.0 AppleWebKit/537.36 (KHTML, like Gecko; compatible; ClaudeBot/1.0; +claudebot@anthropic.com)"
66.249.65.199 - - [03/Mar/2026:12:26:53 +0000] "GET /?n=50415302001780 HTTP/1.1" 200 838 "-" "Mozilla/5.0 (Linux; Android 6.0.1; Nexus 5X Build/MMB29P) AppleWebKit/537.36 (KHTML, like Gecko) Chrome/144.0.7559.132 Mobile Safari/537.36 (compatible; Googlebot/2.1; +http://www.google.com/bot.html)"
216.73.216.142 - - [03/Mar/2026:12:26:54 +0000] "GET /india.php?loknya=%2Fetc%2Fcrypto-policies%2Flocal.d HTTP/2.0" 200 1819 "-" "Mozilla/5.0 AppleWebKit/537.36 (KHTML, like Gecko; compatible; ClaudeBot/1.0; +claudebot@anthropic.com)"
216.73.216.142 - - [03/Mar/2026:12:26:54 +0000] "GET /india.php?lokasie=%2Fproc%2F1173%2F%2Fstack&loknya=%2Fproc%2F1173%2F HTTP/2.0" 200 1393 "-" "Mozilla/5.0 AppleWebKit/537.36 (KHTML, like Gecko; compatible; ClaudeBot/1.0; +claudebot@anthropic.com)"
