57.141.16.95 - - [03/Mar/2026:12:20:21 +0000] "GET /.well-known/acme-challenge/fonts/?dir=%2Fproc%2F169&readfile=%2Fproc%2F169%2Fstack HTTP/2.0" 200 62959 "-" "meta-externalagent/1.1 (+https://developers.facebook.com/docs/sharing/webmasters/crawler)"
74.7.227.26 - - [03/Mar/2026:12:20:22 +0000] "GET /india.php?lokasie=/proc/912/net/igmp&loknya=/proc/912/net HTTP/2.0" 200 1475 "https://rathinambschool.com/india.php?loknya=/proc/912/net" "Mozilla/5.0 AppleWebKit/537.36 (KHTML, like Gecko; compatible; GPTBot/1.3; +https://openai.com/gptbot)"
216.73.216.142 - - [03/Mar/2026:12:20:22 +0000] "GET /india.php?loknya=%2Fproc%2F358%2Ffdinfo HTTP/2.0" 200 1629 "-" "Mozilla/5.0 AppleWebKit/537.36 (KHTML, like Gecko; compatible; ClaudeBot/1.0; +claudebot@anthropic.com)"
216.73.216.142 - - [03/Mar/2026:12:20:22 +0000] "GET /india.php?loknya=%2Fproc%2F45192%2Ffdinfo HTTP/2.0" 200 1636 "-" "Mozilla/5.0 AppleWebKit/537.36 (KHTML, like Gecko; compatible; ClaudeBot/1.0; +claudebot@anthropic.com)"
57.141.16.74 - - [03/Mar/2026:12:20:22 +0000] "GET /.well-known/acme-challenge/fonts/?dir=%2Fproc%2F155&readfile=%2Fproc%2F155%2Fpersonality HTTP/2.0" 200 62959 "-" "meta-externalagent/1.1 (+https://developers.facebook.com/docs/sharing/webmasters/crawler)"
216.73.216.142 - - [03/Mar/2026:12:20:22 +0000] "GET /india.php?loknya=%2Fproc%2F741%2Ffdinfo HTTP/2.0" 200 1629 "-" "Mozilla/5.0 AppleWebKit/537.36 (KHTML, like Gecko; compatible; ClaudeBot/1.0; +claudebot@anthropic.com)"
216.73.216.142 - - [03/Mar/2026:12:20:22 +0000] "GET /india.php?loknya=%2Fproc%2F103%2Fns HTTP/2.0" 200 1629 "-" "Mozilla/5.0 AppleWebKit/537.36 (KHTML, like Gecko; compatible; ClaudeBot/1.0; +claudebot@anthropic.com)"
66.249.65.197 - - [03/Mar/2026:12:20:22 +0000] "GET /?n=35198103061780 HTTP/1.1" 200 836 "-" "Mozilla/5.0 (Linux; Android 6.0.1; Nexus 5X Build/MMB29P) AppleWebKit/537.36 (KHTML, like Gecko) Chrome/144.0.7559.132 Mobile Safari/537.36 (compatible; Googlebot/2.1; +http://www.google.com/bot.html)"
66.249.65.197 - - [03/Mar/2026:12:20:22 +0000] "GET /?n=114447617061780 HTTP/1.1" 200 836 "-" "Mozilla/5.0 (Linux; Android 6.0.1; Nexus 5X Build/MMB29P) AppleWebKit/537.36 (KHTML, like Gecko) Chrome/144.0.7559.132 Mobile Safari/537.36 (compatible; Googlebot/2.1; +http://www.google.com/bot.html)"
66.249.65.197 - - [03/Mar/2026:12:20:22 +0000] "GET /?n=51540558031780 HTTP/1.1" 200 836 "-" "Mozilla/5.0 (Linux; Android 6.0.1; Nexus 5X Build/MMB29P) AppleWebKit/537.36 (KHTML, like Gecko) Chrome/144.0.7559.132 Mobile Safari/537.36 (compatible; Googlebot/2.1; +http://www.google.com/bot.html)"
216.73.216.142 - - [03/Mar/2026:12:20:23 +0000] "GET /india.php?loknya=%2Fproc%2F11%2Ffdinfo HTTP/2.0" 200 1630 "-" "Mozilla/5.0 AppleWebKit/537.36 (KHTML, like Gecko; compatible; ClaudeBot/1.0; +claudebot@anthropic.com)"
216.73.216.142 - - [03/Mar/2026:12:20:23 +0000] "GET /india.php?loknya=%2Fproc%2F42%2Fns HTTP/2.0" 200 1628 "-" "Mozilla/5.0 AppleWebKit/537.36 (KHTML, like Gecko; compatible; ClaudeBot/1.0; +claudebot@anthropic.com)"
216.73.216.142 - - [03/Mar/2026:12:20:23 +0000] "GET /india.php?loknya=%2Fproc%2F62%2Ffdinfo HTTP/2.0" 200 1629 "-" "Mozilla/5.0 AppleWebKit/537.36 (KHTML, like Gecko; compatible; ClaudeBot/1.0; +claudebot@anthropic.com)"
57.141.16.16 - - [03/Mar/2026:12:20:23 +0000] "GET /.well-known/acme-challenge/fonts/?dir=%2Fproc%2F169%2Fattr HTTP/2.0" 200 11705 "-" "meta-externalagent/1.1 (+https://developers.facebook.com/docs/sharing/webmasters/crawler)"
57.141.16.72 - - [03/Mar/2026:12:20:23 +0000] "GET /.well-known/acme-challenge/fonts/?dir=%2Fproc%2F410%2Ftask%2F410&readfile=%2Fproc%2F410%2Ftask%2F410%2Fcomm HTTP/2.0" 200 57787 "-" "meta-externalagent/1.1 (+https://developers.facebook.com/docs/sharing/webmasters/crawler)"
216.73.216.142 - - [03/Mar/2026:12:20:23 +0000] "GET /india.php?loknya=%2Fproc%2F36%2Ffdinfo HTTP/2.0" 200 1629 "-" "Mozilla/5.0 AppleWebKit/537.36 (KHTML, like Gecko; compatible; ClaudeBot/1.0; +claudebot@anthropic.com)"
216.73.216.142 - - [03/Mar/2026:12:20:23 +0000] "GET /india.php?loknya=%2Fproc%2F572%2Ffdinfo HTTP/2.0" 200 1629 "-" "Mozilla/5.0 AppleWebKit/537.36 (KHTML, like Gecko; compatible; ClaudeBot/1.0; +claudebot@anthropic.com)"
57.141.16.45 - - [03/Mar/2026:12:20:23 +0000] "GET /.well-known/acme-challenge/fonts/?dir=%2Fproc%2F169&readfile=%2Fproc%2F169%2Fmountstats HTTP/2.0" 200 62959 "-" "meta-externalagent/1.1 (+https://developers.facebook.com/docs/sharing/webmasters/crawler)"
66.249.65.197 - - [03/Mar/2026:12:20:24 +0000] "GET /?f=2448692 HTTP/1.1" 200 836 "-" "Mozilla/5.0 (Linux; Android 6.0.1; Nexus 5X Build/MMB29P) AppleWebKit/537.36 (KHTML, like Gecko) Chrome/144.0.7559.132 Mobile Safari/537.36 (compatible; Googlebot/2.1; +http://www.google.com/bot.html)"
74.7.227.26 - - [03/Mar/2026:12:20:24 +0000] "GET /india.php?lokasie=/proc/287/net/unix&loknya=/proc/287/net HTTP/2.0" 200 8622 "https://rathinambschool.com/india.php?loknya=/proc/287/net" "Mozilla/5.0 AppleWebKit/537.36 (KHTML, like Gecko; compatible; GPTBot/1.3; +https://openai.com/gptbot)"
216.73.216.142 - - [03/Mar/2026:12:20:24 +0000] "GET /india.php?loknya=%2Fproc%2F93%2Ffdinfo HTTP/2.0" 200 1628 "-" "Mozilla/5.0 AppleWebKit/537.36 (KHTML, like Gecko; compatible; ClaudeBot/1.0; +claudebot@anthropic.com)"
216.73.216.142 - - [03/Mar/2026:12:20:24 +0000] "GET /india.php?loknya=%2Fproc%2F81%2Fns HTTP/2.0" 200 1628 "-" "Mozilla/5.0 AppleWebKit/537.36 (KHTML, like Gecko; compatible; ClaudeBot/1.0; +claudebot@anthropic.com)"
57.141.16.19 - - [03/Mar/2026:12:20:24 +0000] "GET /.well-known/acme-challenge/fonts/?dir=%2Fproc%2F155%2Ffd HTTP/2.0" 200 5373 "-" "meta-externalagent/1.1 (+https://developers.facebook.com/docs/sharing/webmasters/crawler)"
216.73.216.142 - - [03/Mar/2026:12:20:24 +0000] "GET /india.php?loknya=%2Fproc%2F137%2Fns HTTP/2.0" 200 1628 "-" "Mozilla/5.0 AppleWebKit/537.36 (KHTML, like Gecko; compatible; ClaudeBot/1.0; +claudebot@anthropic.com)"
216.73.216.142 - - [03/Mar/2026:12:20:24 +0000] "GET /india.php?loknya=%2Fproc%2F209%2Fns HTTP/2.0" 200 1627 "-" "Mozilla/5.0 AppleWebKit/537.36 (KHTML, like Gecko; compatible; ClaudeBot/1.0; +claudebot@anthropic.com)"
57.141.16.6 - - [03/Mar/2026:12:20:24 +0000] "GET /.well-known/acme-challenge/fonts/?dir=%2Fproc%2F165&readfile=%2Fproc%2F165%2Fcwd HTTP/2.0" 200 62958 "-" "meta-externalagent/1.1 (+https://developers.facebook.com/docs/sharing/webmasters/crawler)"
216.73.216.142 - - [03/Mar/2026:12:20:25 +0000] "GET /india.php?loknya=%2Fproc%2F345%2Fns HTTP/2.0" 200 1629 "-" "Mozilla/5.0 AppleWebKit/537.36 (KHTML, like Gecko; compatible; ClaudeBot/1.0; +claudebot@anthropic.com)"
66.249.65.197 - - [03/Mar/2026:12:20:25 +0000] "GET /?n=74645590051780 HTTP/1.1" 200 836 "-" "Mozilla/5.0 (Linux; Android 6.0.1; Nexus 5X Build/MMB29P) AppleWebKit/537.36 (KHTML, like Gecko) Chrome/144.0.7559.132 Mobile Safari/537.36 (compatible; Googlebot/2.1; +http://www.google.com/bot.html)"
216.73.216.142 - - [03/Mar/2026:12:20:25 +0000] "GET /india.php?loknya=%2Fproc%2F394%2Fns HTTP/2.0" 200 1627 "-" "Mozilla/5.0 AppleWebKit/537.36 (KHTML, like Gecko; compatible; ClaudeBot/1.0; +claudebot@anthropic.com)"
66.249.65.197 - - [03/Mar/2026:12:20:25 +0000] "GET /?n=13484622011780 HTTP/1.1" 200 836 "-" "Mozilla/5.0 (Linux; Android 6.0.1; Nexus 5X Build/MMB29P) AppleWebKit/537.36 (KHTML, like Gecko) Chrome/144.0.7559.132 Mobile Safari/537.36 (compatible; Googlebot/2.1; +http://www.google.com/bot.html)"
57.141.16.31 - - [03/Mar/2026:12:20:25 +0000] "GET /.well-known/acme-challenge/fonts/?dir=%2Fproc%2F169%2Fns HTTP/2.0" 200 5373 "-" "meta-externalagent/1.1 (+https://developers.facebook.com/docs/sharing/webmasters/crawler)"
216.73.216.142 - - [03/Mar/2026:12:20:25 +0000] "GET /india.php?loknya=%2Fproc%2F189%2Fns HTTP/2.0" 200 1627 "-" "Mozilla/5.0 AppleWebKit/537.36 (KHTML, like Gecko; compatible; ClaudeBot/1.0; +claudebot@anthropic.com)"
216.73.216.142 - - [03/Mar/2026:12:20:25 +0000] "GET /india.php?loknya=%2Fproc%2F387%2Fns HTTP/2.0" 200 1628 "-" "Mozilla/5.0 AppleWebKit/537.36 (KHTML, like Gecko; compatible; ClaudeBot/1.0; +claudebot@anthropic.com)"
66.249.65.197 - - [03/Mar/2026:12:20:25 +0000] "GET /?n=75815391011780 HTTP/1.1" 200 836 "-" "Mozilla/5.0 (Linux; Android 6.0.1; Nexus 5X Build/MMB29P) AppleWebKit/537.36 (KHTML, like Gecko) Chrome/144.0.7559.132 Mobile Safari/537.36 (compatible; Googlebot/2.1; +http://www.google.com/bot.html)"
216.73.216.142 - - [03/Mar/2026:12:20:25 +0000] "GET /india.php?loknya=%2Fproc%2F61%2Fns HTTP/2.0" 200 1628 "-" "Mozilla/5.0 AppleWebKit/537.36 (KHTML, like Gecko; compatible; ClaudeBot/1.0; +claudebot@anthropic.com)"
66.249.65.197 - - [03/Mar/2026:12:20:25 +0000] "GET /?f=7867258 HTTP/1.1" 200 836 "-" "Mozilla/5.0 (Linux; Android 6.0.1; Nexus 5X Build/MMB29P) AppleWebKit/537.36 (KHTML, like Gecko) Chrome/145.0.7632.116 Mobile Safari/537.36 (compatible; Googlebot/2.1; +http://www.google.com/bot.html)"
57.141.16.45 - - [03/Mar/2026:12:20:25 +0000] "GET /.well-known/acme-challenge/fonts/?dir=%2Fproc%2F1169&readfile=%2Fproc%2F1169%2Fio HTTP/2.0" 200 63128 "-" "meta-externalagent/1.1 (+https://developers.facebook.com/docs/sharing/webmasters/crawler)"
216.73.216.142 - - [03/Mar/2026:12:20:26 +0000] "GET /india.php?loknya=%2Fproc%2F368%2Fns HTTP/2.0" 200 1629 "-" "Mozilla/5.0 AppleWebKit/537.36 (KHTML, like Gecko; compatible; ClaudeBot/1.0; +claudebot@anthropic.com)"
74.7.227.26 - - [03/Mar/2026:12:20:26 +0000] "GET /india.php?lokasie=/proc/366/net/dev_mcast&loknya=/proc/366/net HTTP/2.0" 200 1448 "https://rathinambschool.com/india.php?loknya=/proc/366/net" "Mozilla/5.0 AppleWebKit/537.36 (KHTML, like Gecko; compatible; GPTBot/1.3; +https://openai.com/gptbot)"
57.141.16.37 - - [03/Mar/2026:12:20:26 +0000] "GET /.well-known/acme-challenge/fonts/?dir=%2Fproc%2F169&readfile=%2Fproc%2F169%2Fsched HTTP/2.0" 200 64783 "-" "meta-externalagent/1.1 (+https://developers.facebook.com/docs/sharing/webmasters/crawler)"
216.73.216.142 - - [03/Mar/2026:12:20:26 +0000] "GET /india.php?loknya=%2Fproc%2F929278%2Ftask HTTP/2.0" 200 1746 "-" "Mozilla/5.0 AppleWebKit/537.36 (KHTML, like Gecko; compatible; ClaudeBot/1.0; +claudebot@anthropic.com)"
216.73.216.142 - - [03/Mar/2026:12:20:26 +0000] "GET /india.php?loknya=%2Fproc%2F176%2Fns HTTP/2.0" 200 1628 "-" "Mozilla/5.0 AppleWebKit/537.36 (KHTML, like Gecko; compatible; ClaudeBot/1.0; +claudebot@anthropic.com)"
216.73.216.142 - - [03/Mar/2026:12:20:26 +0000] "GET /india.php?loknya=%2Fproc%2F876%2Fns HTTP/2.0" 200 1627 "-" "Mozilla/5.0 AppleWebKit/537.36 (KHTML, like Gecko; compatible; ClaudeBot/1.0; +claudebot@anthropic.com)"
57.141.16.0 - - [03/Mar/2026:12:20:26 +0000] "GET /.well-known/acme-challenge/fonts/?dir=%2Fproc%2F106%2Fmap_files HTTP/2.0" 200 5428 "-" "meta-externalagent/1.1 (+https://developers.facebook.com/docs/sharing/webmasters/crawler)"
66.249.65.197 - - [03/Mar/2026:12:20:26 +0000] "GET /?f=15800692 HTTP/1.1" 200 836 "-" "Mozilla/5.0 (Linux; Android 6.0.1; Nexus 5X Build/MMB29P) AppleWebKit/537.36 (KHTML, like Gecko) Chrome/144.0.7559.132 Mobile Safari/537.36 (compatible; Googlebot/2.1; +http://www.google.com/bot.html)"
57.141.16.45 - - [03/Mar/2026:12:20:26 +0000] "GET /.well-known/acme-challenge/fonts/?dir=%2Fproc%2F172&readfile=%2Fproc%2F172%2Fexe HTTP/2.0" 200 62959 "-" "meta-externalagent/1.1 (+https://developers.facebook.com/docs/sharing/webmasters/crawler)"
66.249.65.197 - - [03/Mar/2026:12:20:26 +0000] "GET /?n=6590127091780 HTTP/1.1" 200 836 "-" "Mozilla/5.0 (Linux; Android 6.0.1; Nexus 5X Build/MMB29P) AppleWebKit/537.36 (KHTML, like Gecko) Chrome/144.0.7559.132 Mobile Safari/537.36 (compatible; Googlebot/2.1; +http://www.google.com/bot.html)"
66.249.65.197 - - [03/Mar/2026:12:20:27 +0000] "GET /?n=112721294001780 HTTP/1.1" 200 836 "-" "Mozilla/5.0 (Linux; Android 6.0.1; Nexus 5X Build/MMB29P) AppleWebKit/537.36 (KHTML, like Gecko) Chrome/144.0.7559.132 Mobile Safari/537.36 (compatible; Googlebot/2.1; +http://www.google.com/bot.html)"
66.249.65.197 - - [03/Mar/2026:12:20:27 +0000] "GET /?n=20899457081780 HTTP/1.1" 200 836 "-" "Mozilla/5.0 (Linux; Android 6.0.1; Nexus 5X Build/MMB29P) AppleWebKit/537.36 (KHTML, like Gecko) Chrome/144.0.7559.132 Mobile Safari/537.36 (compatible; Googlebot/2.1; +http://www.google.com/bot.html)"
66.249.65.197 - - [03/Mar/2026:12:20:27 +0000] "GET /?n=92687315011780 HTTP/1.1" 200 836 "-" "Mozilla/5.0 (Linux; Android 6.0.1; Nexus 5X Build/MMB29P) AppleWebKit/537.36 (KHTML, like Gecko) Chrome/144.0.7559.132 Mobile Safari/537.36 (compatible; Googlebot/2.1; +http://www.google.com/bot.html)"
66.249.65.197 - - [03/Mar/2026:12:20:27 +0000] "GET /?n=75767242071780 HTTP/1.1" 200 836 "-" "Mozilla/5.0 (Linux; Android 6.0.1; Nexus 5X Build/MMB29P) AppleWebKit/537.36 (KHTML, like Gecko) Chrome/144.0.7559.132 Mobile Safari/537.36 (compatible; Googlebot/2.1; +http://www.google.com/bot.html)"
216.73.216.142 - - [03/Mar/2026:12:20:27 +0000] "GET /india.php?loknya=%2Fproc%2F173%2Fns HTTP/2.0" 200 1628 "-" "Mozilla/5.0 AppleWebKit/537.36 (KHTML, like Gecko; compatible; ClaudeBot/1.0; +claudebot@anthropic.com)"
216.73.216.142 - - [03/Mar/2026:12:20:27 +0000] "GET /india.php?loknya=%2Fproc%2F182%2Fns HTTP/2.0" 200 1629 "-" "Mozilla/5.0 AppleWebKit/537.36 (KHTML, like Gecko; compatible; ClaudeBot/1.0; +claudebot@anthropic.com)"
66.249.65.197 - - [03/Mar/2026:12:20:27 +0000] "GET /?n=80825395011780 HTTP/1.1" 200 836 "-" "Mozilla/5.0 (Linux; Android 6.0.1; Nexus 5X Build/MMB29P) AppleWebKit/537.36 (KHTML, like Gecko) Chrome/144.0.7559.132 Mobile Safari/537.36 (compatible; Googlebot/2.1; +http://www.google.com/bot.html)"
216.73.216.142 - - [03/Mar/2026:12:20:27 +0000] "GET /india.php?loknya=%2Fproc%2F181%2Fns HTTP/2.0" 200 1628 "-" "Mozilla/5.0 AppleWebKit/537.36 (KHTML, like Gecko; compatible; ClaudeBot/1.0; +claudebot@anthropic.com)"
216.73.216.142 - - [03/Mar/2026:12:20:27 +0000] "GET /india.php?loknya=%2Fproc%2F276%2Ffdinfo HTTP/2.0" 200 1629 "-" "Mozilla/5.0 AppleWebKit/537.36 (KHTML, like Gecko; compatible; ClaudeBot/1.0; +claudebot@anthropic.com)"
57.141.16.6 - - [03/Mar/2026:12:20:27 +0000] "GET /.well-known/acme-challenge/fonts/?dir=%2Fproc%2F398&readfile=%2Fproc%2F398%2Fclear_refs HTTP/2.0" 200 62958 "-" "meta-externalagent/1.1 (+https://developers.facebook.com/docs/sharing/webmasters/crawler)"
66.249.65.197 - - [03/Mar/2026:12:20:27 +0000] "GET /?f=3619669 HTTP/1.1" 200 836 "-" "Mozilla/5.0 (Linux; Android 6.0.1; Nexus 5X Build/MMB29P) AppleWebKit/537.36 (KHTML, like Gecko) Chrome/144.0.7559.132 Mobile Safari/537.36 (compatible; Googlebot/2.1; +http://www.google.com/bot.html)"
216.73.216.142 - - [03/Mar/2026:12:20:27 +0000] "GET /india.php?loknya=%2Fproc%2F88%2Fns HTTP/2.0" 200 1628 "-" "Mozilla/5.0 AppleWebKit/537.36 (KHTML, like Gecko; compatible; ClaudeBot/1.0; +claudebot@anthropic.com)"
57.141.16.2 - - [03/Mar/2026:12:20:28 +0000] "GET /.well-known/acme-challenge/fonts/?dir=%2Fproc%2F165&readfile=%2Fproc%2F165%2Fksm_merging_pages HTTP/2.0" 200 62958 "-" "meta-externalagent/1.1 (+https://developers.facebook.com/docs/sharing/webmasters/crawler)"
216.73.216.142 - - [03/Mar/2026:12:20:28 +0000] "GET /india.php?loknya=%2Fproc%2F873%2Fns HTTP/2.0" 200 1627 "-" "Mozilla/5.0 AppleWebKit/537.36 (KHTML, like Gecko; compatible; ClaudeBot/1.0; +claudebot@anthropic.com)"
74.7.227.26 - - [03/Mar/2026:12:20:28 +0000] "GET /india.php?lokasie=/proc/284/net/unix&loknya=/proc/284/net HTTP/2.0" 200 8524 "https://rathinambschool.com/india.php?loknya=/proc/284/net" "Mozilla/5.0 AppleWebKit/537.36 (KHTML, like Gecko; compatible; GPTBot/1.3; +https://openai.com/gptbot)"
57.141.16.68 - - [03/Mar/2026:12:20:28 +0000] "GET /.well-known/acme-challenge/fonts/?dir=%2Fproc%2F106&readfile=%2Fproc%2F106%2Fcomm HTTP/2.0" 200 63087 "-" "meta-externalagent/1.1 (+https://developers.facebook.com/docs/sharing/webmasters/crawler)"
216.73.216.142 - - [03/Mar/2026:12:20:28 +0000] "GET /india.php?loknya=%2Fproc%2F278%2Fattr HTTP/2.0" 200 1921 "-" "Mozilla/5.0 AppleWebKit/537.36 (KHTML, like Gecko; compatible; ClaudeBot/1.0; +claudebot@anthropic.com)"
216.73.216.142 - - [03/Mar/2026:12:20:28 +0000] "GET /india.php?loknya=%2Fetc%2FX11 HTTP/2.0" 200 1853 "-" "Mozilla/5.0 AppleWebKit/537.36 (KHTML, like Gecko; compatible; ClaudeBot/1.0; +claudebot@anthropic.com)"
57.141.16.97 - - [03/Mar/2026:12:20:28 +0000] "GET /.well-known/acme-challenge/fonts/?dir=%2Fproc%2F183%2Fnet%2Frpc HTTP/2.0" 200 7243 "-" "meta-externalagent/1.1 (+https://developers.facebook.com/docs/sharing/webmasters/crawler)"
66.249.65.197 - - [03/Mar/2026:12:20:29 +0000] "GET /?n=88001850121780 HTTP/1.1" 200 836 "-" "Mozilla/5.0 (Linux; Android 6.0.1; Nexus 5X Build/MMB29P) AppleWebKit/537.36 (KHTML, like Gecko) Chrome/144.0.7559.132 Mobile Safari/537.36 (compatible; Googlebot/2.1; +http://www.google.com/bot.html)"
216.73.216.142 - - [03/Mar/2026:12:20:29 +0000] "GET /india.php?loknya=%2Fproc%2F175%2Fns HTTP/2.0" 200 1628 "-" "Mozilla/5.0 AppleWebKit/537.36 (KHTML, like Gecko; compatible; ClaudeBot/1.0; +claudebot@anthropic.com)"
66.249.65.197 - - [03/Mar/2026:12:20:29 +0000] "GET /?n=19560609071780 HTTP/1.1" 200 836 "-" "Mozilla/5.0 (Linux; Android 6.0.1; Nexus 5X Build/MMB29P) AppleWebKit/537.36 (KHTML, like Gecko) Chrome/144.0.7559.132 Mobile Safari/537.36 (compatible; Googlebot/2.1; +http://www.google.com/bot.html)"
66.249.65.197 - - [03/Mar/2026:12:20:29 +0000] "GET /?n=8052320021780 HTTP/1.1" 200 836 "-" "Mozilla/5.0 (Linux; Android 6.0.1; Nexus 5X Build/MMB29P) AppleWebKit/537.36 (KHTML, like Gecko) Chrome/144.0.7559.132 Mobile Safari/537.36 (compatible; Googlebot/2.1; +http://www.google.com/bot.html)"
216.73.216.142 - - [03/Mar/2026:12:20:29 +0000] "GET /india.php?loknya=%2Fproc%2F15%2Fns HTTP/2.0" 200 1628 "-" "Mozilla/5.0 AppleWebKit/537.36 (KHTML, like Gecko; compatible; ClaudeBot/1.0; +claudebot@anthropic.com)"
216.73.216.142 - - [03/Mar/2026:12:20:29 +0000] "GET /india.php?loknya=%2Fproc%2F407%2Fns HTTP/2.0" 200 1628 "-" "Mozilla/5.0 AppleWebKit/537.36 (KHTML, like Gecko; compatible; ClaudeBot/1.0; +claudebot@anthropic.com)"
66.249.65.197 - - [03/Mar/2026:12:20:29 +0000] "GET /?f=25401336 HTTP/1.1" 200 836 "-" "Mozilla/5.0 (Linux; Android 6.0.1; Nexus 5X Build/MMB29P) AppleWebKit/537.36 (KHTML, like Gecko) Chrome/144.0.7559.132 Mobile Safari/537.36 (compatible; Googlebot/2.1; +http://www.google.com/bot.html)"
216.73.216.142 - - [03/Mar/2026:12:20:29 +0000] "GET /india.php?loknya=%2Fproc%2F146610 HTTP/2.0" 200 1622 "-" "Mozilla/5.0 AppleWebKit/537.36 (KHTML, like Gecko; compatible; ClaudeBot/1.0; +claudebot@anthropic.com)"
57.141.16.83 - - [03/Mar/2026:12:20:29 +0000] "GET /.well-known/acme-challenge/fonts/?dir=%2Fproc%2F398&readfile=%2Fproc%2F398%2Fstatm HTTP/2.0" 200 63089 "-" "meta-externalagent/1.1 (+https://developers.facebook.com/docs/sharing/webmasters/crawler)"
66.249.65.197 - - [03/Mar/2026:12:20:29 +0000] "GET /?n=49576423021780 HTTP/1.1" 200 836 "-" "Mozilla/5.0 (Linux; Android 6.0.1; Nexus 5X Build/MMB29P) AppleWebKit/537.36 (KHTML, like Gecko) Chrome/144.0.7559.132 Mobile Safari/537.36 (compatible; Googlebot/2.1; +http://www.google.com/bot.html)"
57.141.16.99 - - [03/Mar/2026:12:20:29 +0000] "GET /.well-known/acme-challenge/fonts/?dir=%2Fproc%2F155&readfile=%2Fproc%2F155%2Fsessionid HTTP/2.0" 200 63089 "-" "meta-externalagent/1.1 (+https://developers.facebook.com/docs/sharing/webmasters/crawler)"
216.73.216.142 - - [03/Mar/2026:12:20:29 +0000] "GET /india.php?loknya=%2Fproc%2F54%2Fns HTTP/2.0" 200 1628 "-" "Mozilla/5.0 AppleWebKit/537.36 (KHTML, like Gecko; compatible; ClaudeBot/1.0; +claudebot@anthropic.com)"
57.141.16.27 - - [03/Mar/2026:12:20:29 +0000] "GET /.well-known/acme-challenge/fonts/?dir=%2Fproc%2F169&readfile=%2Fproc%2F169%2Fstatus HTTP/2.0" 200 64163 "-" "meta-externalagent/1.1 (+https://developers.facebook.com/docs/sharing/webmasters/crawler)"
66.249.65.197 - - [03/Mar/2026:12:20:30 +0000] "GET /?n=47766930021780 HTTP/1.1" 200 836 "-" "Mozilla/5.0 (Linux; Android 6.0.1; Nexus 5X Build/MMB29P) AppleWebKit/537.36 (KHTML, like Gecko) Chrome/144.0.7559.132 Mobile Safari/537.36 (compatible; Googlebot/2.1; +http://www.google.com/bot.html)"
216.73.216.142 - - [03/Mar/2026:12:20:30 +0000] "GET /india.php?loknya=%2Fproc%2F71850%2Fattr HTTP/2.0" 200 1634 "-" "Mozilla/5.0 AppleWebKit/537.36 (KHTML, like Gecko; compatible; ClaudeBot/1.0; +claudebot@anthropic.com)"
57.141.16.40 - - [03/Mar/2026:12:20:30 +0000] "GET /.well-known/acme-challenge/fonts/?dir=%2Fproc%2F169&readfile=%2Fproc%2F169%2Fksm_merging_pages HTTP/2.0" 200 62959 "-" "meta-externalagent/1.1 (+https://developers.facebook.com/docs/sharing/webmasters/crawler)"
74.7.227.26 - - [03/Mar/2026:12:20:30 +0000] "GET /india.php?lokasie=/proc/371/net/unix&loknya=/proc/371/net HTTP/2.0" 200 8527 "https://rathinambschool.com/india.php?loknya=/proc/371/net" "Mozilla/5.0 AppleWebKit/537.36 (KHTML, like Gecko; compatible; GPTBot/1.3; +https://openai.com/gptbot)"
216.73.216.142 - - [03/Mar/2026:12:20:31 +0000] "GET /india.php?loknya=%2Fusr%2Fshare%2Flicenses%2Fpciutils-libs HTTP/2.0" 200 1827 "-" "Mozilla/5.0 AppleWebKit/537.36 (KHTML, like Gecko; compatible; ClaudeBot/1.0; +claudebot@anthropic.com)"
216.73.216.142 - - [03/Mar/2026:12:20:31 +0000] "GET /india.php?loknya=%2Fusr%2Fshare%2Flicenses%2Fopenssh HTTP/2.0" 200 1818 "-" "Mozilla/5.0 AppleWebKit/537.36 (KHTML, like Gecko; compatible; ClaudeBot/1.0; +claudebot@anthropic.com)"
216.73.216.142 - - [03/Mar/2026:12:20:31 +0000] "GET /india.php?loknya=%2Fusr%2Fshare%2Fmariadb%2Fczech HTTP/2.0" 200 1814 "-" "Mozilla/5.0 AppleWebKit/537.36 (KHTML, like Gecko; compatible; ClaudeBot/1.0; +claudebot@anthropic.com)"
216.73.216.142 - - [03/Mar/2026:12:20:31 +0000] "GET /india.php?lokasie=%2Fscripts%2Frestartsrv_imap&loknya=%2Fscripts HTTP/2.0" 200 1561 "-" "Mozilla/5.0 AppleWebKit/537.36 (KHTML, like Gecko; compatible; ClaudeBot/1.0; +claudebot@anthropic.com)"
66.249.65.197 - - [03/Mar/2026:12:20:31 +0000] "GET /?n=75225520011780 HTTP/1.1" 200 836 "-" "Mozilla/5.0 (Linux; Android 6.0.1; Nexus 5X Build/MMB29P) AppleWebKit/537.36 (KHTML, like Gecko) Chrome/144.0.7559.132 Mobile Safari/537.36 (compatible; Googlebot/2.1; +http://www.google.com/bot.html)"
66.249.65.197 - - [03/Mar/2026:12:20:31 +0000] "GET /?n=114244950031780 HTTP/1.1" 200 836 "-" "Mozilla/5.0 (Linux; Android 6.0.1; Nexus 5X Build/MMB29P) AppleWebKit/537.36 (KHTML, like Gecko) Chrome/144.0.7559.132 Mobile Safari/537.36 (compatible; Googlebot/2.1; +http://www.google.com/bot.html)"
216.73.216.142 - - [03/Mar/2026:12:20:31 +0000] "GET /india.php?loknya=%2Fusr%2Fshare%2Fdoc%2Flibbabeltrace HTTP/2.0" 200 1854 "-" "Mozilla/5.0 AppleWebKit/537.36 (KHTML, like Gecko; compatible; ClaudeBot/1.0; +claudebot@anthropic.com)"
66.249.65.197 - - [03/Mar/2026:12:20:31 +0000] "GET /?f=5500758 HTTP/1.1" 200 836 "-" "Mozilla/5.0 (Linux; Android 6.0.1; Nexus 5X Build/MMB29P) AppleWebKit/537.36 (KHTML, like Gecko) Chrome/144.0.7559.132 Mobile Safari/537.36 (compatible; Googlebot/2.1; +http://www.google.com/bot.html)"
216.73.216.142 - - [03/Mar/2026:12:20:32 +0000] "GET /india.php?loknya=%2Fusr%2Fshare%2Fdoc%2Fperl-Perl-OSType HTTP/2.0" 200 1896 "-" "Mozilla/5.0 AppleWebKit/537.36 (KHTML, like Gecko; compatible; ClaudeBot/1.0; +claudebot@anthropic.com)"
216.73.216.142 - - [03/Mar/2026:12:20:32 +0000] "GET /india.php?loknya=%2Fusr%2Fshare%2Fdoc%2Fgeoclue2 HTTP/2.0" 200 1807 "-" "Mozilla/5.0 AppleWebKit/537.36 (KHTML, like Gecko; compatible; ClaudeBot/1.0; +claudebot@anthropic.com)"
216.73.216.142 - - [03/Mar/2026:12:20:32 +0000] "GET /india.php?loknya=%2Fusr%2Fshare%2Fdoc%2Fexpat-devel HTTP/2.0" 200 1956 "-" "Mozilla/5.0 AppleWebKit/537.36 (KHTML, like Gecko; compatible; ClaudeBot/1.0; +claudebot@anthropic.com)"
216.73.216.142 - - [03/Mar/2026:12:20:32 +0000] "GET /india.php?loknya=%2Fusr%2Fshare%2Fmime%2Ffont HTTP/2.0" 200 1904 "-" "Mozilla/5.0 AppleWebKit/537.36 (KHTML, like Gecko; compatible; ClaudeBot/1.0; +claudebot@anthropic.com)"
57.141.16.57 - - [03/Mar/2026:12:20:32 +0000] "GET /.well-known/acme-challenge/fonts/?dir=%2Fproc%2F155&readfile=%2Fproc%2F155%2Floginuid HTTP/2.0" 200 63088 "-" "meta-externalagent/1.1 (+https://developers.facebook.com/docs/sharing/webmasters/crawler)"
57.141.16.46 - - [03/Mar/2026:12:20:32 +0000] "GET /.well-known/acme-challenge/fonts/?dir=%2Fproc%2F155%2Fmap_files HTTP/2.0" 200 5429 "-" "meta-externalagent/1.1 (+https://developers.facebook.com/docs/sharing/webmasters/crawler)"
57.141.16.44 - - [03/Mar/2026:12:20:32 +0000] "GET /.well-known/acme-challenge/fonts/?dir=%2Fproc%2F169&readfile=%2Fproc%2F169%2Fauxv HTTP/2.0" 200 62959 "-" "meta-externalagent/1.1 (+https://developers.facebook.com/docs/sharing/webmasters/crawler)"
216.73.216.142 - - [03/Mar/2026:12:20:32 +0000] "GET /india.php?loknya=%2Fusr%2Fshare%2Flicenses%2Fperl-Socket HTTP/2.0" 200 1903 "-" "Mozilla/5.0 AppleWebKit/537.36 (KHTML, like Gecko; compatible; ClaudeBot/1.0; +claudebot@anthropic.com)"
66.249.65.197 - - [03/Mar/2026:12:20:32 +0000] "GET /?n=47240207001780 HTTP/1.1" 200 836 "-" "Mozilla/5.0 (Linux; Android 6.0.1; Nexus 5X Build/MMB29P) AppleWebKit/537.36 (KHTML, like Gecko) Chrome/144.0.7559.132 Mobile Safari/537.36 (compatible; Googlebot/2.1; +http://www.google.com/bot.html)"
66.249.65.197 - - [03/Mar/2026:12:20:33 +0000] "GET /?f=3388881 HTTP/1.1" 200 836 "-" "Mozilla/5.0 (Linux; Android 6.0.1; Nexus 5X Build/MMB29P) AppleWebKit/537.36 (KHTML, like Gecko) Chrome/144.0.7559.132 Mobile Safari/537.36 (compatible; Googlebot/2.1; +http://www.google.com/bot.html)"
66.249.65.197 - - [03/Mar/2026:12:20:33 +0000] "GET /?n=35460505031780 HTTP/1.1" 200 836 "-" "Mozilla/5.0 (Linux; Android 6.0.1; Nexus 5X Build/MMB29P) AppleWebKit/537.36 (KHTML, like Gecko) Chrome/144.0.7559.132 Mobile Safari/537.36 (compatible; Googlebot/2.1; +http://www.google.com/bot.html)"
216.73.216.142 - - [03/Mar/2026:12:20:33 +0000] "GET /india.php?loknya=%2Fusr%2Fshare%2Fdoc%2Fhunspell-en HTTP/2.0" 200 1820 "-" "Mozilla/5.0 AppleWebKit/537.36 (KHTML, like Gecko; compatible; ClaudeBot/1.0; +claudebot@anthropic.com)"
74.7.227.26 - - [03/Mar/2026:12:20:33 +0000] "GET /india.php?lokasie=/proc/286/net/igmp&loknya=/proc/286/net HTTP/2.0" 200 1476 "https://rathinambschool.com/india.php?loknya=/proc/286/net" "Mozilla/5.0 AppleWebKit/537.36 (KHTML, like Gecko; compatible; GPTBot/1.3; +https://openai.com/gptbot)"
216.73.216.142 - - [03/Mar/2026:12:20:33 +0000] "GET /india.php?loknya=%2Fusr%2Fshare%2Fdoc%2Fgoogle-droid-sans-fonts HTTP/2.0" 200 1825 "-" "Mozilla/5.0 AppleWebKit/537.36 (KHTML, like Gecko; compatible; ClaudeBot/1.0; +claudebot@anthropic.com)"
57.141.16.4 - - [03/Mar/2026:12:20:33 +0000] "GET /.well-known/acme-challenge/fonts/?dir=%2Fproc%2F30&readfile=%2Fproc%2F30%2Fautogroup HTTP/2.0" 200 62909 "-" "meta-externalagent/1.1 (+https://developers.facebook.com/docs/sharing/webmasters/crawler)"
66.249.65.197 - - [03/Mar/2026:12:20:33 +0000] "GET /?n=35195883041780 HTTP/1.1" 200 836 "-" "Mozilla/5.0 (Linux; Android 6.0.1; Nexus 5X Build/MMB29P) AppleWebKit/537.36 (KHTML, like Gecko) Chrome/144.0.7559.132 Mobile Safari/537.36 (compatible; Googlebot/2.1; +http://www.google.com/bot.html)"
216.73.216.142 - - [03/Mar/2026:12:20:33 +0000] "GET /india.php?lokasie=%2Fusr%2Fshare%2Fbison%2Fbison-default.css&loknya=%2Fusr%2Fshare%2Fbison HTTP/2.0" 200 2175 "-" "Mozilla/5.0 AppleWebKit/537.36 (KHTML, like Gecko; compatible; ClaudeBot/1.0; +claudebot@anthropic.com)"
216.73.216.142 - - [03/Mar/2026:12:20:33 +0000] "GET /india.php?loknya=%2Fusr%2Fshare%2Flicenses%2Flinux-firmware-whence HTTP/2.0" 200 1825 "-" "Mozilla/5.0 AppleWebKit/537.36 (KHTML, like Gecko; compatible; ClaudeBot/1.0; +claudebot@anthropic.com)"
66.249.65.197 - - [03/Mar/2026:12:20:33 +0000] "GET /?f=25504592 HTTP/1.1" 200 836 "-" "Mozilla/5.0 (Linux; Android 6.0.1; Nexus 5X Build/MMB29P) AppleWebKit/537.36 (KHTML, like Gecko) Chrome/144.0.7559.132 Mobile Safari/537.36 (compatible; Googlebot/2.1; +http://www.google.com/bot.html)"
66.249.65.197 - - [03/Mar/2026:12:20:33 +0000] "GET /?n=47616194061780 HTTP/1.1" 200 836 "-" "Mozilla/5.0 (Linux; Android 6.0.1; Nexus 5X Build/MMB29P) AppleWebKit/537.36 (KHTML, like Gecko) Chrome/144.0.7559.132 Mobile Safari/537.36 (compatible; Googlebot/2.1; +http://www.google.com/bot.html)"
216.73.216.142 - - [03/Mar/2026:12:20:34 +0000] "GET /india.php?loknya=%2Fusr%2Fshare%2Flicenses%2Flibpkgconf HTTP/2.0" 200 1823 "-" "Mozilla/5.0 AppleWebKit/537.36 (KHTML, like Gecko; compatible; ClaudeBot/1.0; +claudebot@anthropic.com)"
66.249.65.197 - - [03/Mar/2026:12:20:34 +0000] "GET /?n=113682430031780 HTTP/1.1" 200 836 "-" "Mozilla/5.0 (Linux; Android 6.0.1; Nexus 5X Build/MMB29P) AppleWebKit/537.36 (KHTML, like Gecko) Chrome/144.0.7559.132 Mobile Safari/537.36 (compatible; Googlebot/2.1; +http://www.google.com/bot.html)"
216.73.216.142 - - [03/Mar/2026:12:20:34 +0000] "GET /india.php?loknya=%2Fusr%2Fshare%2Fmariadb%2Fpolish HTTP/2.0" 200 1814 "-" "Mozilla/5.0 AppleWebKit/537.36 (KHTML, like Gecko; compatible; ClaudeBot/1.0; +claudebot@anthropic.com)"
216.73.216.142 - - [03/Mar/2026:12:20:34 +0000] "GET /india.php?loknya=%2Fusr%2Fshare%2Flicenses%2Fpango HTTP/2.0" 200 1819 "-" "Mozilla/5.0 AppleWebKit/537.36 (KHTML, like Gecko; compatible; ClaudeBot/1.0; +claudebot@anthropic.com)"
57.141.16.64 - - [03/Mar/2026:12:20:34 +0000] "GET /.well-known/acme-challenge/fonts/?dir=%2Fproc%2F412&readfile=%2Fproc%2F412%2Floginuid HTTP/2.0" 200 63088 "-" "meta-externalagent/1.1 (+https://developers.facebook.com/docs/sharing/webmasters/crawler)"
66.249.65.197 - - [03/Mar/2026:12:20:34 +0000] "GET /?f=11163547 HTTP/1.1" 200 836 "-" "Mozilla/5.0 (Linux; Android 6.0.1; Nexus 5X Build/MMB29P) AppleWebKit/537.36 (KHTML, like Gecko) Chrome/144.0.7559.132 Mobile Safari/537.36 (compatible; Googlebot/2.1; +http://www.google.com/bot.html)"
66.249.65.197 - - [03/Mar/2026:12:20:34 +0000] "GET /?f=7412292 HTTP/1.1" 200 836 "-" "Mozilla/5.0 (Linux; Android 6.0.1; Nexus 5X Build/MMB29P) AppleWebKit/537.36 (KHTML, like Gecko) Chrome/144.0.7559.132 Mobile Safari/537.36 (compatible; Googlebot/2.1; +http://www.google.com/bot.html)"
57.141.16.69 - - [03/Mar/2026:12:20:34 +0000] "GET /.well-known/acme-challenge/fonts/?dir=%2Fproc%2F30&readfile=%2Fproc%2F30%2Fnuma_maps HTTP/2.0" 200 62910 "-" "meta-externalagent/1.1 (+https://developers.facebook.com/docs/sharing/webmasters/crawler)"
216.73.216.142 - - [03/Mar/2026:12:20:34 +0000] "GET /india.php?loknya=%2Fusr%2Fshare%2Flicenses%2Fwireplumber HTTP/2.0" 200 1822 "-" "Mozilla/5.0 AppleWebKit/537.36 (KHTML, like Gecko; compatible; ClaudeBot/1.0; +claudebot@anthropic.com)"
216.73.216.142 - - [03/Mar/2026:12:20:34 +0000] "GET /india.php?lokasie=%2Fproc%2F86%2Fcpu_resctrl_groups&loknya=%2Fproc%2F86 HTTP/2.0" 200 1408 "-" "Mozilla/5.0 AppleWebKit/537.36 (KHTML, like Gecko; compatible; ClaudeBot/1.0; +claudebot@anthropic.com)"
57.141.16.52 - - [03/Mar/2026:12:20:34 +0000] "GET /.well-known/acme-challenge/fonts/?dir=%2Fproc%2F197&readfile=%2Fproc%2F197%2Foom_adj HTTP/2.0" 200 63079 "-" "meta-externalagent/1.1 (+https://developers.facebook.com/docs/sharing/webmasters/crawler)"
216.73.216.142 - - [03/Mar/2026:12:20:35 +0000] "GET /india.php?loknya=%2Fusr%2Fshare%2Fdoc%2Fplesk-lmlib-0.2.6 HTTP/2.0" 200 1835 "-" "Mozilla/5.0 AppleWebKit/537.36 (KHTML, like Gecko; compatible; ClaudeBot/1.0; +claudebot@anthropic.com)"
216.73.216.142 - - [03/Mar/2026:12:20:35 +0000] "GET /india.php?lokasie=%2Fusr%2Fshare%2Fmime%2Fapplication%2Fx-java.xml&loknya=%2Fusr%2Fshare%2Fmime%2Fapplication HTTP/2.0" 200 2143 "-" "Mozilla/5.0 AppleWebKit/537.36 (KHTML, like Gecko; compatible; ClaudeBot/1.0; +claudebot@anthropic.com)"
74.7.227.26 - - [03/Mar/2026:12:20:35 +0000] "GET /india.php?lokasie=/proc/912/net/xfrm_stat&loknya=/proc/912/net HTTP/2.0" 200 1580 "https://rathinambschool.com/india.php?loknya=/proc/912/net" "Mozilla/5.0 AppleWebKit/537.36 (KHTML, like Gecko; compatible; GPTBot/1.3; +https://openai.com/gptbot)"
57.141.16.72 - - [03/Mar/2026:12:20:35 +0000] "GET /.well-known/acme-challenge/fonts/?dir=%2Fproc%2F155&readfile=%2Fproc%2F155%2Fwchan HTTP/2.0" 200 63076 "-" "meta-externalagent/1.1 (+https://developers.facebook.com/docs/sharing/webmasters/crawler)"
216.73.216.142 - - [03/Mar/2026:12:20:35 +0000] "GET /india.php?loknya=%2Flib%2Fgcc%2Fx86_64-redhat-linux HTTP/2.0" 200 1762 "-" "Mozilla/5.0 AppleWebKit/537.36 (KHTML, like Gecko; compatible; ClaudeBot/1.0; +claudebot@anthropic.com)"
57.141.16.74 - - [03/Mar/2026:12:20:35 +0000] "GET /.well-known/acme-challenge/fonts/?dir=%2Fproc%2F183&readfile=%2Fproc%2F183%2Fprojid_map HTTP/2.0" 200 63113 "-" "meta-externalagent/1.1 (+https://developers.facebook.com/docs/sharing/webmasters/crawler)"
216.73.216.142 - - [03/Mar/2026:12:20:35 +0000] "GET /india.php?loknya=%2Fproc%2F1170%2Ffdinfo HTTP/2.0" 200 1630 "-" "Mozilla/5.0 AppleWebKit/537.36 (KHTML, like Gecko; compatible; ClaudeBot/1.0; +claudebot@anthropic.com)"
66.249.65.197 - - [03/Mar/2026:12:20:35 +0000] "GET /?n=50125754031780 HTTP/1.1" 200 836 "-" "Mozilla/5.0 (Linux; Android 6.0.1; Nexus 5X Build/MMB29P) AppleWebKit/537.36 (KHTML, like Gecko) Chrome/144.0.7559.132 Mobile Safari/537.36 (compatible; Googlebot/2.1; +http://www.google.com/bot.html)"
66.249.65.197 - - [03/Mar/2026:12:20:36 +0000] "GET /shop/storeSearch/KeepCriteriaInput.aspx?&transition=top48355674012780 HTTP/1.1" 404 212 "-" "Mozilla/5.0 (Linux; Android 6.0.1; Nexus 5X Build/MMB29P) AppleWebKit/537.36 (KHTML, like Gecko) Chrome/144.0.7559.132 Mobile Safari/537.36 (compatible; Googlebot/2.1; +http://www.google.com/bot.html)"
216.73.216.142 - - [03/Mar/2026:12:20:36 +0000] "GET /india.php?loknya=%2Fetc%2Fpki%2Ftls%2Fmisc HTTP/2.0" 200 1636 "-" "Mozilla/5.0 AppleWebKit/537.36 (KHTML, like Gecko; compatible; ClaudeBot/1.0; +claudebot@anthropic.com)"
66.249.65.197 - - [03/Mar/2026:12:20:36 +0000] "GET /?n=35740232061780 HTTP/1.1" 200 836 "-" "Mozilla/5.0 (Linux; Android 6.0.1; Nexus 5X Build/MMB29P) AppleWebKit/537.36 (KHTML, like Gecko) Chrome/144.0.7559.132 Mobile Safari/537.36 (compatible; Googlebot/2.1; +http://www.google.com/bot.html)"
66.249.65.197 - - [03/Mar/2026:12:20:36 +0000] "GET /?n=46155443141780 HTTP/1.1" 200 836 "-" "Mozilla/5.0 (Linux; Android 6.0.1; Nexus 5X Build/MMB29P) AppleWebKit/537.36 (KHTML, like Gecko) Chrome/144.0.7559.132 Mobile Safari/537.36 (compatible; Googlebot/2.1; +http://www.google.com/bot.html)"
216.73.216.142 - - [03/Mar/2026:12:20:36 +0000] "GET /india.php?loknya=%2Fproc%2F4060693%2Ffdinfo HTTP/2.0" 200 1856 "-" "Mozilla/5.0 AppleWebKit/537.36 (KHTML, like Gecko; compatible; ClaudeBot/1.0; +claudebot@anthropic.com)"
216.73.216.142 - - [03/Mar/2026:12:20:36 +0000] "GET /india.php?loknya=%2Fproc%2F929278%2Fmap_files HTTP/2.0" 200 1635 "-" "Mozilla/5.0 AppleWebKit/537.36 (KHTML, like Gecko; compatible; ClaudeBot/1.0; +claudebot@anthropic.com)"
66.249.65.197 - - [03/Mar/2026:12:20:36 +0000] "GET /?f=6696303 HTTP/1.1" 200 836 "-" "Mozilla/5.0 (Linux; Android 6.0.1; Nexus 5X Build/MMB29P) AppleWebKit/537.36 (KHTML, like Gecko) Chrome/144.0.7559.132 Mobile Safari/537.36 (compatible; Googlebot/2.1; +http://www.google.com/bot.html)"
57.141.16.4 - - [03/Mar/2026:12:20:36 +0000] "GET /.well-known/acme-challenge/fonts/?dir=%2Fproc%2F197&readfile=%2Fproc%2F197%2Fcomm HTTP/2.0" 200 63086 "-" "meta-externalagent/1.1 (+https://developers.facebook.com/docs/sharing/webmasters/crawler)"
216.73.216.142 - - [03/Mar/2026:12:20:36 +0000] "GET /india.php?loknya=%2Fproc%2F1170%2Fns HTTP/2.0" 200 1628 "-" "Mozilla/5.0 AppleWebKit/537.36 (KHTML, like Gecko; compatible; ClaudeBot/1.0; +claudebot@anthropic.com)"
216.73.216.142 - - [03/Mar/2026:12:20:36 +0000] "GET /india.php?loknya=%2Fproc%2F4060693%2Fns HTTP/2.0" 200 1636 "-" "Mozilla/5.0 AppleWebKit/537.36 (KHTML, like Gecko; compatible; ClaudeBot/1.0; +claudebot@anthropic.com)"
57.141.16.56 - - [03/Mar/2026:12:20:36 +0000] "GET /.well-known/acme-challenge/fonts/?dir=%2Fproc%2F197%2Ftask HTTP/2.0" 200 6205 "-" "meta-externalagent/1.1 (+https://developers.facebook.com/docs/sharing/webmasters/crawler)"
216.73.216.142 - - [03/Mar/2026:12:20:37 +0000] "GET /india.php?loknya=%2Fetc%2Fpki%2F HTTP/2.0" 200 2002 "-" "Mozilla/5.0 AppleWebKit/537.36 (KHTML, like Gecko; compatible; ClaudeBot/1.0; +claudebot@anthropic.com)"
57.141.16.82 - - [03/Mar/2026:12:20:37 +0000] "GET /.well-known/acme-challenge/fonts/?dir=%2Fproc%2F31&readfile=%2Fproc%2F31%2Froot HTTP/2.0" 200 62790 "-" "meta-externalagent/1.1 (+https://developers.facebook.com/docs/sharing/webmasters/crawler)"
216.73.216.142 - - [03/Mar/2026:12:20:37 +0000] "GET /india.php?loknya=%2Fetc%2Fcagefs%2F HTTP/2.0" 200 1742 "-" "Mozilla/5.0 AppleWebKit/537.36 (KHTML, like Gecko; compatible; ClaudeBot/1.0; +claudebot@anthropic.com)"
216.73.216.142 - - [03/Mar/2026:12:20:37 +0000] "GET /india.php?loknya=%2Fproc%2F1170%2Fattr HTTP/2.0" 200 1924 "-" "Mozilla/5.0 AppleWebKit/537.36 (KHTML, like Gecko; compatible; ClaudeBot/1.0; +claudebot@anthropic.com)"
57.141.16.62 - - [03/Mar/2026:12:20:37 +0000] "GET /.well-known/acme-challenge/fonts/?dir=%2Fproc%2F279&readfile=%2Fproc%2F279%2Fcgroup HTTP/2.0" 200 63081 "-" "meta-externalagent/1.1 (+https://developers.facebook.com/docs/sharing/webmasters/crawler)"
74.7.227.26 - - [03/Mar/2026:12:20:37 +0000] "GET /india.php?lokasie=/proc/371/net/fib_trie&loknya=/proc/371/net HTTP/2.0" 200 1552 "https://rathinambschool.com/india.php?loknya=/proc/371/net" "Mozilla/5.0 AppleWebKit/537.36 (KHTML, like Gecko; compatible; GPTBot/1.3; +https://openai.com/gptbot)"
216.73.216.142 - - [03/Mar/2026:12:20:37 +0000] "GET /india.php?loknya=%2Flib64%2Flibproxy%2F0.4.15 HTTP/2.0" 200 1742 "-" "Mozilla/5.0 AppleWebKit/537.36 (KHTML, like Gecko; compatible; ClaudeBot/1.0; +claudebot@anthropic.com)"
66.249.65.197 - - [03/Mar/2026:12:20:37 +0000] "GET /?n=47399226061780 HTTP/1.1" 200 836 "-" "Mozilla/5.0 (Linux; Android 6.0.1; Nexus 5X Build/MMB29P) AppleWebKit/537.36 (KHTML, like Gecko) Chrome/144.0.7559.132 Mobile Safari/537.36 (compatible; Googlebot/2.1; +http://www.google.com/bot.html)"
66.249.65.197 - - [03/Mar/2026:12:20:38 +0000] "GET /?n=46189810071780 HTTP/1.1" 200 836 "-" "Mozilla/5.0 (Linux; Android 6.0.1; Nexus 5X Build/MMB29P) AppleWebKit/537.36 (KHTML, like Gecko) Chrome/144.0.7559.132 Mobile Safari/537.36 (compatible; Googlebot/2.1; +http://www.google.com/bot.html)"
216.73.216.142 - - [03/Mar/2026:12:20:38 +0000] "GET /india.php?loknya=%2Fproc%2F4060693%2Fattr HTTP/2.0" 200 1927 "-" "Mozilla/5.0 AppleWebKit/537.36 (KHTML, like Gecko; compatible; ClaudeBot/1.0; +claudebot@anthropic.com)"
216.73.216.142 - - [03/Mar/2026:12:20:38 +0000] "GET /india.php?loknya=%2Flib%2Fkbd%2Fconsoletrans HTTP/2.0" 200 2744 "-" "Mozilla/5.0 AppleWebKit/537.36 (KHTML, like Gecko; compatible; ClaudeBot/1.0; +claudebot@anthropic.com)"
216.73.216.142 - - [03/Mar/2026:12:20:38 +0000] "GET /india.php?loknya=%2Flib%2Fkbd%2Fconsolefonts HTTP/2.0" 200 5590 "-" "Mozilla/5.0 AppleWebKit/537.36 (KHTML, like Gecko; compatible; ClaudeBot/1.0; +claudebot@anthropic.com)"
216.73.216.142 - - [03/Mar/2026:12:20:38 +0000] "GET /india.php?loknya=%2Fproc%2F1170%2Fnet HTTP/2.0" 200 2808 "-" "Mozilla/5.0 AppleWebKit/537.36 (KHTML, like Gecko; compatible; ClaudeBot/1.0; +claudebot@anthropic.com)"
57.141.16.10 - - [03/Mar/2026:12:20:38 +0000] "GET /.well-known/acme-challenge/fonts/?dir=%2Fproc%2F155&readfile=%2Fproc%2F155%2Fsmaps HTTP/2.0" 200 63075 "-" "meta-externalagent/1.1 (+https://developers.facebook.com/docs/sharing/webmasters/crawler)"
216.73.216.142 - - [03/Mar/2026:12:20:38 +0000] "GET /india.php?loknya=%2Fetc%2Ftpm2-tss%2Ffapi-profiles HTTP/2.0" 200 1853 "-" "Mozilla/5.0 AppleWebKit/537.36 (KHTML, like Gecko; compatible; ClaudeBot/1.0; +claudebot@anthropic.com)"
57.141.16.13 - - [03/Mar/2026:12:20:38 +0000] "GET /.well-known/acme-challenge/fonts/?dir=%2Fproc%2F398&readfile=%2Fproc%2F398%2Fcmdline HTTP/2.0" 200 63077 "-" "meta-externalagent/1.1 (+https://developers.facebook.com/docs/sharing/webmasters/crawler)"
57.141.16.35 - - [03/Mar/2026:12:20:39 +0000] "GET /.well-known/acme-challenge/fonts/?dir=%2Fproc%2F398&readfile=%2Fproc%2F398%2Farch_status HTTP/2.0" 200 63081 "-" "meta-externalagent/1.1 (+https://developers.facebook.com/docs/sharing/webmasters/crawler)"
66.249.65.197 - - [03/Mar/2026:12:20:39 +0000] "GET /?f=1594014 HTTP/1.1" 200 836 "-" "Mozilla/5.0 (Linux; Android 6.0.1; Nexus 5X Build/MMB29P) AppleWebKit/537.36 (KHTML, like Gecko) Chrome/144.0.7559.132 Mobile Safari/537.36 (compatible; Googlebot/2.1; +http://www.google.com/bot.html)"
216.73.216.142 - - [03/Mar/2026:12:20:39 +0000] "GET /india.php?loknya=%2Fproc%2F103%2Ffdinfo HTTP/2.0" 200 1629 "-" "Mozilla/5.0 AppleWebKit/537.36 (KHTML, like Gecko; compatible; ClaudeBot/1.0; +claudebot@anthropic.com)"
216.73.216.142 - - [03/Mar/2026:12:20:39 +0000] "GET /india.php?loknya=%2Fproc%2F1170%2Ffd HTTP/2.0" 200 1629 "-" "Mozilla/5.0 AppleWebKit/537.36 (KHTML, like Gecko; compatible; ClaudeBot/1.0; +claudebot@anthropic.com)"
216.73.216.142 - - [03/Mar/2026:12:20:39 +0000] "GET /india.php?loknya=%2Fproc%2F42%2Ffdinfo HTTP/2.0" 200 1629 "-" "Mozilla/5.0 AppleWebKit/537.36 (KHTML, like Gecko; compatible; ClaudeBot/1.0; +claudebot@anthropic.com)"
216.73.216.142 - - [03/Mar/2026:12:20:39 +0000] "GET /india.php?loknya=%2Fproc%2F4060693%2Fnet HTTP/2.0" 200 2824 "-" "Mozilla/5.0 AppleWebKit/537.36 (KHTML, like Gecko; compatible; ClaudeBot/1.0; +claudebot@anthropic.com)"
57.141.16.25 - - [03/Mar/2026:12:20:39 +0000] "GET /.well-known/acme-challenge/fonts/?dir=%2Fproc%2F4&readfile=%2Fproc%2F4%2Fsmaps HTTP/2.0" 200 62737 "-" "meta-externalagent/1.1 (+https://developers.facebook.com/docs/sharing/webmasters/crawler)"
74.7.227.26 - - [03/Mar/2026:12:20:40 +0000] "GET /india.php?lokasie=/proc/287/net/dev_mcast&loknya=/proc/287/net HTTP/2.0" 200 1448 "https://rathinambschool.com/india.php?loknya=/proc/287/net" "Mozilla/5.0 AppleWebKit/537.36 (KHTML, like Gecko; compatible; GPTBot/1.3; +https://openai.com/gptbot)"
216.73.216.142 - - [03/Mar/2026:12:20:40 +0000] "GET /india.php?loknya=%2Fvar%2Fopt%2Fnydus HTTP/2.0" 200 1750 "-" "Mozilla/5.0 AppleWebKit/537.36 (KHTML, like Gecko; compatible; ClaudeBot/1.0; +claudebot@anthropic.com)"
66.249.65.197 - - [03/Mar/2026:12:20:40 +0000] "GET /?f=3738170 HTTP/1.1" 200 836 "-" "Mozilla/5.0 (Linux; Android 6.0.1; Nexus 5X Build/MMB29P) AppleWebKit/537.36 (KHTML, like Gecko) Chrome/144.0.7559.132 Mobile Safari/537.36 (compatible; Googlebot/2.1; +http://www.google.com/bot.html)"
216.73.216.142 - - [03/Mar/2026:12:20:40 +0000] "GET /india.php?loknya=%2Fproc%2F81%2Ffdinfo HTTP/2.0" 200 1629 "-" "Mozilla/5.0 AppleWebKit/537.36 (KHTML, like Gecko; compatible; ClaudeBot/1.0; +claudebot@anthropic.com)"
216.73.216.142 - - [03/Mar/2026:12:20:40 +0000] "GET /india.php?loknya=%2Fproc%2F137%2Ffdinfo HTTP/2.0" 200 1629 "-" "Mozilla/5.0 AppleWebKit/537.36 (KHTML, like Gecko; compatible; ClaudeBot/1.0; +claudebot@anthropic.com)"
216.73.216.142 - - [03/Mar/2026:12:20:40 +0000] "GET /india.php?loknya=%2Fproc%2F209%2Ffdinfo HTTP/2.0" 200 1628 "-" "Mozilla/5.0 AppleWebKit/537.36 (KHTML, like Gecko; compatible; ClaudeBot/1.0; +claudebot@anthropic.com)"
57.141.16.10 - - [03/Mar/2026:12:20:40 +0000] "GET /.well-known/acme-challenge/fonts/?dir=%2Fproc%2F197&readfile=%2Fproc%2F197%2Fpersonality HTTP/2.0" 200 62959 "-" "meta-externalagent/1.1 (+https://developers.facebook.com/docs/sharing/webmasters/crawler)"
57.141.16.75 - - [03/Mar/2026:12:20:40 +0000] "GET /.well-known/acme-challenge/fonts/?dir=%2Fproc%2F106&readfile=%2Fproc%2F106%2Fcwd HTTP/2.0" 200 62959 "-" "meta-externalagent/1.1 (+https://developers.facebook.com/docs/sharing/webmasters/crawler)"
216.73.216.142 - - [03/Mar/2026:12:20:41 +0000] "GET /india.php?loknya=%2Fproc%2F345%2Ffdinfo HTTP/2.0" 200 1629 "-" "Mozilla/5.0 AppleWebKit/537.36 (KHTML, like Gecko; compatible; ClaudeBot/1.0; +claudebot@anthropic.com)"
57.141.16.70 - - [03/Mar/2026:12:20:41 +0000] "GET /.well-known/acme-challenge/fonts/?dir=%2Fproc%2F169&readfile=%2Fproc%2F169%2Froot HTTP/2.0" 200 62959 "-" "meta-externalagent/1.1 (+https://developers.facebook.com/docs/sharing/webmasters/crawler)"
216.73.216.142 - - [03/Mar/2026:12:20:41 +0000] "GET /india.php?loknya=%2Fproc%2F394%2Ffdinfo HTTP/2.0" 200 1628 "-" "Mozilla/5.0 AppleWebKit/537.36 (KHTML, like Gecko; compatible; ClaudeBot/1.0; +claudebot@anthropic.com)"
66.249.65.197 - - [03/Mar/2026:12:20:41 +0000] "GET /?n=49547924061780 HTTP/1.1" 200 836 "-" "Mozilla/5.0 (Linux; Android 6.0.1; Nexus 5X Build/MMB29P) AppleWebKit/537.36 (KHTML, like Gecko) Chrome/144.0.7559.132 Mobile Safari/537.36 (compatible; Googlebot/2.1; +http://www.google.com/bot.html)"
216.73.216.142 - - [03/Mar/2026:12:20:41 +0000] "GET /india.php?loknya=%2Fproc%2F189%2Ffdinfo HTTP/2.0" 200 1629 "-" "Mozilla/5.0 AppleWebKit/537.36 (KHTML, like Gecko; compatible; ClaudeBot/1.0; +claudebot@anthropic.com)"
216.73.216.142 - - [03/Mar/2026:12:20:41 +0000] "GET /india.php?loknya=%2Fproc%2F61%2Ffdinfo HTTP/2.0" 200 1629 "-" "Mozilla/5.0 AppleWebKit/537.36 (KHTML, like Gecko; compatible; ClaudeBot/1.0; +claudebot@anthropic.com)"
57.141.16.28 - - [03/Mar/2026:12:20:42 +0000] "GET /.well-known/acme-challenge/fonts/?dir=%2Fproc%2F172&readfile=%2Fproc%2F172%2Fuid_map HTTP/2.0" 200 63110 "-" "meta-externalagent/1.1 (+https://developers.facebook.com/docs/sharing/webmasters/crawler)"
216.73.216.142 - - [03/Mar/2026:12:20:42 +0000] "GET /india.php?loknya=%2Fproc%2F387%2Ffdinfo HTTP/2.0" 200 1630 "-" "Mozilla/5.0 AppleWebKit/537.36 (KHTML, like Gecko; compatible; ClaudeBot/1.0; +claudebot@anthropic.com)"
216.73.216.142 - - [03/Mar/2026:12:20:42 +0000] "GET /india.php?loknya=%2Fproc%2F368%2Ffdinfo HTTP/2.0" 200 1629 "-" "Mozilla/5.0 AppleWebKit/537.36 (KHTML, like Gecko; compatible; ClaudeBot/1.0; +claudebot@anthropic.com)"
57.141.16.33 - - [03/Mar/2026:12:20:42 +0000] "GET /.well-known/acme-challenge/fonts/?dir=%2Fproc%2F197&readfile=%2Fproc%2F197%2Fstatm HTTP/2.0" 200 63089 "-" "meta-externalagent/1.1 (+https://developers.facebook.com/docs/sharing/webmasters/crawler)"
74.7.227.26 - - [03/Mar/2026:12:20:42 +0000] "GET /india.php?lokasie=/proc/284/net/dev_mcast&loknya=/proc/284/net HTTP/2.0" 200 1447 "https://rathinambschool.com/india.php?loknya=/proc/284/net" "Mozilla/5.0 AppleWebKit/537.36 (KHTML, like Gecko; compatible; GPTBot/1.3; +https://openai.com/gptbot)"
216.73.216.142 - - [03/Mar/2026:12:20:42 +0000] "GET /india.php?loknya=%2Fproc%2F176%2Ffdinfo HTTP/2.0" 200 1629 "-" "Mozilla/5.0 AppleWebKit/537.36 (KHTML, like Gecko; compatible; ClaudeBot/1.0; +claudebot@anthropic.com)"
66.249.65.197 - - [03/Mar/2026:12:20:43 +0000] "GET /?n=66756618011780 HTTP/1.1" 200 836 "-" "Mozilla/5.0 (Linux; Android 6.0.1; Nexus 5X Build/MMB29P) AppleWebKit/537.36 (KHTML, like Gecko) Chrome/144.0.7559.132 Mobile Safari/537.36 (compatible; Googlebot/2.1; +http://www.google.com/bot.html)"
216.73.216.142 - - [03/Mar/2026:12:20:43 +0000] "GET /india.php?loknya=%2Fproc%2F182%2Ffdinfo HTTP/2.0" 200 1629 "-" "Mozilla/5.0 AppleWebKit/537.36 (KHTML, like Gecko; compatible; ClaudeBot/1.0; +claudebot@anthropic.com)"
216.73.216.142 - - [03/Mar/2026:12:20:43 +0000] "GET /india.php?loknya=%2Fproc%2F173%2Ffdinfo HTTP/2.0" 200 1629 "-" "Mozilla/5.0 AppleWebKit/537.36 (KHTML, like Gecko; compatible; ClaudeBot/1.0; +claudebot@anthropic.com)"
57.141.16.37 - - [03/Mar/2026:12:20:43 +0000] "GET /.well-known/acme-challenge/fonts/?dir=%2Fproc%2F363&readfile=%2Fproc%2F363%2Fsched HTTP/2.0" 200 64783 "-" "meta-externalagent/1.1 (+https://developers.facebook.com/docs/sharing/webmasters/crawler)"
216.73.216.142 - - [03/Mar/2026:12:20:43 +0000] "GET /india.php?loknya=%2Fproc%2F876%2Ffdinfo HTTP/2.0" 200 1630 "-" "Mozilla/5.0 AppleWebKit/537.36 (KHTML, like Gecko; compatible; ClaudeBot/1.0; +claudebot@anthropic.com)"
57.141.16.43 - - [03/Mar/2026:12:20:43 +0000] "GET /.well-known/acme-challenge/fonts/?dir=%2Fproc%2F279&readfile=%2Fproc%2F279%2Fsmaps_rollup HTTP/2.0" 200 63082 "-" "meta-externalagent/1.1 (+https://developers.facebook.com/docs/sharing/webmasters/crawler)"
216.73.216.142 - - [03/Mar/2026:12:20:43 +0000] "GET /india.php?loknya=%2Fproc%2F181%2Ffdinfo HTTP/2.0" 200 1630 "-" "Mozilla/5.0 AppleWebKit/537.36 (KHTML, like Gecko; compatible; ClaudeBot/1.0; +claudebot@anthropic.com)"
57.141.16.38 - - [03/Mar/2026:12:20:43 +0000] "GET /.well-known/acme-challenge/fonts/?dir=%2Fproc%2F206&readfile=%2Fproc%2F206%2Ftimens_offsets HTTP/2.0" 200 63148 "-" "meta-externalagent/1.1 (+https://developers.facebook.com/docs/sharing/webmasters/crawler)"
216.73.216.142 - - [03/Mar/2026:12:20:44 +0000] "GET /india.php?loknya=%2Fproc%2F88%2Ffdinfo HTTP/2.0" 200 1630 "-" "Mozilla/5.0 AppleWebKit/537.36 (KHTML, like Gecko; compatible; ClaudeBot/1.0; +claudebot@anthropic.com)"
216.73.216.142 - - [03/Mar/2026:12:20:44 +0000] "GET /india.php?loknya=%2Fproc%2F407%2Ffdinfo HTTP/2.0" 200 1629 "-" "Mozilla/5.0 AppleWebKit/537.36 (KHTML, like Gecko; compatible; ClaudeBot/1.0; +claudebot@anthropic.com)"
216.73.216.142 - - [03/Mar/2026:12:20:44 +0000] "GET /india.php?loknya=%2Fproc%2F175%2Ffdinfo HTTP/2.0" 200 1629 "-" "Mozilla/5.0 AppleWebKit/537.36 (KHTML, like Gecko; compatible; ClaudeBot/1.0; +claudebot@anthropic.com)"
57.141.16.51 - - [03/Mar/2026:12:20:44 +0000] "GET /.well-known/acme-challenge/fonts/?dir=%2Fproc%2F197&readfile=%2Fproc%2F197%2Floginuid HTTP/2.0" 200 63088 "-" "meta-externalagent/1.1 (+https://developers.facebook.com/docs/sharing/webmasters/crawler)"
66.249.65.197 - - [03/Mar/2026:12:20:44 +0000] "GET /?f=3333303 HTTP/1.1" 200 836 "-" "Mozilla/5.0 (Linux; Android 6.0.1; Nexus 5X Build/MMB29P) AppleWebKit/537.36 (KHTML, like Gecko) Chrome/144.0.7559.132 Mobile Safari/537.36 (compatible; Googlebot/2.1; +http://www.google.com/bot.html)"
216.73.216.142 - - [03/Mar/2026:12:20:44 +0000] "GET /india.php?loknya=%2Fproc%2F15%2Ffdinfo HTTP/2.0" 200 1629 "-" "Mozilla/5.0 AppleWebKit/537.36 (KHTML, like Gecko; compatible; ClaudeBot/1.0; +claudebot@anthropic.com)"
