| Server IP : 68.178.164.50 / Your IP : 216.73.216.142 Web Server : Apache System : Linux 50.164.178.68.host.secureserver.net 5.14.0-611.26.1.el9_7.x86_64 #1 SMP PREEMPT_DYNAMIC Thu Jan 29 05:24:47 EST 2026 x86_64 User : rathinambschool ( 1053) PHP Version : 8.2.30 Disable Function : exec,passthru,shell_exec,system MySQL : OFF | cURL : ON | WGET : ON | Perl : ON | Python : OFF | Sudo : ON | Pkexec : ON Directory : /home/rathinambschool/access-logs/ |
Upload File : |
57.141.16.95 - - [03/Mar/2026:12:13:48 +0000] "GET /.well-known/acme-challenge/fonts/?dir=%2Fproc%2F64&readfile=%2Fproc%2F64%2Flimits HTTP/2.0" 200 64230 "-" "meta-externalagent/1.1 (+https://developers.facebook.com/docs/sharing/webmasters/crawler)"
74.7.227.26 - - [03/Mar/2026:12:13:48 +0000] "GET /india.php?loknya=/proc/176/net/rpc/auth.unix.gid HTTP/2.0" 200 1868 "https://rathinambschool.com/india.php?loknya=/proc/176/net/rpc" "Mozilla/5.0 AppleWebKit/537.36 (KHTML, like Gecko; compatible; GPTBot/1.3; +https://openai.com/gptbot)"
57.141.16.53 - - [03/Mar/2026:12:13:48 +0000] "GET /.well-known/acme-challenge/fonts/?dir=%2Fproc%2F4057467%2Ftask%2F4057467&readfile=%2Fproc%2F4057467%2Ftask%2F4057467%2Flimits HTTP/2.0" 200 60305 "-" "meta-externalagent/1.1 (+https://developers.facebook.com/docs/sharing/webmasters/crawler)"
216.73.216.142 - - [03/Mar/2026:12:13:48 +0000] "GET /india.php?loknya=%2Fusr%2Fshare%2Fdesktop-directories HTTP/2.0" 200 1638 "-" "Mozilla/5.0 AppleWebKit/537.36 (KHTML, like Gecko; compatible; ClaudeBot/1.0; +claudebot@anthropic.com)"
66.249.65.197 - - [03/Mar/2026:12:13:48 +0000] "GET /?f=23461892 HTTP/1.1" 200 836 "-" "Mozilla/5.0 (Linux; Android 6.0.1; Nexus 5X Build/MMB29P) AppleWebKit/537.36 (KHTML, like Gecko) Chrome/144.0.7559.132 Mobile Safari/537.36 (compatible; Googlebot/2.1; +http://www.google.com/bot.html)"
57.141.16.59 - - [03/Mar/2026:12:13:48 +0000] "GET /.well-known/acme-challenge/fonts/?dir=%2Fproc%2F15&readfile=%2Fproc%2F15%2Fenviron HTTP/2.0" 200 62790 "-" "meta-externalagent/1.1 (+https://developers.facebook.com/docs/sharing/webmasters/crawler)"
216.73.216.142 - - [03/Mar/2026:12:13:49 +0000] "GET /india.php?loknya=%2Flib64%2Fllvm20%2Fshare HTTP/2.0" 200 1634 "-" "Mozilla/5.0 AppleWebKit/537.36 (KHTML, like Gecko; compatible; ClaudeBot/1.0; +claudebot@anthropic.com)"
216.73.216.142 - - [03/Mar/2026:12:13:49 +0000] "GET /india.php?lokasie=%2Fusr%2Fsbin%2Fdhclient-script&loknya=%2Fusr%2Fsbin HTTP/2.0" 200 10296 "-" "Mozilla/5.0 AppleWebKit/537.36 (KHTML, like Gecko; compatible; ClaudeBot/1.0; +claudebot@anthropic.com)"
66.249.65.197 - - [03/Mar/2026:12:13:49 +0000] "GET /?n=75357775001780 HTTP/1.1" 200 836 "-" "Mozilla/5.0 (Linux; Android 6.0.1; Nexus 5X Build/MMB29P) AppleWebKit/537.36 (KHTML, like Gecko) Chrome/144.0.7559.132 Mobile Safari/537.36 (compatible; Googlebot/2.1; +http://www.google.com/bot.html)"
66.249.65.197 - - [03/Mar/2026:12:13:49 +0000] "GET /?f=20888103 HTTP/1.1" 200 836 "-" "Mozilla/5.0 (Linux; Android 6.0.1; Nexus 5X Build/MMB29P) AppleWebKit/537.36 (KHTML, like Gecko) Chrome/144.0.7559.132 Mobile Safari/537.36 (compatible; Googlebot/2.1; +http://www.google.com/bot.html)"
216.73.216.142 - - [03/Mar/2026:12:13:49 +0000] "GET /india.php?lokasie=%2Fscripts%2Frestartsrv_ftpd&loknya=%2Fscripts HTTP/2.0" 200 1547 "-" "Mozilla/5.0 AppleWebKit/537.36 (KHTML, like Gecko; compatible; ClaudeBot/1.0; +claudebot@anthropic.com)"
66.249.65.197 - - [03/Mar/2026:12:13:49 +0000] "GET /?n=79901866021780 HTTP/1.1" 200 836 "-" "Mozilla/5.0 (Linux; Android 6.0.1; Nexus 5X Build/MMB29P) AppleWebKit/537.36 (KHTML, like Gecko) Chrome/144.0.7559.132 Mobile Safari/537.36 (compatible; Googlebot/2.1; +http://www.google.com/bot.html)"
57.141.16.42 - - [03/Mar/2026:12:13:49 +0000] "GET /.well-known/acme-challenge/fonts/?dir=%2Fproc%2F85%2Ftask%2F85&readfile=%2Fproc%2F85%2Ftask%2F85%2Fsyscall HTTP/2.0" 200 57355 "-" "meta-externalagent/1.1 (+https://developers.facebook.com/docs/sharing/webmasters/crawler)"
216.73.216.142 - - [03/Mar/2026:12:13:49 +0000] "GET /india.php?loknya=%2Flib64%2Fpkcs11 HTTP/2.0" 200 1830 "-" "Mozilla/5.0 AppleWebKit/537.36 (KHTML, like Gecko; compatible; ClaudeBot/1.0; +claudebot@anthropic.com)"
74.7.227.26 - - [03/Mar/2026:12:13:49 +0000] "GET /india.php?lokasie=/proc/167/net//nf_conntrack_expect&loknya=/proc/167/net/ HTTP/2.0" 200 1410 "https://rathinambschool.com/india.php?loknya=/proc/167/net/" "Mozilla/5.0 AppleWebKit/537.36 (KHTML, like Gecko; compatible; GPTBot/1.3; +https://openai.com/gptbot)"
57.141.16.25 - - [03/Mar/2026:12:13:50 +0000] "GET /.well-known/acme-challenge/fonts/?dir=%2Fproc%2F4057467%2Ftask%2F4057475&readfile=%2Fproc%2F4057467%2Ftask%2F4057475%2Fgid_map HTTP/2.0" 200 59016 "-" "meta-externalagent/1.1 (+https://developers.facebook.com/docs/sharing/webmasters/crawler)"
216.73.216.142 - - [03/Mar/2026:12:13:50 +0000] "GET /india.php?lokasie=%2Fusr%2Fsbin%2Finstallkernel&loknya=%2Fusr%2Fsbin HTTP/2.0" 200 1503 "-" "Mozilla/5.0 AppleWebKit/537.36 (KHTML, like Gecko; compatible; ClaudeBot/1.0; +claudebot@anthropic.com)"
57.141.16.89 - - [03/Mar/2026:12:13:50 +0000] "GET /.well-known/acme-challenge/fonts/?dir=%2Fproc%2F85&readfile=%2Fproc%2F85%2Fcmdline HTTP/2.0" 200 62908 "-" "meta-externalagent/1.1 (+https://developers.facebook.com/docs/sharing/webmasters/crawler)"
216.73.216.142 - - [03/Mar/2026:12:13:50 +0000] "GET /india.php?loknya=%2Flib64%2Fsasl2 HTTP/2.0" 200 1907 "-" "Mozilla/5.0 AppleWebKit/537.36 (KHTML, like Gecko; compatible; ClaudeBot/1.0; +claudebot@anthropic.com)"
66.249.65.197 - - [03/Mar/2026:12:13:50 +0000] "GET /?f=1738781 HTTP/1.1" 200 836 "-" "Mozilla/5.0 (Linux; Android 6.0.1; Nexus 5X Build/MMB29P) AppleWebKit/537.36 (KHTML, like Gecko) Chrome/144.0.7559.132 Mobile Safari/537.36 (compatible; Googlebot/2.1; +http://www.google.com/bot.html)"
66.249.65.198 - - [03/Mar/2026:12:13:50 +0000] "GET /?n=97394701001780 HTTP/1.1" 200 836 "-" "Mozilla/5.0 (Linux; Android 6.0.1; Nexus 5X Build/MMB29P) AppleWebKit/537.36 (KHTML, like Gecko) Chrome/144.0.7559.132 Mobile Safari/537.36 (compatible; Googlebot/2.1; +http://www.google.com/bot.html)"
216.73.216.142 - - [03/Mar/2026:12:13:50 +0000] "GET /india.php?loknya=%2Fusr%2Fshare%2Flicenses%2Flibcomps HTTP/2.0" 200 1818 "-" "Mozilla/5.0 AppleWebKit/537.36 (KHTML, like Gecko; compatible; ClaudeBot/1.0; +claudebot@anthropic.com)"
66.249.65.197 - - [03/Mar/2026:12:13:50 +0000] "GET /?f=19253881 HTTP/1.1" 200 836 "-" "Mozilla/5.0 (Linux; Android 6.0.1; Nexus 5X Build/MMB29P) AppleWebKit/537.36 (KHTML, like Gecko) Chrome/144.0.7559.132 Mobile Safari/537.36 (compatible; Googlebot/2.1; +http://www.google.com/bot.html)"
57.141.16.86 - - [03/Mar/2026:12:13:51 +0000] "GET /.well-known/acme-challenge/fonts/?dir=%2Fproc%2F85&readfile=%2Fproc%2F85%2Fexe HTTP/2.0" 200 62790 "-" "meta-externalagent/1.1 (+https://developers.facebook.com/docs/sharing/webmasters/crawler)"
216.73.216.142 - - [03/Mar/2026:12:13:51 +0000] "GET /india.php?lokasie=%2Fproc%2F3%2Fstack&loknya=%2Fproc%2F3 HTTP/2.0" 200 1388 "-" "Mozilla/5.0 AppleWebKit/537.36 (KHTML, like Gecko; compatible; ClaudeBot/1.0; +claudebot@anthropic.com)"
74.7.227.26 - - [03/Mar/2026:12:13:51 +0000] "GET /india.php?lokasie=/proc/136/net//nf_conntrack_expect&loknya=/proc/136/net/ HTTP/2.0" 200 1410 "https://rathinambschool.com/india.php?loknya=/proc/136/net/" "Mozilla/5.0 AppleWebKit/537.36 (KHTML, like Gecko; compatible; GPTBot/1.3; +https://openai.com/gptbot)"
57.141.16.68 - - [03/Mar/2026:12:13:51 +0000] "GET /.well-known/acme-challenge/fonts/?dir=%2Fproc%2F415&readfile=%2Fproc%2F415%2Fsetgroups HTTP/2.0" 200 63085 "-" "meta-externalagent/1.1 (+https://developers.facebook.com/docs/sharing/webmasters/crawler)"
216.73.216.142 - - [03/Mar/2026:12:13:51 +0000] "GET /india.php?loknya=%2Fusr%2Fshare%2Fdoc%2Fperl-CPAN HTTP/2.0" 200 2076 "-" "Mozilla/5.0 AppleWebKit/537.36 (KHTML, like Gecko; compatible; ClaudeBot/1.0; +claudebot@anthropic.com)"
216.73.216.142 - - [03/Mar/2026:12:13:52 +0000] "GET /india.php?loknya=%2Fusr%2Fshare%2Flicenses%2Fkmod-libs HTTP/2.0" 200 1821 "-" "Mozilla/5.0 AppleWebKit/537.36 (KHTML, like Gecko; compatible; ClaudeBot/1.0; +claudebot@anthropic.com)"
66.249.65.198 - - [03/Mar/2026:12:13:52 +0000] "GET /?n=66213407031780 HTTP/1.1" 200 836 "-" "Mozilla/5.0 (Linux; Android 6.0.1; Nexus 5X Build/MMB29P) AppleWebKit/537.36 (KHTML, like Gecko) Chrome/144.0.7559.132 Mobile Safari/537.36 (compatible; Googlebot/2.1; +http://www.google.com/bot.html)"
57.141.16.13 - - [03/Mar/2026:12:13:52 +0000] "GET /.well-known/acme-challenge/fonts/?dir=%2Fproc%2F85%2Fattr&readfile=%2Fproc%2F85%2Fattr%2Fprev HTTP/2.0" 200 11910 "-" "meta-externalagent/1.1 (+https://developers.facebook.com/docs/sharing/webmasters/crawler)"
216.73.216.142 - - [03/Mar/2026:12:13:52 +0000] "GET /india.php?lokasie=%2Fusr%2Fsbin%2Fblockdev&loknya=%2Fusr%2Fsbin HTTP/2.0" 200 11484 "-" "Mozilla/5.0 AppleWebKit/537.36 (KHTML, like Gecko; compatible; ClaudeBot/1.0; +claudebot@anthropic.com)"
74.7.227.26 - - [03/Mar/2026:12:13:52 +0000] "GET /india.php?lokasie=/proc/582/net//nf_conntrack_expect&loknya=/proc/582/net/ HTTP/2.0" 200 1410 "https://rathinambschool.com/india.php?loknya=/proc/582/net/" "Mozilla/5.0 AppleWebKit/537.36 (KHTML, like Gecko; compatible; GPTBot/1.3; +https://openai.com/gptbot)"
216.73.216.142 - - [03/Mar/2026:12:13:52 +0000] "GET /india.php?loknya=%2Frun%2Frestartsrv HTTP/2.0" 200 1625 "-" "Mozilla/5.0 AppleWebKit/537.36 (KHTML, like Gecko; compatible; ClaudeBot/1.0; +claudebot@anthropic.com)"
57.141.16.67 - - [03/Mar/2026:12:13:52 +0000] "GET /.well-known/acme-challenge/fonts/?dir=%2Fproc%2F415&readfile=%2Fproc%2F415%2Fcgroup HTTP/2.0" 200 63081 "-" "meta-externalagent/1.1 (+https://developers.facebook.com/docs/sharing/webmasters/crawler)"
216.73.216.142 - - [03/Mar/2026:12:13:53 +0000] "GET /india.php?loknya=%2Flib64%2Ftracker-miners-3.0%2Fextract-modules HTTP/2.0" 200 2366 "-" "Mozilla/5.0 AppleWebKit/537.36 (KHTML, like Gecko; compatible; ClaudeBot/1.0; +claudebot@anthropic.com)"
57.141.16.68 - - [03/Mar/2026:12:13:53 +0000] "GET /.well-known/acme-challenge/fonts/?dir=%2Fproc%2F85&readfile=%2Fproc%2F85%2Fmem HTTP/2.0" 200 62790 "-" "meta-externalagent/1.1 (+https://developers.facebook.com/docs/sharing/webmasters/crawler)"
216.73.216.142 - - [03/Mar/2026:12:13:53 +0000] "GET /india.php?lokasie=%2Fproc%2F413%2Fcpu_resctrl_groups&loknya=%2Fproc%2F413 HTTP/2.0" 200 1409 "-" "Mozilla/5.0 AppleWebKit/537.36 (KHTML, like Gecko; compatible; ClaudeBot/1.0; +claudebot@anthropic.com)"
66.249.65.197 - - [03/Mar/2026:12:13:53 +0000] "GET /?n=102083174081780 HTTP/1.1" 200 836 "-" "Mozilla/5.0 (Linux; Android 6.0.1; Nexus 5X Build/MMB29P) AppleWebKit/537.36 (KHTML, like Gecko) Chrome/144.0.7559.132 Mobile Safari/537.36 (compatible; Googlebot/2.1; +http://www.google.com/bot.html)"
66.249.65.198 - - [03/Mar/2026:12:13:53 +0000] "GET /?f=3179658 HTTP/1.1" 200 836 "-" "Mozilla/5.0 (Linux; Android 6.0.1; Nexus 5X Build/MMB29P) AppleWebKit/537.36 (KHTML, like Gecko) Chrome/144.0.7559.132 Mobile Safari/537.36 (compatible; Googlebot/2.1; +http://www.google.com/bot.html)"
57.141.16.63 - - [03/Mar/2026:12:13:53 +0000] "GET /.well-known/acme-challenge/fonts/?dir=%2Fproc%2F4063978%2Fnet&readfile=%2Fproc%2F4063978%2Fnet%2Figmp HTTP/2.0" 200 61012 "-" "meta-externalagent/1.1 (+https://developers.facebook.com/docs/sharing/webmasters/crawler)"
216.73.216.142 - - [03/Mar/2026:12:13:53 +0000] "GET /india.php?lokasie=%2Fproc%2F293%2Fcpu_resctrl_groups&loknya=%2Fproc%2F293 HTTP/2.0" 200 1410 "-" "Mozilla/5.0 AppleWebKit/537.36 (KHTML, like Gecko; compatible; ClaudeBot/1.0; +claudebot@anthropic.com)"
66.249.65.197 - - [03/Mar/2026:12:13:53 +0000] "GET /?f=14090025 HTTP/1.1" 200 836 "-" "Mozilla/5.0 (Linux; Android 6.0.1; Nexus 5X Build/MMB29P) AppleWebKit/537.36 (KHTML, like Gecko) Chrome/144.0.7559.132 Mobile Safari/537.36 (compatible; Googlebot/2.1; +http://www.google.com/bot.html)"
74.7.227.26 - - [03/Mar/2026:12:13:53 +0000] "GET /india.php?lokasie=/proc/191/net//nf_conntrack_expect&loknya=/proc/191/net/ HTTP/2.0" 200 1409 "https://rathinambschool.com/india.php?loknya=/proc/191/net/" "Mozilla/5.0 AppleWebKit/537.36 (KHTML, like Gecko; compatible; GPTBot/1.3; +https://openai.com/gptbot)"
216.73.216.142 - - [03/Mar/2026:12:13:54 +0000] "GET /india.php?loknya=%2Fusr%2Fshare%2Flicenses%2Fgstreamer1-plugins-base HTTP/2.0" 200 1825 "-" "Mozilla/5.0 AppleWebKit/537.36 (KHTML, like Gecko; compatible; ClaudeBot/1.0; +claudebot@anthropic.com)"
57.141.16.26 - - [03/Mar/2026:12:13:54 +0000] "GET /.well-known/acme-challenge/fonts/?dir=%2Fproc%2F1&readfile=%2Fproc%2F1%2Ftimers HTTP/2.0" 200 62738 "-" "meta-externalagent/1.1 (+https://developers.facebook.com/docs/sharing/webmasters/crawler)"
216.73.216.142 - - [03/Mar/2026:12:13:54 +0000] "GET /india.php?loknya=%2Fusr%2Fshare%2Fdoc%2Flibwmf-lite HTTP/2.0" 200 1865 "-" "Mozilla/5.0 AppleWebKit/537.36 (KHTML, like Gecko; compatible; ClaudeBot/1.0; +claudebot@anthropic.com)"
57.141.16.87 - - [03/Mar/2026:12:13:54 +0000] "GET /.well-known/acme-challenge/fonts/?dir=%2Fproc%2F1876&readfile=%2Fproc%2F1876%2Fmounts HTTP/2.0" 200 65708 "-" "meta-externalagent/1.1 (+https://developers.facebook.com/docs/sharing/webmasters/crawler)"
216.73.216.142 - - [03/Mar/2026:12:13:54 +0000] "GET /india.php?loknya=%2Fusr%2Fshare%2Flicenses%2Fgettext HTTP/2.0" 200 1815 "-" "Mozilla/5.0 AppleWebKit/537.36 (KHTML, like Gecko; compatible; ClaudeBot/1.0; +claudebot@anthropic.com)"
216.73.216.142 - - [03/Mar/2026:12:13:54 +0000] "GET /india.php?loknya=%2Fetc%2Fkrb5.conf.d HTTP/2.0" 200 1848 "-" "Mozilla/5.0 AppleWebKit/537.36 (KHTML, like Gecko; compatible; ClaudeBot/1.0; +claudebot@anthropic.com)"
66.249.65.198 - - [03/Mar/2026:12:13:54 +0000] "GET /?n=91034802031780 HTTP/1.1" 200 836 "-" "Mozilla/5.0 (Linux; Android 6.0.1; Nexus 5X Build/MMB29P) AppleWebKit/537.36 (KHTML, like Gecko) Chrome/144.0.7559.132 Mobile Safari/537.36 (compatible; Googlebot/2.1; +http://www.google.com/bot.html)"
57.141.16.71 - - [03/Mar/2026:12:13:55 +0000] "GET /.well-known/acme-challenge/fonts/?dir=%2Fproc%2F415&readfile=%2Fproc%2F415%2Fautogroup HTTP/2.0" 200 63079 "-" "meta-externalagent/1.1 (+https://developers.facebook.com/docs/sharing/webmasters/crawler)"
74.7.227.26 - - [03/Mar/2026:12:13:55 +0000] "GET /india.php?loknya=/proc/136/net/rpc/ HTTP/2.0" 200 1781 "https://rathinambschool.com/india.php?loknya=/proc/136/net/rpc/auth.unix.gid" "Mozilla/5.0 AppleWebKit/537.36 (KHTML, like Gecko; compatible; GPTBot/1.3; +https://openai.com/gptbot)"
216.73.216.142 - - [03/Mar/2026:12:13:55 +0000] "GET /india.php?lokasie=%2Fscripts%2Fmaildir_converter&loknya=%2Fscripts HTTP/2.0" 200 3377 "-" "Mozilla/5.0 AppleWebKit/537.36 (KHTML, like Gecko; compatible; ClaudeBot/1.0; +claudebot@anthropic.com)"
57.141.16.35 - - [03/Mar/2026:12:13:55 +0000] "GET /.well-known/acme-challenge/fonts/?dir=%2Fproc%2F356&readfile=%2Fproc%2F356%2Fksm_stat HTTP/2.0" 200 62959 "-" "meta-externalagent/1.1 (+https://developers.facebook.com/docs/sharing/webmasters/crawler)"
216.73.216.142 - - [03/Mar/2026:12:13:55 +0000] "GET /india.php?lokasie=%2Fscripts%2Fpedquota&loknya=%2Fscripts HTTP/2.0" 200 2183 "-" "Mozilla/5.0 AppleWebKit/537.36 (KHTML, like Gecko; compatible; ClaudeBot/1.0; +claudebot@anthropic.com)"
216.73.216.142 - - [03/Mar/2026:12:13:56 +0000] "GET /india.php?lokasie=%2Fbin%2Fghostscript&loknya=%2Fbin HTTP/2.0" 200 4384 "-" "Mozilla/5.0 AppleWebKit/537.36 (KHTML, like Gecko; compatible; ClaudeBot/1.0; +claudebot@anthropic.com)"
66.249.65.197 - - [03/Mar/2026:12:13:56 +0000] "GET /?n=39643092061780 HTTP/1.1" 200 836 "-" "Mozilla/5.0 (Linux; Android 6.0.1; Nexus 5X Build/MMB29P) AppleWebKit/537.36 (KHTML, like Gecko) Chrome/144.0.7559.132 Mobile Safari/537.36 (compatible; Googlebot/2.1; +http://www.google.com/bot.html)"
66.249.65.197 - - [03/Mar/2026:12:13:56 +0000] "GET /?n=102090065121780 HTTP/1.1" 200 836 "-" "Mozilla/5.0 (Linux; Android 6.0.1; Nexus 5X Build/MMB29P) AppleWebKit/537.36 (KHTML, like Gecko) Chrome/144.0.7559.132 Mobile Safari/537.36 (compatible; Googlebot/2.1; +http://www.google.com/bot.html)"
57.141.16.67 - - [03/Mar/2026:12:13:56 +0000] "GET /.well-known/acme-challenge/fonts/?dir=%2Fproc%2F4063978%2Fnet&readfile=%2Fproc%2F4063978%2Fnet%2Fpacket HTTP/2.0" 200 61029 "-" "meta-externalagent/1.1 (+https://developers.facebook.com/docs/sharing/webmasters/crawler)"
216.73.216.142 - - [03/Mar/2026:12:13:56 +0000] "GET /india.php?loknya=%2Fusr%2Fshare%2Flicenses%2Flibgpg-error HTTP/2.0" 200 1857 "-" "Mozilla/5.0 AppleWebKit/537.36 (KHTML, like Gecko; compatible; ClaudeBot/1.0; +claudebot@anthropic.com)"
66.249.65.198 - - [03/Mar/2026:12:13:56 +0000] "GET /?f=29976481 HTTP/1.1" 200 836 "-" "Mozilla/5.0 (Linux; Android 6.0.1; Nexus 5X Build/MMB29P) AppleWebKit/537.36 (KHTML, like Gecko) Chrome/144.0.7559.132 Mobile Safari/537.36 (compatible; Googlebot/2.1; +http://www.google.com/bot.html)"
74.7.227.26 - - [03/Mar/2026:12:13:56 +0000] "GET /india.php?loknya=/proc/167/net/rpc/ HTTP/2.0" 200 1782 "https://rathinambschool.com/india.php?loknya=/proc/167/net/rpc/auth.unix.gid" "Mozilla/5.0 AppleWebKit/537.36 (KHTML, like Gecko; compatible; GPTBot/1.3; +https://openai.com/gptbot)"
57.141.16.39 - - [03/Mar/2026:12:13:56 +0000] "GET /.well-known/acme-challenge/fonts/?dir=%2Fproc%2F202&readfile=%2Fproc%2F202%2Foom_score_adj HTTP/2.0" 200 63085 "-" "meta-externalagent/1.1 (+https://developers.facebook.com/docs/sharing/webmasters/crawler)"
216.73.216.142 - - [03/Mar/2026:12:13:56 +0000] "GET /india.php?lokasie=%2Fbin%2Fbzdiff&loknya=%2Fbin HTTP/2.0" 200 2284 "-" "Mozilla/5.0 AppleWebKit/537.36 (KHTML, like Gecko; compatible; ClaudeBot/1.0; +claudebot@anthropic.com)"
216.73.216.142 - - [03/Mar/2026:12:13:57 +0000] "GET /india.php?loknya=%2Fusr%2Fshare%2Fgtk-2.0 HTTP/2.0" 200 1633 "-" "Mozilla/5.0 AppleWebKit/537.36 (KHTML, like Gecko; compatible; ClaudeBot/1.0; +claudebot@anthropic.com)"
57.141.16.53 - - [03/Mar/2026:12:13:57 +0000] "GET /.well-known/acme-challenge/fonts/?dir=%2Fproc%2F85&readfile=%2Fproc%2F85%2Fsyscall HTTP/2.0" 200 62790 "-" "meta-externalagent/1.1 (+https://developers.facebook.com/docs/sharing/webmasters/crawler)"
216.73.216.142 - - [03/Mar/2026:12:13:57 +0000] "GET /india.php?loknya=%2Flib64%2Flibnl HTTP/2.0" 200 1740 "-" "Mozilla/5.0 AppleWebKit/537.36 (KHTML, like Gecko; compatible; ClaudeBot/1.0; +claudebot@anthropic.com)"
57.141.16.25 - - [03/Mar/2026:12:13:57 +0000] "GET /.well-known/acme-challenge/fonts/?dir=%2Fproc%2F4063978%2Fnet&readfile=%2Fproc%2F4063978%2Fnet%2Ficmp HTTP/2.0" 200 60961 "-" "meta-externalagent/1.1 (+https://developers.facebook.com/docs/sharing/webmasters/crawler)"
216.73.216.142 - - [03/Mar/2026:12:13:57 +0000] "GET /india.php?loknya=%2Fproc%2F4070961 HTTP/2.0" 200 1624 "-" "Mozilla/5.0 AppleWebKit/537.36 (KHTML, like Gecko; compatible; ClaudeBot/1.0; +claudebot@anthropic.com)"
66.249.65.198 - - [03/Mar/2026:12:13:57 +0000] "GET /?n=41617842021780 HTTP/1.1" 200 836 "-" "Mozilla/5.0 (Linux; Android 6.0.1; Nexus 5X Build/MMB29P) AppleWebKit/537.36 (KHTML, like Gecko) Chrome/144.0.7559.132 Mobile Safari/537.36 (compatible; Googlebot/2.1; +http://www.google.com/bot.html)"
74.7.227.26 - - [03/Mar/2026:12:13:57 +0000] "GET /india.php?lokasie=/proc/417/net//nf_conntrack_expect&loknya=/proc/417/net/ HTTP/2.0" 200 1410 "https://rathinambschool.com/india.php?loknya=/proc/417/net/" "Mozilla/5.0 AppleWebKit/537.36 (KHTML, like Gecko; compatible; GPTBot/1.3; +https://openai.com/gptbot)"
57.141.16.46 - - [03/Mar/2026:12:13:58 +0000] "GET /.well-known/acme-challenge/fonts/?dir=%2Fproc%2F1%2Ftask HTTP/2.0" 200 6177 "-" "meta-externalagent/1.1 (+https://developers.facebook.com/docs/sharing/webmasters/crawler)"
57.141.16.84 - - [03/Mar/2026:12:13:58 +0000] "GET /.well-known/acme-challenge/fonts/?dir=%2Fproc%2F4063978%2Fnet&readfile=%2Fproc%2F4063978%2Fnet%2Fip6_mr_vif HTTP/2.0" 200 60891 "-" "meta-externalagent/1.1 (+https://developers.facebook.com/docs/sharing/webmasters/crawler)"
66.249.65.198 - - [03/Mar/2026:12:13:58 +0000] "GET /?n=113108180001780 HTTP/1.1" 200 836 "-" "Mozilla/5.0 (Linux; Android 6.0.1; Nexus 5X Build/MMB29P) AppleWebKit/537.36 (KHTML, like Gecko) Chrome/144.0.7559.132 Mobile Safari/537.36 (compatible; Googlebot/2.1; +http://www.google.com/bot.html)"
216.73.216.142 - - [03/Mar/2026:12:13:58 +0000] "GET /india.php?lokasie=%2Fproc%2F910%2Fcpu_resctrl_groups&loknya=%2Fproc%2F910 HTTP/2.0" 200 1410 "-" "Mozilla/5.0 AppleWebKit/537.36 (KHTML, like Gecko; compatible; ClaudeBot/1.0; +claudebot@anthropic.com)"
216.73.216.142 - - [03/Mar/2026:12:13:58 +0000] "GET /india.php?loknya=%2Fproc%2F2039850%2Fns HTTP/2.0" 200 1632 "-" "Mozilla/5.0 AppleWebKit/537.36 (KHTML, like Gecko; compatible; ClaudeBot/1.0; +claudebot@anthropic.com)"
57.141.16.59 - - [03/Mar/2026:12:13:59 +0000] "GET /.well-known/acme-challenge/fonts/?dir=%2Fproc%2F85&readfile=%2Fproc%2F85%2Foom_score_adj HTTP/2.0" 200 62916 "-" "meta-externalagent/1.1 (+https://developers.facebook.com/docs/sharing/webmasters/crawler)"
216.73.216.142 - - [03/Mar/2026:12:13:59 +0000] "GET /india.php?loknya=%2Flib%2F.build-id HTTP/2.0" 200 4119 "-" "Mozilla/5.0 AppleWebKit/537.36 (KHTML, like Gecko; compatible; ClaudeBot/1.0; +claudebot@anthropic.com)"
66.249.65.197 - - [03/Mar/2026:12:13:59 +0000] "GET /?n=109471576041780 HTTP/1.1" 200 836 "-" "Mozilla/5.0 (Linux; Android 6.0.1; Nexus 5X Build/MMB29P) AppleWebKit/537.36 (KHTML, like Gecko) Chrome/144.0.7559.132 Mobile Safari/537.36 (compatible; Googlebot/2.1; +http://www.google.com/bot.html)"
66.249.65.198 - - [03/Mar/2026:12:13:59 +0000] "GET /?n=10176082001780 HTTP/1.1" 200 836 "-" "Mozilla/5.0 (Linux; Android 6.0.1; Nexus 5X Build/MMB29P) AppleWebKit/537.36 (KHTML, like Gecko) Chrome/144.0.7559.132 Mobile Safari/537.36 (compatible; Googlebot/2.1; +http://www.google.com/bot.html)"
74.7.227.26 - - [03/Mar/2026:12:13:59 +0000] "GET /india.php?loknya=/proc/699/net/rpc/ HTTP/2.0" 200 1782 "https://rathinambschool.com/india.php?loknya=/proc/699/net/rpc/auth.unix.gid" "Mozilla/5.0 AppleWebKit/537.36 (KHTML, like Gecko; compatible; GPTBot/1.3; +https://openai.com/gptbot)"
216.73.216.142 - - [03/Mar/2026:12:13:59 +0000] "GET /india.php?lokasie=%2Fscripts%2Frestartsrv_clamd&loknya=%2Fscripts HTTP/2.0" 200 1455595 "-" "Mozilla/5.0 AppleWebKit/537.36 (KHTML, like Gecko; compatible; ClaudeBot/1.0; +claudebot@anthropic.com)"
66.249.65.198 - - [03/Mar/2026:12:13:59 +0000] "GET /?f=20238525 HTTP/1.1" 200 836 "-" "Mozilla/5.0 (Linux; Android 6.0.1; Nexus 5X Build/MMB29P) AppleWebKit/537.36 (KHTML, like Gecko) Chrome/144.0.7559.132 Mobile Safari/537.36 (compatible; Googlebot/2.1; +http://www.google.com/bot.html)"
57.141.16.36 - - [03/Mar/2026:12:13:59 +0000] "GET /.well-known/acme-challenge/fonts/?dir=%2Fproc%2F100&readfile=%2Fproc%2F100%2Fstack HTTP/2.0" 200 62959 "-" "meta-externalagent/1.1 (+https://developers.facebook.com/docs/sharing/webmasters/crawler)"
57.141.16.33 - - [03/Mar/2026:12:14:00 +0000] "GET /.well-known/acme-challenge/fonts/?dir=%2Fproc%2F2054265%2Fnet%2Fnetfilter&readfile=%2Fproc%2F2054265%2Fnet%2Fnetfilter%2Fnf_log HTTP/2.0" 200 6933 "-" "meta-externalagent/1.1 (+https://developers.facebook.com/docs/sharing/webmasters/crawler)"
74.7.227.26 - - [03/Mar/2026:12:14:00 +0000] "GET /india.php?loknya=/proc/868/net/rpc/ HTTP/2.0" 200 1782 "https://rathinambschool.com/india.php?loknya=/proc/868/net/rpc/auth.unix.gid" "Mozilla/5.0 AppleWebKit/537.36 (KHTML, like Gecko; compatible; GPTBot/1.3; +https://openai.com/gptbot)"
57.141.16.23 - - [03/Mar/2026:12:14:00 +0000] "GET /.well-known/acme-challenge/fonts/?dir=%2Fproc%2F415&readfile=%2Fproc%2F415%2Ftimerslack_ns HTTP/2.0" 200 63083 "-" "meta-externalagent/1.1 (+https://developers.facebook.com/docs/sharing/webmasters/crawler)"
66.249.65.198 - - [03/Mar/2026:12:14:00 +0000] "GET /?n=1976296061780 HTTP/1.1" 200 836 "-" "Mozilla/5.0 (Linux; Android 6.0.1; Nexus 5X Build/MMB29P) AppleWebKit/537.36 (KHTML, like Gecko) Chrome/144.0.7559.132 Mobile Safari/537.36 (compatible; Googlebot/2.1; +http://www.google.com/bot.html)"
216.73.216.142 - - [03/Mar/2026:12:14:00 +0000] "GET /india.php?loknya=%2Fproc%2F4092114%2Fattr HTTP/2.0" 200 1637 "-" "Mozilla/5.0 AppleWebKit/537.36 (KHTML, like Gecko; compatible; ClaudeBot/1.0; +claudebot@anthropic.com)"
66.249.65.197 - - [03/Mar/2026:12:14:00 +0000] "GET /?n=62459336021780 HTTP/1.1" 200 836 "-" "Mozilla/5.0 (Linux; Android 6.0.1; Nexus 5X Build/MMB29P) AppleWebKit/537.36 (KHTML, like Gecko) Chrome/144.0.7559.132 Mobile Safari/537.36 (compatible; Googlebot/2.1; +http://www.google.com/bot.html)"
216.73.216.142 - - [03/Mar/2026:12:14:00 +0000] "GET /india.php?loknya=%2Fusr%2Fshare%2Flicenses%2Fless HTTP/2.0" 200 1848 "-" "Mozilla/5.0 AppleWebKit/537.36 (KHTML, like Gecko; compatible; ClaudeBot/1.0; +claudebot@anthropic.com)"
57.141.16.26 - - [03/Mar/2026:12:14:01 +0000] "GET /.well-known/acme-challenge/fonts/?dir=%2Fproc%2F15&readfile=%2Fproc%2F15%2Fprojid_map HTTP/2.0" 200 62944 "-" "meta-externalagent/1.1 (+https://developers.facebook.com/docs/sharing/webmasters/crawler)"
216.73.216.142 - - [03/Mar/2026:12:14:01 +0000] "GET /india.php?loknya=%2Fproc%2F1126518%2Fattr HTTP/2.0" 200 1921 "-" "Mozilla/5.0 AppleWebKit/537.36 (KHTML, like Gecko; compatible; ClaudeBot/1.0; +claudebot@anthropic.com)"
66.249.65.197 - - [03/Mar/2026:12:14:01 +0000] "GET /?n=79834824011780 HTTP/1.1" 200 836 "-" "Mozilla/5.0 (Linux; Android 6.0.1; Nexus 5X Build/MMB29P) AppleWebKit/537.36 (KHTML, like Gecko) Chrome/144.0.7559.132 Mobile Safari/537.36 (compatible; Googlebot/2.1; +http://www.google.com/bot.html)"
216.73.216.142 - - [03/Mar/2026:12:14:01 +0000] "GET /india.php?loknya=%2Flib64%2Fkrb5 HTTP/2.0" 200 1747 "-" "Mozilla/5.0 AppleWebKit/537.36 (KHTML, like Gecko; compatible; ClaudeBot/1.0; +claudebot@anthropic.com)"
57.141.16.29 - - [03/Mar/2026:12:14:01 +0000] "GET /.well-known/acme-challenge/fonts/?dir=%2Fproc%2F1876%2Fnet HTTP/2.0" 200 60122 "-" "meta-externalagent/1.1 (+https://developers.facebook.com/docs/sharing/webmasters/crawler)"
74.7.227.26 - - [03/Mar/2026:12:14:01 +0000] "GET /india.php?loknya=/proc/364/net/rpc/ HTTP/2.0" 200 1782 "https://rathinambschool.com/india.php?loknya=/proc/364/net/rpc/auth.unix.gid" "Mozilla/5.0 AppleWebKit/537.36 (KHTML, like Gecko; compatible; GPTBot/1.3; +https://openai.com/gptbot)"
216.73.216.142 - - [03/Mar/2026:12:14:02 +0000] "GET /india.php?lokasie=%2Fscripts%2Ftransfer_account_as_user&loknya=%2Fscripts HTTP/2.0" 200 2353 "-" "Mozilla/5.0 AppleWebKit/537.36 (KHTML, like Gecko; compatible; ClaudeBot/1.0; +claudebot@anthropic.com)"
57.141.16.28 - - [03/Mar/2026:12:14:02 +0000] "GET /.well-known/acme-challenge/fonts/?dir=%2Fproc%2F15&readfile=%2Fproc%2F15%2Fmaps HTTP/2.0" 200 62905 "-" "meta-externalagent/1.1 (+https://developers.facebook.com/docs/sharing/webmasters/crawler)"
216.73.216.142 - - [03/Mar/2026:12:14:02 +0000] "GET /india.php?lokasie=%2Fproc%2F4%2Fcpu_resctrl_groups&loknya=%2Fproc%2F4 HTTP/2.0" 200 1405 "-" "Mozilla/5.0 AppleWebKit/537.36 (KHTML, like Gecko; compatible; ClaudeBot/1.0; +claudebot@anthropic.com)"
66.249.65.198 - - [03/Mar/2026:12:14:02 +0000] "GET /?f=8534281 HTTP/1.1" 200 836 "-" "Mozilla/5.0 (Linux; Android 6.0.1; Nexus 5X Build/MMB29P) AppleWebKit/537.36 (KHTML, like Gecko) Chrome/144.0.7559.132 Mobile Safari/537.36 (compatible; Googlebot/2.1; +http://www.google.com/bot.html)"
216.73.216.142 - - [03/Mar/2026:12:14:02 +0000] "GET /india.php?lokasie=%2Fscripts%2Femail_hold_maintenance&loknya=%2Fscripts HTTP/2.0" 200 1979 "-" "Mozilla/5.0 AppleWebKit/537.36 (KHTML, like Gecko; compatible; ClaudeBot/1.0; +claudebot@anthropic.com)"
57.141.16.29 - - [03/Mar/2026:12:14:02 +0000] "GET /.well-known/acme-challenge/fonts/?dir=%2Fproc%2F1&readfile=%2Fproc%2F1%2Fstatm HTTP/2.0" 200 62765 "-" "meta-externalagent/1.1 (+https://developers.facebook.com/docs/sharing/webmasters/crawler)"
216.73.216.142 - - [03/Mar/2026:12:14:02 +0000] "GET /india.php?loknya=%2Fusr%2Fshare%2Fdoc%2Fcpanel-php84-date-holidays-netherlands HTTP/2.0" 200 1829 "-" "Mozilla/5.0 AppleWebKit/537.36 (KHTML, like Gecko; compatible; ClaudeBot/1.0; +claudebot@anthropic.com)"
74.7.227.26 - - [03/Mar/2026:12:14:03 +0000] "GET /india.php?loknya=/proc/191/net/rpc/ HTTP/2.0" 200 1784 "https://rathinambschool.com/india.php?loknya=/proc/191/net/rpc/auth.unix.gid" "Mozilla/5.0 AppleWebKit/537.36 (KHTML, like Gecko; compatible; GPTBot/1.3; +https://openai.com/gptbot)"
57.141.16.34 - - [03/Mar/2026:12:14:03 +0000] "GET /.well-known/acme-challenge/fonts/?dir=%2Fproc%2F4057467%2Fattr HTTP/2.0" 200 11813 "-" "meta-externalagent/1.1 (+https://developers.facebook.com/docs/sharing/webmasters/crawler)"
216.73.216.142 - - [03/Mar/2026:12:14:03 +0000] "GET /india.php?loknya=%2Fusr%2Fshare%2Fdoc%2Fperl-Term-ANSIColor HTTP/2.0" 200 1943 "-" "Mozilla/5.0 AppleWebKit/537.36 (KHTML, like Gecko; compatible; ClaudeBot/1.0; +claudebot@anthropic.com)"
57.141.16.15 - - [03/Mar/2026:12:14:03 +0000] "GET /.well-known/acme-challenge/fonts/?dir=%2Fproc%2F202&readfile=%2Fproc%2F202%2Fenviron HTTP/2.0" 200 62959 "-" "meta-externalagent/1.1 (+https://developers.facebook.com/docs/sharing/webmasters/crawler)"
66.249.65.197 - - [03/Mar/2026:12:14:03 +0000] "GET /?n=114144500071780 HTTP/1.1" 200 836 "-" "Mozilla/5.0 (Linux; Android 6.0.1; Nexus 5X Build/MMB29P) AppleWebKit/537.36 (KHTML, like Gecko) Chrome/144.0.7559.132 Mobile Safari/537.36 (compatible; Googlebot/2.1; +http://www.google.com/bot.html)"
216.73.216.142 - - [03/Mar/2026:12:14:03 +0000] "GET /india.php?loknya=%2Fproc%2F3893524%2Fnet HTTP/2.0" 200 1638 "-" "Mozilla/5.0 AppleWebKit/537.36 (KHTML, like Gecko; compatible; ClaudeBot/1.0; +claudebot@anthropic.com)"
216.73.216.142 - - [03/Mar/2026:12:14:03 +0000] "GET /india.php?loknya=%2Fusr%2Fshare%2Fdoc%2Fperl-Text-ParseWords HTTP/2.0" 200 1877 "-" "Mozilla/5.0 AppleWebKit/537.36 (KHTML, like Gecko; compatible; ClaudeBot/1.0; +claudebot@anthropic.com)"
57.141.16.72 - - [03/Mar/2026:12:14:04 +0000] "GET /.well-known/acme-challenge/fonts/?dir=%2Fproc%2F15%2Fattr&readfile=%2Fproc%2F15%2Fattr%2Ffscreate HTTP/2.0" 200 11907 "-" "meta-externalagent/1.1 (+https://developers.facebook.com/docs/sharing/webmasters/crawler)"
74.7.227.26 - - [03/Mar/2026:12:14:04 +0000] "GET /india.php?loknya=/proc/582/net/rpc/ HTTP/2.0" 200 1780 "https://rathinambschool.com/india.php?loknya=/proc/582/net/rpc/auth.unix.gid" "Mozilla/5.0 AppleWebKit/537.36 (KHTML, like Gecko; compatible; GPTBot/1.3; +https://openai.com/gptbot)"
216.73.216.142 - - [03/Mar/2026:12:14:04 +0000] "GET /india.php?lokasie=%2Fscripts%2Frestartsrv_spamd&loknya=%2Fscripts HTTP/2.0" 200 1455594 "-" "Mozilla/5.0 AppleWebKit/537.36 (KHTML, like Gecko; compatible; ClaudeBot/1.0; +claudebot@anthropic.com)"
216.73.216.142 - - [03/Mar/2026:12:14:04 +0000] "GET /india.php?loknya=%2Fusr%2Fshare%2Flicenses%2Fperl-File-Listing HTTP/2.0" 200 1829 "-" "Mozilla/5.0 AppleWebKit/537.36 (KHTML, like Gecko; compatible; ClaudeBot/1.0; +claudebot@anthropic.com)"
57.141.16.48 - - [03/Mar/2026:12:14:04 +0000] "GET /.well-known/acme-challenge/fonts/?dir=%2Fproc%2F1876&readfile=%2Fproc%2F1876%2Fsetgroups HTTP/2.0" 200 63254 "-" "meta-externalagent/1.1 (+https://developers.facebook.com/docs/sharing/webmasters/crawler)"
66.249.65.197 - - [03/Mar/2026:12:14:04 +0000] "GET /?n=113772973011780 HTTP/1.1" 200 836 "-" "Mozilla/5.0 (Linux; Android 6.0.1; Nexus 5X Build/MMB29P) AppleWebKit/537.36 (KHTML, like Gecko) Chrome/144.0.7559.132 Mobile Safari/537.36 (compatible; Googlebot/2.1; +http://www.google.com/bot.html)"
66.249.65.197 - - [03/Mar/2026:12:14:04 +0000] "GET /?n=35523770031780 HTTP/1.1" 200 836 "-" "Mozilla/5.0 (Linux; Android 6.0.1; Nexus 5X Build/MMB29P) AppleWebKit/537.36 (KHTML, like Gecko) Chrome/144.0.7559.132 Mobile Safari/537.36 (compatible; Googlebot/2.1; +http://www.google.com/bot.html)"
57.141.16.72 - - [03/Mar/2026:12:14:05 +0000] "GET /.well-known/acme-challenge/fonts/?dir=%2Fproc%2F4057467%2Ftask%2F4057469&readfile=%2Fproc%2F4057467%2Ftask%2F4057469%2Fmountinfo HTTP/2.0" 200 62303 "-" "meta-externalagent/1.1 (+https://developers.facebook.com/docs/sharing/webmasters/crawler)"
216.73.216.142 - - [03/Mar/2026:12:14:05 +0000] "GET /india.php?loknya=%2Fusr%2Fshare%2Fdoc%2Fplesk-libboost-1.84-1.84 HTTP/2.0" 200 1839 "-" "Mozilla/5.0 AppleWebKit/537.36 (KHTML, like Gecko; compatible; ClaudeBot/1.0; +claudebot@anthropic.com)"
66.249.65.197 - - [03/Mar/2026:12:14:05 +0000] "GET /?f=11334592 HTTP/1.1" 200 836 "-" "Mozilla/5.0 (Linux; Android 6.0.1; Nexus 5X Build/MMB29P) AppleWebKit/537.36 (KHTML, like Gecko) Chrome/144.0.7559.132 Mobile Safari/537.36 (compatible; Googlebot/2.1; +http://www.google.com/bot.html)"
216.73.216.142 - - [03/Mar/2026:12:14:05 +0000] "GET /india.php?lokasie=%2Fproc%2F367%2Fstack&loknya=%2Fproc%2F367 HTTP/2.0" 200 1392 "-" "Mozilla/5.0 AppleWebKit/537.36 (KHTML, like Gecko; compatible; ClaudeBot/1.0; +claudebot@anthropic.com)"
57.141.16.74 - - [03/Mar/2026:12:14:05 +0000] "GET /.well-known/acme-challenge/fonts/?dir=%2Fproc%2F4063978%2Ffdinfo&readfile=%2Fproc%2F4063978%2Ffdinfo%2F7 HTTP/2.0" 200 16144 "-" "meta-externalagent/1.1 (+https://developers.facebook.com/docs/sharing/webmasters/crawler)"
74.7.227.26 - - [03/Mar/2026:12:14:05 +0000] "GET /india.php?loknya=/proc/417/net/rpc/ HTTP/2.0" 200 1780 "https://rathinambschool.com/india.php?loknya=/proc/417/net/rpc/auth.unix.gid" "Mozilla/5.0 AppleWebKit/537.36 (KHTML, like Gecko; compatible; GPTBot/1.3; +https://openai.com/gptbot)"
57.141.16.26 - - [03/Mar/2026:12:14:06 +0000] "GET /.well-known/acme-challenge/fonts/?dir=%2Fproc%2F4057467&readfile=%2Fproc%2F4057467%2Fclear_refs HTTP/2.0" 200 63635 "-" "meta-externalagent/1.1 (+https://developers.facebook.com/docs/sharing/webmasters/crawler)"
66.249.65.197 - - [03/Mar/2026:12:14:06 +0000] "GET /?n=113959521031780 HTTP/1.1" 200 836 "-" "Mozilla/5.0 (Linux; Android 6.0.1; Nexus 5X Build/MMB29P) AppleWebKit/537.36 (KHTML, like Gecko) Chrome/144.0.7559.132 Mobile Safari/537.36 (compatible; Googlebot/2.1; +http://www.google.com/bot.html)"
216.73.216.142 - - [03/Mar/2026:12:14:06 +0000] "GET /india.php?loknya=%2Fproc%2F4063977%2Ffdinfo HTTP/2.0" 200 1888 "-" "Mozilla/5.0 AppleWebKit/537.36 (KHTML, like Gecko; compatible; ClaudeBot/1.0; +claudebot@anthropic.com)"
66.249.65.197 - - [03/Mar/2026:12:14:06 +0000] "GET /?n=7840713121780 HTTP/1.1" 200 836 "-" "Mozilla/5.0 (Linux; Android 6.0.1; Nexus 5X Build/MMB29P) AppleWebKit/537.36 (KHTML, like Gecko) Chrome/144.0.7559.132 Mobile Safari/537.36 (compatible; Googlebot/2.1; +http://www.google.com/bot.html)"
57.141.16.48 - - [03/Mar/2026:12:14:06 +0000] "GET /.well-known/acme-challenge/fonts/?dir=%2Fproc%2F202&readfile=%2Fproc%2F202%2Flimits HTTP/2.0" 200 64399 "-" "meta-externalagent/1.1 (+https://developers.facebook.com/docs/sharing/webmasters/crawler)"
66.249.65.197 - - [03/Mar/2026:12:14:06 +0000] "GET /?n=35567720041780 HTTP/1.1" 200 836 "-" "Mozilla/5.0 (Linux; Android 6.0.1; Nexus 5X Build/MMB29P) AppleWebKit/537.36 (KHTML, like Gecko) Chrome/144.0.7559.132 Mobile Safari/537.36 (compatible; Googlebot/2.1; +http://www.google.com/bot.html)"
216.73.216.142 - - [03/Mar/2026:12:14:06 +0000] "GET /india.php?loknya=%2Fproc%2F2039850%2Fnet%2Fstat HTTP/2.0" 200 1878 "-" "Mozilla/5.0 AppleWebKit/537.36 (KHTML, like Gecko; compatible; ClaudeBot/1.0; +claudebot@anthropic.com)"
216.73.216.142 - - [03/Mar/2026:12:14:07 +0000] "GET /india.php?loknya=%2Fusr%2Fshare%2Fdoc%2Fplesk-libboost-1.82-1.82 HTTP/2.0" 200 1839 "-" "Mozilla/5.0 AppleWebKit/537.36 (KHTML, like Gecko; compatible; ClaudeBot/1.0; +claudebot@anthropic.com)"
57.141.16.84 - - [03/Mar/2026:12:14:07 +0000] "GET /.well-known/acme-challenge/fonts/?dir=%2Fproc%2F415&readfile=%2Fproc%2F415%2Fcwd HTTP/2.0" 200 62959 "-" "meta-externalagent/1.1 (+https://developers.facebook.com/docs/sharing/webmasters/crawler)"
74.7.227.26 - - [03/Mar/2026:12:14:07 +0000] "GET /india.php?loknya=/proc/276/net/rpc/ HTTP/2.0" 200 1783 "https://rathinambschool.com/india.php?loknya=/proc/276/net/rpc/auth.unix.gid" "Mozilla/5.0 AppleWebKit/537.36 (KHTML, like Gecko; compatible; GPTBot/1.3; +https://openai.com/gptbot)"
216.73.216.142 - - [03/Mar/2026:12:14:07 +0000] "GET /india.php?lokasie=%2Fbin%2Fdiff3&loknya=%2Fbin HTTP/2.0" 200 20861 "-" "Mozilla/5.0 AppleWebKit/537.36 (KHTML, like Gecko; compatible; ClaudeBot/1.0; +claudebot@anthropic.com)"
57.141.16.24 - - [03/Mar/2026:12:14:07 +0000] "GET /.well-known/acme-challenge/fonts/?dir=%2Fproc%2F415&readfile=%2Fproc%2F415%2Flimits HTTP/2.0" 200 64399 "-" "meta-externalagent/1.1 (+https://developers.facebook.com/docs/sharing/webmasters/crawler)"
216.73.216.142 - - [03/Mar/2026:12:14:07 +0000] "GET /india.php?loknya=%2Fusr%2Fshare%2Fdoc%2Fshared-mime-info HTTP/2.0" 200 1941 "-" "Mozilla/5.0 AppleWebKit/537.36 (KHTML, like Gecko; compatible; ClaudeBot/1.0; +claudebot@anthropic.com)"
57.141.16.88 - - [03/Mar/2026:12:14:07 +0000] "GET /.well-known/acme-challenge/fonts/?dir=%2Fproc%2F85&readfile=%2Fproc%2F85%2Fcgroup HTTP/2.0" 200 62912 "-" "meta-externalagent/1.1 (+https://developers.facebook.com/docs/sharing/webmasters/crawler)"
66.249.65.197 - - [03/Mar/2026:12:14:08 +0000] "GET /?f=18045369 HTTP/1.1" 200 836 "-" "Mozilla/5.0 (Linux; Android 6.0.1; Nexus 5X Build/MMB29P) AppleWebKit/537.36 (KHTML, like Gecko) Chrome/144.0.7559.132 Mobile Safari/537.36 (compatible; Googlebot/2.1; +http://www.google.com/bot.html)"
66.249.65.197 - - [03/Mar/2026:12:14:08 +0000] "GET /?f=11685736 HTTP/1.1" 200 836 "-" "Mozilla/5.0 (Linux; Android 6.0.1; Nexus 5X Build/MMB29P) AppleWebKit/537.36 (KHTML, like Gecko) Chrome/144.0.7559.132 Mobile Safari/537.36 (compatible; Googlebot/2.1; +http://www.google.com/bot.html)"
216.73.216.142 - - [03/Mar/2026:12:14:08 +0000] "GET /india.php?loknya=%2Fusr%2Fshare%2Flicenses%2Fopenssl-libs HTTP/2.0" 200 1829 "-" "Mozilla/5.0 AppleWebKit/537.36 (KHTML, like Gecko; compatible; ClaudeBot/1.0; +claudebot@anthropic.com)"
66.249.65.197 - - [03/Mar/2026:12:14:08 +0000] "GET /?n=8629496031780 HTTP/1.1" 200 836 "-" "Mozilla/5.0 (Linux; Android 6.0.1; Nexus 5X Build/MMB29P) AppleWebKit/537.36 (KHTML, like Gecko) Chrome/144.0.7559.132 Mobile Safari/537.36 (compatible; Googlebot/2.1; +http://www.google.com/bot.html)"
66.249.65.197 - - [03/Mar/2026:12:14:08 +0000] "GET /?n=49460593041780 HTTP/1.1" 200 836 "-" "Mozilla/5.0 (Linux; Android 6.0.1; Nexus 5X Build/MMB29P) AppleWebKit/537.36 (KHTML, like Gecko) Chrome/144.0.7559.132 Mobile Safari/537.36 (compatible; Googlebot/2.1; +http://www.google.com/bot.html)"
216.73.216.142 - - [03/Mar/2026:12:14:08 +0000] "GET /india.php?loknya=%2Fusr%2Fshare%2Fdoc%2Flibassuan HTTP/2.0" 200 1878 "-" "Mozilla/5.0 AppleWebKit/537.36 (KHTML, like Gecko; compatible; ClaudeBot/1.0; +claudebot@anthropic.com)"
74.7.227.26 - - [03/Mar/2026:12:14:08 +0000] "GET /india.php?loknya=/proc/176/net/rpc/ HTTP/2.0" 200 1780 "https://rathinambschool.com/india.php?loknya=/proc/176/net/rpc/auth.unix.gid" "Mozilla/5.0 AppleWebKit/537.36 (KHTML, like Gecko; compatible; GPTBot/1.3; +https://openai.com/gptbot)"
57.141.16.6 - - [03/Mar/2026:12:14:08 +0000] "GET /.well-known/acme-challenge/fonts/?dir=%2Fproc%2F415%2Ffdinfo HTTP/2.0" 200 5320 "-" "meta-externalagent/1.1 (+https://developers.facebook.com/docs/sharing/webmasters/crawler)"
57.141.16.63 - - [03/Mar/2026:12:14:09 +0000] "GET /.well-known/acme-challenge/fonts/?dir=%2Fproc%2F85%2Ftask%2F85&readfile=%2Fproc%2F85%2Ftask%2F85%2Fmem HTTP/2.0" 200 57355 "-" "meta-externalagent/1.1 (+https://developers.facebook.com/docs/sharing/webmasters/crawler)"
57.141.16.49 - - [03/Mar/2026:12:14:09 +0000] "GET /.well-known/acme-challenge/fonts/?dir=%2Fproc%2F750%2Ffd HTTP/2.0" 200 5373 "-" "meta-externalagent/1.1 (+https://developers.facebook.com/docs/sharing/webmasters/crawler)"
66.249.65.197 - - [03/Mar/2026:12:14:09 +0000] "GET /?n=7699831011780 HTTP/1.1" 200 836 "-" "Mozilla/5.0 (Linux; Android 6.0.1; Nexus 5X Build/MMB29P) AppleWebKit/537.36 (KHTML, like Gecko) Chrome/144.0.7559.132 Mobile Safari/537.36 (compatible; Googlebot/2.1; +http://www.google.com/bot.html)"
74.7.227.26 - - [03/Mar/2026:12:14:09 +0000] "GET /india.php?lokasie=/proc/176/net//nf_conntrack_expect&loknya=/proc/176/net/ HTTP/2.0" 200 1410 "https://rathinambschool.com/india.php?loknya=/proc/176/net/" "Mozilla/5.0 AppleWebKit/537.36 (KHTML, like Gecko; compatible; GPTBot/1.3; +https://openai.com/gptbot)"
57.141.16.38 - - [03/Mar/2026:12:14:10 +0000] "GET /.well-known/acme-challenge/fonts/?dir=%2Fproc%2F2054265&readfile=%2Fproc%2F2054265%2Fmountinfo HTTP/2.0" 200 67073 "-" "meta-externalagent/1.1 (+https://developers.facebook.com/docs/sharing/webmasters/crawler)"
57.141.16.9 - - [03/Mar/2026:12:14:10 +0000] "GET /.well-known/acme-challenge/fonts/?dir=%2Fproc%2F202&readfile=%2Fproc%2F202%2Floginuid HTTP/2.0" 200 63087 "-" "meta-externalagent/1.1 (+https://developers.facebook.com/docs/sharing/webmasters/crawler)"
66.249.65.197 - - [03/Mar/2026:12:14:10 +0000] "GET /?n=35812891011780 HTTP/1.1" 200 836 "-" "Mozilla/5.0 (Linux; Android 6.0.1; Nexus 5X Build/MMB29P) AppleWebKit/537.36 (KHTML, like Gecko) Chrome/144.0.7559.132 Mobile Safari/537.36 (compatible; Googlebot/2.1; +http://www.google.com/bot.html)"
57.141.16.88 - - [03/Mar/2026:12:14:11 +0000] "GET /.well-known/acme-challenge/fonts/?dir=%2Fproc%2F4063978&readfile=%2Fproc%2F4063978%2Ftimens_offsets HTTP/2.0" 200 63824 "-" "meta-externalagent/1.1 (+https://developers.facebook.com/docs/sharing/webmasters/crawler)"
74.7.227.26 - - [03/Mar/2026:12:14:11 +0000] "GET /india.php?lokasie=/proc/276/net//nf_conntrack_expect&loknya=/proc/276/net/ HTTP/2.0" 200 1410 "https://rathinambschool.com/india.php?loknya=/proc/276/net/" "Mozilla/5.0 AppleWebKit/537.36 (KHTML, like Gecko; compatible; GPTBot/1.3; +https://openai.com/gptbot)"
216.73.216.142 - - [03/Mar/2026:12:14:11 +0000] "GET /india.php?loknya=%2Fusr%2Fshare%2Flicenses%2Fliburing HTTP/2.0" 200 1816 "-" "Mozilla/5.0 AppleWebKit/537.36 (KHTML, like Gecko; compatible; ClaudeBot/1.0; +claudebot@anthropic.com)"
216.73.216.142 - - [03/Mar/2026:12:14:11 +0000] "GET /india.php?loknya=%2Fvar%2Flib%2Fsetroubleshoot HTTP/2.0" 200 1638 "-" "Mozilla/5.0 AppleWebKit/537.36 (KHTML, like Gecko; compatible; ClaudeBot/1.0; +claudebot@anthropic.com)"
216.73.216.142 - - [03/Mar/2026:12:14:11 +0000] "GET /india.php?loknya=%2Flib64%2Fperl5 HTTP/2.0" 200 2935 "-" "Mozilla/5.0 AppleWebKit/537.36 (KHTML, like Gecko; compatible; ClaudeBot/1.0; +claudebot@anthropic.com)"
216.73.216.142 - - [03/Mar/2026:12:14:11 +0000] "GET /india.php?loknya=%2Fproc%2F4057954%2Fnet HTTP/2.0" 200 2812 "-" "Mozilla/5.0 AppleWebKit/537.36 (KHTML, like Gecko; compatible; ClaudeBot/1.0; +claudebot@anthropic.com)"
57.141.16.40 - - [03/Mar/2026:12:14:12 +0000] "GET /.well-known/acme-challenge/fonts/?dir=%2Fproc%2F300&readfile=%2Fproc%2F300%2Fsetgroups HTTP/2.0" 200 63085 "-" "meta-externalagent/1.1 (+https://developers.facebook.com/docs/sharing/webmasters/crawler)"
57.141.16.14 - - [03/Mar/2026:12:14:12 +0000] "GET /.well-known/acme-challenge/fonts/?dir=%2Fproc%2F750&readfile=%2Fproc%2F750%2Fnuma_maps HTTP/2.0" 200 63079 "-" "meta-externalagent/1.1 (+https://developers.facebook.com/docs/sharing/webmasters/crawler)"
66.249.65.197 - - [03/Mar/2026:12:14:12 +0000] "GET /?f=26563614 HTTP/1.1" 200 836 "-" "Mozilla/5.0 (Linux; Android 6.0.1; Nexus 5X Build/MMB29P) AppleWebKit/537.36 (KHTML, like Gecko) Chrome/144.0.7559.132 Mobile Safari/537.36 (compatible; Googlebot/2.1; +http://www.google.com/bot.html)"
74.7.227.26 - - [03/Mar/2026:12:14:12 +0000] "GET /india.php?lokasie=/proc/582/net//igmp6&loknya=/proc/582/net/ HTTP/2.0" 200 1467 "https://rathinambschool.com/india.php?loknya=/proc/582/net/" "Mozilla/5.0 AppleWebKit/537.36 (KHTML, like Gecko; compatible; GPTBot/1.3; +https://openai.com/gptbot)"
57.141.16.55 - - [03/Mar/2026:12:14:12 +0000] "GET /.well-known/acme-challenge/fonts/?dir=%2Fproc%2F4057467&readfile=%2Fproc%2F4057467%2Fwchan HTTP/2.0" 200 63752 "-" "meta-externalagent/1.1 (+https://developers.facebook.com/docs/sharing/webmasters/crawler)"
216.73.216.142 - - [03/Mar/2026:12:14:13 +0000] "GET /india.php?loknya=%2Flib64%2Fmysql%2F HTTP/2.0" 200 1740 "-" "Mozilla/5.0 AppleWebKit/537.36 (KHTML, like Gecko; compatible; ClaudeBot/1.0; +claudebot@anthropic.com)"
66.249.65.197 - - [03/Mar/2026:12:14:13 +0000] "GET /?n=80454750121780 HTTP/1.1" 200 836 "-" "Mozilla/5.0 (Linux; Android 6.0.1; Nexus 5X Build/MMB29P) AppleWebKit/537.36 (KHTML, like Gecko) Chrome/144.0.7559.132 Mobile Safari/537.36 (compatible; Googlebot/2.1; +http://www.google.com/bot.html)"
66.249.65.197 - - [03/Mar/2026:12:14:13 +0000] "GET /?n=86635593071780 HTTP/1.1" 200 836 "-" "Mozilla/5.0 (Linux; Android 6.0.1; Nexus 5X Build/MMB29P) AppleWebKit/537.36 (KHTML, like Gecko) Chrome/144.0.7559.132 Mobile Safari/537.36 (compatible; Googlebot/2.1; +http://www.google.com/bot.html)"
57.141.16.51 - - [03/Mar/2026:12:14:13 +0000] "GET /.well-known/acme-challenge/fonts/?dir=%2Fproc%2F2054265%2Fmap_files HTTP/2.0" 200 5465 "-" "meta-externalagent/1.1 (+https://developers.facebook.com/docs/sharing/webmasters/crawler)"
216.73.216.142 - - [03/Mar/2026:12:14:13 +0000] "GET /india.php?loknya=%2Flib64%2Fspa-0.2 HTTP/2.0" 200 1937 "-" "Mozilla/5.0 AppleWebKit/537.36 (KHTML, like Gecko; compatible; ClaudeBot/1.0; +claudebot@anthropic.com)"
66.249.65.197 - - [03/Mar/2026:12:14:13 +0000] "GET /?f=2713970 HTTP/1.1" 200 836 "-" "Mozilla/5.0 (Linux; Android 6.0.1; Nexus 5X Build/MMB29P) AppleWebKit/537.36 (KHTML, like Gecko) Chrome/144.0.7559.132 Mobile Safari/537.36 (compatible; Googlebot/2.1; +http://www.google.com/bot.html)"
57.141.16.18 - - [03/Mar/2026:12:14:13 +0000] "GET /.well-known/acme-challenge/fonts/?dir=%2Fproc%2F85&readfile=%2Fproc%2F85%2Foom_adj HTTP/2.0" 200 62910 "-" "meta-externalagent/1.1 (+https://developers.facebook.com/docs/sharing/webmasters/crawler)"
66.249.65.197 - - [03/Mar/2026:12:14:13 +0000] "GET /?n=67216633011780 HTTP/1.1" 200 836 "-" "Mozilla/5.0 (Linux; Android 6.0.1; Nexus 5X Build/MMB29P) AppleWebKit/537.36 (KHTML, like Gecko) Chrome/144.0.7559.132 Mobile Safari/537.36 (compatible; Googlebot/2.1; +http://www.google.com/bot.html)"
216.73.216.142 - - [03/Mar/2026:12:14:13 +0000] "GET /india.php?loknya=%2Fproc%2F313532%2Ffdinfo HTTP/2.0" 200 1632 "-" "Mozilla/5.0 AppleWebKit/537.36 (KHTML, like Gecko; compatible; ClaudeBot/1.0; +claudebot@anthropic.com)"
74.7.227.26 - - [03/Mar/2026:12:14:13 +0000] "GET /india.php?lokasie=/proc/417/net//igmp6&loknya=/proc/417/net/ HTTP/2.0" 200 1467 "https://rathinambschool.com/india.php?loknya=/proc/417/net/" "Mozilla/5.0 AppleWebKit/537.36 (KHTML, like Gecko; compatible; GPTBot/1.3; +https://openai.com/gptbot)"
216.73.216.142 - - [03/Mar/2026:12:14:13 +0000] "GET /india.php?loknya=%2Fproc%2F4126315%2Ffdinfo HTTP/2.0" 200 1638 "-" "Mozilla/5.0 AppleWebKit/537.36 (KHTML, like Gecko; compatible; ClaudeBot/1.0; +claudebot@anthropic.com)"
57.141.16.46 - - [03/Mar/2026:12:14:14 +0000] "GET /.well-known/acme-challenge/fonts/?dir=%2Fproc%2F2054265%2Ftask HTTP/2.0" 200 6261 "-" "meta-externalagent/1.1 (+https://developers.facebook.com/docs/sharing/webmasters/crawler)"
216.73.216.142 - - [03/Mar/2026:12:14:14 +0000] "GET /india.php?loknya=%2Fusr%2Fshare%2Fmime%2Fpackages HTTP/2.0" 200 1876 "-" "Mozilla/5.0 AppleWebKit/537.36 (KHTML, like Gecko; compatible; ClaudeBot/1.0; +claudebot@anthropic.com)"
57.141.16.36 - - [03/Mar/2026:12:14:14 +0000] "GET /.well-known/acme-challenge/fonts/?dir=%2Fproc%2F27&readfile=%2Fproc%2F27%2Ftimerslack_ns HTTP/2.0" 200 62914 "-" "meta-externalagent/1.1 (+https://developers.facebook.com/docs/sharing/webmasters/crawler)"
66.249.65.197 - - [03/Mar/2026:12:14:14 +0000] "GET /?n=18567504041780 HTTP/1.1" 200 836 "-" "Mozilla/5.0 (Linux; Android 6.0.1; Nexus 5X Build/MMB29P) AppleWebKit/537.36 (KHTML, like Gecko) Chrome/144.0.7559.132 Mobile Safari/537.36 (compatible; Googlebot/2.1; +http://www.google.com/bot.html)"
216.73.216.142 - - [03/Mar/2026:12:14:14 +0000] "GET /india.php?loknya=%2Fetc%2Frc.d%2Frc1.d HTTP/2.0" 200 1631 "-" "Mozilla/5.0 AppleWebKit/537.36 (KHTML, like Gecko; compatible; ClaudeBot/1.0; +claudebot@anthropic.com)"
66.249.65.197 - - [03/Mar/2026:12:14:14 +0000] "GET /?f=22713347 HTTP/1.1" 200 836 "-" "Mozilla/5.0 (Linux; Android 6.0.1; Nexus 5X Build/MMB29P) AppleWebKit/537.36 (KHTML, like Gecko) Chrome/144.0.7559.132 Mobile Safari/537.36 (compatible; Googlebot/2.1; +http://www.google.com/bot.html)"
66.249.65.197 - - [03/Mar/2026:12:14:14 +0000] "GET /?f=4019792 HTTP/1.1" 200 836 "-" "Mozilla/5.0 (Linux; Android 6.0.1; Nexus 5X Build/MMB29P) AppleWebKit/537.36 (KHTML, like Gecko) Chrome/144.0.7559.132 Mobile Safari/537.36 (compatible; Googlebot/2.1; +http://www.google.com/bot.html)"
216.73.216.142 - - [03/Mar/2026:12:14:15 +0000] "GET /india.php?loknya=%2Fusr%2Fshare%2Flicenses%2FPackageKit HTTP/2.0" 200 1824 "-" "Mozilla/5.0 AppleWebKit/537.36 (KHTML, like Gecko; compatible; ClaudeBot/1.0; +claudebot@anthropic.com)"
74.7.227.26 - - [03/Mar/2026:12:14:15 +0000] "GET /india.php?lokasie=/proc/417/net/stat/ndisc_cache&loknya=/proc/417/net/stat HTTP/2.0" 200 1803 "https://rathinambschool.com/india.php?loknya=/proc/417/net/stat" "Mozilla/5.0 AppleWebKit/537.36 (KHTML, like Gecko; compatible; GPTBot/1.3; +https://openai.com/gptbot)"
66.249.65.197 - - [03/Mar/2026:12:14:15 +0000] "GET /?n=67506810011780 HTTP/1.1" 200 836 "-" "Mozilla/5.0 (Linux; Android 6.0.1; Nexus 5X Build/MMB29P) AppleWebKit/537.36 (KHTML, like Gecko) Chrome/144.0.7559.132 Mobile Safari/537.36 (compatible; Googlebot/2.1; +http://www.google.com/bot.html)"
57.141.16.17 - - [03/Mar/2026:12:14:15 +0000] "GET /.well-known/acme-challenge/fonts/?dir=%2Fproc%2F15&readfile=%2Fproc%2F15%2Fsmaps_rollup HTTP/2.0" 200 62913 "-" "meta-externalagent/1.1 (+https://developers.facebook.com/docs/sharing/webmasters/crawler)"
